(1872,'sellbillController.php','2026-05-08 11:21:36',11,'addAndRetuen','156.196.243.179','','DESKTOP','https://rayeq.technoogate.com/erp/controllers/sellbillController.php?do=addAndRetuen'),
(1873,'sellbillController.php','2026-05-08 11:21:36',11,'addsellBill','156.196.243.179','','DESKTOP','https://rayeq.technoogate.com/erp/controllers/sellbillController.php?do=addsellBill&billnameid=3'),
(1874,'index.php','2026-05-08 11:23:05',11,'','156.196.243.179','','DESKTOP','https://rayeq.technoogate.com/erp/controllers/index.php'),
(1875,'index.php','2026-05-08 11:23:06',11,'','156.196.243.179','','DESKTOP','https://rayeq.technoogate.com/erp/controllers/index.php'),
(1876,'sellbillController.php','2026-05-08 11:23:08',11,'addsellBill','156.196.243.179','','DESKTOP','https://rayeq.technoogate.com/erp/controllers/sellbillController.php?do=addsellBill&billnameid=3'),
(1877,'sellbillController.php','2026-05-08 11:23:40',11,'addAndRetuen','156.196.243.179','','DESKTOP','https://rayeq.technoogate.com/erp/controllers/sellbillController.php?do=addAndRetuen'),
(1878,'sellbillController.php','2026-05-08 11:23:40',11,'addsellBill','156.196.243.179','','DESKTOP','https://rayeq.technoogate.com/erp/controllers/sellbillController.php?do=addsellBill&billnameid=3'),
(1879,'sellbillController.php','2026-05-08 11:25:30',11,'addAndRetuen','156.196.243.179','','DESKTOP','https://rayeq.technoogate.com/erp/controllers/sellbillController.php?do=addAndRetuen'),
(1880,'sellbillController.php','2026-05-08 11:25:30',11,'addsellBill','156.196.243.179','','DESKTOP','https://rayeq.technoogate.com/erp/controllers/sellbillController.php?do=addsellBill&billnameid=3'),
(1881,'sellbillController.php','2026-05-08 11:27:38',11,'addAndRetuen','156.196.243.179','','DESKTOP','https://rayeq.technoogate.com/erp/controllers/sellbillController.php?do=addAndRetuen'),
(1882,'sellbillController.php','2026-05-08 11:27:38',11,'addsellBill','156.196.243.179','','DESKTOP','https://rayeq.technoogate.com/erp/controllers/sellbillController.php?do=addsellBill&billnameid=3'),
(1883,'sellbillController.php','2026-05-08 11:28:20',11,'addAndRetuen','156.196.243.179','','DESKTOP','https://rayeq.technoogate.com/erp/controllers/sellbillController.php?do=addAndRetuen'),
(1884,'sellbillController.php','2026-05-08 11:28:20',11,'addsellBill','156.196.243.179','','DESKTOP','https://rayeq.technoogate.com/erp/controllers/sellbillController.php?do=addsellBill&billnameid=3'),
(1885,'sellbillController.php','2026-05-08 11:33:34',11,'addAndRetuen','156.196.243.179','','DESKTOP','https://rayeq.technoogate.com/erp/controllers/sellbillController.php?do=addAndRetuen'),
(1886,'sellbillController.php','2026-05-08 11:33:35',11,'addsellBill','156.196.243.179','','DESKTOP','https://rayeq.technoogate.com/erp/controllers/sellbillController.php?do=addsellBill&billnameid=3'),
(1887,'sellbillController.php','2026-05-08 11:40:27',11,'addAndRetuen','156.196.243.179','','DESKTOP','https://rayeq.technoogate.com/erp/controllers/sellbillController.php?do=addAndRetuen'),
(1888,'sellbillController.php','2026-05-08 11:40:27',11,'addsellBill','156.196.243.179','','DESKTOP','https://rayeq.technoogate.com/erp/controllers/sellbillController.php?do=addsellBill&billnameid=3'),
(1889,'sellbillController.php','2026-05-08 11:40:42',11,'showDetail','156.196.243.179','','DESKTOP','https://rayeq.technoogate.com/erp/controllers/sellbillController.php?do=showDetail&sellbillid=128'),
(1890,'sellbillController.php','2026-05-08 11:40:47',11,'addsellBill','156.196.243.179','','DESKTOP','https://rayeq.technoogate.com/erp/controllers/sellbillController.php?do=addsellBill&billnameid=3'),
(1891,'index.php','2026-05-08 11:43:17',1,'','105.180.182.196','','MOBILE','https://rayeq.technoogate.com/erp/controllers/index.php'),
(1892,'index.php','2026-05-08 11:43:18',1,'','105.180.182.196','','MOBILE','https://rayeq.technoogate.com/erp/controllers/index.php'),
(1893,'savedailyController.php','2026-05-08 11:43:21',1,'','105.180.182.196','','MOBILE','https://rayeq.technoogate.com/erp/controllers/savedailyController.php'),
(1894,'sellbillController.php','2026-05-08 11:43:42',1,'showDetail','105.180.182.196','','MOBILE','https://rayeq.technoogate.com/erp/controllers/sellbillController.php?do=showDetail&sellbillid=126'),
(1895,'sellbillController.php','2026-05-08 11:50:37',11,'addAndRetuen','156.196.243.179','','DESKTOP','https://rayeq.technoogate.com/erp/controllers/sellbillController.php?do=addAndRetuen'),
(1896,'sellbillController.php','2026-05-08 11:50:38',11,'addsellBill','156.196.243.179','','DESKTOP','https://rayeq.technoogate.com/erp/controllers/sellbillController.php?do=addsellBill&billnameid=3'),
(1897,'sellbillController.php','2026-05-08 12:01:18',11,'addAndRetuen','156.196.243.179','','DESKTOP','https://rayeq.technoogate.com/erp/controllers/sellbillController.php?do=addAndRetuen'),
(1898,'sellbillController.php','2026-05-08 12:01:18',11,'addsellBill','156.196.243.179','','DESKTOP','https://rayeq.technoogate.com/erp/controllers/sellbillController.php?do=addsellBill&billnameid=3'),
(1899,'index.php','2026-05-08 12:01:56',11,'','156.196.243.179','','DESKTOP','https://rayeq.technoogate.com/erp/controllers/index.php'),
(1900,'sellbillController.php','2026-05-08 12:01:57',11,'addsellBill','156.196.243.179','','DESKTOP','https://rayeq.technoogate.com/erp/controllers/sellbillController.php?do=addsellBill&billnameid=3'),
(1901,'sellbillController.php','2026-05-08 12:03:15',11,'addAndRetuen','156.196.243.179','','DESKTOP','https://rayeq.technoogate.com/erp/controllers/sellbillController.php?do=addAndRetuen'),
(1902,'sellbillController.php','2026-05-08 12:03:16',11,'addsellBill','156.196.243.179','','DESKTOP','https://rayeq.technoogate.com/erp/controllers/sellbillController.php?do=addsellBill&billnameid=3'),
(1903,'sellbillController.php','2026-05-08 12:04:31',11,'addAndRetuen','156.196.243.179','','DESKTOP','https://rayeq.technoogate.com/erp/controllers/sellbillController.php?do=addAndRetuen'),
(1904,'sellbillController.php','2026-05-08 12:04:31',11,'addsellBill','156.196.243.179','','DESKTOP','https://rayeq.technoogate.com/erp/controllers/sellbillController.php?do=addsellBill&billnameid=3'),
(1905,'sellbillController.php','2026-05-08 12:05:57',11,'addAndRetuen','156.196.243.179','','DESKTOP','https://rayeq.technoogate.com/erp/controllers/sellbillController.php?do=addAndRetuen'),
(1906,'sellbillController.php','2026-05-08 12:05:57',11,'addsellBill','156.196.243.179','','DESKTOP','https://rayeq.technoogate.com/erp/controllers/sellbillController.php?do=addsellBill&billnameid=3'),
(1907,'sellbillController.php','2026-05-08 12:06:35',11,'showDetail','156.196.243.179','','DESKTOP','https://rayeq.technoogate.com/erp/controllers/sellbillController.php?do=showDetail&sellbillid=131'),
(1908,'sellbillController.php','2026-05-08 12:07:39',11,'addAndRetuen','156.196.243.179','','DESKTOP','https://rayeq.technoogate.com/erp/controllers/sellbillController.php?do=addAndRetuen'),
(1909,'sellbillController.php','2026-05-08 12:07:39',11,'addsellBill','156.196.243.179','','DESKTOP','https://rayeq.technoogate.com/erp/controllers/sellbillController.php?do=addsellBill&billnameid=3'),
(1910,'index.php','2026-05-08 12:14:11',11,'','156.196.243.179','','DESKTOP','https://rayeq.technoogate.com/erp/controllers/index.php'),
(1911,'sellbillController.php','2026-05-08 12:14:13',11,'addsellBill','156.196.243.179','','DESKTOP','https://rayeq.technoogate.com/erp/controllers/sellbillController.php?do=addsellBill&billnameid=3'),
(1912,'sellbillController.php','2026-05-08 12:14:32',11,'addAndRetuen','156.196.243.179','','DESKTOP','https://rayeq.technoogate.com/erp/controllers/sellbillController.php?do=addAndRetuen'),
(1913,'sellbillController.php','2026-05-08 12:14:33',11,'addsellBill','156.196.243.179','','DESKTOP','https://rayeq.technoogate.com/erp/controllers/sellbillController.php?do=addsellBill&billnameid=3'),
(1914,'sellbillController.php','2026-05-08 12:15:04',11,'showDetail','156.196.243.179','','DESKTOP','https://rayeq.technoogate.com/erp/controllers/sellbillController.php?do=showDetail&sellbillid=134'),
(1915,'sellbillController.php','2026-05-08 12:15:34',11,'addsellBill','156.196.243.179','','DESKTOP','https://rayeq.technoogate.com/erp/controllers/sellbillController.php?do=addsellBill&billnameid=3'),
(1916,'sellbillController.php','2026-05-08 12:16:16',11,'addAndRetuen','156.196.243.179','','DESKTOP','https://rayeq.technoogate.com/erp/controllers/sellbillController.php?do=addAndRetuen'),
(1917,'sellbillController.php','2026-05-08 12:16:16',11,'addsellBill','156.196.243.179','','DESKTOP','https://rayeq.technoogate.com/erp/controllers/sellbillController.php?do=addsellBill&billnameid=3'),
(1918,'productController.php','2026-05-08 12:18:13',11,'','156.196.243.179','','DESKTOP','https://rayeq.technoogate.com/erp/controllers/productController.php'),
(1919,'productController.php','2026-05-08 12:19:12',11,'add','156.196.243.179','','DESKTOP','https://rayeq.technoogate.com/erp/controllers/productController.php?do=add'),
(1920,'productController.php','2026-05-08 12:19:14',11,'','156.196.243.179','','DESKTOP','https://rayeq.technoogate.com/erp/controllers/productController.php'),
(1921,'sellbillController.php','2026-05-08 12:22:47',11,'addAndRetuen','156.196.243.179','','DESKTOP','https://rayeq.technoogate.com/erp/controllers/sellbillController.php?do=addAndRetuen'),
(1922,'sellbillController.php','2026-05-08 12:22:47',11,'addsellBill','156.196.243.179','','DESKTOP','https://rayeq.technoogate.com/erp/controllers/sellbillController.php?do=addsellBill&billnameid=3'),
(1923,'sellbillController.php','2026-05-08 12:25:53',11,'addAndRetuen','156.196.243.179','','DESKTOP','https://rayeq.technoogate.com/erp/controllers/sellbillController.php?do=addAndRetuen'),
(1924,'sellbillController.php','2026-05-08 12:25:53',11,'addsellBill','156.196.243.179','','DESKTOP','https://rayeq.technoogate.com/erp/controllers/sellbillController.php?do=addsellBill&billnameid=3'),
(1925,'sellbillController.php','2026-05-08 12:26:34',11,'addsellBill','156.196.243.179','','DESKTOP','https://rayeq.technoogate.com/erp/controllers/sellbillController.php?do=addsellBill&billnameid=5'),
(1926,'sellbillController.php','2026-05-08 12:28:24',11,'addAndRetuen','156.196.243.179','','DESKTOP','https://rayeq.technoogate.com/erp/controllers/sellbillController.php?do=addAndRetuen'),
(1927,'sellbillController.php','2026-05-08 12:28:24',11,'addsellBill','156.196.243.179','','DESKTOP','https://rayeq.technoogate.com/erp/controllers/sellbillController.php?do=addsellBill&billnameid=5'),
(1928,'sellbillController.php','2026-05-08 12:30:03',11,'addAndRetuen','156.196.243.179','','DESKTOP','https://rayeq.technoogate.com/erp/controllers/sellbillController.php?do=addAndRetuen'),
(1929,'sellbillController.php','2026-05-08 12:30:03',11,'addsellBill','156.196.243.179','','DESKTOP','https://rayeq.technoogate.com/erp/controllers/sellbillController.php?do=addsellBill&billnameid=3'),
(1930,'sellbillController.php','2026-05-08 12:38:02',11,'addAndRetuen','156.196.243.179','','DESKTOP','https://rayeq.technoogate.com/erp/controllers/sellbillController.php?do=addAndRetuen'),
(1931,'sellbillController.php','2026-05-08 12:38:02',11,'addsellBill','156.196.243.179','','DESKTOP','https://rayeq.technoogate.com/erp/controllers/sellbillController.php?do=addsellBill&billnameid=3'),
(1932,'sellbillController.php','2026-05-08 12:44:25',11,'addAndRetuen','156.196.243.179','','DESKTOP','https://rayeq.technoogate.com/erp/controllers/sellbillController.php?do=addAndRetuen'),
(1933,'sellbillController.php','2026-05-08 12:44:25',11,'addsellBill','156.196.243.179','','DESKTOP','https://rayeq.technoogate.com/erp/controllers/sellbillController.php?do=addsellBill&billnameid=3'),
(1934,'sellbillController.php','2026-05-08 12:45:42',11,'addAndRetuen','156.196.243.179','','DESKTOP','https://rayeq.technoogate.com/erp/controllers/sellbillController.php?do=addAndRetuen'),
(1935,'sellbillController.php','2026-05-08 12:45:42',11,'addsellBill','156.196.243.179','','DESKTOP','https://rayeq.technoogate.com/erp/controllers/sellbillController.php?do=addsellBill&billnameid=3'),
(1936,'index.php','2026-05-08 13:25:33',1,'','105.180.182.196','','MOBILE','https://rayeq.technoogate.com/erp/controllers/index.php'),
(1937,'storedetailController.php','2026-05-08 13:25:40',1,'','105.180.182.196','','MOBILE','https://rayeq.technoogate.com/erp/controllers/storedetailController.php'),
(1938,'storedetailController.php','2026-05-08 13:25:55',1,'show','105.180.182.196','','MOBILE','https://rayeq.technoogate.com/erp/controllers/storedetailController.php?do=show'),
(1939,'productController.php','2026-05-08 13:26:18',1,'','105.180.182.196','','MOBILE','https://rayeq.technoogate.com/erp/controllers/productController.php'),
(1940,'productController.php','2026-05-08 13:27:09',1,'add','105.180.182.196','','MOBILE','https://rayeq.technoogate.com/erp/controllers/productController.php?do=add'),
(1941,'productController.php','2026-05-08 13:27:11',1,'','105.180.182.196','','MOBILE','https://rayeq.technoogate.com/erp/controllers/productController.php'),
(1942,'sellbillController.php','2026-05-08 13:28:09',11,'addsellBill','156.196.243.179','','DESKTOP','https://rayeq.technoogate.com/erp/controllers/sellbillController.php?do=addsellBill&billnameid=3'),
(1943,'sellbillController.php','2026-05-08 13:30:48',11,'addAndRetuen','156.196.243.179','','DESKTOP','https://rayeq.technoogate.com/erp/controllers/sellbillController.php?do=addAndRetuen'),
(1944,'sellbillController.php','2026-05-08 13:30:48',11,'addsellBill','156.196.243.179','','DESKTOP','https://rayeq.technoogate.com/erp/controllers/sellbillController.php?do=addsellBill&billnameid=3'),
(1945,'sellbillController.php','2026-05-08 13:33:31',11,'addAndRetuen','156.196.243.179','','DESKTOP','https://rayeq.technoogate.com/erp/controllers/sellbillController.php?do=addAndRetuen'),
(1946,'sellbillController.php','2026-05-08 13:33:31',11,'addsellBill','156.196.243.179','','DESKTOP','https://rayeq.technoogate.com/erp/controllers/sellbillController.php?do=addsellBill&billnameid=3'),
(1947,'sellbillController.php','2026-05-08 13:40:32',11,'addAndRetuen','156.196.243.179','','DESKTOP','https://rayeq.technoogate.com/erp/controllers/sellbillController.php?do=addAndRetuen'),
(1948,'sellbillController.php','2026-05-08 13:40:32',11,'addsellBill','156.196.243.179','','DESKTOP','https://rayeq.technoogate.com/erp/controllers/sellbillController.php?do=addsellBill&billnameid=3'),
(1949,'sellbillController.php','2026-05-08 13:54:22',11,'addAndRetuen','156.196.243.179','','DESKTOP','https://rayeq.technoogate.com/erp/controllers/sellbillController.php?do=addAndRetuen'),
(1950,'sellbillController.php','2026-05-08 13:54:22',11,'addsellBill','156.196.243.179','','DESKTOP','https://rayeq.technoogate.com/erp/controllers/sellbillController.php?do=addsellBill&billnameid=3'),
(1951,'index.php','2026-05-08 13:55:21',1,'','156.196.243.179','','DESKTOP','https://rayeq.technoogate.com/erp/controllers/index.php'),
(1952,'supplierReportsController.php','2026-05-08 13:59:44',1,'oneSupplier','156.196.243.179','','DESKTOP','https://rayeq.technoogate.com/erp/controllers/supplierReportsController.php?do=oneSupplier'),
(1953,'supplierReportsController.php','2026-05-08 13:59:44',1,'oneSupplier','156.196.243.179','','DESKTOP','https://rayeq.technoogate.com/erp/controllers/supplierReportsController.php?do=oneSupplier'),
(1954,'supplierReportsController.php','2026-05-08 14:00:03',1,'oneSupplier','156.196.243.179','','DESKTOP','https://rayeq.technoogate.com/erp/controllers/supplierReportsController.php?do=oneSupplier'),
(1955,'supplierReportsController.php','2026-05-08 14:00:25',1,'oneSupplier','156.196.243.179','','DESKTOP','https://rayeq.technoogate.com/erp/controllers/supplierReportsController.php?do=oneSupplier'),
(1956,'supplierController.php','2026-05-08 14:01:15',1,'','156.196.243.179','','DESKTOP','https://rayeq.technoogate.com/erp/controllers/supplierController.php'),
(1957,'buyBillController.php','2026-05-08 14:01:35',1,'bill','156.196.243.179','','DESKTOP','https://rayeq.technoogate.com/erp/controllers/buyBillController.php?do=bill&billnameid=1'),
(1958,'buyBillController.php','2026-05-08 14:02:50',1,'add','156.196.243.179','','DESKTOP','https://rayeq.technoogate.com/erp/controllers/buyBillController.php?do=add'),
(1959,'buyBillController.php','2026-05-08 14:02:50',1,'editprint','156.196.243.179','','DESKTOP','https://rayeq.technoogate.com/erp/controllers/buyBillController.php?do=editprint&id=18'),
(1960,'buyBillController.php','2026-05-08 14:04:09',1,'bill','156.196.243.179','','DESKTOP','https://rayeq.technoogate.com/erp/controllers/buyBillController.php?do=bill&billnameid=1'),
(1961,'buyBillController.php','2026-05-08 14:04:09',1,'bill','156.196.243.179','','DESKTOP','https://rayeq.technoogate.com/erp/controllers/buyBillController.php?do=bill&billnameid=1'),
(1962,'supplierReportsController.php','2026-05-08 14:04:13',1,'oneSupplier','156.196.243.179','','DESKTOP','https://rayeq.technoogate.com/erp/controllers/supplierReportsController.php?do=oneSupplier'),
(1963,'buyBillController.php','2026-05-08 14:04:40',1,'bill','156.196.243.179','','DESKTOP','https://rayeq.technoogate.com/erp/controllers/buyBillController.php?do=bill&billnameid=6'),
(1964,'buyBillController.php','2026-05-08 14:04:45',1,'bill','156.196.243.179','','DESKTOP','https://rayeq.technoogate.com/erp/controllers/buyBillController.php?do=bill&billnameid=1'),
(1965,'index.php','2026-05-08 14:08:37',1,'','105.180.182.196','','MOBILE','https://rayeq.technoogate.com/erp/controllers/index.php'),
(1966,'supplierReportsController.php','2026-05-08 14:08:39',1,'oneSupplier','105.180.182.196','','MOBILE','https://rayeq.technoogate.com/erp/controllers/supplierReportsController.php?do=oneSupplier'),
(1967,'supplierReportsController.php','2026-05-08 14:08:45',1,'oneSupplier','105.180.182.196','','MOBILE','https://rayeq.technoogate.com/erp/controllers/supplierReportsController.php?do=oneSupplier'),
(1968,'storedetailController.php','2026-05-08 14:08:52',1,'','105.180.182.196','','MOBILE','https://rayeq.technoogate.com/erp/controllers/storedetailController.php'),
(1969,'storedetailController.php','2026-05-08 14:09:04',1,'show','105.180.182.196','','MOBILE','https://rayeq.technoogate.com/erp/controllers/storedetailController.php?do=show'),
(1970,'storedetailController.php','2026-05-08 14:25:34',1,'','105.180.182.196','','MOBILE','https://rayeq.technoogate.com/erp/controllers/storedetailController.php'),
(1971,'storedetailController.php','2026-05-08 14:25:45',1,'show','105.180.182.196','','MOBILE','https://rayeq.technoogate.com/erp/controllers/storedetailController.php?do=show'),
(1972,'storedetailController.php','2026-05-08 14:26:10',1,'','105.180.182.196','','MOBILE','https://rayeq.technoogate.com/erp/controllers/storedetailController.php'),
(1973,'storedetailController.php','2026-05-08 14:26:56',1,'show','105.180.182.196','','MOBILE','https://rayeq.technoogate.com/erp/controllers/storedetailController.php?do=show'),
(1974,'supplierReportsController.php','2026-05-08 14:27:01',1,'oneSupplier','105.180.182.196','','MOBILE','https://rayeq.technoogate.com/erp/controllers/supplierReportsController.php?do=oneSupplier'),
(1975,'supplierReportsController.php','2026-05-08 14:27:07',1,'oneSupplier','105.180.182.196','','MOBILE','https://rayeq.technoogate.com/erp/controllers/supplierReportsController.php?do=oneSupplier'),
(1976,'storedetailController.php','2026-05-08 14:27:24',1,'','105.180.182.196','','MOBILE','https://rayeq.technoogate.com/erp/controllers/storedetailController.php'),
(1977,'productController.php','2026-05-08 14:27:34',11,'','156.196.11.93','','DESKTOP','https://rayeq.technoogate.com/erp/controllers/productController.php'),
(1978,'sellbillController.php','2026-05-08 14:27:45',11,'addsellBill','156.196.11.93','','DESKTOP','https://rayeq.technoogate.com/erp/controllers/sellbillController.php?do=addsellBill&billnameid=3'),
(1979,'storedetailController.php','2026-05-08 14:30:25',1,'','105.180.182.196','','MOBILE','https://rayeq.technoogate.com/erp/controllers/storedetailController.php'),
(1980,'storedetailController.php','2026-05-08 14:30:37',1,'show','105.180.182.196','','MOBILE','https://rayeq.technoogate.com/erp/controllers/storedetailController.php?do=show'),
(1981,'buyBillController.php','2026-05-08 14:33:29',1,'add','156.196.11.93','','DESKTOP','https://rayeq.technoogate.com/erp/controllers/buyBillController.php?do=add'),
(1982,'buyBillController.php','2026-05-08 14:33:29',1,'editprint','156.196.11.93','','DESKTOP','https://rayeq.technoogate.com/erp/controllers/buyBillController.php?do=editprint&id=19'),
(1983,'buyBillController.php','2026-05-08 14:33:48',1,'bill','156.196.11.93','','DESKTOP','https://rayeq.technoogate.com/erp/controllers/buyBillController.php?do=bill&billnameid=1'),
(1984,'buyBillController.php','2026-05-08 14:33:52',1,'bill','156.196.11.93','','DESKTOP','https://rayeq.technoogate.com/erp/controllers/buyBillController.php?do=bill&billnameid=1'),
(1985,'buyBillController.php','2026-05-08 14:33:53',1,'bill','156.196.11.93','','DESKTOP','https://rayeq.technoogate.com/erp/controllers/buyBillController.php?do=bill&billnameid=1'),
(1986,'buyBillController.php','2026-05-08 14:33:54',1,'bill','156.196.11.93','','DESKTOP','https://rayeq.technoogate.com/erp/controllers/buyBillController.php?do=bill&billnameid=1'),
(1987,'buyBillController.php','2026-05-08 14:34:09',1,'editprint','156.196.11.93','','DESKTOP','https://rayeq.technoogate.com/erp/controllers/buyBillController.php?do=editprint&id=19'),
(1988,'buyBillController.php','2026-05-08 14:34:15',1,'bill','156.196.11.93','','DESKTOP','https://rayeq.technoogate.com/erp/controllers/buyBillController.php?do=bill&billnameid=1'),
(1989,'buyBillController.php','2026-05-08 14:34:15',1,'bill','156.196.11.93','','DESKTOP','https://rayeq.technoogate.com/erp/controllers/buyBillController.php?do=bill&billnameid=6'),
(1990,'supplierReportsController.php','2026-05-08 14:34:15',1,'oneSupplier','156.196.11.93','','DESKTOP','https://rayeq.technoogate.com/erp/controllers/supplierReportsController.php?do=oneSupplier'),
(1991,'buyBillController.php','2026-05-08 14:34:15',1,'bill','156.196.11.93','','DESKTOP','https://rayeq.technoogate.com/erp/controllers/buyBillController.php?do=bill&billnameid=1'),
(1992,'buyBillController.php','2026-05-08 14:34:16',1,'editprint','156.196.11.93','','DESKTOP','https://rayeq.technoogate.com/erp/controllers/buyBillController.php?do=editprint&id=18'),
(1993,'buyBillController.php','2026-05-08 14:34:17',1,'bill','156.196.11.93','','DESKTOP','https://rayeq.technoogate.com/erp/controllers/buyBillController.php?do=bill&billnameid=1'),
(1994,'supplierController.php','2026-05-08 14:34:18',1,'','156.196.11.93','','DESKTOP','https://rayeq.technoogate.com/erp/controllers/supplierController.php'),
(1995,'supplierController.php','2026-05-08 14:35:08',1,'','156.196.11.93','','DESKTOP','https://rayeq.technoogate.com/erp/controllers/supplierController.php'),
(1996,'supplierController.php','2026-05-08 14:36:47',1,'add','156.196.11.93','','DESKTOP','https://rayeq.technoogate.com/erp/controllers/supplierController.php?do=add'),
(1997,'supplierController.php','2026-05-08 14:36:47',1,'sucess','156.196.11.93','','DESKTOP','https://rayeq.technoogate.com/erp/controllers/supplierController.php?do=sucess'),
(1998,'supplierController.php','2026-05-08 14:36:48',1,'show','156.196.11.93','','DESKTOP','https://rayeq.technoogate.com/erp/controllers/supplierController.php?do=show'),
(1999,'buyBillController.php','2026-05-08 14:36:55',1,'bill','156.196.11.93','','DESKTOP','https://rayeq.technoogate.com/erp/controllers/buyBillController.php?do=bill&billnameid=1'),
(2000,'buyBillController.php','2026-05-08 14:40:11',1,'add','156.196.11.93','','DESKTOP','https://rayeq.technoogate.com/erp/controllers/buyBillController.php?do=add'),
(2001,'buyBillController.php','2026-05-08 14:40:12',1,'editprint','156.196.11.93','','DESKTOP','https://rayeq.technoogate.com/erp/controllers/buyBillController.php?do=editprint&id=20'),
(2002,'supplierReportsController.php','2026-05-08 14:40:20',1,'oneSupplier','156.196.11.93','','DESKTOP','https://rayeq.technoogate.com/erp/controllers/supplierReportsController.php?do=oneSupplier'),
(2003,'index.php','2026-05-08 14:44:42',1,'','41.46.116.26','','DESKTOP','https://rayeq.technoogate.com/erp/controllers/index.php'),
(2004,'productController.php','2026-05-08 14:45:43',11,'','41.46.116.26','','DESKTOP','https://rayeq.technoogate.com/erp/controllers/productController.php'),
(2005,'storedetailController.php','2026-05-08 14:47:32',1,'','41.46.116.26','','DESKTOP','https://rayeq.technoogate.com/erp/controllers/storedetailController.php'),
(2006,'storedetailController.php','2026-05-08 14:47:45',1,'show','41.46.116.26','','DESKTOP','https://rayeq.technoogate.com/erp/controllers/storedetailController.php?do=show'),
(2007,'productController.php','2026-05-08 14:48:48',11,'add','41.46.116.26','','DESKTOP','https://rayeq.technoogate.com/erp/controllers/productController.php?do=add'),
(2008,'productController.php','2026-05-08 14:48:49',11,'','41.46.116.26','','DESKTOP','https://rayeq.technoogate.com/erp/controllers/productController.php'),
(2009,'productController.php','2026-05-08 14:49:12',11,'showbarcode','41.46.116.26','','DESKTOP','https://rayeq.technoogate.com/erp/controllers/productController.php?do=showbarcode'),
(2010,'productController.php','2026-05-08 14:49:48',1,'','41.46.116.26','','DESKTOP','https://rayeq.technoogate.com/erp/controllers/productController.php'),
(2011,'productController.php','2026-05-08 14:51:07',1,'add','41.46.116.26','','DESKTOP','https://rayeq.technoogate.com/erp/controllers/productController.php?do=add'),
(2012,'productController.php','2026-05-08 14:51:08',1,'','41.46.116.26','','DESKTOP','https://rayeq.technoogate.com/erp/controllers/productController.php'),
(2013,'inventoryController.php','2026-05-08 14:51:23',1,'','41.46.116.26','','DESKTOP','https://rayeq.technoogate.com/erp/controllers/inventoryController.php'),
(2014,'inventoryController.php','2026-05-08 14:51:49',1,'autosave','41.46.116.26','','DESKTOP','https://rayeq.technoogate.com/erp/controllers/inventoryController.php?do=autosave'),
(2015,'storedetailController.php','2026-05-08 14:51:53',1,'','41.46.116.26','','DESKTOP','https://rayeq.technoogate.com/erp/controllers/storedetailController.php'),
(2016,'storedetailController.php','2026-05-08 14:52:01',1,'show','41.46.116.26','','DESKTOP','https://rayeq.technoogate.com/erp/controllers/storedetailController.php?do=show'),
(2017,'sellbillController.php','2026-05-08 14:52:34',11,'addsellBill','41.46.116.26','','DESKTOP','https://rayeq.technoogate.com/erp/controllers/sellbillController.php?do=addsellBill&billnameid=5'),
(2018,'sellbillController.php','2026-05-08 14:52:36',11,'addsellBill','41.46.116.26','','DESKTOP','https://rayeq.technoogate.com/erp/controllers/sellbillController.php?do=addsellBill&billnameid=3'),
(2019,'supplierController.php','2026-05-08 14:52:45',1,'','41.46.116.26','','DESKTOP','https://rayeq.technoogate.com/erp/controllers/supplierController.php'),
(2020,'supplierController.php','2026-05-08 14:54:26',1,'add','41.46.116.26','','DESKTOP','https://rayeq.technoogate.com/erp/controllers/supplierController.php?do=add'),
(2021,'supplierController.php','2026-05-08 14:54:26',1,'sucess','41.46.116.26','','DESKTOP','https://rayeq.technoogate.com/erp/controllers/supplierController.php?do=sucess'),
(2022,'supplierController.php','2026-05-08 14:54:27',1,'show','41.46.116.26','','DESKTOP','https://rayeq.technoogate.com/erp/controllers/supplierController.php?do=show'),
(2023,'storedetailController.php','2026-05-08 14:54:32',1,'','41.46.116.26','','DESKTOP','https://rayeq.technoogate.com/erp/controllers/storedetailController.php'),
(2024,'storedetailController.php','2026-05-08 14:54:51',1,'show','41.46.116.26','','DESKTOP','https://rayeq.technoogate.com/erp/controllers/storedetailController.php?do=show'),
(2025,'storedetailController.php','2026-05-08 14:56:40',1,'','41.46.116.26','','DESKTOP','https://rayeq.technoogate.com/erp/controllers/storedetailController.php'),
(2026,'supplierController.php','2026-05-08 14:56:40',1,'show','41.46.116.26','','DESKTOP','https://rayeq.technoogate.com/erp/controllers/supplierController.php?do=show'),
(2027,'supplierController.php','2026-05-08 14:56:40',1,'','41.46.116.26','','DESKTOP','https://rayeq.technoogate.com/erp/controllers/supplierController.php'),
(2028,'storedetailController.php','2026-05-08 14:56:42',1,'','41.46.116.26','','DESKTOP','https://rayeq.technoogate.com/erp/controllers/storedetailController.php'),
(2029,'storedetailController.php','2026-05-08 14:57:03',1,'','41.46.116.26','','DESKTOP','https://rayeq.technoogate.com/erp/controllers/storedetailController.php'),
(2030,'storedetailController.php','2026-05-08 14:57:11',1,'show','41.46.116.26','','DESKTOP','https://rayeq.technoogate.com/erp/controllers/storedetailController.php?do=show'),
(2031,'supplierReportsController.php','2026-05-08 14:57:26',1,'oneSupplier','41.46.116.26','','DESKTOP','https://rayeq.technoogate.com/erp/controllers/supplierReportsController.php?do=oneSupplier'),
(2032,'supplierReportsController.php','2026-05-08 14:57:36',1,'oneSupplier','41.46.116.26','','DESKTOP','https://rayeq.technoogate.com/erp/controllers/supplierReportsController.php?do=oneSupplier'),
(2033,'sellbillController.php','2026-05-08 14:58:49',11,'addAndRetuen','41.46.116.26','','DESKTOP','https://rayeq.technoogate.com/erp/controllers/sellbillController.php?do=addAndRetuen'),
(2034,'sellbillController.php','2026-05-08 14:58:49',11,'addsellBill','41.46.116.26','','DESKTOP','https://rayeq.technoogate.com/erp/controllers/sellbillController.php?do=addsellBill&billnameid=3'),
(2035,'storedetailController.php','2026-05-08 15:00:08',1,'','41.46.116.26','','DESKTOP','https://rayeq.technoogate.com/erp/controllers/storedetailController.php'),
(2036,'storedetailController.php','2026-05-08 15:00:08',1,'','41.46.116.26','','DESKTOP','https://rayeq.technoogate.com/erp/controllers/storedetailController.php'),
(2037,'storedetailController.php','2026-05-08 15:00:28',1,'show','41.46.116.26','','DESKTOP','https://rayeq.technoogate.com/erp/controllers/storedetailController.php?do=show'),
(2038,'supplierReportsController.php','2026-05-08 15:00:38',1,'oneSupplier','41.46.116.26','','DESKTOP','https://rayeq.technoogate.com/erp/controllers/supplierReportsController.php?do=oneSupplier'),
(2039,'supplierReportsController.php','2026-05-08 15:00:46',1,'oneSupplier','41.46.116.26','','DESKTOP','https://rayeq.technoogate.com/erp/controllers/supplierReportsController.php?do=oneSupplier'),
(2040,'sellbillController.php','2026-05-08 15:01:31',11,'addAndRetuen','41.46.116.26','','DESKTOP','https://rayeq.technoogate.com/erp/controllers/sellbillController.php?do=addAndRetuen'),
(2041,'sellbillController.php','2026-05-08 15:01:31',11,'addsellBill','41.46.116.26','','DESKTOP','https://rayeq.technoogate.com/erp/controllers/sellbillController.php?do=addsellBill&billnameid=3'),
(2042,'storedetailController.php','2026-05-08 15:03:40',1,'','41.46.116.26','','DESKTOP','https://rayeq.technoogate.com/erp/controllers/storedetailController.php'),
(2043,'storedetailController.php','2026-05-08 15:03:49',1,'show','41.46.116.26','','DESKTOP','https://rayeq.technoogate.com/erp/controllers/storedetailController.php?do=show'),
(2044,'supplierReportsController.php','2026-05-08 15:05:00',1,'oneSupplier','41.46.116.26','','DESKTOP','https://rayeq.technoogate.com/erp/controllers/supplierReportsController.php?do=oneSupplier'),
(2045,'supplierReportsController.php','2026-05-08 15:05:00',1,'oneSupplier','41.46.116.26','','DESKTOP','https://rayeq.technoogate.com/erp/controllers/supplierReportsController.php?do=oneSupplier'),
(2046,'supplierReportsController.php','2026-05-08 15:05:09',1,'oneSupplier','41.46.116.26','','DESKTOP','https://rayeq.technoogate.com/erp/controllers/supplierReportsController.php?do=oneSupplier'),
(2047,'supplierController.php','2026-05-08 15:05:46',1,'','41.46.116.26','','DESKTOP','https://rayeq.technoogate.com/erp/controllers/supplierController.php'),
(2048,'supplierController.php','2026-05-08 15:05:46',1,'','41.46.116.26','','DESKTOP','https://rayeq.technoogate.com/erp/controllers/supplierController.php'),
(2049,'buyBillController.php','2026-05-08 15:06:18',1,'bill','41.46.116.26','','DESKTOP','https://rayeq.technoogate.com/erp/controllers/buyBillController.php?do=bill&billnameid=1'),
(2050,'buyBillController.php','2026-05-08 15:06:18',1,'bill','41.46.116.26','','DESKTOP','https://rayeq.technoogate.com/erp/controllers/buyBillController.php?do=bill&billnameid=1'),
(2051,'sellbillController.php','2026-05-08 15:07:13',11,'addAndRetuen','41.46.116.26','','DESKTOP','https://rayeq.technoogate.com/erp/controllers/sellbillController.php?do=addAndRetuen'),
(2052,'sellbillController.php','2026-05-08 15:07:13',11,'addsellBill','41.46.116.26','','DESKTOP','https://rayeq.technoogate.com/erp/controllers/sellbillController.php?do=addsellBill&billnameid=3'),
(2053,'buyBillController.php','2026-05-08 15:09:27',1,'add','41.46.116.26','','DESKTOP','https://rayeq.technoogate.com/erp/controllers/buyBillController.php?do=add'),
(2054,'buyBillController.php','2026-05-08 15:09:27',1,'editprint','41.46.116.26','','DESKTOP','https://rayeq.technoogate.com/erp/controllers/buyBillController.php?do=editprint&id=21'),
(2055,'supplierController.php','2026-05-08 15:09:48',1,'','41.46.116.26','','DESKTOP','https://rayeq.technoogate.com/erp/controllers/supplierController.php'),
(2056,'buyBillController.php','2026-05-08 15:10:48',1,'bill','41.46.116.26','','DESKTOP','https://rayeq.technoogate.com/erp/controllers/buyBillController.php?do=bill&billnameid=1'),
(2057,'buyBillController.php','2026-05-08 15:10:48',1,'bill','41.46.116.26','','DESKTOP','https://rayeq.technoogate.com/erp/controllers/buyBillController.php?do=bill&billnameid=1'),
(2058,'buyBillController.php','2026-05-08 15:13:24',1,'add','41.46.116.26','','DESKTOP','https://rayeq.technoogate.com/erp/controllers/buyBillController.php?do=add'),
(2059,'buyBillController.php','2026-05-08 15:13:25',1,'editprint','41.46.116.26','','DESKTOP','https://rayeq.technoogate.com/erp/controllers/buyBillController.php?do=editprint&id=22'),
(2060,'supplierReportsController.php','2026-05-08 15:13:59',1,'oneSupplier','41.46.116.26','','DESKTOP','https://rayeq.technoogate.com/erp/controllers/supplierReportsController.php?do=oneSupplier'),
(2061,'supplierReportsController.php','2026-05-08 15:14:00',1,'oneSupplier','41.46.116.26','','DESKTOP','https://rayeq.technoogate.com/erp/controllers/supplierReportsController.php?do=oneSupplier'),
(2062,'supplierReportsController.php','2026-05-08 15:14:28',1,'oneSupplier','41.46.116.26','','DESKTOP','https://rayeq.technoogate.com/erp/controllers/supplierReportsController.php?do=oneSupplier'),
(2063,'supplierController.php','2026-05-08 15:15:49',1,'','41.46.116.26','','DESKTOP','https://rayeq.technoogate.com/erp/controllers/supplierController.php'),
(2064,'supplierController.php','2026-05-08 15:15:49',1,'','41.46.116.26','','DESKTOP','https://rayeq.technoogate.com/erp/controllers/supplierController.php'),
(2065,'buyBillController.php','2026-05-08 15:16:05',1,'bill','41.46.116.26','','DESKTOP','https://rayeq.technoogate.com/erp/controllers/buyBillController.php?do=bill&billnameid=1'),
(2066,'sellbillController.php','2026-05-08 15:22:16',11,'addAndRetuen','41.46.116.26','','DESKTOP','https://rayeq.technoogate.com/erp/controllers/sellbillController.php?do=addAndRetuen'),
(2067,'sellbillController.php','2026-05-08 15:22:17',11,'addsellBill','41.46.116.26','','DESKTOP','https://rayeq.technoogate.com/erp/controllers/sellbillController.php?do=addsellBill&billnameid=3'),
(2068,'index.php','2026-05-08 15:28:51',1,'','41.46.116.26','','DESKTOP','https://rayeq.technoogate.com/erp/controllers/index.php'),
(2069,'index.php','2026-05-08 15:28:51',1,'','41.46.116.26','','DESKTOP','https://rayeq.technoogate.com/erp/controllers/index.php'),
(2070,'sellbillController.php','2026-05-08 15:28:54',11,'addAndRetuen','41.46.116.26','','DESKTOP','https://rayeq.technoogate.com/erp/controllers/sellbillController.php?do=addAndRetuen'),
(2071,'sellbillController.php','2026-05-08 15:28:54',11,'addsellBill','41.46.116.26','','DESKTOP','https://rayeq.technoogate.com/erp/controllers/sellbillController.php?do=addsellBill&billnameid=3'),
(2072,'buyBillController.php','2026-05-08 15:29:39',1,'bill','41.46.116.26','','DESKTOP','https://rayeq.technoogate.com/erp/controllers/buyBillController.php?do=bill&billnameid=1'),
(2073,'sellbillController.php','2026-05-08 15:31:07',11,'addAndRetuen','41.46.116.26','','DESKTOP','https://rayeq.technoogate.com/erp/controllers/sellbillController.php?do=addAndRetuen'),
(2074,'sellbillController.php','2026-05-08 15:31:07',11,'addsellBill','41.46.116.26','','DESKTOP','https://rayeq.technoogate.com/erp/controllers/sellbillController.php?do=addsellBill&billnameid=3'),
(2075,'buyBillController.php','2026-05-08 15:31:56',1,'add','41.46.116.26','','DESKTOP','https://rayeq.technoogate.com/erp/controllers/buyBillController.php?do=add'),
(2076,'buyBillController.php','2026-05-08 15:31:56',1,'editprint','41.46.116.26','','DESKTOP','https://rayeq.technoogate.com/erp/controllers/buyBillController.php?do=editprint&id=23'),
(2077,'supplierController.php','2026-05-08 15:32:40',1,'','41.46.116.26','','DESKTOP','https://rayeq.technoogate.com/erp/controllers/supplierController.php'),
(2078,'buyBillController.php','2026-05-08 15:32:45',1,'bill','41.46.116.26','','DESKTOP','https://rayeq.technoogate.com/erp/controllers/buyBillController.php?do=bill&billnameid=1'),
(2079,'sellbillController.php','2026-05-08 15:33:09',11,'addAndRetuen','41.46.116.26','','DESKTOP','https://rayeq.technoogate.com/erp/controllers/sellbillController.php?do=addAndRetuen'),
(2080,'sellbillController.php','2026-05-08 15:33:10',11,'addsellBill','41.46.116.26','','DESKTOP','https://rayeq.technoogate.com/erp/controllers/sellbillController.php?do=addsellBill&billnameid=3'),
(2081,'supplierController.php','2026-05-08 15:33:18',1,'','41.46.116.26','','DESKTOP','https://rayeq.technoogate.com/erp/controllers/supplierController.php'),
(2082,'supplierController.php','2026-05-08 15:33:51',1,'add','41.46.116.26','','DESKTOP','https://rayeq.technoogate.com/erp/controllers/supplierController.php?do=add'),
(2083,'supplierController.php','2026-05-08 15:33:51',1,'sucess','41.46.116.26','','DESKTOP','https://rayeq.technoogate.com/erp/controllers/supplierController.php?do=sucess'),
(2084,'supplierController.php','2026-05-08 15:33:53',1,'show','41.46.116.26','','DESKTOP','https://rayeq.technoogate.com/erp/controllers/supplierController.php?do=show'),
(2085,'supplierController.php','2026-05-08 15:34:06',1,'','41.46.116.26','','DESKTOP','https://rayeq.technoogate.com/erp/controllers/supplierController.php'),
(2086,'buyBillController.php','2026-05-08 15:34:09',1,'bill','41.46.116.26','','DESKTOP','https://rayeq.technoogate.com/erp/controllers/buyBillController.php?do=bill&billnameid=1'),
(2087,'sellbillController.php','2026-05-08 15:34:31',11,'addAndRetuen','41.46.116.26','','DESKTOP','https://rayeq.technoogate.com/erp/controllers/sellbillController.php?do=addAndRetuen'),
(2088,'sellbillController.php','2026-05-08 15:34:32',11,'addsellBill','41.46.116.26','','DESKTOP','https://rayeq.technoogate.com/erp/controllers/sellbillController.php?do=addsellBill&billnameid=3'),
(2089,'supplierReportsController.php','2026-05-08 15:35:56',1,'oneSupplier','41.46.116.26','','DESKTOP','https://rayeq.technoogate.com/erp/controllers/supplierReportsController.php?do=oneSupplier'),
(2090,'supplierReportsController.php','2026-05-08 15:36:13',1,'oneSupplier','41.46.116.26','','DESKTOP','https://rayeq.technoogate.com/erp/controllers/supplierReportsController.php?do=oneSupplier'),
(2091,'storedetailController.php','2026-05-08 15:36:23',1,'','41.46.116.26','','DESKTOP','https://rayeq.technoogate.com/erp/controllers/storedetailController.php'),
(2092,'storedetailController.php','2026-05-08 15:36:55',1,'show','41.46.116.26','','DESKTOP','https://rayeq.technoogate.com/erp/controllers/storedetailController.php?do=show'),
(2093,'index.php','2026-05-08 15:39:04',1,'','105.180.182.196','','MOBILE','https://rayeq.technoogate.com/erp/controllers/index.php'),
(2094,'index.php','2026-05-08 15:39:05',1,'','105.180.182.196','','MOBILE','https://rayeq.technoogate.com/erp/controllers/index.php'),
(2095,'supplierReportsController.php','2026-05-08 15:39:07',1,'oneSupplier','105.180.182.196','','MOBILE','https://rayeq.technoogate.com/erp/controllers/supplierReportsController.php?do=oneSupplier'),
(2096,'supplierReportsController.php','2026-05-08 15:39:13',1,'oneSupplier','105.180.182.196','','MOBILE','https://rayeq.technoogate.com/erp/controllers/supplierReportsController.php?do=oneSupplier'),
(2097,'buyBillController.php','2026-05-08 15:39:21',1,'details','105.180.182.196','','MOBILE','https://rayeq.technoogate.com/erp/controllers/buyBillController.php?do=details&id=18'),
(2098,'storedetailController.php','2026-05-08 15:39:39',1,'','105.180.182.196','','MOBILE','https://rayeq.technoogate.com/erp/controllers/storedetailController.php'),
(2099,'storedetailController.php','2026-05-08 15:39:48',1,'show','105.180.182.196','','MOBILE','https://rayeq.technoogate.com/erp/controllers/storedetailController.php?do=show'),
(2100,'supplierController.php','2026-05-08 15:41:21',1,'','41.46.116.26','','DESKTOP','https://rayeq.technoogate.com/erp/controllers/supplierController.php'),
(2101,'supplierReportsController.php','2026-05-08 15:42:59',1,'oneSupplier','41.46.116.26','','DESKTOP','https://rayeq.technoogate.com/erp/controllers/supplierReportsController.php?do=oneSupplier'),
(2102,'supplierReportsController.php','2026-05-08 15:43:47',1,'oneSupplier','41.46.116.26','','DESKTOP','https://rayeq.technoogate.com/erp/controllers/supplierReportsController.php?do=oneSupplier'),
(2103,'supplierReportsController.php','2026-05-08 15:43:47',1,'oneSupplier','41.46.116.26','','DESKTOP','https://rayeq.technoogate.com/erp/controllers/supplierReportsController.php?do=oneSupplier'),
(2104,'sellbillController.php','2026-05-08 15:44:59',11,'addAndRetuen','41.46.116.26','','DESKTOP','https://rayeq.technoogate.com/erp/controllers/sellbillController.php?do=addAndRetuen'),
(2105,'sellbillController.php','2026-05-08 15:44:59',11,'addsellBill','41.46.116.26','','DESKTOP','https://rayeq.technoogate.com/erp/controllers/sellbillController.php?do=addsellBill&billnameid=3'),
(2106,'sellbillController.php','2026-05-08 15:49:55',11,'addAndRetuen','41.46.116.26','','DESKTOP','https://rayeq.technoogate.com/erp/controllers/sellbillController.php?do=addAndRetuen'),
(2107,'sellbillController.php','2026-05-08 15:49:55',11,'addsellBill','41.46.116.26','','DESKTOP','https://rayeq.technoogate.com/erp/controllers/sellbillController.php?do=addsellBill&billnameid=3'),
(2108,'buyBillController.php','2026-05-08 15:50:25',1,'bill','41.46.116.26','','DESKTOP','https://rayeq.technoogate.com/erp/controllers/buyBillController.php?do=bill&billnameid=1'),
(2109,'supplierController.php','2026-05-08 15:51:11',1,'','41.46.116.26','','DESKTOP','https://rayeq.technoogate.com/erp/controllers/supplierController.php'),
(2110,'supplierController.php','2026-05-08 15:51:38',1,'add','41.46.116.26','','DESKTOP','https://rayeq.technoogate.com/erp/controllers/supplierController.php?do=add'),
(2111,'supplierController.php','2026-05-08 15:51:38',1,'sucess','41.46.116.26','','DESKTOP','https://rayeq.technoogate.com/erp/controllers/supplierController.php?do=sucess'),
(2112,'supplierController.php','2026-05-08 15:51:39',1,'show','41.46.116.26','','DESKTOP','https://rayeq.technoogate.com/erp/controllers/supplierController.php?do=show'),
(2113,'buyBillController.php','2026-05-08 15:51:42',1,'bill','41.46.116.26','','DESKTOP','https://rayeq.technoogate.com/erp/controllers/buyBillController.php?do=bill&billnameid=1'),
(2114,'buyBillController.php','2026-05-08 15:53:53',1,'add','41.46.116.26','','DESKTOP','https://rayeq.technoogate.com/erp/controllers/buyBillController.php?do=add'),
(2115,'buyBillController.php','2026-05-08 15:53:53',1,'editprint','41.46.116.26','','DESKTOP','https://rayeq.technoogate.com/erp/controllers/buyBillController.php?do=editprint&id=24'),
(2116,'sellbillController.php','2026-05-08 15:55:38',11,'addAndRetuen','41.46.116.26','','DESKTOP','https://rayeq.technoogate.com/erp/controllers/sellbillController.php?do=addAndRetuen'),
(2117,'sellbillController.php','2026-05-08 15:55:38',11,'addsellBill','41.46.116.26','','DESKTOP','https://rayeq.technoogate.com/erp/controllers/sellbillController.php?do=addsellBill&billnameid=3'),
(2118,'sellbillController.php','2026-05-08 16:00:14',11,'addAndRetuen','41.46.116.26','','DESKTOP','https://rayeq.technoogate.com/erp/controllers/sellbillController.php?do=addAndRetuen'),
(2119,'sellbillController.php','2026-05-08 16:00:14',11,'addsellBill','41.46.116.26','','DESKTOP','https://rayeq.technoogate.com/erp/controllers/sellbillController.php?do=addsellBill&billnameid=3'),
(2120,'sellbillController.php','2026-05-08 16:05:11',11,'addAndRetuen','41.46.116.26','','DESKTOP','https://rayeq.technoogate.com/erp/controllers/sellbillController.php?do=addAndRetuen'),
(2121,'sellbillController.php','2026-05-08 16:05:11',11,'addsellBill','41.46.116.26','','DESKTOP','https://rayeq.technoogate.com/erp/controllers/sellbillController.php?do=addsellBill&billnameid=3'),
(2122,'supplierReportsController.php','2026-05-08 16:13:24',1,'oneSupplier','41.46.116.26','','DESKTOP','https://rayeq.technoogate.com/erp/controllers/supplierReportsController.php?do=oneSupplier'),
(2123,'supplierReportsController.php','2026-05-08 16:13:24',1,'oneSupplier','41.46.116.26','','DESKTOP','https://rayeq.technoogate.com/erp/controllers/supplierReportsController.php?do=oneSupplier'),
(2124,'supplierReportsController.php','2026-05-08 16:13:39',1,'oneSupplier','41.46.116.26','','DESKTOP','https://rayeq.technoogate.com/erp/controllers/supplierReportsController.php?do=oneSupplier'),
(2125,'supplierDeficitController.php','2026-05-08 16:15:13',1,'','41.46.116.26','','DESKTOP','https://rayeq.technoogate.com/erp/controllers/supplierDeficitController.php'),
(2126,'supplierDeficitController.php','2026-05-08 16:16:06',1,'add','41.46.116.26','','DESKTOP','https://rayeq.technoogate.com/erp/controllers/supplierDeficitController.php?do=add'),
(2127,'supplierDeficitController.php','2026-05-08 16:16:07',1,'sucess','41.46.116.26','','DESKTOP','https://rayeq.technoogate.com/erp/controllers/supplierDeficitController.php?do=sucess'),
(2128,'supplierDeficitController.php','2026-05-08 16:16:08',1,'show','41.46.116.26','','DESKTOP','https://rayeq.technoogate.com/erp/controllers/supplierDeficitController.php?do=show'),
(2129,'supplierReportsController.php','2026-05-08 16:16:11',1,'oneSupplier','41.46.116.26','','DESKTOP','https://rayeq.technoogate.com/erp/controllers/supplierReportsController.php?do=oneSupplier'),
(2130,'supplierReportsController.php','2026-05-08 16:16:29',1,'oneSupplier','41.46.116.26','','DESKTOP','https://rayeq.technoogate.com/erp/controllers/supplierReportsController.php?do=oneSupplier'),
(2131,'index.php','2026-05-08 16:20:58',1,'','105.180.182.196','','MOBILE','https://rayeq.technoogate.com/erp/controllers/index.php'),
(2132,'supplierReportsController.php','2026-05-08 16:21:01',1,'oneSupplier','105.180.182.196','','MOBILE','https://rayeq.technoogate.com/erp/controllers/supplierReportsController.php?do=oneSupplier'),
(2133,'supplierReportsController.php','2026-05-08 16:21:05',1,'oneSupplier','105.180.182.196','','MOBILE','https://rayeq.technoogate.com/erp/controllers/supplierReportsController.php?do=oneSupplier'),
(2134,'storedetailController.php','2026-05-08 16:21:16',1,'','105.180.182.196','','MOBILE','https://rayeq.technoogate.com/erp/controllers/storedetailController.php'),
(2135,'storedetailController.php','2026-05-08 16:21:29',1,'show','105.180.182.196','','MOBILE','https://rayeq.technoogate.com/erp/controllers/storedetailController.php?do=show'),
(2136,'supplierReportsController.php','2026-05-08 16:21:49',1,'oneSupplier','105.180.182.196','','MOBILE','https://rayeq.technoogate.com/erp/controllers/supplierReportsController.php?do=oneSupplier'),
(2137,'supplierReportsController.php','2026-05-08 16:21:55',1,'oneSupplier','105.180.182.196','','MOBILE','https://rayeq.technoogate.com/erp/controllers/supplierReportsController.php?do=oneSupplier'),
(2138,'storedetailController.php','2026-05-08 16:24:58',1,'','105.180.182.196','','MOBILE','https://rayeq.technoogate.com/erp/controllers/storedetailController.php'),
(2139,'storedetailController.php','2026-05-08 16:25:21',1,'show','105.180.182.196','','MOBILE','https://rayeq.technoogate.com/erp/controllers/storedetailController.php?do=show'),
(2140,'index.php','2026-05-08 16:28:35',1,'','41.46.116.26','','DESKTOP','https://rayeq.technoogate.com/erp/controllers/index.php'),
(2141,'storereportController.php','2026-05-08 16:28:36',1,'','41.46.116.26','','DESKTOP','https://rayeq.technoogate.com/erp/controllers/storereportController.php'),
(2142,'storedetailController.php','2026-05-08 16:32:10',1,'show','105.180.182.196','','MOBILE','https://rayeq.technoogate.com/erp/controllers/storedetailController.php?do=show'),
(2143,'supplierReportsController.php','2026-05-08 16:32:25',1,'oneSupplier','105.180.182.196','','MOBILE','https://rayeq.technoogate.com/erp/controllers/supplierReportsController.php?do=oneSupplier'),
(2144,'userController.php','2026-05-08 16:32:58',1,'edit','105.180.182.196','','MOBILE','https://rayeq.technoogate.com/erp/controllers/userController.php?do=edit&userid=1'),
(2145,'supplierReportsController.php','2026-05-08 16:33:15',1,'oneSupplier','41.46.116.26','','DESKTOP','https://rayeq.technoogate.com/erp/controllers/supplierReportsController.php?do=oneSupplier'),
(2146,'index.php','2026-05-08 16:46:46',1,'','105.180.182.196','','MOBILE','https://rayeq.technoogate.com/erp/controllers/index.php'),
(2147,'storedetailController.php','2026-05-08 16:46:48',1,'','105.180.182.196','','MOBILE','https://rayeq.technoogate.com/erp/controllers/storedetailController.php'),
(2148,'storedetailController.php','2026-05-08 16:47:01',1,'show','105.180.182.196','','MOBILE','https://rayeq.technoogate.com/erp/controllers/storedetailController.php?do=show'),
(2149,'supplierReportsController.php','2026-05-08 16:47:12',1,'oneSupplier','105.180.182.196','','MOBILE','https://rayeq.technoogate.com/erp/controllers/supplierReportsController.php?do=oneSupplier'),
(2150,'supplierReportsController.php','2026-05-08 16:47:22',1,'oneSupplier','105.180.182.196','','MOBILE','https://rayeq.technoogate.com/erp/controllers/supplierReportsController.php?do=oneSupplier'),
(2151,'storedetailController.php','2026-05-08 16:47:39',1,'','105.180.182.196','','MOBILE','https://rayeq.technoogate.com/erp/controllers/storedetailController.php'),
(2152,'storedetailController.php','2026-05-08 16:47:51',1,'show','105.180.182.196','','MOBILE','https://rayeq.technoogate.com/erp/controllers/storedetailController.php?do=show'),
(2153,'index.php','2026-05-08 17:12:07',11,'','41.46.116.26','','DESKTOP','https://rayeq.technoogate.com/erp/controllers/index.php'),
(2154,'sellbillController.php','2026-05-08 17:12:09',11,'addsellBill','41.46.116.26','','DESKTOP','https://rayeq.technoogate.com/erp/controllers/sellbillController.php?do=addsellBill&billnameid=3'),
(2155,'sellbillController.php','2026-05-08 17:15:20',11,'addAndRetuen','41.46.116.26','','DESKTOP','https://rayeq.technoogate.com/erp/controllers/sellbillController.php?do=addAndRetuen'),
(2156,'sellbillController.php','2026-05-08 17:15:20',11,'addsellBill','41.46.116.26','','DESKTOP','https://rayeq.technoogate.com/erp/controllers/sellbillController.php?do=addsellBill&billnameid=3'),
(2157,'sellbillController.php','2026-05-08 17:19:09',11,'addAndRetuen','41.46.116.26','','DESKTOP','https://rayeq.technoogate.com/erp/controllers/sellbillController.php?do=addAndRetuen'),
(2158,'sellbillController.php','2026-05-08 17:19:09',11,'addsellBill','41.46.116.26','','DESKTOP','https://rayeq.technoogate.com/erp/controllers/sellbillController.php?do=addsellBill&billnameid=3'),
(2159,'sellbillController.php','2026-05-08 17:25:56',11,'addAndRetuen','41.46.116.26','','DESKTOP','https://rayeq.technoogate.com/erp/controllers/sellbillController.php?do=addAndRetuen'),
(2160,'sellbillController.php','2026-05-08 17:25:56',11,'addsellBill','41.46.116.26','','DESKTOP','https://rayeq.technoogate.com/erp/controllers/sellbillController.php?do=addsellBill&billnameid=3'),
(2161,'sellbillController.php','2026-05-08 17:36:37',11,'addAndRetuen','41.46.116.26','','DESKTOP','https://rayeq.technoogate.com/erp/controllers/sellbillController.php?do=addAndRetuen'),
(2162,'sellbillController.php','2026-05-08 17:36:37',11,'addsellBill','41.46.116.26','','DESKTOP','https://rayeq.technoogate.com/erp/controllers/sellbillController.php?do=addsellBill&billnameid=3'),
(2163,'index.php','2026-05-08 17:43:41',1,'','41.46.116.26','','DESKTOP','https://rayeq.technoogate.com/erp/controllers/index.php'),
(2164,'sellbillController.php','2026-05-08 17:43:45',11,'addAndRetuen','41.46.116.26','','DESKTOP','https://rayeq.technoogate.com/erp/controllers/sellbillController.php?do=addAndRetuen'),
(2165,'sellbillController.php','2026-05-08 17:43:45',11,'addsellBill','41.46.116.26','','DESKTOP','https://rayeq.technoogate.com/erp/controllers/sellbillController.php?do=addsellBill&billnameid=3'),
(2166,'buyreport.php','2026-05-08 17:43:50',1,'','41.46.116.26','','DESKTOP','https://rayeq.technoogate.com/erp/controllers/buyreport.php'),
(2167,'buyBillController.php','2026-05-08 17:44:34',1,'bill','41.46.116.26','','DESKTOP','https://rayeq.technoogate.com/erp/controllers/buyBillController.php?do=bill&billnameid=1'),
(2168,'buyBillController.php','2026-05-08 17:44:34',1,'bill','41.46.116.26','','DESKTOP','https://rayeq.technoogate.com/erp/controllers/buyBillController.php?do=bill&billnameid=1'),
(2169,'buyBillController.php','2026-05-08 17:51:56',1,'add','41.46.116.26','','DESKTOP','https://rayeq.technoogate.com/erp/controllers/buyBillController.php?do=add'),
(2170,'buyBillController.php','2026-05-08 17:51:56',1,'editprint','41.46.116.26','','DESKTOP','https://rayeq.technoogate.com/erp/controllers/buyBillController.php?do=editprint&id=25'),
(2171,'supplierPayedDeptController.php','2026-05-08 17:52:24',1,'','41.46.116.26','','DESKTOP','https://rayeq.technoogate.com/erp/controllers/supplierPayedDeptController.php'),
(2172,'productController.php','2026-05-08 17:53:22',11,'showbarcode','41.46.116.26','','DESKTOP','https://rayeq.technoogate.com/erp/controllers/productController.php?do=showbarcode'),
(2173,'supplierPayedDeptController.php','2026-05-08 17:53:41',1,'add','41.46.116.26','','DESKTOP','https://rayeq.technoogate.com/erp/controllers/supplierPayedDeptController.php?do=add'),
(2174,'supplierPayedDeptController.php','2026-05-08 17:53:42',1,'sucess','41.46.116.26','','DESKTOP','https://rayeq.technoogate.com/erp/controllers/supplierPayedDeptController.php?do=sucess'),
(2175,'supplierPayedDeptController.php','2026-05-08 17:53:43',1,'show','41.46.116.26','','DESKTOP','https://rayeq.technoogate.com/erp/controllers/supplierPayedDeptController.php?do=show'),
(2176,'supplierReportsController.php','2026-05-08 17:53:43',1,'','41.46.116.26','','DESKTOP','https://rayeq.technoogate.com/erp/controllers/supplierReportsController.php'),
(2177,'storedetailController.php','2026-05-08 17:54:36',1,'','41.46.116.26','','DESKTOP','https://rayeq.technoogate.com/erp/controllers/storedetailController.php'),
(2178,'storedetailController.php','2026-05-08 17:54:36',1,'','41.46.116.26','','DESKTOP','https://rayeq.technoogate.com/erp/controllers/storedetailController.php'),
(2179,'storedetailController.php','2026-05-08 17:54:47',1,'show','41.46.116.26','','DESKTOP','https://rayeq.technoogate.com/erp/controllers/storedetailController.php?do=show'),
(2180,'storedetailController.php','2026-05-08 17:55:05',1,'show','41.46.116.26','','DESKTOP','https://rayeq.technoogate.com/erp/controllers/storedetailController.php?do=show'),
(2181,'inventoryController.php','2026-05-08 17:56:58',1,'','41.46.116.26','','DESKTOP','https://rayeq.technoogate.com/erp/controllers/inventoryController.php'),
(2182,'inventoryController.php','2026-05-08 17:57:19',1,'autosave','41.46.116.26','','DESKTOP','https://rayeq.technoogate.com/erp/controllers/inventoryController.php?do=autosave'),
(2183,'storedetailController.php','2026-05-08 17:57:24',1,'','41.46.116.26','','DESKTOP','https://rayeq.technoogate.com/erp/controllers/storedetailController.php'),
(2184,'storedetailController.php','2026-05-08 17:57:24',1,'','41.46.116.26','','DESKTOP','https://rayeq.technoogate.com/erp/controllers/storedetailController.php'),
(2185,'storedetailController.php','2026-05-08 17:57:58',1,'show','41.46.116.26','','DESKTOP','https://rayeq.technoogate.com/erp/controllers/storedetailController.php?do=show'),
(2186,'productController.php','2026-05-08 17:58:07',1,'','41.46.116.26','','DESKTOP','https://rayeq.technoogate.com/erp/controllers/productController.php'),
(2187,'supplierReportsController.php','2026-05-08 17:59:22',1,'oneSupplier','41.46.116.26','','DESKTOP','https://rayeq.technoogate.com/erp/controllers/supplierReportsController.php?do=oneSupplier'),
(2188,'storedetailController.php','2026-05-08 18:00:07',1,'','41.46.116.26','','DESKTOP','https://rayeq.technoogate.com/erp/controllers/storedetailController.php'),
(2189,'supplierPayedDeptController.php','2026-05-08 18:01:17',1,'','41.46.116.26','','DESKTOP','https://rayeq.technoogate.com/erp/controllers/supplierPayedDeptController.php'),
(2190,'supplierPayedDeptController.php','2026-05-08 18:03:45',1,'add','41.46.116.26','','DESKTOP','https://rayeq.technoogate.com/erp/controllers/supplierPayedDeptController.php?do=add'),
(2191,'supplierPayedDeptController.php','2026-05-08 18:03:45',1,'sucess','41.46.116.26','','DESKTOP','https://rayeq.technoogate.com/erp/controllers/supplierPayedDeptController.php?do=sucess'),
(2192,'supplierPayedDeptController.php','2026-05-08 18:03:47',1,'show','41.46.116.26','','DESKTOP','https://rayeq.technoogate.com/erp/controllers/supplierPayedDeptController.php?do=show'),
(2193,'supplierReportsController.php','2026-05-08 18:03:47',1,'','41.46.116.26','','DESKTOP','https://rayeq.technoogate.com/erp/controllers/supplierReportsController.php'),
(2194,'supplierPayedDeptController.php','2026-05-08 18:03:57',1,'','41.46.116.26','','DESKTOP','https://rayeq.technoogate.com/erp/controllers/supplierPayedDeptController.php'),
(2195,'supplierPayedDeptController.php','2026-05-08 18:05:22',1,'add','41.46.116.26','','DESKTOP','https://rayeq.technoogate.com/erp/controllers/supplierPayedDeptController.php?do=add'),
(2196,'supplierPayedDeptController.php','2026-05-08 18:05:22',1,'sucess','41.46.116.26','','DESKTOP','https://rayeq.technoogate.com/erp/controllers/supplierPayedDeptController.php?do=sucess'),
(2197,'supplierPayedDeptController.php','2026-05-08 18:05:23',1,'show','41.46.116.26','','DESKTOP','https://rayeq.technoogate.com/erp/controllers/supplierPayedDeptController.php?do=show'),
(2198,'supplierReportsController.php','2026-05-08 18:05:23',1,'','41.46.116.26','','DESKTOP','https://rayeq.technoogate.com/erp/controllers/supplierReportsController.php'),
(2199,'supplierPayedDeptController.php','2026-05-08 18:05:26',1,'','41.46.116.26','','DESKTOP','https://rayeq.technoogate.com/erp/controllers/supplierPayedDeptController.php'),
(2200,'index.php','2026-05-08 18:05:49',1,'','105.180.182.196','','MOBILE','https://rayeq.technoogate.com/erp/controllers/index.php'),
(2201,'storedetailController.php','2026-05-08 18:05:53',1,'','105.180.182.196','','MOBILE','https://rayeq.technoogate.com/erp/controllers/storedetailController.php'),
(2202,'storedetailController.php','2026-05-08 18:06:02',1,'show','105.180.182.196','','MOBILE','https://rayeq.technoogate.com/erp/controllers/storedetailController.php?do=show'),
(2203,'supplierReportsController.php','2026-05-08 18:06:15',1,'oneSupplier','105.180.182.196','','MOBILE','https://rayeq.technoogate.com/erp/controllers/supplierReportsController.php?do=oneSupplier'),
(2204,'supplierPayedDeptController.php','2026-05-08 18:06:32',1,'add','41.46.116.26','','DESKTOP','https://rayeq.technoogate.com/erp/controllers/supplierPayedDeptController.php?do=add'),
(2205,'supplierPayedDeptController.php','2026-05-08 18:06:32',1,'sucess','41.46.116.26','','DESKTOP','https://rayeq.technoogate.com/erp/controllers/supplierPayedDeptController.php?do=sucess'),
(2206,'supplierPayedDeptController.php','2026-05-08 18:06:34',1,'show','41.46.116.26','','DESKTOP','https://rayeq.technoogate.com/erp/controllers/supplierPayedDeptController.php?do=show'),
(2207,'supplierReportsController.php','2026-05-08 18:06:34',1,'','41.46.116.26','','DESKTOP','https://rayeq.technoogate.com/erp/controllers/supplierReportsController.php'),
(2208,'supplierPayedDeptController.php','2026-05-08 18:06:38',1,'','41.46.116.26','','DESKTOP','https://rayeq.technoogate.com/erp/controllers/supplierPayedDeptController.php'),
(2209,'supplierReportsController.php','2026-05-08 18:06:41',1,'oneSupplier','105.180.182.196','','MOBILE','https://rayeq.technoogate.com/erp/controllers/supplierReportsController.php?do=oneSupplier'),
(2210,'supplierPayedDeptController.php','2026-05-08 18:07:19',1,'add','41.46.116.26','','DESKTOP','https://rayeq.technoogate.com/erp/controllers/supplierPayedDeptController.php?do=add'),
(2211,'supplierPayedDeptController.php','2026-05-08 18:07:19',1,'sucess','41.46.116.26','','DESKTOP','https://rayeq.technoogate.com/erp/controllers/supplierPayedDeptController.php?do=sucess'),
(2212,'supplierPayedDeptController.php','2026-05-08 18:07:20',1,'show','41.46.116.26','','DESKTOP','https://rayeq.technoogate.com/erp/controllers/supplierPayedDeptController.php?do=show'),
(2213,'supplierReportsController.php','2026-05-08 18:07:21',1,'','41.46.116.26','','DESKTOP','https://rayeq.technoogate.com/erp/controllers/supplierReportsController.php'),
(2214,'supplierPayedDeptController.php','2026-05-08 18:07:27',1,'','41.46.116.26','','DESKTOP','https://rayeq.technoogate.com/erp/controllers/supplierPayedDeptController.php'),
(2215,'supplierPayedDeptController.php','2026-05-08 18:08:00',1,'add','41.46.116.26','','DESKTOP','https://rayeq.technoogate.com/erp/controllers/supplierPayedDeptController.php?do=add'),
(2216,'supplierPayedDeptController.php','2026-05-08 18:08:01',1,'sucess','41.46.116.26','','DESKTOP','https://rayeq.technoogate.com/erp/controllers/supplierPayedDeptController.php?do=sucess'),
(2217,'supplierPayedDeptController.php','2026-05-08 18:08:02',1,'show','41.46.116.26','','DESKTOP','https://rayeq.technoogate.com/erp/controllers/supplierPayedDeptController.php?do=show'),
(2218,'supplierReportsController.php','2026-05-08 18:08:02',1,'','41.46.116.26','','DESKTOP','https://rayeq.technoogate.com/erp/controllers/supplierReportsController.php'),
(2219,'supplierPayedDeptController.php','2026-05-08 18:08:07',1,'','41.46.116.26','','DESKTOP','https://rayeq.technoogate.com/erp/controllers/supplierPayedDeptController.php'),
(2220,'storedetailController.php','2026-05-08 18:08:10',1,'','105.180.182.196','','MOBILE','https://rayeq.technoogate.com/erp/controllers/storedetailController.php'),
(2221,'storedetailController.php','2026-05-08 18:08:21',1,'show','105.180.182.196','','MOBILE','https://rayeq.technoogate.com/erp/controllers/storedetailController.php?do=show'),
(2222,'supplierPayedDeptController.php','2026-05-08 18:08:58',1,'add','41.46.116.26','','DESKTOP','https://rayeq.technoogate.com/erp/controllers/supplierPayedDeptController.php?do=add'),
(2223,'supplierPayedDeptController.php','2026-05-08 18:08:58',1,'sucess','41.46.116.26','','DESKTOP','https://rayeq.technoogate.com/erp/controllers/supplierPayedDeptController.php?do=sucess'),
(2224,'supplierPayedDeptController.php','2026-05-08 18:08:59',1,'show','41.46.116.26','','DESKTOP','https://rayeq.technoogate.com/erp/controllers/supplierPayedDeptController.php?do=show'),
(2225,'supplierReportsController.php','2026-05-08 18:08:59',1,'','41.46.116.26','','DESKTOP','https://rayeq.technoogate.com/erp/controllers/supplierReportsController.php'),
(2226,'supplierPayedDeptController.php','2026-05-08 18:09:02',1,'','41.46.116.26','','DESKTOP','https://rayeq.technoogate.com/erp/controllers/supplierPayedDeptController.php'),
(2227,'supplierPayedDeptController.php','2026-05-08 18:09:40',1,'add','41.46.116.26','','DESKTOP','https://rayeq.technoogate.com/erp/controllers/supplierPayedDeptController.php?do=add'),
(2228,'supplierPayedDeptController.php','2026-05-08 18:09:40',1,'sucess','41.46.116.26','','DESKTOP','https://rayeq.technoogate.com/erp/controllers/supplierPayedDeptController.php?do=sucess'),
(2229,'supplierPayedDeptController.php','2026-05-08 18:09:42',1,'show','41.46.116.26','','DESKTOP','https://rayeq.technoogate.com/erp/controllers/supplierPayedDeptController.php?do=show'),
(2230,'supplierReportsController.php','2026-05-08 18:09:42',1,'','41.46.116.26','','DESKTOP','https://rayeq.technoogate.com/erp/controllers/supplierReportsController.php'),
(2231,'supplierReportsController.php','2026-05-08 18:09:45',1,'oneSupplier','105.180.182.196','','MOBILE','https://rayeq.technoogate.com/erp/controllers/supplierReportsController.php?do=oneSupplier'),
(2232,'supplierPayedDeptController.php','2026-05-08 18:09:51',1,'','41.46.116.26','','DESKTOP','https://rayeq.technoogate.com/erp/controllers/supplierPayedDeptController.php'),
(2233,'supplierReportsController.php','2026-05-08 18:09:54',1,'oneSupplier','105.180.182.196','','MOBILE','https://rayeq.technoogate.com/erp/controllers/supplierReportsController.php?do=oneSupplier'),
(2234,'buyBillController.php','2026-05-08 18:09:59',1,'details','105.180.182.196','','MOBILE','https://rayeq.technoogate.com/erp/controllers/buyBillController.php?do=details&id=19'),
(2235,'storedetailController.php','2026-05-08 18:10:16',1,'','105.180.182.196','','MOBILE','https://rayeq.technoogate.com/erp/controllers/storedetailController.php'),
(2236,'storedetailController.php','2026-05-08 18:10:20',1,'','105.180.182.196','','MOBILE','https://rayeq.technoogate.com/erp/controllers/storedetailController.php'),
(2237,'supplierPayedDeptController.php','2026-05-08 18:10:27',1,'add','41.46.116.26','','DESKTOP','https://rayeq.technoogate.com/erp/controllers/supplierPayedDeptController.php?do=add'),
(2238,'supplierPayedDeptController.php','2026-05-08 18:10:27',1,'sucess','41.46.116.26','','DESKTOP','https://rayeq.technoogate.com/erp/controllers/supplierPayedDeptController.php?do=sucess'),
(2239,'supplierPayedDeptController.php','2026-05-08 18:10:28',1,'show','41.46.116.26','','DESKTOP','https://rayeq.technoogate.com/erp/controllers/supplierPayedDeptController.php?do=show'),
(2240,'supplierReportsController.php','2026-05-08 18:10:28',1,'','41.46.116.26','','DESKTOP','https://rayeq.technoogate.com/erp/controllers/supplierReportsController.php'),
(2241,'supplierPayedDeptController.php','2026-05-08 18:10:36',1,'','41.46.116.26','','DESKTOP','https://rayeq.technoogate.com/erp/controllers/supplierPayedDeptController.php'),
(2242,'storedetailController.php','2026-05-08 18:10:49',1,'','105.180.182.196','','MOBILE','https://rayeq.technoogate.com/erp/controllers/storedetailController.php'),
(2243,'storedetailController.php','2026-05-08 18:10:59',1,'show','105.180.182.196','','MOBILE','https://rayeq.technoogate.com/erp/controllers/storedetailController.php?do=show'),
(2244,'supplierPayedDeptController.php','2026-05-08 18:11:05',1,'add','41.46.116.26','','DESKTOP','https://rayeq.technoogate.com/erp/controllers/supplierPayedDeptController.php?do=add'),
(2245,'supplierPayedDeptController.php','2026-05-08 18:11:05',1,'sucess','41.46.116.26','','DESKTOP','https://rayeq.technoogate.com/erp/controllers/supplierPayedDeptController.php?do=sucess'),
(2246,'supplierPayedDeptController.php','2026-05-08 18:11:06',1,'show','41.46.116.26','','DESKTOP','https://rayeq.technoogate.com/erp/controllers/supplierPayedDeptController.php?do=show'),
(2247,'supplierReportsController.php','2026-05-08 18:11:06',1,'','41.46.116.26','','DESKTOP','https://rayeq.technoogate.com/erp/controllers/supplierReportsController.php'),
(2248,'supplierPayedDeptController.php','2026-05-08 18:11:11',1,'','41.46.116.26','','DESKTOP','https://rayeq.technoogate.com/erp/controllers/supplierPayedDeptController.php'),
(2249,'supplierPayedDeptController.php','2026-05-08 18:11:59',1,'','41.46.116.26','','DESKTOP','https://rayeq.technoogate.com/erp/controllers/supplierPayedDeptController.php'),
(2250,'clientReportsController.php','2026-05-08 18:13:43',1,'','41.46.116.26','','DESKTOP','https://rayeq.technoogate.com/erp/controllers/clientReportsController.php'),
(2251,'clientReportsController.php','2026-05-08 18:13:43',1,'','41.46.116.26','','DESKTOP','https://rayeq.technoogate.com/erp/controllers/clientReportsController.php'),
(2252,'supplierReportsController.php','2026-05-08 18:13:46',1,'oneSupplier','41.46.116.26','','DESKTOP','https://rayeq.technoogate.com/erp/controllers/supplierReportsController.php?do=oneSupplier'),
(2253,'supplierReportsController.php','2026-05-08 18:14:03',1,'oneSupplier','41.46.116.26','','DESKTOP','https://rayeq.technoogate.com/erp/controllers/supplierReportsController.php?do=oneSupplier'),
(2254,'productCatController.php','2026-05-08 18:15:41',1,'','41.46.116.26','','DESKTOP','https://rayeq.technoogate.com/erp/controllers/productCatController.php'),
(2255,'productCatController.php','2026-05-08 18:17:47',1,'show','41.46.116.26','','DESKTOP','https://rayeq.technoogate.com/erp/controllers/productCatController.php?do=show'),
(2256,'productCatController.php','2026-05-08 18:18:08',1,'','41.46.116.26','','DESKTOP','https://rayeq.technoogate.com/erp/controllers/productCatController.php'),
(2257,'productCatController.php','2026-05-08 18:19:41',1,'add2','41.46.116.26','','DESKTOP','https://rayeq.technoogate.com/erp/controllers/productCatController.php?do=add2'),
(2258,'productCatController.php','2026-05-08 18:19:41',1,'sucess','41.46.116.26','','DESKTOP','https://rayeq.technoogate.com/erp/controllers/productCatController.php?do=sucess'),
(2259,'productCatController.php','2026-05-08 18:19:42',1,'show','41.46.116.26','','DESKTOP','https://rayeq.technoogate.com/erp/controllers/productCatController.php?do=show'),
(2260,'buyBillController.php','2026-05-08 18:19:50',1,'bill','41.46.116.26','','DESKTOP','https://rayeq.technoogate.com/erp/controllers/buyBillController.php?do=bill&billnameid=6'),
(2261,'supplierController.php','2026-05-08 18:20:17',1,'','41.46.116.26','','DESKTOP','https://rayeq.technoogate.com/erp/controllers/supplierController.php'),
(2262,'buyBillController.php','2026-05-08 18:21:48',1,'bill','41.46.116.26','','DESKTOP','https://rayeq.technoogate.com/erp/controllers/buyBillController.php?do=bill&billnameid=1'),
(2263,'buyBillController.php','2026-05-08 18:21:48',1,'bill','41.46.116.26','','DESKTOP','https://rayeq.technoogate.com/erp/controllers/buyBillController.php?do=bill&billnameid=1'),
(2264,'supplierController.php','2026-05-08 18:21:55',1,'','41.46.116.26','','DESKTOP','https://rayeq.technoogate.com/erp/controllers/supplierController.php'),
(2265,'supplierController.php','2026-05-08 18:22:44',1,'add','41.46.116.26','','DESKTOP','https://rayeq.technoogate.com/erp/controllers/supplierController.php?do=add'),
(2266,'supplierController.php','2026-05-08 18:22:44',1,'sucess','41.46.116.26','','DESKTOP','https://rayeq.technoogate.com/erp/controllers/supplierController.php?do=sucess'),
(2267,'supplierController.php','2026-05-08 18:22:45',1,'show','41.46.116.26','','DESKTOP','https://rayeq.technoogate.com/erp/controllers/supplierController.php?do=show'),
(2268,'buyBillController.php','2026-05-08 18:22:48',1,'bill','41.46.116.26','','DESKTOP','https://rayeq.technoogate.com/erp/controllers/buyBillController.php?do=bill&billnameid=1'),
(2269,'storedetailController.php','2026-05-08 18:24:27',1,'','41.46.116.26','','DESKTOP','https://rayeq.technoogate.com/erp/controllers/storedetailController.php'),
(2270,'supplierPayedDeptController.php','2026-05-08 18:25:09',1,'','41.46.116.26','','DESKTOP','https://rayeq.technoogate.com/erp/controllers/supplierPayedDeptController.php'),
(2271,'supplierPayedDeptController.php','2026-05-08 18:25:13',1,'','41.46.116.26','','DESKTOP','https://rayeq.technoogate.com/erp/controllers/supplierPayedDeptController.php'),
(2272,'supplierPayedDeptController.php','2026-05-08 18:25:35',1,'add','41.46.116.26','','DESKTOP','https://rayeq.technoogate.com/erp/controllers/supplierPayedDeptController.php?do=add'),
(2273,'supplierPayedDeptController.php','2026-05-08 18:25:35',1,'sucess','41.46.116.26','','DESKTOP','https://rayeq.technoogate.com/erp/controllers/supplierPayedDeptController.php?do=sucess'),
(2274,'supplierPayedDeptController.php','2026-05-08 18:25:36',1,'show','41.46.116.26','','DESKTOP','https://rayeq.technoogate.com/erp/controllers/supplierPayedDeptController.php?do=show'),
(2275,'supplierReportsController.php','2026-05-08 18:25:36',1,'','41.46.116.26','','DESKTOP','https://rayeq.technoogate.com/erp/controllers/supplierReportsController.php'),
(2276,'buyBillController.php','2026-05-08 18:26:21',1,'bill','41.46.116.26','','DESKTOP','https://rayeq.technoogate.com/erp/controllers/buyBillController.php?do=bill&billnameid=1'),
(2277,'buyBillController.php','2026-05-08 18:26:21',1,'bill','41.46.116.26','','DESKTOP','https://rayeq.technoogate.com/erp/controllers/buyBillController.php?do=bill&billnameid=1'),
(2278,'productController.php','2026-05-08 18:29:05',11,'showbarcode','41.46.116.26','','DESKTOP','https://rayeq.technoogate.com/erp/controllers/productController.php?do=showbarcode'),
(2279,'sellbillController.php','2026-05-08 18:29:07',11,'addsellBill','41.46.116.26','','DESKTOP','https://rayeq.technoogate.com/erp/controllers/sellbillController.php?do=addsellBill&billnameid=3'),
(2280,'buyBillController.php','2026-05-08 18:29:42',1,'add','41.46.116.26','','DESKTOP','https://rayeq.technoogate.com/erp/controllers/buyBillController.php?do=add'),
(2281,'buyBillController.php','2026-05-08 18:29:42',1,'editprint','41.46.116.26','','DESKTOP','https://rayeq.technoogate.com/erp/controllers/buyBillController.php?do=editprint&id=26'),
(2282,'productController.php','2026-05-08 18:30:18',1,'','41.46.116.26','','DESKTOP','https://rayeq.technoogate.com/erp/controllers/productController.php'),
(2283,'productController.php','2026-05-08 18:32:56',1,'add','41.46.116.26','','DESKTOP','https://rayeq.technoogate.com/erp/controllers/productController.php?do=add'),
(2284,'productController.php','2026-05-08 18:32:57',1,'','41.46.116.26','','DESKTOP','https://rayeq.technoogate.com/erp/controllers/productController.php'),
(2285,'storedetailController.php','2026-05-08 18:33:07',1,'','41.46.116.26','','DESKTOP','https://rayeq.technoogate.com/erp/controllers/storedetailController.php'),
(2286,'storedetailController.php','2026-05-08 18:33:19',1,'show','41.46.116.26','','DESKTOP','https://rayeq.technoogate.com/erp/controllers/storedetailController.php?do=show'),
(2287,'storedetailController.php','2026-05-08 18:38:02',1,'','41.46.116.26','','DESKTOP','https://rayeq.technoogate.com/erp/controllers/storedetailController.php'),
(2288,'inventoryController.php','2026-05-08 18:38:37',1,'','41.46.116.26','','DESKTOP','https://rayeq.technoogate.com/erp/controllers/inventoryController.php'),
(2289,'storedetailController.php','2026-05-08 18:38:54',1,'show','105.180.182.196','','MOBILE','https://rayeq.technoogate.com/erp/controllers/storedetailController.php?do=show'),
(2290,'supplierReportsController.php','2026-05-08 18:39:05',1,'oneSupplier','105.180.182.196','','MOBILE','https://rayeq.technoogate.com/erp/controllers/supplierReportsController.php?do=oneSupplier'),
(2291,'supplierReportsController.php','2026-05-08 18:39:10',1,'oneSupplier','105.180.182.196','','MOBILE','https://rayeq.technoogate.com/erp/controllers/supplierReportsController.php?do=oneSupplier'),
(2292,'buyBillController.php','2026-05-08 18:39:15',1,'details','105.180.182.196','','MOBILE','https://rayeq.technoogate.com/erp/controllers/buyBillController.php?do=details&id=11'),
(2293,'storedetailController.php','2026-05-08 18:41:19',1,'','105.180.182.196','','MOBILE','https://rayeq.technoogate.com/erp/controllers/storedetailController.php'),
(2294,'storedetailController.php','2026-05-08 18:41:20',1,'','105.180.182.196','','MOBILE','https://rayeq.technoogate.com/erp/controllers/storedetailController.php'),
(2295,'storedetailController.php','2026-05-08 18:41:20',1,'','105.180.182.196','','MOBILE','https://rayeq.technoogate.com/erp/controllers/storedetailController.php'),
(2296,'inventoryController.php','2026-05-08 18:41:22',1,'autosave','41.46.116.26','','DESKTOP','https://rayeq.technoogate.com/erp/controllers/inventoryController.php?do=autosave'),
(2297,'storedetailController.php','2026-05-08 18:41:33',1,'show','105.180.182.196','','MOBILE','https://rayeq.technoogate.com/erp/controllers/storedetailController.php?do=show'),
(2298,'buyBillController.php','2026-05-08 18:42:57',1,'bill','41.46.116.26','','DESKTOP','https://rayeq.technoogate.com/erp/controllers/buyBillController.php?do=bill&billnameid=1'),
(2299,'buyBillController.php','2026-05-08 18:42:58',1,'bill','41.46.116.26','','DESKTOP','https://rayeq.technoogate.com/erp/controllers/buyBillController.php?do=bill&billnameid=1'),
(2300,'inventoryController.php','2026-05-08 18:44:47',1,'','41.46.116.26','','DESKTOP','https://rayeq.technoogate.com/erp/controllers/inventoryController.php'),
(2301,'supplierPayedDeptController.php','2026-05-08 18:44:54',1,'','41.46.116.26','','DESKTOP','https://rayeq.technoogate.com/erp/controllers/supplierPayedDeptController.php'),
(2302,'supplierController.php','2026-05-08 18:45:19',1,'','41.46.116.26','','DESKTOP','https://rayeq.technoogate.com/erp/controllers/supplierController.php'),
(2303,'supplierController.php','2026-05-08 18:46:05',1,'add','41.46.116.26','','DESKTOP','https://rayeq.technoogate.com/erp/controllers/supplierController.php?do=add'),
(2304,'supplierController.php','2026-05-08 18:46:05',1,'sucess','41.46.116.26','','DESKTOP','https://rayeq.technoogate.com/erp/controllers/supplierController.php?do=sucess'),
(2305,'supplierController.php','2026-05-08 18:46:07',1,'show','41.46.116.26','','DESKTOP','https://rayeq.technoogate.com/erp/controllers/supplierController.php?do=show'),
(2306,'supplierPayedDeptController.php','2026-05-08 18:46:09',1,'','41.46.116.26','','DESKTOP','https://rayeq.technoogate.com/erp/controllers/supplierPayedDeptController.php'),
(2307,'supplierPayedDeptController.php','2026-05-08 18:46:49',1,'add','41.46.116.26','','DESKTOP','https://rayeq.technoogate.com/erp/controllers/supplierPayedDeptController.php?do=add'),
(2308,'supplierPayedDeptController.php','2026-05-08 18:46:49',1,'sucess','41.46.116.26','','DESKTOP','https://rayeq.technoogate.com/erp/controllers/supplierPayedDeptController.php?do=sucess'),
(2309,'supplierPayedDeptController.php','2026-05-08 18:46:50',1,'show','41.46.116.26','','DESKTOP','https://rayeq.technoogate.com/erp/controllers/supplierPayedDeptController.php?do=show'),
(2310,'supplierReportsController.php','2026-05-08 18:46:50',1,'','41.46.116.26','','DESKTOP','https://rayeq.technoogate.com/erp/controllers/supplierReportsController.php'),
(2311,'supplierPayedDeptController.php','2026-05-08 18:47:10',1,'','41.46.116.26','','DESKTOP','https://rayeq.technoogate.com/erp/controllers/supplierPayedDeptController.php'),
(2312,'supplierReportsController.php','2026-05-08 18:47:49',1,'oneSupplier','41.46.116.26','','DESKTOP','https://rayeq.technoogate.com/erp/controllers/supplierReportsController.php?do=oneSupplier'),
(2313,'supplierReportsController.php','2026-05-08 18:48:01',1,'oneSupplier','41.46.116.26','','DESKTOP','https://rayeq.technoogate.com/erp/controllers/supplierReportsController.php?do=oneSupplier'),
(2314,'supplierController.php','2026-05-08 18:48:52',1,'','41.46.116.26','','DESKTOP','https://rayeq.technoogate.com/erp/controllers/supplierController.php'),
(2315,'supplierController.php','2026-05-08 18:48:52',1,'','41.46.116.26','','DESKTOP','https://rayeq.technoogate.com/erp/controllers/supplierController.php'),
(2316,'supplierController.php','2026-05-08 18:49:08',1,'','41.46.116.26','','DESKTOP','https://rayeq.technoogate.com/erp/controllers/supplierController.php'),
(2317,'supplierReportsController.php','2026-05-08 18:49:14',1,'oneSupplier','41.46.116.26','','DESKTOP','https://rayeq.technoogate.com/erp/controllers/supplierReportsController.php?do=oneSupplier'),
(2318,'sellbillController.php','2026-05-08 18:49:20',11,'addAndRetuen','41.46.116.26','','DESKTOP','https://rayeq.technoogate.com/erp/controllers/sellbillController.php?do=addAndRetuen'),
(2319,'sellbillController.php','2026-05-08 18:49:20',11,'addsellBill','41.46.116.26','','DESKTOP','https://rayeq.technoogate.com/erp/controllers/sellbillController.php?do=addsellBill&billnameid=3'),
(2320,'supplierReportsController.php','2026-05-08 18:49:31',1,'oneSupplier','41.46.116.26','','DESKTOP','https://rayeq.technoogate.com/erp/controllers/supplierReportsController.php?do=oneSupplier'),
(2321,'supplierController.php','2026-05-08 18:50:45',1,'show','41.46.116.26','','DESKTOP','https://rayeq.technoogate.com/erp/controllers/supplierController.php?do=show'),
(2322,'supplierController.php','2026-05-08 18:51:07',1,'show','41.46.116.26','','DESKTOP','https://rayeq.technoogate.com/erp/controllers/supplierController.php?do=show'),
(2323,'dailyentry.php','2026-05-08 18:52:03',1,'','41.46.116.26','','DESKTOP','https://rayeq.technoogate.com/erp/controllers/dailyentry.php?id=431'),
(2324,'index.php','2026-05-08 18:52:03',1,'','41.46.116.26','','DESKTOP','https://rayeq.technoogate.com/erp/controllers/index.php'),
(2325,'sellbillController.php','2026-05-08 18:53:43',11,'addAndRetuen','41.46.116.26','','DESKTOP','https://rayeq.technoogate.com/erp/controllers/sellbillController.php?do=addAndRetuen'),
(2326,'sellbillController.php','2026-05-08 18:53:43',11,'addsellBill','41.46.116.26','','DESKTOP','https://rayeq.technoogate.com/erp/controllers/sellbillController.php?do=addsellBill&billnameid=3'),
(2327,'supplierDeficitController.php','2026-05-08 18:56:21',1,'show','41.46.116.26','','DESKTOP','https://rayeq.technoogate.com/erp/controllers/supplierDeficitController.php?do=show'),
(2328,'supplierDeficitController.php','2026-05-08 18:56:31',1,'show','41.46.116.26','','DESKTOP','https://rayeq.technoogate.com/erp/controllers/supplierDeficitController.php?do=show'),
(2329,'supplierDeficitController.php','2026-05-08 18:56:42',1,'show','41.46.116.26','','DESKTOP','https://rayeq.technoogate.com/erp/controllers/supplierDeficitController.php?do=show'),
(2330,'supplierDeficitController.php','2026-05-08 18:57:23',1,'show','41.46.116.26','','DESKTOP','https://rayeq.technoogate.com/erp/controllers/supplierDeficitController.php?do=show'),
(2331,'supplierController.php','2026-05-08 18:58:17',1,'','41.46.116.26','','DESKTOP','https://rayeq.technoogate.com/erp/controllers/supplierController.php'),
(2332,'supplierReportsController.php','2026-05-08 18:58:22',1,'oneSupplier','41.46.116.26','','DESKTOP','https://rayeq.technoogate.com/erp/controllers/supplierReportsController.php?do=oneSupplier'),
(2333,'supplierReportsController.php','2026-05-08 18:58:42',1,'oneSupplier','41.46.116.26','','DESKTOP','https://rayeq.technoogate.com/erp/controllers/supplierReportsController.php?do=oneSupplier'),
(2334,'supplierReportsController.php','2026-05-08 18:59:02',1,'oneSupplier','41.46.116.26','','DESKTOP','https://rayeq.technoogate.com/erp/controllers/supplierReportsController.php?do=oneSupplier'),
(2335,'buyBillController.php','2026-05-08 18:59:28',1,'bill','41.46.116.26','','DESKTOP','https://rayeq.technoogate.com/erp/controllers/buyBillController.php?do=bill&billnameid=1'),
(2336,'supplierController.php','2026-05-08 19:03:11',1,'','41.46.116.26','','DESKTOP','https://rayeq.technoogate.com/erp/controllers/supplierController.php'),
(2337,'buyBillController.php','2026-05-08 19:03:14',1,'bill','41.46.116.26','','DESKTOP','https://rayeq.technoogate.com/erp/controllers/buyBillController.php?do=bill&billnameid=1'),
(2338,'supplierPayedDeptController.php','2026-05-08 19:05:32',1,'','41.46.116.26','','DESKTOP','https://rayeq.technoogate.com/erp/controllers/supplierPayedDeptController.php'),
(2339,'supplierReportsController.php','2026-05-08 19:08:28',1,'oneSupplier','41.46.116.26','','DESKTOP','https://rayeq.technoogate.com/erp/controllers/supplierReportsController.php?do=oneSupplier'),
(2340,'supplierReportsController.php','2026-05-08 19:08:28',1,'oneSupplier','41.46.116.26','','DESKTOP','https://rayeq.technoogate.com/erp/controllers/supplierReportsController.php?do=oneSupplier'),
(2341,'supplierReportsController.php','2026-05-08 19:08:41',1,'oneSupplier','41.46.116.26','','DESKTOP','https://rayeq.technoogate.com/erp/controllers/supplierReportsController.php?do=oneSupplier'),
(2342,'supplierReportsController.php','2026-05-08 19:09:50',1,'oneSupplier','41.46.116.26','','DESKTOP','https://rayeq.technoogate.com/erp/controllers/supplierReportsController.php?do=oneSupplier'),
(2343,'supplierReportsController.php','2026-05-08 19:09:59',1,'oneSupplier','41.46.116.26','','DESKTOP','https://rayeq.technoogate.com/erp/controllers/supplierReportsController.php?do=oneSupplier'),
(2344,'supplierDeficitController.php','2026-05-08 19:10:54',1,'','41.46.116.26','','DESKTOP','https://rayeq.technoogate.com/erp/controllers/supplierDeficitController.php'),
(2345,'supplierDeficitController.php','2026-05-08 19:11:59',1,'add','41.46.116.26','','DESKTOP','https://rayeq.technoogate.com/erp/controllers/supplierDeficitController.php?do=add'),
(2346,'supplierDeficitController.php','2026-05-08 19:11:59',1,'sucess','41.46.116.26','','DESKTOP','https://rayeq.technoogate.com/erp/controllers/supplierDeficitController.php?do=sucess'),
(2347,'supplierDeficitController.php','2026-05-08 19:12:01',1,'show','41.46.116.26','','DESKTOP','https://rayeq.technoogate.com/erp/controllers/supplierDeficitController.php?do=show'),
(2348,'supplierReportsController.php','2026-05-08 19:12:03',1,'oneSupplier','41.46.116.26','','DESKTOP','https://rayeq.technoogate.com/erp/controllers/supplierReportsController.php?do=oneSupplier'),
(2349,'supplierReportsController.php','2026-05-08 19:12:56',1,'oneSupplier','41.46.116.26','','DESKTOP','https://rayeq.technoogate.com/erp/controllers/supplierReportsController.php?do=oneSupplier'),
(2350,'supplierReportsController.php','2026-05-08 19:12:56',1,'oneSupplier','41.46.116.26','','DESKTOP','https://rayeq.technoogate.com/erp/controllers/supplierReportsController.php?do=oneSupplier'),
(2351,'supplierReportsController.php','2026-05-08 19:13:06',1,'oneSupplier','41.46.116.26','','DESKTOP','https://rayeq.technoogate.com/erp/controllers/supplierReportsController.php?do=oneSupplier'),
(2352,'sellbillController.php','2026-05-08 19:13:18',11,'addAndRetuen','41.46.116.26','','DESKTOP','https://rayeq.technoogate.com/erp/controllers/sellbillController.php?do=addAndRetuen'),
(2353,'sellbillController.php','2026-05-08 19:13:18',11,'addsellBill','41.46.116.26','','DESKTOP','https://rayeq.technoogate.com/erp/controllers/sellbillController.php?do=addsellBill&billnameid=3'),
(2354,'inventoryController.php','2026-05-08 19:13:31',1,'','41.46.116.26','','DESKTOP','https://rayeq.technoogate.com/erp/controllers/inventoryController.php'),
(2355,'savedailyController.php','2026-05-08 19:14:33',1,'','41.46.116.26','','DESKTOP','https://rayeq.technoogate.com/erp/controllers/savedailyController.php'),
(2356,'savedailyController.php','2026-05-08 19:14:34',1,'','41.46.116.26','','DESKTOP','https://rayeq.technoogate.com/erp/controllers/savedailyController.php'),
(2357,'index.php','2026-05-08 19:17:05',1,'','41.46.116.26','','DESKTOP','https://rayeq.technoogate.com/erp/controllers/index.php'),
(2358,'index.php','2026-05-08 19:17:05',1,'','41.46.116.26','','DESKTOP','https://rayeq.technoogate.com/erp/controllers/index.php'),
(2359,'storedetailController.php','2026-05-08 19:17:09',1,'','41.46.116.26','','DESKTOP','https://rayeq.technoogate.com/erp/controllers/storedetailController.php'),
(2360,'supplierReportsController.php','2026-05-08 19:19:04',1,'oneSupplier','41.46.116.26','','DESKTOP','https://rayeq.technoogate.com/erp/controllers/supplierReportsController.php?do=oneSupplier'),
(2361,'supplierReportsController.php','2026-05-08 19:19:04',1,'oneSupplier','41.46.116.26','','DESKTOP','https://rayeq.technoogate.com/erp/controllers/supplierReportsController.php?do=oneSupplier'),
(2362,'savedailyController.php','2026-05-08 19:19:05',1,'','41.46.116.26','','DESKTOP','https://rayeq.technoogate.com/erp/controllers/savedailyController.php'),
(2363,'storedetailController.php','2026-05-08 19:20:34',1,'','41.46.116.26','','DESKTOP','https://rayeq.technoogate.com/erp/controllers/storedetailController.php'),
(2364,'storedetailController.php','2026-05-08 19:20:34',1,'','41.46.116.26','','DESKTOP','https://rayeq.technoogate.com/erp/controllers/storedetailController.php'),
(2365,'storedetailController.php','2026-05-08 19:20:42',1,'show','41.46.116.26','','DESKTOP','https://rayeq.technoogate.com/erp/controllers/storedetailController.php?do=show'),
(2366,'sellbillController.php','2026-05-08 19:27:19',11,'addAndRetuen','41.46.116.26','','DESKTOP','https://rayeq.technoogate.com/erp/controllers/sellbillController.php?do=addAndRetuen'),
(2367,'sellbillController.php','2026-05-08 19:27:19',11,'addsellBill','41.46.116.26','','DESKTOP','https://rayeq.technoogate.com/erp/controllers/sellbillController.php?do=addsellBill&billnameid=3'),
(2368,'sellbillController.php','2026-05-08 19:29:50',11,'addAndRetuen','41.46.116.26','','DESKTOP','https://rayeq.technoogate.com/erp/controllers/sellbillController.php?do=addAndRetuen'),
(2369,'sellbillController.php','2026-05-08 19:29:50',11,'addsellBill','41.46.116.26','','DESKTOP','https://rayeq.technoogate.com/erp/controllers/sellbillController.php?do=addsellBill&billnameid=3'),
(2370,'index.php','2026-05-08 19:42:49',1,'','105.180.182.196','','MOBILE','https://rayeq.technoogate.com/erp/controllers/index.php'),
(2371,'savedailyController.php','2026-05-08 19:43:28',1,'','105.180.182.196','','MOBILE','https://rayeq.technoogate.com/erp/controllers/savedailyController.php'),
(2372,'savedailyController.php','2026-05-08 19:43:28',1,'','105.180.182.196','','MOBILE','https://rayeq.technoogate.com/erp/controllers/savedailyController.php'),
(2373,'storedetailController.php','2026-05-08 20:07:34',1,'','105.180.182.196','','MOBILE','https://rayeq.technoogate.com/erp/controllers/storedetailController.php'),
(2374,'storedetailController.php','2026-05-08 20:07:34',1,'','105.180.182.196','','MOBILE','https://rayeq.technoogate.com/erp/controllers/storedetailController.php'),
(2375,'savedailyController.php','2026-05-08 20:08:40',1,'','105.180.182.196','','MOBILE','https://rayeq.technoogate.com/erp/controllers/savedailyController.php'),
(2376,'index.php','2026-05-08 22:38:18',1,'','105.195.117.251','','MOBILE','https://rayeq.technoogate.com/erp/controllers/index.php'),
(2377,'index.php','2026-05-08 22:42:21',1,'','105.195.117.251','','MOBILE','https://rayeq.technoogate.com/erp/controllers/index.php'),
(2378,'storedetailController.php','2026-05-08 22:42:23',1,'','105.195.117.251','','MOBILE','https://rayeq.technoogate.com/erp/controllers/storedetailController.php'),
(2379,'storedetailController.php','2026-05-08 22:42:29',1,'show','105.195.117.251','','MOBILE','https://rayeq.technoogate.com/erp/controllers/storedetailController.php?do=show'),
(2380,'storedetailController.php','2026-05-08 22:42:40',1,'show','105.195.117.251','','MOBILE','https://rayeq.technoogate.com/erp/controllers/storedetailController.php?do=show'),
(2381,'supplierReportsController.php','2026-05-08 22:43:13',1,'oneSupplier','105.195.117.251','','MOBILE','https://rayeq.technoogate.com/erp/controllers/supplierReportsController.php?do=oneSupplier'),
(2382,'supplierReportsController.php','2026-05-08 22:43:13',1,'oneSupplier','105.195.117.251','','MOBILE','https://rayeq.technoogate.com/erp/controllers/supplierReportsController.php?do=oneSupplier'),
(2383,'supplierController.php','2026-05-08 22:43:26',1,'','105.195.117.251','','MOBILE','https://rayeq.technoogate.com/erp/controllers/supplierController.php'),
(2384,'supplierController.php','2026-05-08 22:44:35',1,'add','105.195.117.251','','MOBILE','https://rayeq.technoogate.com/erp/controllers/supplierController.php?do=add'),
(2385,'supplierController.php','2026-05-08 22:44:36',1,'sucess','105.195.117.251','','MOBILE','https://rayeq.technoogate.com/erp/controllers/supplierController.php?do=sucess'),
(2386,'supplierController.php','2026-05-08 22:44:37',1,'show','105.195.117.251','','MOBILE','https://rayeq.technoogate.com/erp/controllers/supplierController.php?do=show'),
(2387,'buyBillController.php','2026-05-08 22:44:39',1,'bill','105.195.117.251','','MOBILE','https://rayeq.technoogate.com/erp/controllers/buyBillController.php?do=bill&billnameid=1'),
(2388,'buyBillController.php','2026-05-08 22:49:12',1,'add','105.195.117.251','','MOBILE','https://rayeq.technoogate.com/erp/controllers/buyBillController.php?do=add'),
(2389,'buyBillController.php','2026-05-08 22:49:12',1,'editprint','105.195.117.251','','MOBILE','https://rayeq.technoogate.com/erp/controllers/buyBillController.php?do=editprint&id=27'),
(2390,'supplierReportsController.php','2026-05-08 22:49:15',1,'oneSupplier','105.195.117.251','','MOBILE','https://rayeq.technoogate.com/erp/controllers/supplierReportsController.php?do=oneSupplier'),
(2391,'supplierReportsController.php','2026-05-08 22:49:21',1,'oneSupplier','105.195.117.251','','MOBILE','https://rayeq.technoogate.com/erp/controllers/supplierReportsController.php?do=oneSupplier'),
(2392,'storedetailController.php','2026-05-08 22:49:35',1,'','105.195.117.251','','MOBILE','https://rayeq.technoogate.com/erp/controllers/storedetailController.php'),
(2393,'storedetailController.php','2026-05-08 22:49:46',1,'show','105.195.117.251','','MOBILE','https://rayeq.technoogate.com/erp/controllers/storedetailController.php?do=show'),
(2394,'supplierPayedDeptController.php','2026-05-08 22:52:05',1,'','105.195.117.251','','MOBILE','https://rayeq.technoogate.com/erp/controllers/supplierPayedDeptController.php'),
(2395,'supplierPayedDeptController.php','2026-05-08 22:52:27',1,'add','105.195.117.251','','MOBILE','https://rayeq.technoogate.com/erp/controllers/supplierPayedDeptController.php?do=add'),
(2396,'supplierPayedDeptController.php','2026-05-08 22:52:28',1,'sucess','105.195.117.251','','MOBILE','https://rayeq.technoogate.com/erp/controllers/supplierPayedDeptController.php?do=sucess'),
(2397,'supplierPayedDeptController.php','2026-05-08 22:52:29',1,'show','105.195.117.251','','MOBILE','https://rayeq.technoogate.com/erp/controllers/supplierPayedDeptController.php?do=show'),
(2398,'supplierReportsController.php','2026-05-08 22:52:30',1,'','105.195.117.251','','MOBILE','https://rayeq.technoogate.com/erp/controllers/supplierReportsController.php'),
(2399,'index.php','2026-05-08 23:56:16',1,'','105.195.117.251','','MOBILE','https://rayeq.technoogate.com/erp/controllers/index.php'),
(2400,'index.php','2026-05-08 23:56:17',1,'','105.195.117.251','','MOBILE','https://rayeq.technoogate.com/erp/controllers/index.php'),
(2401,'sellbillController.php','2026-05-08 23:56:19',1,'addsellBill','105.195.117.251','','MOBILE','https://rayeq.technoogate.com/erp/controllers/sellbillController.php?do=addsellBill&billnameid=3'),
(2402,'sellbillController.php','2026-05-08 23:59:24',1,'addAndRetuen','105.195.117.251','','MOBILE','https://rayeq.technoogate.com/erp/controllers/sellbillController.php?do=addAndRetuen'),
(2403,'sellbillController.php','2026-05-08 23:59:24',1,'addsellBill','105.195.117.251','','MOBILE','https://rayeq.technoogate.com/erp/controllers/sellbillController.php?do=addsellBill&billnameid=3'),
(2404,'buyBillController.php','2026-05-08 23:59:32',1,'bill','105.195.117.251','','MOBILE','https://rayeq.technoogate.com/erp/controllers/buyBillController.php?do=bill&billnameid=1'),
(2405,'buyBillController.php','2026-05-09 00:00:47',1,'add','105.195.117.251','','MOBILE','https://rayeq.technoogate.com/erp/controllers/buyBillController.php?do=add'),
(2406,'buyBillController.php','2026-05-09 00:00:47',1,'editprint','105.195.117.251','','MOBILE','https://rayeq.technoogate.com/erp/controllers/buyBillController.php?do=editprint&id=28');

--
-- Table structure for table `movementmanagedeleted`
--

CREATE TABLE `movementmanagedeleted` (
  `id` int(11) NOT NULL AUTO_INCREMENT,
  `operationname` varchar(256) CHARACTER SET utf8mb4 COLLATE utf8mb4_unicode_ci NOT NULL,
  `movementmanagedate` datetime NOT NULL,
  `userid` int(11) NOT NULL,
  `currentDo` varchar(256) CHARACTER SET utf8mb4 COLLATE utf8mb4_unicode_ci NOT NULL,
  `ip` varchar(35) NOT NULL,
  `mac` varchar(35) NOT NULL,
  `deviceType` varchar(10) NOT NULL,
  PRIMARY KEY (`id`)
) ENGINE=InnoDB DEFAULT CHARSET=utf8mb3 COLLATE=utf8mb3_general_ci;

--
-- Dumping data for table `movementmanagedeleted`
--


--
-- Table structure for table `newdbbackup`
--

CREATE TABLE `newdbbackup` (
  `backupid` int(11) NOT NULL AUTO_INCREMENT,
  `backupname` varchar(255) NOT NULL,
  `backupdate` datetime NOT NULL,
  PRIMARY KEY (`backupid`)
) ENGINE=InnoDB DEFAULT CHARSET=utf8mb3 COLLATE=utf8mb3_general_ci;

--
-- Dumping data for table `newdbbackup`
--


--
-- Table structure for table `newdbname`
--

CREATE TABLE `newdbname` (
  `newdbnameid` int(11) NOT NULL AUTO_INCREMENT,
  `dbname` varchar(255) NOT NULL,
  PRIMARY KEY (`newdbnameid`)
) ENGINE=InnoDB DEFAULT CHARSET=utf8mb3 COLLATE=utf8mb3_general_ci;

--
-- Dumping data for table `newdbname`
--


--
-- Table structure for table `notics`
--

CREATE TABLE `notics` (
  `noticesid` int(11) NOT NULL AUTO_INCREMENT,
  `productno` int(11) NOT NULL DEFAULT 0,
  `productnotsellno` int(11) NOT NULL DEFAULT 0,
  `kempilano` int(11) NOT NULL DEFAULT 0,
  `clientcheckno` int(11) NOT NULL DEFAULT 0,
  `suppliercheckno` int(11) NOT NULL DEFAULT 0,
  PRIMARY KEY (`noticesid`)
) ENGINE=InnoDB AUTO_INCREMENT=2 DEFAULT CHARSET=utf8mb3 COLLATE=utf8mb3_general_ci;

--
-- Dumping data for table `notics`
--

INSERT INTO `notics` VALUES
(1,47,749,0,0,0);

--
-- Table structure for table `offerpricebill`
--

CREATE TABLE `offerpricebill` (
  `id` int(11) NOT NULL AUTO_INCREMENT,
  `offerpricebillid` int(11) NOT NULL,
  `productid` int(11) NOT NULL,
  `productname` varchar(255) CHARACTER SET utf8mb4 COLLATE utf8mb4_unicode_ci DEFAULT NULL,
  `sellprice` decimal(10,2) NOT NULL,
  `prodescrption` text CHARACTER SET utf8mb4 COLLATE utf8mb4_unicode_ci NOT NULL,
  `pronumber` int(11) NOT NULL,
  `totalprice` decimal(10,2) NOT NULL,
  PRIMARY KEY (`id`)
) ENGINE=InnoDB DEFAULT CHARSET=latin1 COLLATE=latin1_swedish_ci;

--
-- Dumping data for table `offerpricebill`
--


--
-- Table structure for table `offerpricebillprop`
--

CREATE TABLE `offerpricebillprop` (
  `id` int(11) NOT NULL AUTO_INCREMENT,
  `clientid` int(11) NOT NULL,
  `clientname` varchar(255) CHARACTER SET utf8mb4 COLLATE utf8mb4_unicode_ci DEFAULT NULL,
  `totalprice` double NOT NULL,
  `realtotalprice` double NOT NULL,
  `sysdate` date NOT NULL,
  `serialno` varchar(255) NOT NULL,
  PRIMARY KEY (`id`)
) ENGINE=InnoDB DEFAULT CHARSET=latin1 COLLATE=latin1_swedish_ci;

--
-- Dumping data for table `offerpricebillprop`
--


--
-- Table structure for table `offerpricecondition`
--

CREATE TABLE `offerpricecondition` (
  `id` int(11) NOT NULL AUTO_INCREMENT,
  `introduction` text CHARACTER SET utf8mb4 COLLATE utf8mb4_unicode_ci DEFAULT NULL,
  `detail` text CHARACTER SET utf8mb4 COLLATE utf8mb4_unicode_ci NOT NULL,
  PRIMARY KEY (`id`)
) ENGINE=InnoDB DEFAULT CHARSET=latin1 COLLATE=latin1_swedish_ci;

--
-- Dumping data for table `offerpricecondition`
--


--
-- Table structure for table `onlinecat`
--

CREATE TABLE `onlinecat` (
  `id` int(11) NOT NULL AUTO_INCREMENT,
  `name` varchar(256) NOT NULL,
  `name_en` varchar(255) DEFAULT NULL,
  `sysdate` date NOT NULL,
  `parentid` int(11) NOT NULL DEFAULT 0,
  `user_id` int(11) NOT NULL,
  `conditions` int(1) NOT NULL DEFAULT 0,
  PRIMARY KEY (`id`)
) ENGINE=InnoDB DEFAULT CHARSET=utf8mb4 COLLATE=utf8mb4_general_ci;

--
-- Dumping data for table `onlinecat`
--


--
-- Table structure for table `onlinestoresetting`
--

CREATE TABLE `onlinestoresetting` (
  `id` int(11) NOT NULL AUTO_INCREMENT,
  `url` varchar(255) NOT NULL,
  `availableStores` varchar(255) NOT NULL,
  `onlinestoreid` int(11) NOT NULL DEFAULT 2,
  `onlineclientareaid` int(11) NOT NULL DEFAULT 0,
  `updatetype` tinyint(4) NOT NULL DEFAULT 0,
  `catprohour` decimal(10,2) NOT NULL DEFAULT 0.00,
  `catprominute` decimal(10,2) NOT NULL DEFAULT 0.00,
  `proquantityhour` decimal(10,2) NOT NULL DEFAULT 0.00,
  `proquantityminute` decimal(10,2) NOT NULL DEFAULT 0.00,
  `clientshour` decimal(10,2) NOT NULL DEFAULT 0.00,
  `clientsminute` decimal(10,2) NOT NULL DEFAULT 0.00,
  `ordershour` decimal(10,2) NOT NULL,
  `ordersminute` decimal(10,2) NOT NULL,
  `clientdebtchangeStartId` int(11) NOT NULL,
  PRIMARY KEY (`id`)
) ENGINE=InnoDB AUTO_INCREMENT=2 DEFAULT CHARSET=latin1 COLLATE=latin1_swedish_ci;

--
-- Dumping data for table `onlinestoresetting`
--

INSERT INTO `onlinestoresetting` VALUES
(1,'','',2,0,0,0.00,0.00,0.00,0.00,0.00,0.00,0.00,0.00,-1);

--
-- Table structure for table `onlinetempcategory`
--

CREATE TABLE `onlinetempcategory` (
  `id` int(11) NOT NULL AUTO_INCREMENT,
  `catid` int(11) NOT NULL,
  `edited` tinyint(4) NOT NULL COMMENT '0 not edited "this value is therre online", 1 edited , 2 del',
  `sysdate` datetime NOT NULL,
  `userid` int(11) NOT NULL,
  PRIMARY KEY (`id`),
  UNIQUE KEY `catid` (`catid`)
) ENGINE=InnoDB AUTO_INCREMENT=52 DEFAULT CHARSET=latin1 COLLATE=latin1_swedish_ci;

--
-- Dumping data for table `onlinetempcategory`
--

INSERT INTO `onlinetempcategory` VALUES
(1,1,1,'2026-05-02 21:40:04',1),
(2,2,1,'2026-05-02 23:05:27',1),
(3,3,1,'2026-05-02 23:22:48',1),
(4,4,1,'2026-05-02 23:45:07',1),
(5,5,1,'2026-05-03 00:34:49',1),
(6,6,1,'2026-05-03 00:51:13',1),
(7,7,1,'2026-05-03 00:57:07',1),
(8,8,1,'2026-05-03 01:06:36',1),
(9,9,1,'2026-05-03 01:15:13',1),
(10,10,1,'2026-05-03 01:19:44',1),
(11,11,1,'2026-05-03 01:37:48',1),
(12,12,1,'2026-05-03 01:40:57',1),
(13,13,1,'2026-05-03 01:42:54',1),
(14,14,1,'2026-05-03 01:46:06',1),
(15,15,1,'2026-05-03 03:03:56',1),
(16,16,1,'2026-05-03 03:07:13',1),
(17,17,1,'2026-05-03 03:10:20',1),
(18,18,1,'2026-05-03 03:29:32',1),
(19,19,1,'2026-05-03 03:42:17',1),
(20,20,1,'2026-05-03 04:17:47',1),
(21,21,1,'2026-05-03 04:19:51',1),
(22,22,1,'2026-05-03 04:23:22',1),
(23,23,1,'2026-05-03 04:25:47',1),
(24,24,1,'2026-05-03 04:43:04',1),
(25,25,1,'2026-05-03 04:46:05',1),
(26,26,1,'2026-05-03 05:05:36',1),
(27,27,1,'2026-05-03 05:07:52',1),
(28,28,1,'2026-05-03 05:12:47',1),
(29,29,1,'2026-05-03 06:07:02',1),
(30,30,1,'2026-05-03 06:15:03',1),
(31,31,1,'2026-05-03 06:21:53',1),
(32,32,1,'2026-05-03 06:37:19',1),
(33,33,1,'2026-05-03 06:56:37',1),
(34,34,1,'2026-05-03 07:03:41',1),
(35,35,1,'2026-05-03 07:07:41',1),
(36,36,1,'2026-05-03 07:10:08',1),
(37,37,1,'2026-05-03 07:20:11',1),
(38,38,1,'2026-05-03 07:24:40',1),
(39,39,1,'2026-05-03 07:30:01',1),
(40,40,1,'2026-05-04 14:41:41',11),
(41,41,1,'2026-05-05 14:01:41',11),
(42,42,1,'2026-05-05 18:12:41',1),
(43,43,1,'2026-05-05 19:46:33',11),
(44,44,1,'2026-05-06 16:21:47',11),
(45,45,1,'2026-05-06 17:43:52',1),
(46,46,1,'2026-05-07 11:06:40',11),
(47,47,1,'2026-05-07 11:07:24',11),
(48,48,1,'2026-05-07 16:06:00',11),
(49,49,1,'2026-05-07 18:45:53',11),
(50,50,1,'2026-05-08 10:55:12',11),
(51,51,1,'2026-05-08 18:19:41',1);

--
-- Table structure for table `onlinetemporder`
--

CREATE TABLE `onlinetemporder` (
  `id` int(11) NOT NULL AUTO_INCREMENT,
  `onlineorderid` int(11) NOT NULL,
  `customerid` int(11) NOT NULL,
  `ordertotal` double NOT NULL,
  `shippingcost` varchar(191) NOT NULL,
  `fulltotal` varchar(191) NOT NULL,
  `paytype` varchar(191) NOT NULL,
  `createdatetime` datetime NOT NULL,
  `orderstatus` tinyint(4) NOT NULL,
  `tax_value` varchar(191) NOT NULL,
  `userid` int(11) NOT NULL COMMENT 'userid online',
  PRIMARY KEY (`id`)
) ENGINE=InnoDB DEFAULT CHARSET=latin1 COLLATE=latin1_swedish_ci;

--
-- Dumping data for table `onlinetemporder`
--


--
-- Table structure for table `onlinetemporderclient`
--

CREATE TABLE `onlinetemporderclient` (
  `id` int(11) NOT NULL AUTO_INCREMENT,
  `erpid` int(11) NOT NULL,
  `customer_id` int(11) NOT NULL,
  `orderid` int(11) NOT NULL,
  `clientname` varchar(256) NOT NULL,
  `clientcode` varchar(255) NOT NULL,
  `clientmobile` varchar(20) NOT NULL,
  `clientdebt` decimal(10,2) NOT NULL,
  `clientaddress` varchar(256) NOT NULL,
  `clientareaid` int(11) NOT NULL,
  PRIMARY KEY (`id`)
) ENGINE=InnoDB DEFAULT CHARSET=utf8mb4 COLLATE=utf8mb4_unicode_ci;

--
-- Dumping data for table `onlinetemporderclient`
--


--
-- Table structure for table `onlinetemporderproduct`
--

CREATE TABLE `onlinetemporderproduct` (
  `id` int(11) NOT NULL AUTO_INCREMENT,
  `orderid` int(11) NOT NULL,
  `productid` int(11) NOT NULL,
  `sizeid` varchar(255) NOT NULL,
  `price` double NOT NULL,
  `quantity` varchar(191) NOT NULL,
  `shippingcost` double NOT NULL,
  `total` double NOT NULL,
  `orderstatus` int(11) NOT NULL,
  `shippingtype` varchar(191) NOT NULL,
  `discountprice` double NOT NULL,
  PRIMARY KEY (`id`)
) ENGINE=InnoDB DEFAULT CHARSET=utf8mb4 COLLATE=utf8mb4_unicode_ci;

--
-- Dumping data for table `onlinetemporderproduct`
--


--
-- Table structure for table `onlinetempproduct`
--

CREATE TABLE `onlinetempproduct` (
  `id` int(11) NOT NULL AUTO_INCREMENT,
  `productid` int(11) NOT NULL,
  `edited` tinyint(4) NOT NULL COMMENT '0 not edited "this value is therre online", 1 edited , 2 del',
  `sysdate` datetime NOT NULL,
  `userid` int(11) NOT NULL,
  PRIMARY KEY (`id`),
  UNIQUE KEY `productid` (`productid`)
) ENGINE=InnoDB AUTO_INCREMENT=227 DEFAULT CHARSET=latin1 COLLATE=latin1_swedish_ci;

--
-- Dumping data for table `onlinetempproduct`
--

INSERT INTO `onlinetempproduct` VALUES
(1,1,1,'2026-05-02 21:51:32',1),
(2,2,1,'2026-05-02 21:51:32',1),
(3,3,1,'2026-05-02 21:51:32',1),
(4,4,1,'2026-05-02 21:51:32',1),
(5,5,1,'2026-05-02 21:51:32',1),
(6,6,1,'2026-05-02 21:51:32',1),
(7,7,1,'2026-05-02 22:04:25',1),
(8,8,1,'2026-05-02 22:04:25',1),
(9,9,1,'2026-05-02 22:22:13',1),
(10,10,1,'2026-05-02 22:29:39',1),
(11,11,1,'2026-05-02 22:49:39',1),
(12,12,1,'2026-05-02 22:54:59',1),
(13,13,1,'2026-05-02 22:54:59',1),
(14,14,1,'2026-05-02 22:54:59',1),
(15,15,1,'2026-05-02 23:07:19',1),
(16,16,1,'2026-05-02 23:07:19',1),
(17,17,1,'2026-05-02 23:21:36',1),
(18,18,1,'2026-05-02 23:27:23',1),
(19,19,1,'2026-05-02 23:27:23',1),
(20,20,1,'2026-05-02 23:27:23',1),
(21,21,1,'2026-05-02 23:27:23',1),
(22,22,1,'2026-05-02 23:46:05',1),
(23,23,1,'2026-05-02 23:49:27',1),
(24,24,1,'2026-05-02 23:57:04',1),
(25,25,1,'2026-05-02 23:57:04',1),
(26,26,1,'2026-05-03 00:06:21',1),
(27,27,1,'2026-05-03 00:06:21',1),
(28,28,1,'2026-05-03 00:06:21',1),
(29,29,1,'2026-05-03 00:06:21',1),
(30,30,1,'2026-05-03 00:48:15',1),
(31,31,1,'2026-05-03 00:48:15',1),
(32,32,1,'2026-05-03 00:48:16',1),
(33,33,1,'2026-05-03 00:48:16',1),
(34,34,1,'2026-05-03 00:48:16',1),
(35,35,1,'2026-05-03 00:48:16',1),
(36,36,1,'2026-05-03 00:48:16',1),
(37,37,1,'2026-05-03 00:48:16',1),
(38,38,1,'2026-05-03 00:48:16',1),
(39,39,1,'2026-05-03 00:48:16',1),
(40,40,1,'2026-05-03 00:48:16',1),
(41,41,1,'2026-05-03 00:48:16',1),
(42,42,1,'2026-05-03 00:48:16',1),
(43,43,1,'2026-05-03 00:55:22',1),
(44,44,1,'2026-05-03 00:55:22',1),
(45,45,1,'2026-05-03 00:55:22',1),
(46,46,1,'2026-05-03 01:02:30',1),
(47,47,1,'2026-05-03 01:02:30',1),
(48,48,1,'2026-05-03 01:02:30',1),
(49,49,1,'2026-05-03 01:02:30',1),
(50,50,1,'2026-05-03 01:12:01',1),
(51,51,1,'2026-05-03 01:12:01',1),
(52,52,1,'2026-05-03 01:12:01',1),
(53,53,1,'2026-05-03 01:12:01',1),
(54,54,1,'2026-05-03 01:12:01',1),
(55,55,1,'2026-05-03 01:18:28',1),
(56,56,1,'2026-05-03 01:18:28',1),
(57,57,1,'2026-05-03 01:18:28',1),
(58,58,1,'2026-05-03 01:18:28',1),
(59,59,1,'2026-05-03 01:32:28',1),
(60,60,1,'2026-05-03 01:32:28',1),
(61,61,1,'2026-05-03 01:32:28',1),
(62,62,1,'2026-05-03 01:32:28',1),
(63,63,1,'2026-05-03 01:32:28',1),
(64,64,1,'2026-05-03 01:32:28',1),
(65,65,1,'2026-05-03 01:32:28',1),
(66,66,1,'2026-05-03 01:32:28',1),
(67,67,1,'2026-05-03 01:32:28',1),
(68,68,1,'2026-05-03 01:32:28',1),
(69,69,1,'2026-05-03 01:32:28',1),
(70,70,1,'2026-05-03 01:39:06',1),
(71,71,1,'2026-05-03 01:39:06',1),
(72,72,1,'2026-05-03 01:41:45',1),
(73,73,1,'2026-05-03 01:43:59',1),
(74,74,1,'2026-05-03 01:47:19',1),
(75,75,1,'2026-05-03 03:06:49',1),
(76,76,1,'2026-05-03 03:06:49',1),
(77,77,1,'2026-05-03 03:08:23',1),
(78,78,1,'2026-05-03 03:11:51',1),
(79,79,1,'2026-05-03 03:11:51',1),
(80,80,1,'2026-05-03 03:28:31',1),
(81,81,1,'2026-05-03 03:41:42',1),
(82,82,1,'2026-05-03 03:41:42',1),
(83,83,1,'2026-05-03 03:41:42',1),
(84,84,1,'2026-05-03 03:41:42',1),
(85,85,1,'2026-05-03 03:41:42',1),
(86,86,1,'2026-05-03 03:41:42',1),
(87,87,1,'2026-05-03 03:41:42',1),
(88,88,1,'2026-05-03 03:41:42',1),
(89,89,1,'2026-05-03 03:41:42',1),
(90,90,1,'2026-05-03 03:41:42',1),
(91,91,1,'2026-05-03 03:41:42',1),
(92,92,1,'2026-05-03 03:44:04',1),
(93,93,1,'2026-05-03 03:44:04',1),
(94,94,1,'2026-05-03 04:19:23',1),
(95,95,1,'2026-05-03 04:22:27',1),
(96,96,1,'2026-05-03 04:22:27',1),
(97,97,1,'2026-05-03 04:25:17',1),
(98,98,1,'2026-05-03 04:25:17',1),
(99,99,1,'2026-05-03 04:29:44',1),
(100,100,1,'2026-05-03 04:29:44',1),
(101,101,1,'2026-05-03 04:29:44',1),
(102,102,1,'2026-05-03 04:29:44',1),
(103,103,1,'2026-05-03 04:45:43',1),
(104,104,1,'2026-05-03 04:45:43',1),
(105,105,1,'2026-05-03 04:45:43',1),
(106,106,1,'2026-05-03 04:56:11',1),
(107,107,1,'2026-05-03 04:56:11',1),
(108,108,1,'2026-05-03 04:56:11',1),
(109,109,1,'2026-05-03 04:56:11',1),
(110,110,1,'2026-05-03 04:56:11',1),
(111,111,1,'2026-05-03 04:56:11',1),
(112,112,1,'2026-05-03 04:56:11',1),
(113,113,1,'2026-05-03 04:56:11',1),
(114,114,1,'2026-05-03 04:56:11',1),
(115,115,1,'2026-05-03 05:07:24',1),
(116,116,1,'2026-05-03 05:07:24',1),
(117,117,1,'2026-05-03 05:11:38',1),
(118,118,1,'2026-05-03 05:11:38',1),
(119,119,1,'2026-05-03 05:11:38',1),
(120,120,1,'2026-05-03 05:11:38',1),
(121,121,1,'2026-05-03 05:16:15',1),
(122,122,1,'2026-05-03 05:16:15',1),
(123,123,1,'2026-05-03 05:16:15',1),
(124,124,1,'2026-05-03 05:17:42',1),
(125,125,1,'2026-05-03 06:11:14',1),
(126,126,1,'2026-05-03 06:11:14',1),
(127,127,1,'2026-05-03 06:11:14',1),
(128,128,1,'2026-05-03 06:11:14',1),
(129,129,1,'2026-05-03 06:11:14',1),
(130,130,1,'2026-05-03 06:11:14',1),
(131,131,1,'2026-05-03 06:20:29',1),
(132,132,1,'2026-05-03 06:20:30',1),
(133,133,1,'2026-05-03 06:20:30',1),
(134,134,1,'2026-05-03 06:20:30',1),
(135,135,1,'2026-05-03 06:24:01',1),
(136,136,1,'2026-05-03 06:24:01',1),
(137,137,1,'2026-05-03 06:45:12',1),
(138,138,1,'2026-05-03 06:45:12',1),
(139,139,1,'2026-05-03 06:45:12',1),
(140,140,1,'2026-05-03 06:45:12',1),
(141,141,1,'2026-05-03 06:45:12',1),
(142,142,1,'2026-05-03 07:03:16',1),
(143,143,1,'2026-05-03 07:03:16',1),
(144,144,1,'2026-05-03 07:03:16',1),
(145,145,1,'2026-05-03 07:03:16',1),
(146,146,1,'2026-05-03 07:03:16',1),
(147,147,1,'2026-05-03 07:06:30',1),
(148,148,1,'2026-05-03 07:06:30',1),
(149,149,1,'2026-05-03 07:06:30',1),
(150,150,1,'2026-05-03 07:07:22',1),
(151,151,1,'2026-05-03 07:09:42',1),
(152,152,1,'2026-05-03 07:09:42',1),
(153,153,1,'2026-05-03 07:13:39',1),
(154,154,1,'2026-05-03 07:17:00',1),
(155,155,1,'2026-05-03 07:17:00',1),
(156,156,1,'2026-05-03 07:17:00',1),
(157,157,1,'2026-05-03 07:23:51',1),
(158,158,1,'2026-05-03 07:23:51',1),
(159,159,1,'2026-05-03 07:23:51',1),
(160,160,1,'2026-05-03 07:23:51',1),
(161,161,1,'2026-05-03 07:27:26',1),
(162,162,1,'2026-05-03 07:29:26',1),
(163,163,1,'2026-05-03 07:30:50',1),
(164,164,1,'2026-05-03 07:32:12',1),
(165,165,1,'2026-05-04 10:15:49',1),
(166,166,1,'2026-05-04 10:21:08',11),
(167,167,1,'2026-05-04 14:43:23',11),
(168,168,1,'2026-05-04 18:55:03',11),
(169,169,1,'2026-05-05 14:02:36',11),
(170,170,1,'2026-05-05 18:17:41',1),
(171,171,1,'2026-05-05 18:17:41',1),
(172,172,1,'2026-05-05 18:17:41',1),
(173,173,1,'2026-05-05 19:47:40',11),
(174,174,1,'2026-05-06 16:09:46',1),
(175,175,1,'2026-05-06 16:24:16',11),
(176,176,1,'2026-05-06 16:58:07',11),
(177,177,1,'2026-05-06 16:58:07',11),
(178,178,1,'2026-05-06 16:58:07',11),
(179,179,1,'2026-05-06 17:42:58',11),
(180,180,1,'2026-05-06 17:42:58',11),
(181,181,1,'2026-05-06 17:45:55',1),
(182,182,1,'2026-05-06 17:45:55',1),
(183,183,1,'2026-05-06 19:50:57',11),
(184,184,1,'2026-05-06 19:50:57',11),
(185,185,1,'2026-05-06 19:50:57',11),
(186,186,1,'2026-05-06 19:50:57',11),
(187,187,1,'2026-05-06 19:50:57',11),
(188,188,1,'2026-05-06 19:50:57',11),
(189,189,1,'2026-05-06 19:50:57',11),
(190,190,1,'2026-05-06 19:50:57',11),
(191,191,1,'2026-05-07 08:55:00',11),
(192,192,1,'2026-05-07 09:58:26',11),
(193,193,1,'2026-05-07 09:58:26',11),
(194,194,1,'2026-05-07 09:58:26',11),
(195,195,1,'2026-05-07 09:58:26',11),
(196,196,1,'2026-05-07 09:58:26',11),
(197,197,1,'2026-05-07 10:29:16',11),
(198,198,1,'2026-05-07 11:10:04',11),
(199,199,1,'2026-05-07 11:11:17',11),
(200,200,1,'2026-05-07 11:50:27',11),
(201,201,1,'2026-05-07 15:06:03',11),
(202,202,1,'2026-05-07 15:06:03',11),
(203,203,1,'2026-05-07 15:06:03',11),
(204,204,1,'2026-05-07 16:06:41',11),
(205,205,1,'2026-05-07 16:08:10',11),
(206,206,1,'2026-05-07 16:34:41',11),
(207,207,1,'2026-05-07 16:34:41',11),
(208,208,1,'2026-05-07 16:34:41',11),
(209,209,1,'2026-05-07 17:53:32',11),
(210,210,1,'2026-05-07 18:01:09',11),
(211,211,1,'2026-05-07 18:47:17',11),
(212,212,1,'2026-05-07 18:56:08',11),
(213,213,1,'2026-05-07 19:42:38',1),
(214,214,1,'2026-05-07 21:31:40',1),
(215,215,1,'2026-05-08 09:29:27',11),
(216,216,1,'2026-05-08 09:41:30',11),
(217,217,1,'2026-05-08 09:44:56',11),
(218,218,1,'2026-05-08 10:02:51',11),
(219,219,1,'2026-05-08 10:56:22',11),
(220,220,1,'2026-05-08 12:19:12',11),
(221,221,1,'2026-05-08 13:27:09',1),
(222,222,1,'2026-05-08 14:48:48',11),
(223,223,1,'2026-05-08 14:48:48',11),
(224,224,1,'2026-05-08 14:48:48',11),
(225,225,1,'2026-05-08 14:51:07',1),
(226,226,1,'2026-05-08 18:32:56',1);

--
-- Table structure for table `onlinetempstoredetail`
--

CREATE TABLE `onlinetempstoredetail` (
  `id` int(11) NOT NULL AUTO_INCREMENT,
  `storeid` int(11) NOT NULL,
  `productid` int(11) NOT NULL,
  `sizeid` int(11) NOT NULL,
  `colorid` int(11) NOT NULL,
  `quantity` decimal(10,2) NOT NULL,
  `edited` tinyint(4) NOT NULL COMMENT '0 not edited "this value is therre online", 1 edited , 2 del',
  `sysdate` datetime NOT NULL,
  `userid` int(11) NOT NULL,
  PRIMARY KEY (`id`),
  UNIQUE KEY `uniquecombination` (`storeid`,`productid`,`sizeid`,`colorid`)
) ENGINE=InnoDB DEFAULT CHARSET=latin1 COLLATE=latin1_swedish_ci;

--
-- Dumping data for table `onlinetempstoredetail`
--


--
-- Table structure for table `onlinetempstorereport`
--

CREATE TABLE `onlinetempstorereport` (
  `storereportid` int(11) NOT NULL AUTO_INCREMENT,
  `productid` int(11) NOT NULL,
  `storeid` int(11) NOT NULL,
  `productquantity` decimal(10,2) NOT NULL,
  `storereporttype` int(11) NOT NULL COMMENT '0 => plus- 1 => minus',
  `storereportmodelid` int(11) NOT NULL,
  `processname` varchar(256) NOT NULL,
  `tablename` varchar(256) NOT NULL,
  `productbefore` decimal(10,2) NOT NULL,
  `productafter` decimal(10,2) NOT NULL,
  `userid` int(11) NOT NULL,
  `storereportdate` date NOT NULL,
  PRIMARY KEY (`storereportid`),
  KEY `productid` (`productid`,`storeid`),
  KEY `storeid` (`storeid`)
) ENGINE=InnoDB DEFAULT CHARSET=utf8mb3 COLLATE=utf8mb3_general_ci;

--
-- Dumping data for table `onlinetempstorereport`
--


--
-- Table structure for table `otherrequest`
--

CREATE TABLE `otherrequest` (
  `id` int(11) NOT NULL AUTO_INCREMENT,
  `requestTo` int(11) NOT NULL COMMENT '0 branch - 1 user group - 2 user',
  `requestToId` int(11) NOT NULL,
  `requestTitle` varchar(255) CHARACTER SET utf8mb4 COLLATE utf8mb4_unicode_ci NOT NULL,
  `comment` text CHARACTER SET utf8mb4 COLLATE utf8mb4_unicode_ci NOT NULL,
  `requestDate` date NOT NULL,
  `userId` int(11) NOT NULL,
  `branchId` int(11) NOT NULL COMMENT 'branch who made the request',
  `seen` int(11) NOT NULL DEFAULT 0,
  `deleted` int(11) NOT NULL,
  PRIMARY KEY (`id`)
) ENGINE=InnoDB DEFAULT CHARSET=latin1 COLLATE=latin1_swedish_ci;

--
-- Dumping data for table `otherrequest`
--


--
-- Table structure for table `otherstoremovement`
--

CREATE TABLE `otherstoremovement` (
  `id` int(11) NOT NULL AUTO_INCREMENT,
  `oprationnumber` varchar(255) NOT NULL,
  `deloperation` int(11) NOT NULL,
  `del` int(11) NOT NULL,
  `userid` int(11) NOT NULL,
  `comment` text NOT NULL,
  `oprationdata` date NOT NULL,
  PRIMARY KEY (`id`)
) ENGINE=InnoDB DEFAULT CHARSET=utf8mb3 COLLATE=utf8mb3_general_ci;

--
-- Dumping data for table `otherstoremovement`
--


--
-- Table structure for table `partner`
--

CREATE TABLE `partner` (
  `partnerid` int(11) NOT NULL AUTO_INCREMENT,
  `partnername` varchar(256) NOT NULL,
  `partnerdate` date NOT NULL,
  `partnerpercentage` decimal(10,2) NOT NULL,
  `partnermoney` decimal(10,2) NOT NULL,
  `conditions` int(11) NOT NULL DEFAULT 0,
  `comment` text NOT NULL,
  `userid` int(11) NOT NULL,
  `dailyentryid` int(11) NOT NULL,
  `treeId` int(11) NOT NULL DEFAULT 0,
  PRIMARY KEY (`partnerid`)
) ENGINE=InnoDB DEFAULT CHARSET=utf8mb3 COLLATE=utf8mb3_general_ci;

--
-- Dumping data for table `partner`
--


--
-- Table structure for table `partnertransferbetween`
--

CREATE TABLE `partnertransferbetween` (
  `partnertransferbetweenid` int(11) NOT NULL AUTO_INCREMENT,
  `partneridfrom` int(11) NOT NULL,
  `partneridto` int(11) NOT NULL,
  `partnervalue` decimal(10,2) NOT NULL,
  `comment` text NOT NULL,
  `partnerdate` date NOT NULL,
  `userid` int(11) NOT NULL,
  `conditions` int(11) NOT NULL DEFAULT 0,
  `partnerfrombefore` decimal(10,2) NOT NULL DEFAULT 0.00,
  `partnerfromafter` decimal(10,2) NOT NULL DEFAULT 0.00,
  `partnertobefore` decimal(10,2) NOT NULL DEFAULT 0.00,
  `partnertoafter` decimal(10,2) NOT NULL DEFAULT 0.00,
  `dailyentryid` int(11) NOT NULL,
  PRIMARY KEY (`partnertransferbetweenid`)
) ENGINE=InnoDB DEFAULT CHARSET=utf8mb3 COLLATE=utf8mb3_general_ci;

--
-- Dumping data for table `partnertransferbetween`
--


--
-- Table structure for table `partnerwithdrawal`
--

CREATE TABLE `partnerwithdrawal` (
  `partnerwithdrawalid` int(11) NOT NULL AUTO_INCREMENT,
  `partnerid` int(11) NOT NULL,
  `partnerwithdrawalvalue` decimal(10,2) NOT NULL,
  `comment` text NOT NULL,
  `partnerwithdrawaldate` date NOT NULL,
  `userid` int(11) NOT NULL,
  `saveid` int(11) NOT NULL,
  `conditions` int(11) NOT NULL DEFAULT 0,
  `partenrwithdrawaltype` int(11) NOT NULL COMMENT '0 ',
  `dailyentryid` int(11) NOT NULL,
  `bankid` int(11) NOT NULL,
  `bankaccountid` int(11) NOT NULL,
  `checknum` varchar(255) CHARACTER SET utf8mb4 COLLATE utf8mb4_unicode_ci NOT NULL,
  `partnerbefore` decimal(10,2) NOT NULL DEFAULT 0.00,
  `partnerafter` decimal(10,2) NOT NULL DEFAULT 0.00,
  PRIMARY KEY (`partnerwithdrawalid`),
  KEY `partnerid` (`partnerid`)
) ENGINE=InnoDB DEFAULT CHARSET=utf8mb3 COLLATE=utf8mb3_general_ci;

--
-- Dumping data for table `partnerwithdrawal`
--


--
-- Table structure for table `paymentnetworks`
--

CREATE TABLE `paymentnetworks` (
  `id` int(11) NOT NULL AUTO_INCREMENT,
  `name` varchar(255) CHARACTER SET utf8mb4 COLLATE utf8mb4_unicode_ci NOT NULL,
  `discountpercent` decimal(10,2) DEFAULT 0.00,
  `deleted` int(11) NOT NULL DEFAULT 0,
  `nameen` varchar(255) CHARACTER SET utf8mb4 COLLATE utf8mb4_unicode_ci DEFAULT NULL,
  PRIMARY KEY (`id`)
) ENGINE=InnoDB DEFAULT CHARSET=latin1 COLLATE=latin1_swedish_ci;

--
-- Dumping data for table `paymentnetworks`
--


--
-- Table structure for table `playstationcard`
--

CREATE TABLE `playstationcard` (
  `id` int(11) NOT NULL AUTO_INCREMENT,
  `name` varchar(255) NOT NULL,
  `packageVal` float NOT NULL,
  `packagePrice` float NOT NULL,
  `packageDays` int(11) NOT NULL,
  `file` varchar(255) NOT NULL,
  `del` tinyint(4) NOT NULL,
  `userid` int(11) NOT NULL,
  `sysdate` datetime NOT NULL,
  PRIMARY KEY (`id`)
) ENGINE=InnoDB DEFAULT CHARSET=utf8mb4 COLLATE=utf8mb4_unicode_ci;

--
-- Dumping data for table `playstationcard`
--


--
-- Table structure for table `playstationclientcard`
--

CREATE TABLE `playstationclientcard` (
  `id` int(11) NOT NULL AUTO_INCREMENT,
  `cardid` int(11) NOT NULL,
  `clientid` int(11) NOT NULL,
  `buyDate` datetime NOT NULL,
  `packVal` float NOT NULL,
  `packPrice` float NOT NULL,
  `packDays` int(11) NOT NULL,
  `packValConsumed` float NOT NULL,
  `cardEndDate` datetime NOT NULL,
  `cardStatus` tinyint(4) NOT NULL COMMENT '0 active,1 totaly consumed , 2 expired',
  `userid` int(11) NOT NULL,
  `del` tinyint(4) NOT NULL,
  `sysDate` datetime NOT NULL,
  PRIMARY KEY (`id`)
) ENGINE=InnoDB DEFAULT CHARSET=latin1 COLLATE=latin1_swedish_ci;

--
-- Dumping data for table `playstationclientcard`
--


--
-- Table structure for table `playstationclientcardpayhistory`
--

CREATE TABLE `playstationclientcardpayhistory` (
  `id` int(11) NOT NULL AUTO_INCREMENT,
  `clientid` int(11) NOT NULL,
  `cardid` int(11) NOT NULL,
  `cardValBefore` float NOT NULL,
  `payAmount` float NOT NULL,
  `changeType` tinyint(4) NOT NULL COMMENT '0 increase , 1decrease',
  `cardValAfter` float NOT NULL,
  `processname` varchar(255) CHARACTER SET latin1 COLLATE latin1_swedish_ci NOT NULL,
  `modelid` int(11) NOT NULL,
  `tablename` varchar(255) CHARACTER SET latin1 COLLATE latin1_swedish_ci NOT NULL,
  `comment` text CHARACTER SET latin1 COLLATE latin1_swedish_ci NOT NULL,
  `conditions` tinyint(4) NOT NULL,
  `userid` int(11) NOT NULL,
  `sysDate` datetime NOT NULL,
  PRIMARY KEY (`id`)
) ENGINE=InnoDB DEFAULT CHARSET=utf8mb4 COLLATE=utf8mb4_unicode_ci;

--
-- Dumping data for table `playstationclientcardpayhistory`
--


--
-- Table structure for table `policy`
--

CREATE TABLE `policy` (
  `policyId` int(11) NOT NULL AUTO_INCREMENT,
  `policyName` varchar(255) NOT NULL,
  `policyDate` date NOT NULL,
  `policyNum` int(11) NOT NULL,
  `policyCost` decimal(10,2) NOT NULL,
  `policyType` int(11) NOT NULL COMMENT '1 => go- 2 =>return',
  `companyId` int(11) NOT NULL,
  `SenderName` varchar(255) NOT NULL,
  `invoicenumber` varchar(255) NOT NULL,
  `tempdele` int(11) NOT NULL,
  `saveId` int(11) NOT NULL,
  `senderType` int(11) NOT NULL COMMENT '1 => client- 2 =>supplier',
  `affectSave` tinyint(4) DEFAULT 0,
  `senderId` int(11) NOT NULL DEFAULT 0,
  PRIMARY KEY (`policyId`)
) ENGINE=InnoDB DEFAULT CHARSET=utf8mb3 COLLATE=utf8mb3_general_ci;

--
-- Dumping data for table `policy`
--


--
-- Table structure for table `premium`
--

CREATE TABLE `premium` (
  `id` int(11) NOT NULL AUTO_INCREMENT,
  `date` date NOT NULL,
  `value` int(11) NOT NULL,
  `premiumclient_id` int(11) NOT NULL,
  `payed` int(11) NOT NULL DEFAULT 0,
  `conditions` int(11) NOT NULL DEFAULT 0,
  `rest` int(11) NOT NULL DEFAULT 0,
  `payment_date` timestamp NULL DEFAULT NULL,
  PRIMARY KEY (`id`)
) ENGINE=InnoDB DEFAULT CHARSET=latin1 COLLATE=latin1_swedish_ci;

--
-- Dumping data for table `premium`
--


--
-- Table structure for table `premiumautomatic`
--

CREATE TABLE `premiumautomatic` (
  `id` int(11) NOT NULL AUTO_INCREMENT,
  `Totalinstallment` decimal(10,2) NOT NULL,
  `presenter_dir` decimal(10,2) NOT NULL,
  `presenter_per` decimal(10,2) NOT NULL,
  `date` date NOT NULL,
  `remain_amount` decimal(10,2) NOT NULL,
  `installment_nos` int(11) NOT NULL,
  `installment_months` int(11) NOT NULL,
  `installment_days` int(11) NOT NULL,
  `premiumclient_id` int(11) NOT NULL,
  `client_id` int(11) NOT NULL,
  `userid` int(11) NOT NULL,
  PRIMARY KEY (`id`)
) ENGINE=InnoDB DEFAULT CHARSET=latin1 COLLATE=latin1_swedish_ci;

--
-- Dumping data for table `premiumautomatic`
--


--
-- Table structure for table `premiumclient`
--

CREATE TABLE `premiumclient` (
  `id` int(11) NOT NULL AUTO_INCREMENT,
  `client_id` int(11) NOT NULL,
  `userid` int(11) NOT NULL,
  `date` datetime NOT NULL,
  PRIMARY KEY (`id`)
) ENGINE=InnoDB DEFAULT CHARSET=latin1 COLLATE=latin1_swedish_ci;

--
-- Dumping data for table `premiumclient`
--


--
-- Table structure for table `premiuminstallments`
--

CREATE TABLE `premiuminstallments` (
  `id_installment` int(11) NOT NULL AUTO_INCREMENT,
  `date` date NOT NULL,
  `value` int(11) NOT NULL,
  `premiumauo_id` int(11) NOT NULL,
  `payed` int(11) NOT NULL DEFAULT 0,
  `conditions` int(11) NOT NULL DEFAULT 0,
  PRIMARY KEY (`id_installment`)
) ENGINE=InnoDB DEFAULT CHARSET=latin1 COLLATE=latin1_swedish_ci;

--
-- Dumping data for table `premiuminstallments`
--


--
-- Table structure for table `product`
--

CREATE TABLE `product` (
  `productId` int(11) NOT NULL AUTO_INCREMENT,
  `inMenu` tinyint(4) DEFAULT 0 COMMENT '0 show in resturant menu-1 hide it',
  `productName` varchar(256) NOT NULL DEFAULT '',
  `productDescription` text DEFAULT NULL,
  `productCatId` int(11) NOT NULL,
  `productBuyPrice` decimal(10,2) NOT NULL,
  `productSellAllPrice` decimal(10,2) NOT NULL,
  `productSellUnitPrice` decimal(10,2) NOT NULL,
  `productSellHalfPrice` decimal(10,2) NOT NULL,
  `productDate` date NOT NULL,
  `conditions` int(1) NOT NULL DEFAULT 0,
  `userId` int(11) NOT NULL,
  `limitamount` int(11) NOT NULL DEFAULT 0,
  `parcode` varchar(256) DEFAULT NULL,
  `type` int(11) NOT NULL DEFAULT 0 COMMENT '1 for Manufacturing - 0 for not Manufacturing',
  `sellingtype` int(11) DEFAULT 0 COMMENT '1 for FCFO  2 for  LCFO  3 for expirdata ',
  `expireDate` int(11) DEFAULT NULL,
  `dailyentryId` int(11) NOT NULL,
  `isService` int(11) NOT NULL DEFAULT 0 COMMENT '0 no - 1 yes',
  `isOptic` int(11) NOT NULL DEFAULT 0 COMMENT '0 not optic -1 without size and color-2 with size and color',
  `lastbuyprice` decimal(10,2) DEFAULT NULL,
  `lastbuyprice_withDiscount` decimal(10,2) DEFAULT NULL,
  `meanbuyprice` decimal(10,2) DEFAULT NULL,
  `meanbuyprice_withDiscount` decimal(10,2) DEFAULT NULL,
  `productbuypricereal` decimal(10,2) DEFAULT 0.00,
  `buypricereal_precentage` decimal(10,2) DEFAULT 0.00,
  `buytotal_precentage` decimal(10,2) DEFAULT 0.00,
  `buyhalf_precentage` decimal(10,2) DEFAULT 0.00,
  `buypart_precentage` decimal(10,2) DEFAULT 0.00,
  `logo` varchar(255) DEFAULT NULL,
  `obygyDetectionId` int(11) DEFAULT NULL,
  `hasSizeAndColor` tinyint(4) NOT NULL DEFAULT 0,
  `logo1` varchar(255) DEFAULT NULL,
  `logo2` varchar(255) DEFAULT NULL,
  `logo3` varchar(255) DEFAULT NULL,
  `logo4` varchar(255) DEFAULT NULL,
  `logo5` varchar(255) DEFAULT NULL,
  `logo6` varchar(255) DEFAULT NULL,
  `logo7` varchar(255) DEFAULT NULL,
  `overAllAveragePrice` decimal(10,2) NOT NULL DEFAULT 0.00,
  `online` text DEFAULT NULL,
  `reviewType` int(11) NOT NULL DEFAULT 0,
  `updatebyuser` int(11) NOT NULL DEFAULT 0,
  `proExcelid` int(11) NOT NULL DEFAULT 0 COMMENT 'used to link products to products from another erp like siam see in buybill',
  `proExcelParcode` varchar(12) NOT NULL COMMENT 'used to link products to products from another erp like siam see in buybill',
  `webApiId` int(11) NOT NULL DEFAULT 0,
  `runquery` varchar(256) NOT NULL DEFAULT '',
  `weightedDiscount` float NOT NULL DEFAULT 0,
  `sortby` int(11) NOT NULL DEFAULT 0,
  `obygyInvestigationId` int(11) DEFAULT NULL,
  `TypeOfBarcodeInTax` varchar(10) DEFAULT NULL,
  `barcodeInTax` varchar(150) DEFAULT NULL,
  `productNameE` varchar(256) DEFAULT NULL,
  `partNumber` int(11) NOT NULL DEFAULT 0,
  `vehicleType` int(11) NOT NULL DEFAULT 0,
  `company` int(11) NOT NULL DEFAULT 0,
  `weight` decimal(10,2) DEFAULT 0.00,
  `origin` varchar(150) DEFAULT NULL,
  `hscode` decimal(10,2) DEFAULT 0.00,
  `power` tinyint(4) DEFAULT 0,
  `ProductionDate` varchar(150) DEFAULT NULL,
  `expiry` int(11) NOT NULL DEFAULT 0,
  `procode` varchar(150) DEFAULT NULL,
  `lastbuyprice_withTax` decimal(10,2) DEFAULT NULL,
  `meanbuyprice_withTax` decimal(10,2) DEFAULT NULL,
  `treeId` int(11) NOT NULL DEFAULT 0 COMMENT 'for royal products that is services',
  `price4` float NOT NULL DEFAULT 0,
  `price5` float NOT NULL DEFAULT 0,
  `price6` float NOT NULL DEFAULT 0,
  `price7` float NOT NULL DEFAULT 0,
  `price8` float NOT NULL DEFAULT 0,
  `clientid` int(11) NOT NULL DEFAULT 0,
  `grantduration` int(11) NOT NULL DEFAULT 0,
  `onlinepro` tinyint(4) DEFAULT 0,
  `minappearonline` int(11) NOT NULL DEFAULT 0,
  `selladdpercent` float NOT NULL DEFAULT 0,
  `selldiscountpercent` float NOT NULL DEFAULT 0,
  `buydiscountpercent` float NOT NULL DEFAULT 0,
  `onlinecatid` int(11) NOT NULL DEFAULT 0,
  `sellpercenttype` int(11) NOT NULL DEFAULT 0,
  `searchfiltersid` varchar(150) DEFAULT NULL,
  `lastbuyprice_withDiscountAndTax` decimal(10,2) DEFAULT NULL,
  `itemsymbol` varchar(255) DEFAULT NULL,
  PRIMARY KEY (`productId`),
  KEY `productCatId` (`productCatId`),
  KEY `userId` (`userId`),
  KEY `parcode` (`parcode`(255))
) ENGINE=InnoDB AUTO_INCREMENT=227 DEFAULT CHARSET=utf8mb3 COLLATE=utf8mb3_general_ci;

--
-- Dumping data for table `product`
--

INSERT INTO `product` VALUES
(1,0,'نص سوسته ','',1,310.00,330.00,330.00,330.00,'2026-05-02',0,1,0,'00001',0,0,0,1,0,0,310.00,310.00,310.00,310.00,310.00,0.00,6.45,0.00,0.00,'.',0,0,'','','','','','','',310.00,'',0,0,0,'0',0,'',0,0,0,'GS1','','',0,0,0,0.00,'',0.00,0,'',0,'',310.00,310.00,0,0,0,0,0,0,0,0,0,0,0,0,0,-1,0,'',310.00,''),
(2,0,'تطريز','',1,300.00,320.00,320.00,320.00,'2026-05-02',0,1,0,'00002',0,0,0,2,0,0,300.00,300.00,300.00,300.00,300.00,0.00,6.67,0.00,0.00,'.',0,0,'','','','','','','',300.00,'',0,0,0,'0',0,'',0,0,0,'GS1','','',0,0,0,0.00,'',0.00,0,'',0,'',300.00,300.00,0,0,0,0,0,0,0,0,1,0,0,0,0,0,0,'',300.00,''),
(3,0,'بوكس Ùيت ','',1,280.00,300.00,300.00,300.00,'2026-05-02',0,1,0,'00003',0,0,0,3,0,0,280.00,280.00,280.00,280.00,280.00,0.00,7.14,0.00,0.00,'.',0,0,'','','','','','','',280.00,'',0,0,0,'0',0,'',0,0,0,'GS1','','',0,0,0,0.00,'',0.00,0,'',0,'',280.00,280.00,0,0,0,0,0,0,0,0,1,0,0,0,0,0,0,'',280.00,''),
(4,0,'انتر لوك تطريز','',1,280.00,300.00,300.00,300.00,'2026-05-02',0,1,0,'00004',0,0,0,4,0,0,280.00,280.00,280.00,280.00,280.00,0.00,7.14,0.00,0.00,'.',0,0,'','','','','','','',280.00,'',0,0,0,'0',0,'',0,0,0,'GS1','','',0,0,0,0.00,'',0.00,0,'',0,'',280.00,280.00,0,0,0,0,0,0,0,0,1,0,0,0,0,0,0,'',280.00,''),
(5,0,'ترب استار','',1,250.00,270.00,270.00,270.00,'2026-05-02',0,1,0,'00005',0,0,0,5,0,0,250.00,250.00,250.00,250.00,250.00,0.00,8.00,0.00,0.00,'.',0,0,'','','','','','','',250.00,'',0,0,0,'0',0,'',0,0,0,'GS1','','',0,0,0,0.00,'',0.00,0,'',0,'',250.00,250.00,0,0,0,0,0,0,0,0,1,0,0,0,0,0,0,'',250.00,''),
(6,0,'سوسته دبل ','',1,340.00,360.00,360.00,360.00,'2026-05-02',0,1,0,'00006',0,0,0,6,0,0,340.00,340.00,340.00,340.00,340.00,0.00,5.88,0.00,0.00,'.',0,0,'','','','','','','',340.00,'',0,0,0,'0',0,'',0,0,0,'GS1','','',0,0,0,0.00,'',0.00,0,'',0,'',340.00,340.00,0,0,0,0,0,0,0,0,1,0,0,0,0,0,0,'',340.00,''),
(7,0,'مقلم تريكو','',1,280.00,300.00,300.00,300.00,'2026-05-02',0,1,0,'00007',0,0,0,8,0,0,280.00,280.00,280.00,280.00,280.00,0.00,7.14,0.00,0.00,'.',0,0,'','','','','','','',280.00,'',0,0,0,'0',0,'',0,0,0,'GS1','','',0,0,0,0.00,'',0.00,0,'',0,'',280.00,280.00,0,0,0,0,0,0,0,0,0,0,0,0,0,-1,0,'',280.00,''),
(8,0,'ترنج مارساليه','',1,360.00,380.00,380.00,380.00,'2026-05-02',0,1,0,'00008',0,0,0,9,0,0,360.00,360.00,360.00,360.00,360.00,0.00,5.56,0.00,0.00,'.',0,0,'','','','','','','',360.00,'',0,0,0,'0',0,'',0,0,0,'GS1','','',0,0,0,0.00,'',0.00,0,'',0,'',360.00,360.00,0,0,0,0,0,0,0,0,1,0,0,0,0,0,0,'',360.00,''),
(9,0,'ترنج شرط','',1,530.00,550.00,550.00,550.00,'2026-05-02',0,1,0,'00009',0,0,0,11,0,0,530.00,530.00,530.00,530.00,530.00,0.00,3.77,0.00,0.00,'.',0,0,'','','','','','','',530.00,'',0,0,0,'0',0,'',0,0,0,'GS1','','',0,0,0,0.00,'',0.00,0,'',0,'',530.00,530.00,0,0,0,0,0,0,0,0,0,0,0,0,0,-1,0,'',530.00,''),
(10,0,'تشرت متنوع','',1,280.00,300.00,300.00,300.00,'2026-05-02',0,1,0,'00010',0,0,0,12,0,0,280.00,280.00,280.00,280.00,280.00,0.00,7.14,0.00,0.00,'.',0,0,'','','','','','','',280.00,'',0,0,0,'0',0,'',0,0,0,'GS1','','',0,0,0,0.00,'',0.00,0,'',0,'',280.00,280.00,0,0,0,0,0,0,0,0,0,0,0,0,0,-1,0,'',280.00,''),
(11,0,'مقلم','',1,340.00,360.00,360.00,360.00,'2026-05-02',0,1,0,'00011',0,0,0,16,0,0,340.00,340.00,340.00,340.00,340.00,0.00,5.88,0.00,0.00,'.',0,0,'','','','','','','',340.00,'',0,0,0,'0',0,'',0,0,0,'GS1','','',0,0,0,0.00,'',0.00,0,'',0,'',340.00,340.00,0,0,0,0,0,0,0,0,0,0,0,0,0,-1,0,'',340.00,''),
(12,0,'قصات ال Ùي','',1,330.00,350.00,350.00,350.00,'2026-05-02',0,1,0,'00012',0,0,0,18,0,0,330.00,330.00,330.00,330.00,330.00,0.00,6.06,0.00,0.00,'.',0,0,'','','','','','','',330.00,'',0,0,0,'0',0,'',0,0,0,'GS1','','',0,0,0,0.00,'',0.00,0,'',0,'',330.00,330.00,0,0,0,0,0,0,0,0,0,0,0,0,0,-1,0,'',330.00,''),
(13,0,'كÙ تشرت','',1,280.00,300.00,300.00,300.00,'2026-05-02',0,1,0,'00013',0,0,0,19,0,0,280.00,280.00,280.00,280.00,280.00,0.00,7.14,0.00,0.00,'.',0,0,'','','','','','','',280.00,'',0,0,0,'0',0,'',0,0,0,'GS1','','',0,0,0,0.00,'',0.00,0,'',0,'',280.00,280.00,0,0,0,0,0,0,0,0,1,0,0,0,0,0,0,'',280.00,''),
(14,0,'عجينه تشرت ','',1,280.00,300.00,300.00,300.00,'2026-05-02',0,1,0,'00014',0,0,0,20,0,0,280.00,280.00,280.00,280.00,280.00,0.00,7.14,0.00,0.00,'.',0,0,'','','','','','','',280.00,'',0,0,0,'0',0,'',0,0,0,'GS1','','',0,0,0,0.00,'',0.00,0,'',0,'',280.00,280.00,0,0,0,0,0,0,0,0,1,0,0,0,0,0,0,'',280.00,''),
(15,0,'تشرت مدل ','',2,200.00,200.00,200.00,200.00,'2026-05-02',0,1,0,'00015',0,0,0,21,0,0,200.00,200.00,200.00,200.00,200.00,0.00,0.00,0.00,0.00,'.',0,0,'','','','','','','',200.00,'',0,0,0,'0',0,'',0,0,0,'GS1','','',0,0,0,0.00,'',0.00,0,'',0,'',200.00,200.00,0,0,0,0,0,0,0,0,0,0,0,0,0,-1,0,'',200.00,''),
(16,0,'قصات ','',2,250.00,250.00,250.00,250.00,'2026-05-02',0,1,0,'01047',0,0,0,22,0,0,250.00,250.00,250.00,250.00,250.00,0.00,0.00,0.00,0.00,'.',0,0,'','','','','','','',250.00,'',0,0,0,'0',0,'',0,0,0,'GS1','','',0,0,0,0.00,'',0.00,0,'',0,'',250.00,250.00,0,0,0,0,0,0,0,0,1,0,0,0,0,0,0,'',250.00,''),
(17,0,'تشرت ميوه ميوه','',1,170.00,190.00,190.00,190.00,'2026-05-02',0,1,0,'01360',0,0,0,23,0,0,170.00,170.00,170.00,170.00,170.00,0.00,11.76,0.00,0.00,'.',0,0,'','','','','','','',170.00,'',0,0,0,'0',0,'',0,0,0,'GS1','','',0,0,0,0.00,'',0.00,0,'',0,'',170.00,170.00,0,0,0,0,0,0,0,0,0,0,0,0,0,-1,0,'',170.00,''),
(18,0,'تشرت كوله تريكو','',3,230.00,230.00,230.00,230.00,'2026-05-02',0,1,0,'01455',0,0,0,25,0,0,230.00,230.00,230.00,230.00,230.00,0.00,0.00,0.00,0.00,'.',0,0,'','','','','','','',230.00,'',0,0,0,'0',0,'',0,0,0,'GS1','','',0,0,0,0.00,'',0.00,0,'',0,'',230.00,230.00,0,0,0,0,0,0,0,0,0,0,0,0,0,-1,0,'',230.00,''),
(19,0,'جمايكا','',3,115.00,115.00,115.00,115.00,'2026-05-02',0,1,0,'01335',0,0,0,26,0,0,115.00,115.00,115.00,115.00,115.00,0.00,0.00,0.00,0.00,'.',0,0,'','','','','','','',115.00,'',0,0,0,'0',0,'',0,0,0,'GS1','','',0,0,0,0.00,'',0.00,0,'',0,'',115.00,115.00,0,0,0,0,0,0,0,0,1,0,0,0,0,0,0,'',115.00,''),
(20,0,'نص سوسته','',3,135.00,150.00,150.00,150.00,'2026-05-02',0,1,0,'01200',0,0,0,27,0,0,135.00,135.00,134.46,134.46,150.00,0.00,0.00,0.00,0.00,'.',0,0,'','','','','','','',135.00,'',0,0,0,'0',0,'',0,0,0,'GS1','','',0,0,0,0.00,'',0.00,0,'',0,'',135.00,133.93,0,0,0,0,0,0,0,0,1,0,0,0,0,0,0,'',135.00,''),
(21,0,'بوليÙار ','',3,180.00,180.00,180.00,180.00,'2026-05-02',0,1,0,'00021',0,0,0,28,0,0,180.00,180.00,180.00,180.00,180.00,0.00,0.00,0.00,0.00,'.',0,0,'','','','','','','',180.00,'',0,0,0,'0',0,'',0,0,0,'GS1','','',0,0,0,0.00,'',0.00,0,'',0,'',180.00,180.00,0,0,0,0,0,0,0,0,1,0,0,0,0,0,0,'',180.00,''),
(22,0,'انتر لوك','',4,230.00,245.00,245.00,245.00,'2026-05-02',0,1,0,'00022',0,0,0,29,0,0,230.00,230.00,230.00,230.00,230.00,0.00,6.52,0.00,0.00,'.',0,0,'','','','','','','',230.00,'',0,0,0,'0',0,'',0,0,0,'GS1','','',0,0,0,0.00,'',0.00,0,'',0,'',230.00,230.00,0,0,0,0,0,0,0,0,0,0,0,0,0,-1,0,'',230.00,''),
(23,0,'مستورد','',4,255.00,275.00,275.00,275.00,'2026-05-02',0,1,0,'00023',0,0,0,30,0,0,255.00,255.00,255.00,255.00,255.00,0.00,7.84,0.00,0.00,'.',0,0,'','','','','','','',255.00,'',0,0,0,'0',0,'',0,0,0,'GS1','','',0,0,0,0.00,'',0.00,0,'',0,'',255.00,255.00,0,0,0,0,0,0,0,0,0,0,0,0,0,-1,0,'',255.00,''),
(24,0,'مستورد جكار','',4,270.00,290.00,290.00,290.00,'2026-05-02',0,1,0,'01270',0,0,0,31,0,0,270.00,270.00,270.00,270.00,270.00,0.00,7.41,0.00,0.00,'.',0,0,'','','','','','','',270.00,'',0,0,0,'0',0,'',0,0,0,'GS1','','',0,0,0,0.00,'',0.00,0,'',0,'',270.00,270.00,0,0,0,0,0,0,0,0,0,0,0,0,0,-1,0,'',270.00,''),
(25,0,'مقلم','',4,255.00,275.00,275.00,275.00,'2026-05-02',0,1,0,'01420',0,0,0,32,0,0,255.00,255.00,255.00,255.00,255.00,0.00,7.84,0.00,0.00,'.',0,0,'','','','','','','',255.00,'',0,0,0,'0',0,'',0,0,0,'GS1','','',0,0,0,0.00,'',0.00,0,'',0,'',255.00,255.00,0,0,0,0,0,0,0,0,1,0,0,0,0,0,0,'',255.00,''),
(26,0,'بوليÙار','',4,170.00,180.00,180.00,180.00,'2026-05-03',0,1,0,'00026',0,0,0,33,0,0,170.00,170.00,170.00,170.00,170.00,0.00,5.88,0.00,0.00,'.',0,0,'','','','','','','',170.00,'',0,0,0,'0',0,'',0,0,0,'GS1','','',0,0,0,0.00,'',0.00,0,'',0,'',170.00,170.00,0,0,0,0,0,0,0,0,0,0,0,0,0,-1,0,'',170.00,''),
(27,0,'دبل Ùيس','',4,260.00,280.00,280.00,280.00,'2026-05-03',0,1,0,'00027',0,0,0,34,0,0,260.00,260.00,260.00,260.00,260.00,0.00,7.69,0.00,0.00,'.',0,0,'','','','','','','',260.00,'',0,0,0,'0',0,'',0,0,0,'GS1','','',0,0,0,0.00,'',0.00,0,'',0,'',260.00,260.00,0,0,0,0,0,0,0,0,1,0,0,0,0,0,0,'',260.00,''),
(28,0,'مستورد و','',4,260.00,280.00,280.00,280.00,'2026-05-03',0,1,0,'01361',0,0,0,35,0,0,260.00,260.00,260.00,260.00,260.00,0.00,7.69,0.00,0.00,'.',0,0,'','','','','','','',260.00,'',0,0,0,'0',0,'',0,0,0,'GS1','','',0,0,0,0.00,'',0.00,0,'',0,'',260.00,260.00,0,0,0,0,0,0,0,0,1,0,0,0,0,0,0,'',260.00,''),
(29,0,'تشرت مسحب','',4,215.00,230.00,230.00,230.00,'2026-05-03',0,1,0,'01176',0,0,0,36,0,0,215.00,215.00,215.00,215.00,215.00,0.00,6.98,0.00,0.00,'.',0,0,'','','','','','','',215.00,'',0,0,0,'0',0,'',0,0,0,'GS1','','',0,0,0,0.00,'',0.00,0,'',0,'',215.00,215.00,0,0,0,0,0,0,0,0,1,0,0,0,0,0,0,'',215.00,''),
(30,0,'تطريز','',5,255.00,270.00,270.00,270.00,'2026-05-03',0,1,0,'01464',0,0,0,37,0,0,255.00,255.00,255.00,255.00,255.00,0.00,5.88,0.00,0.00,'.',0,0,'','','','','','','',255.00,'',0,0,0,'0',0,'',0,0,0,'GS1','','',0,0,0,0.00,'',0.00,0,'',0,'',255.00,255.00,0,0,0,0,0,0,0,0,0,0,0,0,0,-1,0,'',255.00,''),
(31,0,'مقلم','',5,255.00,270.00,270.00,270.00,'2026-05-03',0,1,0,'01460',0,0,0,38,0,0,255.00,255.00,255.00,255.00,255.00,0.00,5.88,0.00,0.00,'.',0,0,'','','','','','','',255.00,'',0,0,0,'0',0,'',0,0,0,'GS1','','',0,0,0,0.00,'',0.00,0,'',0,'',255.00,255.00,0,0,0,0,0,0,0,0,1,0,0,0,0,0,0,'',255.00,''),
(32,0,'الياقه جينز ديور','',5,315.00,330.00,330.00,330.00,'2026-05-03',0,1,0,'01461',0,0,0,39,0,0,315.00,315.00,315.00,315.00,315.00,0.00,4.76,0.00,0.00,'.',0,0,'','','','','','','',315.00,'',0,0,0,'0',0,'',0,0,0,'GS1','','',0,0,0,0.00,'',0.00,0,'',0,'',315.00,315.00,0,0,0,0,0,0,0,0,1,0,0,0,0,0,0,'',315.00,''),
(33,0,'جمايكا لوجو','',5,150.00,160.00,160.00,160.00,'2026-05-03',0,1,0,'01184',0,0,0,40,0,0,150.00,150.00,150.00,150.00,150.00,0.00,6.67,0.00,0.00,'.',0,0,'','','','','','','',150.00,'',0,0,0,'0',0,'',0,0,0,'GS1','','',0,0,0,0.00,'',0.00,0,'',0,'',150.00,150.00,0,0,0,0,0,0,0,0,1,0,0,0,0,0,0,'',150.00,''),
(34,0,'كÙراج ','',5,240.00,250.00,250.00,250.00,'2026-05-03',0,1,0,'00034',0,0,0,41,0,0,240.00,240.00,240.00,240.00,240.00,0.00,4.17,0.00,0.00,'.',0,0,'','','','','','','',240.00,'',0,0,0,'0',0,'',0,0,0,'GS1','','',0,0,0,0.00,'',0.00,0,'',0,'',240.00,240.00,0,0,0,0,0,0,0,0,1,0,0,0,0,0,0,'',240.00,''),
(35,0,'انتر لوك ','',5,310.00,325.00,325.00,325.00,'2026-05-03',0,1,0,'01400',0,0,0,42,0,0,310.00,310.00,310.00,310.00,310.00,0.00,4.84,0.00,0.00,'.',0,0,'','','','','','','',310.00,'',0,0,0,'0',0,'',0,0,0,'GS1','','',0,0,0,0.00,'',0.00,0,'',0,'',310.00,310.00,0,0,0,0,0,0,0,0,1,0,0,0,0,0,0,'',310.00,''),
(36,0,'تشرت Ùوم','',5,240.00,250.00,250.00,250.00,'2026-05-03',0,1,0,'01330',0,0,0,43,0,0,240.00,240.00,240.00,240.00,240.00,0.00,4.17,0.00,0.00,'.',0,0,'','','','','','','',240.00,'',0,0,0,'0',0,'',0,0,0,'GS1','','',0,0,0,0.00,'',0.00,0,'',0,'',240.00,240.00,0,0,0,0,0,0,0,0,1,0,0,0,0,0,0,'',240.00,''),
(37,0,'ليزر بوس','',5,260.00,275.00,275.00,275.00,'2026-05-03',0,1,0,'01399',0,0,0,44,0,0,260.00,260.00,260.00,260.00,260.00,0.00,5.77,0.00,0.00,'.',0,0,'','','','','','','',260.00,'',0,0,0,'0',0,'',0,0,0,'GS1','','',0,0,0,0.00,'',0.00,0,'',0,'',260.00,260.00,0,0,0,0,0,0,0,0,1,0,0,0,0,0,0,'',260.00,''),
(38,0,'ليزر','',5,315.00,330.00,330.00,330.00,'2026-05-03',0,1,0,'01192',0,0,0,45,0,0,315.00,315.00,315.00,315.00,315.00,0.00,4.76,0.00,0.00,'.',0,0,'','','','','','','',315.00,'',0,0,0,'0',0,'',0,0,0,'GS1','','',0,0,0,0.00,'',0.00,0,'',0,'',315.00,315.00,0,0,0,0,0,0,0,0,1,0,0,0,0,0,0,'',315.00,''),
(39,0,'قصات','',5,245.00,255.00,255.00,255.00,'2026-05-03',0,1,0,'01395',0,0,0,46,0,0,245.00,245.00,245.00,245.00,245.00,0.00,4.08,0.00,0.00,'.',0,0,'','','','','','','',245.00,'',0,0,0,'0',0,'',0,0,0,'GS1','','',0,0,0,0.00,'',0.00,0,'',0,'',245.00,245.00,0,0,0,0,0,0,0,0,1,0,0,0,0,0,0,'',245.00,''),
(40,0,'مارسليا','',5,75.00,85.00,85.00,85.00,'2026-05-03',0,1,0,'01462',0,0,0,47,0,0,75.00,75.00,75.00,75.00,75.00,0.00,13.33,0.00,0.00,'.',0,0,'','','','','','','',75.00,'',0,0,0,'0',0,'',0,0,0,'GS1','','',0,0,0,0.00,'',0.00,0,'',0,'',75.00,75.00,0,0,0,0,0,0,0,0,1,0,0,0,0,0,0,'',75.00,''),
(41,0,'ياقه اديدس','',5,270.00,285.00,285.00,285.00,'2026-05-03',0,1,0,'01186',0,0,0,48,0,0,270.00,270.00,270.00,270.00,270.00,0.00,5.56,0.00,0.00,'.',0,0,'','','','','','','',270.00,'',0,0,0,'0',0,'',0,0,0,'GS1','','',0,0,0,0.00,'',0.00,0,'',0,'',270.00,270.00,0,0,0,0,0,0,0,0,1,0,0,0,0,0,0,'',270.00,''),
(42,0,'ياقه Ùوم','',5,295.00,310.00,310.00,310.00,'2026-05-03',0,1,0,'01191',0,0,0,49,0,0,295.00,295.00,295.00,295.00,295.00,0.00,5.08,0.00,0.00,'.',0,0,'','','','','','','',295.00,'',0,0,0,'0',0,'',0,0,0,'GS1','','',0,0,0,0.00,'',0.00,0,'',0,'',295.00,295.00,0,0,0,0,0,0,0,0,1,0,0,0,0,0,0,'',295.00,''),
(43,0,'انتر لوك','',6,189.00,200.00,200.00,200.00,'2026-05-03',0,1,0,'00043',0,0,0,50,0,0,189.00,189.00,189.00,189.00,189.00,0.00,5.82,0.00,0.00,'.',0,0,'','','','','','','',189.00,'',0,0,0,'0',0,'',0,0,0,'GS1','','',0,0,0,0.00,'',0.00,0,'',0,'',189.00,189.00,0,0,0,0,0,0,0,0,0,0,0,0,0,-1,0,'',189.00,''),
(44,0,'سنجل ليكره','',6,94.00,100.00,100.00,100.00,'2026-05-03',0,1,0,'00044',0,0,0,51,0,0,94.00,94.00,94.00,94.00,94.00,0.00,6.38,0.00,0.00,'.',0,0,'','','','','','','',94.00,'',0,0,0,'0',0,'',0,0,0,'GS1','','',0,0,0,0.00,'',0.00,0,'',0,'',94.00,94.00,0,0,0,0,0,0,0,0,1,0,0,0,0,0,0,'',94.00,''),
(45,0,'بوليÙار','',6,164.00,175.00,175.00,175.00,'2026-05-03',0,1,0,'00045',0,0,0,52,0,0,164.00,164.00,164.00,164.00,164.00,0.00,6.71,0.00,0.00,'.',0,0,'','','','','','','',164.00,'',0,0,0,'0',0,'',0,0,0,'GS1','','',0,0,0,0.00,'',0.00,0,'',0,'',164.00,164.00,0,0,0,0,0,0,0,0,1,0,0,0,0,0,0,'',164.00,''),
(46,0,'ياقه رجلام','',7,135.00,150.00,150.00,150.00,'2026-05-03',0,1,0,'00046',0,0,0,53,0,0,135.00,135.00,135.00,135.00,135.00,0.00,11.11,0.00,0.00,'.',0,0,'','','','','','','',135.00,'',0,0,0,'0',0,'',0,0,0,'GS1','','',0,0,0,0.00,'',0.00,0,'',0,'',135.00,135.00,0,0,0,0,0,0,0,0,0,0,0,0,0,-1,0,'',135.00,''),
(47,0,'سنجل ليكره','',7,100.00,110.00,110.00,110.00,'2026-05-03',0,1,0,'00047',0,0,0,54,0,0,100.00,100.00,100.00,100.00,100.00,0.00,10.00,0.00,0.00,'.',0,0,'','','','','','','',100.00,'',0,0,0,'0',0,'',0,0,0,'GS1','','',0,0,0,0.00,'',0.00,0,'',0,'',100.00,100.00,0,0,0,0,0,0,0,0,1,0,0,0,0,0,0,'',100.00,''),
(48,0,'مارسليا','',7,75.00,85.00,85.00,85.00,'2026-05-03',0,1,0,'00048',0,0,0,55,0,0,75.00,75.00,75.00,75.00,75.00,0.00,13.33,0.00,0.00,'.',0,0,'','','','','','','',75.00,'',0,0,0,'0',0,'',0,0,0,'GS1','','',0,0,0,0.00,'',0.00,0,'',0,'',75.00,75.00,0,0,0,0,0,0,0,0,1,0,0,0,0,0,0,'',75.00,''),
(49,0,'بوليÙار','',7,165.00,180.00,180.00,180.00,'2026-05-03',0,1,0,'00049',0,0,0,56,0,0,165.00,165.00,165.00,165.00,165.00,0.00,9.09,0.00,0.00,'.',0,0,'','','','','','','',165.00,'',0,0,0,'0',0,'',0,0,0,'GS1','','',0,0,0,0.00,'',0.00,0,'',0,'',165.00,165.00,0,0,0,0,0,0,0,0,1,0,0,0,0,0,0,'',165.00,''),
(50,0,'بوليÙار','',8,215.00,215.00,215.00,215.00,'2026-05-03',0,1,0,'01452',0,0,0,57,0,0,215.00,215.00,215.00,215.00,215.00,0.00,0.00,0.00,0.00,'.',0,0,'','','','','','','',215.00,'',0,0,0,'0',0,'',0,0,0,'GS1','','',0,0,0,0.00,'',0.00,0,'',0,'',215.00,215.00,0,0,0,0,0,0,0,0,0,0,0,0,0,-1,0,'',215.00,''),
(51,0,'انتر لوك','',8,235.00,235.00,235.00,235.00,'2026-05-03',0,1,0,'01453',0,0,0,58,0,0,235.00,235.00,235.00,235.00,235.00,0.00,0.00,0.00,0.00,'.',0,0,'','','','','','','',235.00,'',0,0,0,'0',0,'',0,0,0,'GS1','','',0,0,0,0.00,'',0.00,0,'',0,'',235.00,235.00,0,0,0,0,0,0,0,0,1,0,0,0,0,0,0,'',235.00,''),
(52,0,'تشرت خاص','',8,155.00,155.00,155.00,155.00,'2026-05-03',0,1,0,'00052',0,0,0,59,0,0,155.00,155.00,155.00,155.00,155.00,0.00,0.00,0.00,0.00,'.',0,0,'','','','','','','',155.00,'',0,0,0,'0',0,'',0,0,0,'GS1','','',0,0,0,0.00,'',0.00,0,'',0,'',155.00,155.00,0,0,0,0,0,0,0,0,1,0,0,0,0,0,0,'',155.00,''),
(53,0,'بوليÙار قديم','',8,200.00,200.00,200.00,200.00,'2026-05-03',0,1,0,'01022',0,0,0,60,0,0,200.00,200.00,200.00,200.00,200.00,0.00,0.00,0.00,0.00,'.',0,0,'','','','','','','',200.00,'',0,0,0,'0',0,'',0,0,0,'GS1','','',0,0,0,0.00,'',0.00,0,'',0,'',200.00,200.00,0,0,0,0,0,0,0,0,1,0,0,0,0,0,0,'',200.00,''),
(54,0,'محجر','',8,225.00,225.00,225.00,225.00,'2026-05-03',0,1,0,'01338',0,0,0,61,0,0,225.00,225.00,225.00,225.00,225.00,0.00,0.00,0.00,0.00,'.',0,0,'','','','','','','',225.00,'',0,0,0,'0',0,'',0,0,0,'GS1','','',0,0,0,0.00,'',0.00,0,'',0,'',225.00,225.00,0,0,0,0,0,0,0,0,1,0,0,0,0,0,0,'',225.00,''),
(55,0,'انتر لوك','',9,210.00,210.00,210.00,210.00,'2026-05-03',0,1,0,'01134',0,0,0,62,0,0,210.00,210.00,210.00,210.00,210.00,0.00,0.00,0.00,0.00,'.',0,0,'','','','','','','',210.00,'',0,0,0,'0',0,'',0,0,0,'GS1','','',0,0,0,0.00,'',0.00,0,'',0,'',210.00,210.00,0,0,0,0,0,0,0,0,0,0,0,0,0,-1,0,'',210.00,''),
(56,0,'تقطيع','',9,135.00,135.00,135.00,135.00,'2026-05-03',0,1,0,'01133',0,0,0,63,0,0,135.00,135.00,135.00,135.00,135.00,0.00,0.00,0.00,0.00,'.',0,0,'','','','','','','',135.00,'',0,0,0,'0',0,'',0,0,0,'GS1','','',0,0,0,0.00,'',0.00,0,'',0,'',135.00,135.00,0,0,0,0,0,0,0,0,1,0,0,0,0,0,0,'',135.00,''),
(57,0,'بوليÙار اوÙر سيز','',9,210.00,210.00,210.00,210.00,'2026-05-03',0,1,0,'01146',0,0,0,64,0,0,210.00,210.00,210.00,210.00,210.00,0.00,0.00,0.00,0.00,'.',0,0,'','','','','','','',210.00,'',0,0,0,'0',0,'',0,0,0,'GS1','','',0,0,0,0.00,'',0.00,0,'',0,'',210.00,210.00,0,0,0,0,0,0,0,0,1,0,0,0,0,0,0,'',210.00,''),
(58,0,'هشيره','',9,130.00,130.00,130.00,130.00,'2026-05-03',0,1,0,'00058',0,0,0,65,0,0,130.00,130.00,130.00,130.00,130.00,0.00,0.00,0.00,0.00,'.',0,0,'','','','','','','',130.00,'',0,0,0,'0',0,'',0,0,0,'GS1','','',0,0,0,0.00,'',0.00,0,'',0,'',130.00,130.00,0,0,0,0,0,0,0,0,1,0,0,0,0,0,0,'',130.00,''),
(59,0,'تقطيع','',10,200.00,215.00,215.00,215.00,'2026-05-03',0,1,0,'01439',0,0,0,66,0,0,200.00,200.00,200.00,200.00,200.00,0.00,7.50,0.00,0.00,'.',0,0,'','','','','','','',200.00,'',0,0,0,'0',0,'',0,0,0,'GS1','','',0,0,0,0.00,'',0.00,0,'',0,'',200.00,200.00,0,0,0,0,0,0,0,0,0,0,0,0,0,-1,0,'',200.00,''),
(60,0,'سنجل ليكره','',10,97.00,105.00,105.00,105.00,'2026-05-03',0,1,0,'00060',0,0,0,67,0,0,97.00,97.00,97.00,97.00,97.00,0.00,8.25,0.00,0.00,'.',0,0,'','','','','','','',97.00,'',0,0,0,'0',0,'',0,0,0,'GS1','','',0,0,0,0.00,'',0.00,0,'',0,'',97.00,97.00,0,0,0,0,0,0,0,0,1,0,0,0,0,0,0,'',97.00,''),
(61,0,'مقلم','',10,185.00,200.00,200.00,200.00,'2026-05-03',0,1,0,'00061',0,0,0,68,0,0,185.00,185.00,185.00,185.00,185.00,0.00,8.11,0.00,0.00,'.',0,0,'','','','','','','',185.00,'',0,0,0,'0',0,'',0,0,0,'GS1','','',0,0,0,0.00,'',0.00,0,'',0,'',185.00,185.00,0,0,0,0,0,0,0,0,1,0,0,0,0,0,0,'',185.00,''),
(62,0,'خاص','',10,120.00,130.00,130.00,130.00,'2026-05-03',0,1,0,'01458',0,0,0,69,0,0,120.00,120.00,120.00,120.00,120.00,0.00,8.33,0.00,0.00,'.',0,0,'','','','','','','',120.00,'',0,0,0,'0',0,'',0,0,0,'GS1','','',0,0,0,0.00,'',0.00,0,'',0,'',120.00,120.00,0,0,0,0,0,0,0,0,1,0,0,0,0,0,0,'',120.00,''),
(63,0,'ريشه','',10,120.00,130.00,130.00,130.00,'2026-05-03',0,1,0,'01310',0,0,0,70,0,0,120.00,120.00,120.00,120.00,120.00,0.00,8.33,0.00,0.00,'.',0,0,'','','','','','','',120.00,'',0,0,0,'0',0,'',0,0,0,'GS1','','',0,0,0,0.00,'',0.00,0,'',0,'',120.00,120.00,0,0,0,0,0,0,0,0,1,0,0,0,0,0,0,'',120.00,''),
(64,0,'محجر ليزر','',10,180.00,195.00,195.00,195.00,'2026-05-03',0,1,0,'01311',0,0,0,71,0,0,180.00,180.00,180.00,180.00,180.00,0.00,8.33,0.00,0.00,'.',0,0,'','','','','','','',180.00,'',0,0,0,'0',0,'',0,0,0,'GS1','','',0,0,0,0.00,'',0.00,0,'',0,'',180.00,180.00,0,0,0,0,0,0,0,0,1,0,0,0,0,0,0,'',180.00,''),
(65,0,'محجر','',10,170.00,185.00,185.00,185.00,'2026-05-03',0,1,0,'01299',0,0,0,72,0,0,170.00,170.00,170.00,170.00,170.00,0.00,8.82,0.00,0.00,'.',0,0,'','','','','','','',170.00,'',0,0,0,'0',0,'',0,0,0,'GS1','','',0,0,0,0.00,'',0.00,0,'',0,'',170.00,170.00,0,0,0,0,0,0,0,0,1,0,0,0,0,0,0,'',170.00,''),
(66,0,'ال Ùي','',10,175.00,190.00,190.00,190.00,'2026-05-03',0,1,0,'01312',0,0,0,73,0,0,175.00,175.00,175.00,175.00,175.00,0.00,8.57,0.00,0.00,'.',0,0,'','','','','','','',175.00,'',0,0,0,'0',0,'',0,0,0,'GS1','','',0,0,0,0.00,'',0.00,0,'',0,'',175.00,175.00,0,0,0,0,0,0,0,0,1,0,0,0,0,0,0,'',175.00,''),
(67,0,'تقطيع د','',10,180.00,195.00,195.00,195.00,'2026-05-03',0,1,0,'00067',0,0,0,74,0,0,180.00,180.00,180.00,180.00,180.00,0.00,8.33,0.00,0.00,'.',0,0,'','','','','','','',180.00,'',0,0,0,'0',0,'',0,0,0,'GS1','','',0,0,0,0.00,'',0.00,0,'',0,'',180.00,180.00,0,0,0,0,0,0,0,0,1,0,0,0,0,0,0,'',180.00,''),
(68,0,'بوليÙار خاص','',10,200.00,215.00,215.00,215.00,'2026-05-03',0,1,0,'01396',0,0,0,75,0,0,200.00,200.00,200.00,200.00,200.00,0.00,7.50,0.00,0.00,'.',0,0,'','','','','','','',200.00,'',0,0,0,'0',0,'',0,0,0,'GS1','','',0,0,0,0.00,'',0.00,0,'',0,'',200.00,200.00,0,0,0,0,0,0,0,0,1,0,0,0,0,0,0,'',200.00,''),
(69,0,'مارسليا','',10,70.00,75.00,75.00,75.00,'2026-05-03',0,1,0,'00069',0,0,0,76,0,0,70.00,70.00,70.00,70.00,70.00,0.00,7.14,0.00,0.00,'.',0,0,'','','','','','','',70.00,'',0,0,0,'0',0,'',0,0,0,'GS1','','',0,0,0,0.00,'',0.00,0,'',0,'',70.00,70.00,0,0,0,0,0,0,0,0,1,0,0,0,0,0,0,'',70.00,''),
(70,0,'بوكس Ùيت','',11,230.00,230.00,230.00,230.00,'2026-05-03',0,1,0,'00070',0,0,0,77,0,0,230.00,230.00,230.00,230.00,230.00,0.00,0.00,0.00,0.00,'.',0,0,'','','','','','','',230.00,'',0,0,0,'0',0,'',0,0,0,'GS1','','',0,0,0,0.00,'',0.00,0,'',0,'',230.00,230.00,0,0,0,0,0,0,0,0,0,0,0,0,0,-1,0,'',230.00,''),
(71,0,'مقلم','',11,170.00,170.00,170.00,170.00,'2026-05-03',0,1,0,'00071',0,0,0,78,0,0,170.00,170.00,170.00,170.00,170.00,0.00,0.00,0.00,0.00,'.',0,0,'','','','','','','',170.00,'',0,0,0,'0',0,'',0,0,0,'GS1','','',0,0,0,0.00,'',0.00,0,'',0,'',170.00,170.00,0,0,0,0,0,0,0,0,1,0,0,0,0,0,0,'',170.00,''),
(72,0,'خاص','',12,150.00,150.00,150.00,150.00,'2026-05-03',0,1,0,'00072',0,0,0,79,0,0,150.00,150.00,150.00,150.00,150.00,0.00,0.00,0.00,0.00,'.',0,0,'','','','','','','',150.00,'',0,0,0,'0',0,'',0,0,0,'GS1','','',0,0,0,0.00,'',0.00,0,'',0,'',150.00,150.00,0,0,0,0,0,0,0,0,0,0,0,0,0,-1,0,'',150.00,''),
(73,0,'سنجل ليكره','',13,95.00,100.00,100.00,100.00,'2026-05-03',0,1,0,'00073',0,0,0,80,0,0,95.00,95.00,95.00,95.00,95.00,0.00,5.26,0.00,0.00,'.',0,0,'','','','','','','',95.00,'',0,0,0,'0',0,'',0,0,0,'GS1','','',0,0,0,0.00,'',0.00,0,'',0,'',95.00,95.00,0,0,0,0,0,0,0,0,0,0,0,0,0,-1,0,'',95.00,''),
(74,0,'بوكس Ùيت','',14,285.00,300.00,300.00,300.00,'2026-05-03',0,1,0,'01324',0,0,0,81,0,0,285.00,285.00,285.00,285.00,285.00,0.00,5.26,0.00,0.00,'.',0,0,'','','','','','','',285.00,'',0,0,0,'0',0,'',0,0,0,'GS1','','',0,0,0,0.00,'',0.00,0,'',0,'',285.00,285.00,0,0,0,0,0,0,0,0,0,0,0,0,0,-1,0,'',285.00,''),
(75,0,'بوليÙار','',15,175.00,190.00,190.00,190.00,'2026-05-03',0,1,0,'01016',0,0,0,86,0,0,175.00,175.00,175.00,175.00,175.00,0.00,8.57,0.00,0.00,'.',0,0,'','','','','','','',175.00,'',0,0,0,'0',0,'',0,0,0,'GS1','','',0,0,0,0.00,'',0.00,0,'',0,'',175.00,175.00,0,0,0,0,0,0,0,0,0,0,0,0,0,-1,0,'',175.00,''),
(76,0,'برسوله','',15,115.00,125.00,125.00,125.00,'2026-05-03',0,1,0,'01035',0,0,0,87,0,0,115.00,115.00,115.00,115.00,115.00,0.00,8.70,0.00,0.00,'.',0,0,'','','','','','','',115.00,'',0,0,0,'0',0,'',0,0,0,'GS1','','',0,0,0,0.00,'',0.00,0,'',0,'',115.00,115.00,0,0,0,0,0,0,0,0,1,0,0,0,0,0,0,'',115.00,''),
(77,0,'بوليÙار','',16,190.00,210.00,210.00,210.00,'2026-05-03',0,1,0,'01336',0,0,0,88,0,0,190.00,190.00,190.00,190.00,190.00,0.00,10.53,0.00,0.00,'.',0,0,'','','','','','','',190.00,'',0,0,0,'0',0,'',0,0,0,'GS1','','',0,0,0,0.00,'',0.00,0,'',0,'',190.00,190.00,0,0,0,0,0,0,0,0,0,0,0,0,0,-1,0,'',190.00,''),
(78,0,'بوليÙار','',17,175.00,185.00,185.00,185.00,'2026-05-03',0,1,0,'01394',0,0,0,89,0,0,175.00,175.00,175.00,175.00,175.00,0.00,5.71,0.00,0.00,'.',0,0,'','','','','','','',175.00,'',0,0,0,'0',0,'',0,0,0,'GS1','','',0,0,0,0.00,'',0.00,0,'',0,'',175.00,175.00,0,0,0,0,0,0,0,0,0,0,0,0,0,-1,0,'',175.00,''),
(79,0,'سنجل ليكره','',17,95.00,100.00,100.00,100.00,'2026-05-03',0,1,0,'00079',0,0,0,90,0,0,95.00,95.00,95.00,95.00,95.00,0.00,5.26,0.00,0.00,'.',0,0,'','','','','','','',95.00,'',0,0,0,'0',0,'',0,0,0,'GS1','','',0,0,0,0.00,'',0.00,0,'',0,'',95.00,95.00,0,0,0,0,0,0,0,0,1,0,0,0,0,0,0,'',95.00,''),
(80,0,'استراس','',14,230.00,250.00,250.00,250.00,'2026-05-03',0,1,0,'00080',0,0,0,91,0,0,230.00,230.00,230.00,230.00,230.00,0.00,8.70,0.00,0.00,'.',0,0,'','','','','','','',230.00,'',0,0,0,'0',0,'',0,0,0,'GS1','','',0,0,0,0.00,'',0.00,0,'',0,'',230.00,0.00,0,0,0,0,0,0,0,0,0,0,0,0,0,-1,0,'',230.00,''),
(81,0,'ميكي','',18,170.00,185.00,185.00,185.00,'2026-05-03',0,1,0,'01379',0,0,0,92,0,0,170.00,170.00,170.00,170.00,170.00,0.00,8.82,0.00,0.00,'.',0,0,'','','','','','','',170.00,'',0,0,0,'0',0,'',0,0,0,'GS1','','',0,0,0,0.00,'',0.00,0,'',0,'',170.00,170.00,0,0,0,0,0,0,0,0,0,0,0,0,0,-1,0,'',170.00,''),
(82,0,'استراس','',18,180.00,195.00,195.00,195.00,'2026-05-03',0,1,0,'01376',0,0,0,93,0,0,180.00,180.00,180.00,180.00,180.00,0.00,8.33,0.00,0.00,'.',0,0,'','','','','','','',180.00,'',0,0,0,'0',0,'',0,0,0,'GS1','','',0,0,0,0.00,'',0.00,0,'',0,'',180.00,180.00,0,0,0,0,0,0,0,0,1,0,0,0,0,0,0,'',180.00,''),
(83,0,'Ùوم','',18,140.00,155.00,155.00,155.00,'2026-05-03',0,1,0,'01383',0,0,0,94,0,0,140.00,140.00,140.00,140.00,140.00,0.00,10.71,0.00,0.00,'.',0,0,'','','','','','','',140.00,'',0,0,0,'0',0,'',0,0,0,'GS1','','',0,0,0,0.00,'',0.00,0,'',0,'',140.00,140.00,0,0,0,0,0,0,0,0,1,0,0,0,0,0,0,'',140.00,''),
(84,0,'اي اس','',18,130.00,145.00,145.00,145.00,'2026-05-03',0,1,0,'01384',0,0,0,95,0,0,130.00,130.00,130.00,130.00,130.00,0.00,11.54,0.00,0.00,'.',0,0,'','','','','','','',130.00,'',0,0,0,'0',0,'',0,0,0,'GS1','','',0,0,0,0.00,'',0.00,0,'',0,'',130.00,130.00,0,0,0,0,0,0,0,0,1,0,0,0,0,0,0,'',130.00,''),
(85,0,'تي جي','',18,110.00,125.00,125.00,125.00,'2026-05-03',0,1,0,'01381',0,0,0,96,0,0,110.00,110.00,110.00,110.00,110.00,0.00,13.64,0.00,0.00,'.',0,0,'','','','','','','',110.00,'',0,0,0,'0',0,'',0,0,0,'GS1','','',0,0,0,0.00,'',0.00,0,'',0,'',110.00,0.00,0,0,0,0,0,0,0,0,1,0,0,0,0,0,0,'',110.00,''),
(86,0,'حروÙ','',18,125.00,140.00,140.00,140.00,'2026-05-03',0,1,0,'01180',0,0,0,97,0,0,125.00,125.00,125.00,125.00,125.00,0.00,12.00,0.00,0.00,'.',0,0,'','','','','','','',125.00,'',0,0,0,'0',0,'',0,0,0,'GS1','','',0,0,0,0.00,'',0.00,0,'',0,'',125.00,125.00,0,0,0,0,0,0,0,0,1,0,0,0,0,0,0,'',125.00,''),
(87,0,'نجمه','',18,130.00,140.00,140.00,140.00,'2026-05-03',0,1,0,'01385',0,0,0,98,0,0,130.00,130.00,133.08,133.08,125.00,0.00,12.00,0.00,0.00,'.',0,0,'','','','','','','',125.00,'',0,0,0,'0',0,'',0,0,0,'GS1','','',0,0,0,0.00,'',0.00,0,'',0,'',130.00,136.15,0,0,0,0,0,0,0,0,1,0,0,0,0,0,0,'',130.00,''),
(88,0,'دبدوب','',18,130.00,140.00,140.00,140.00,'2026-05-03',0,1,0,'01386',0,0,0,99,0,0,130.00,130.00,133.33,133.33,125.00,0.00,12.00,0.00,0.00,'.',0,0,'','','','','','','',125.00,'',0,0,0,'0',0,'',0,0,0,'GS1','','',0,0,0,0.00,'',0.00,0,'',0,'',130.00,136.67,0,0,0,0,0,0,0,0,1,0,0,0,0,0,0,'',130.00,''),
(89,0,'بوجي','',18,135.00,150.00,150.00,150.00,'2026-05-03',0,1,0,'01382',0,0,0,100,0,0,135.00,135.00,135.00,135.00,135.00,0.00,11.11,0.00,0.00,'.',0,0,'','','','','','','',135.00,'',0,0,0,'0',0,'',0,0,0,'GS1','','',0,0,0,0.00,'',0.00,0,'',0,'',135.00,135.00,0,0,0,0,0,0,0,0,1,0,0,0,0,0,0,'',135.00,''),
(90,0,'كتان خاص','',18,315.00,335.00,335.00,335.00,'2026-05-03',0,1,0,'01374',0,0,0,101,0,0,315.00,315.00,315.00,315.00,315.00,0.00,6.35,0.00,0.00,'.',0,0,'','','','','','','',315.00,'',0,0,0,'0',0,'',0,0,0,'GS1','','',0,0,0,0.00,'',0.00,0,'',0,'',315.00,315.00,0,0,0,0,0,0,0,0,1,0,0,0,0,0,0,'',315.00,''),
(91,0,'كتان عادي','',18,260.00,280.00,280.00,280.00,'2026-05-03',0,1,0,'01375',0,0,0,102,0,0,260.00,260.00,260.00,260.00,260.00,0.00,7.69,0.00,0.00,'.',0,0,'','','','','','','',260.00,'',0,0,0,'0',0,'',0,0,0,'GS1','','',0,0,0,0.00,'',0.00,0,'',0,'',260.00,260.00,0,0,0,0,0,0,0,0,1,0,0,0,0,0,0,'',260.00,''),
(92,0,'بوليÙار عادي','',19,190.00,200.00,200.00,200.00,'2026-05-03',0,1,0,'01169',0,0,0,103,0,0,190.00,190.00,190.00,190.00,190.00,0.00,5.26,0.00,0.00,'.',0,0,'','','','','','','',190.00,'',0,0,0,'0',0,'',0,0,0,'GS1','','',0,0,0,0.00,'',0.00,0,'',0,'',190.00,190.00,0,0,0,0,0,0,0,0,0,0,0,0,0,-1,0,'',190.00,''),
(93,0,'محجر','',19,200.00,215.00,215.00,215.00,'2026-05-03',0,1,0,'01262',0,0,0,104,0,0,200.00,200.00,200.00,200.00,200.00,0.00,7.50,0.00,0.00,'.',0,0,'','','','','','','',200.00,'',0,0,0,'0',0,'',0,0,0,'GS1','','',0,0,0,0.00,'',0.00,0,'',0,'',200.00,200.00,0,0,0,0,0,0,0,0,1,0,0,0,0,0,0,'',200.00,''),
(94,0,'سنجل ليكره','',20,100.00,115.00,115.00,115.00,'2026-05-03',0,1,0,'00985',0,0,0,105,0,0,100.00,100.00,100.00,100.00,100.00,0.00,15.00,0.00,0.00,'.',0,0,'','','','','','','',100.00,'',0,0,0,'0',0,'',0,0,0,'GS1','','',0,0,0,0.00,'',0.00,0,'',0,'',100.00,100.00,0,0,0,0,0,0,0,0,0,0,0,0,0,-1,0,'',100.00,''),
(95,0,'سنجل ليكره','',21,100.00,110.00,110.00,110.00,'2026-05-03',0,1,0,'01152',0,0,0,106,0,0,100.00,100.00,100.00,100.00,100.00,0.00,10.00,0.00,0.00,'.',0,0,'','','','','','','',100.00,'',0,0,0,'0',0,'',0,0,0,'GS1','','',0,0,0,0.00,'',0.00,0,'',0,'',100.00,100.00,0,0,0,0,0,0,0,0,0,0,0,0,0,-1,0,'',100.00,''),
(96,0,'بوليÙار','',21,175.00,190.00,190.00,190.00,'2026-05-03',0,1,0,'01204',0,0,0,107,0,0,175.00,175.00,175.00,175.00,175.00,0.00,8.57,0.00,0.00,'.',0,0,'','','','','','','',175.00,'',0,0,0,'0',0,'',0,0,0,'GS1','','',0,0,0,0.00,'',0.00,0,'',0,'',175.00,175.00,0,0,0,0,0,0,0,0,1,0,0,0,0,0,0,'',175.00,''),
(97,0,'سنجل ليكره','',22,100.00,110.00,110.00,110.00,'2026-05-03',0,1,0,'01352',0,0,0,108,0,0,100.00,100.00,100.00,100.00,100.00,0.00,10.00,0.00,0.00,'.',0,0,'','','','','','','',100.00,'',0,0,0,'0',0,'',0,0,0,'GS1','','',0,0,0,0.00,'',0.00,0,'',0,'',100.00,100.00,0,0,0,0,0,0,0,0,0,0,0,0,0,-1,0,'',100.00,''),
(98,0,'جميكا','',22,95.00,105.00,105.00,105.00,'2026-05-03',0,1,0,'00098',0,0,0,109,0,0,95.00,95.00,95.00,95.00,95.00,0.00,10.53,0.00,0.00,'.',0,0,'','','','','','','',95.00,'',0,0,0,'0',0,'',0,0,0,'GS1','','',0,0,0,0.00,'',0.00,0,'',0,'',95.00,95.00,0,0,0,0,0,0,0,0,1,0,0,0,0,0,0,'',95.00,''),
(99,0,'سنجل ليكره','',23,100.00,110.00,110.00,110.00,'2026-05-03',0,1,0,'01115',0,0,0,110,0,0,100.00,100.00,100.00,100.00,100.00,0.00,10.00,0.00,0.00,'.',0,0,'','','','','','','',100.00,'',0,0,0,'0',0,'',0,0,0,'GS1','','',0,0,0,0.00,'',0.00,0,'',0,'',100.00,100.00,0,0,0,0,0,0,0,0,0,0,0,0,0,-1,0,'',100.00,''),
(100,0,'خاص','',23,115.00,125.00,125.00,125.00,'2026-05-03',0,1,0,'00100',0,0,0,111,0,0,115.00,114.00,115.00,114.67,115.00,0.00,8.70,0.00,0.00,'.',0,0,'','','','','','','',114.00,'',0,0,0,'0',0,'',0,0,0,'GS1','','',0,0,0,0.00,'',0.00,0,'',0,'',115.00,115.00,0,0,0,0,0,0,0,0,1,0,0,0,0,0,0,'',114.00,''),
(101,0,'محير','',23,90.00,100.00,100.00,100.00,'2026-05-03',0,1,0,'00101',0,0,0,112,0,0,90.00,90.00,90.00,90.00,90.00,0.00,11.11,0.00,0.00,'.',0,0,'','','','','','','',90.00,'',0,0,0,'0',0,'',0,0,0,'GS1','','',0,0,0,0.00,'',0.00,0,'',0,'',90.00,90.00,0,0,0,0,0,0,0,0,1,0,0,0,0,0,0,'',90.00,''),
(102,0,'بوليÙار','',23,175.00,190.00,190.00,190.00,'2026-05-03',0,1,0,'01371',0,0,0,113,0,0,175.00,175.00,175.00,175.00,175.00,0.00,8.57,0.00,0.00,'.',0,0,'','','','','','','',175.00,'',0,0,0,'0',0,'',0,0,0,'GS1','','',0,0,0,0.00,'',0.00,0,'',0,'',175.00,175.00,0,0,0,0,0,0,0,0,1,0,0,0,0,0,0,'',175.00,''),
(103,0,'سنجل ليكره','',24,150.00,150.00,150.00,150.00,'2026-05-03',0,1,0,'01230',0,0,0,114,0,0,150.00,150.00,150.00,150.00,150.00,0.00,0.00,0.00,0.00,'.',0,0,'','','','','','','',150.00,'',0,0,0,'0',0,'',0,0,0,'GS1','','',0,0,0,0.00,'',0.00,0,'',0,'',150.00,150.00,0,0,0,0,0,0,0,0,0,0,0,0,0,-1,0,'',150.00,''),
(104,0,'بوليÙار اوÙر سيز','',24,220.00,220.00,220.00,220.00,'2026-05-03',0,1,0,'01229',0,0,0,115,0,0,220.00,220.00,220.00,220.00,220.00,0.00,0.00,0.00,0.00,'.',0,0,'','','','','','','',220.00,'',0,0,0,'0',0,'',0,0,0,'GS1','','',0,0,0,0.00,'',0.00,0,'',0,'',220.00,220.00,0,0,0,0,0,0,0,0,1,0,0,0,0,0,0,'',220.00,''),
(105,0,'انتر لوك','',24,230.00,230.00,230.00,230.00,'2026-05-03',0,1,0,'01228',0,0,0,116,0,0,230.00,230.00,230.00,230.00,230.00,0.00,0.00,0.00,0.00,'.',0,0,'','','','','','','',230.00,'',0,0,0,'0',0,'',0,0,0,'GS1','','',0,0,0,0.00,'',0.00,0,'',0,'',230.00,230.00,0,0,0,0,0,0,0,0,1,0,0,0,0,0,0,'',230.00,''),
(106,0,'استراس ال Ùي','',25,370.00,390.00,390.00,390.00,'2026-05-03',0,1,0,'00106',0,0,0,117,0,0,370.00,370.00,370.00,370.00,370.00,0.00,5.41,0.00,0.00,'.',0,0,'','','','','','','',370.00,'',0,0,0,'0',0,'',0,0,0,'GS1','','',0,0,0,0.00,'',0.00,0,'',0,'',370.00,370.00,0,0,0,0,0,0,0,0,0,0,0,0,0,-1,0,'',370.00,''),
(107,0,'تشرت','',25,210.00,230.00,230.00,230.00,'2026-05-03',0,1,0,'00134',0,0,0,118,0,0,210.00,210.00,210.00,210.00,210.00,0.00,9.52,0.00,0.00,'.',0,0,'','','','','','','',210.00,'',0,0,0,'0',0,'',0,0,0,'GS1','','',0,0,0,0.00,'',0.00,0,'',0,'',210.00,210.00,0,0,0,0,0,0,0,0,1,0,0,0,0,0,0,'',210.00,''),
(108,0,'استراس ','',25,340.00,360.00,360.00,360.00,'2026-05-03',0,1,0,'01343',0,0,0,119,0,0,340.00,340.00,340.00,340.00,340.00,0.00,5.88,0.00,0.00,'.',0,0,'','','','','','','',340.00,'',0,0,0,'0',0,'',0,0,0,'GS1','','',0,0,0,0.00,'',0.00,0,'',0,'',340.00,340.00,0,0,0,0,0,0,0,0,1,0,0,0,0,0,0,'',340.00,''),
(109,0,'تشررت','',25,300.00,320.00,320.00,320.00,'2026-05-03',0,1,0,'01342',0,0,0,120,0,0,300.00,300.00,300.00,300.00,300.00,0.00,6.67,0.00,0.00,'.',0,0,'','','','','','','',300.00,'',0,0,0,'0',0,'',0,0,0,'GS1','','',0,0,0,0.00,'',0.00,0,'',0,'',300.00,300.00,0,0,0,0,0,0,0,0,1,0,0,0,0,0,0,'',300.00,''),
(110,0,'دبل Ùيس','',25,400.00,420.00,420.00,420.00,'2026-05-03',0,1,0,'01421',0,0,0,121,0,0,400.00,400.00,400.00,400.00,400.00,0.00,5.00,0.00,0.00,'.',0,0,'','','','','','','',400.00,'',0,0,0,'0',0,'',0,0,0,'GS1','','',0,0,0,0.00,'',0.00,0,'',0,'',400.00,400.00,0,0,0,0,0,0,0,0,1,0,0,0,0,0,0,'',400.00,''),
(111,0,'شريط','',25,320.00,340.00,340.00,340.00,'2026-05-03',0,1,0,'00111',0,0,0,122,0,0,320.00,320.00,320.00,320.00,320.00,0.00,6.25,0.00,0.00,'.',0,0,'','','','','','','',320.00,'',0,0,0,'0',0,'',0,0,0,'GS1','','',0,0,0,0.00,'',0.00,0,'',0,'',320.00,320.00,0,0,0,0,0,0,0,0,1,0,0,0,0,0,0,'',320.00,''),
(112,0,'دبل سوسته','',25,400.00,420.00,420.00,420.00,'2026-05-03',0,1,0,'00112',0,0,0,123,0,0,400.00,400.00,400.00,400.00,400.00,0.00,5.00,0.00,0.00,'.',0,0,'','','','','','','',400.00,'',0,0,0,'0',0,'',0,0,0,'GS1','','',0,0,0,0.00,'',0.00,0,'',0,'',400.00,400.00,0,0,0,0,0,0,0,0,1,0,0,0,0,0,0,'',400.00,''),
(113,0,'تشرارت','',25,290.00,310.00,310.00,310.00,'2026-05-03',0,1,0,'01266',0,0,0,124,0,0,290.00,290.00,290.00,290.00,290.00,0.00,6.90,0.00,0.00,'.',0,0,'','','','','','','',290.00,'',0,0,0,'0',0,'',0,0,0,'GS1','','',0,0,0,0.00,'',0.00,0,'',0,'',290.00,290.00,0,0,0,0,0,0,0,0,1,0,0,0,0,0,0,'',290.00,''),
(114,0,'تششرت ','',25,270.00,290.00,290.00,290.00,'2026-05-03',0,1,0,'01345',0,0,0,125,0,0,270.00,270.00,270.00,270.00,270.00,0.00,7.41,0.00,0.00,'.',0,0,'','','','','','','',270.00,'',0,0,0,'0',0,'',0,0,0,'GS1','','',0,0,0,0.00,'',0.00,0,'',0,'',270.00,270.00,0,0,0,0,0,0,0,0,1,0,0,0,0,0,0,'',270.00,''),
(115,0,'بوليÙار','',26,220.00,220.00,220.00,220.00,'2026-05-03',0,1,0,'01046',0,0,0,126,0,0,220.00,220.00,220.00,220.00,220.00,0.00,0.00,0.00,0.00,'.',0,0,'','','','','','','',220.00,'',0,0,0,'0',0,'',0,0,0,'GS1','','',0,0,0,0.00,'',0.00,0,'',0,'',220.00,220.00,0,0,0,0,0,0,0,0,0,0,0,0,0,-1,0,'',220.00,''),
(116,0,'سنجل ليكره','',26,140.00,140.00,140.00,140.00,'2026-05-03',0,1,0,'01074',0,0,0,127,0,0,140.00,140.00,140.00,140.00,140.00,0.00,0.00,0.00,0.00,'.',0,0,'','','','','','','',140.00,'',0,0,0,'0',0,'',0,0,0,'GS1','','',0,0,0,0.00,'',0.00,0,'',0,'',140.00,140.00,0,0,0,0,0,0,0,0,1,0,0,0,0,0,0,'',140.00,''),
(117,0,'بوليÙار','',27,165.00,180.00,180.00,180.00,'2026-05-03',0,1,0,'01351',0,0,0,128,0,0,165.00,165.00,165.00,165.00,165.00,0.00,9.09,0.00,0.00,'.',0,0,'','','','','','','',165.00,'',0,0,0,'0',0,'',0,0,0,'GS1','','',0,0,0,0.00,'',0.00,0,'',0,'',165.00,165.00,0,0,0,0,0,0,0,0,0,0,0,0,0,-1,0,'',165.00,''),
(118,0,'محجر','',27,150.00,165.00,165.00,165.00,'2026-05-03',0,1,0,'01456',0,0,0,129,0,0,150.00,150.00,150.00,150.00,150.00,0.00,10.00,0.00,0.00,'.',0,0,'','','','','','','',150.00,'',0,0,0,'0',0,'',0,0,0,'GS1','','',0,0,0,0.00,'',0.00,0,'',0,'',150.00,150.00,0,0,0,0,0,0,0,0,1,0,0,0,0,0,0,'',150.00,''),
(119,0,'محجر طباعه','',27,160.00,175.00,175.00,175.00,'2026-05-03',0,1,0,'01457',0,0,0,130,0,0,160.00,160.00,160.00,160.00,160.00,0.00,9.38,0.00,0.00,'.',0,0,'','','','','','','',160.00,'',0,0,0,'0',0,'',0,0,0,'GS1','','',0,0,0,0.00,'',0.00,0,'',0,'',160.00,160.00,0,0,0,0,0,0,0,0,1,0,0,0,0,0,0,'',160.00,''),
(120,0,'سنجل اوÙر سيز','',27,160.00,175.00,175.00,175.00,'2026-05-03',0,1,0,'01350',0,0,0,131,0,0,160.00,160.00,160.00,160.00,160.00,0.00,9.38,0.00,0.00,'.',0,0,'','','','','','','',160.00,'',0,0,0,'0',0,'',0,0,0,'GS1','','',0,0,0,0.00,'',0.00,0,'',0,'',160.00,160.00,0,0,0,0,0,0,0,0,1,0,0,0,0,0,0,'',160.00,''),
(121,0,'سنجل ليكره','',28,100.00,110.00,110.00,110.00,'2026-05-03',0,1,0,'01314',0,0,0,132,0,0,100.00,100.00,100.00,100.00,100.00,0.00,10.00,0.00,0.00,'.',0,0,'','','','','','','',100.00,'',0,0,0,'0',0,'',0,0,0,'GS1','','',0,0,0,0.00,'',0.00,0,'',0,'',100.00,100.00,0,0,0,0,0,0,0,0,0,0,0,0,0,-1,0,'',100.00,''),
(122,0,'رجلام','',28,95.00,105.00,105.00,105.00,'2026-05-03',0,1,0,'00122',0,0,0,133,0,0,95.00,95.00,95.00,95.00,95.00,0.00,10.53,0.00,0.00,'.',0,0,'','','','','','','',95.00,'',0,0,0,'0',0,'',0,0,0,'GS1','','',0,0,0,0.00,'',0.00,0,'',0,'',95.00,95.00,0,0,0,0,0,0,0,0,1,0,0,0,0,0,0,'',95.00,''),
(123,0,'كردوني','',28,75.00,80.00,80.00,80.00,'2026-05-03',0,1,0,'00123',0,0,0,134,0,0,75.00,75.00,75.00,75.00,75.00,0.00,6.67,0.00,0.00,'.',0,0,'','','','','','','',75.00,'',0,0,0,'0',0,'',0,0,0,'GS1','','',0,0,0,0.00,'',0.00,0,'',0,'',75.00,75.00,0,0,0,0,0,0,0,0,1,0,0,0,0,0,0,'',75.00,''),
(124,0,'نص سوسته مجك','',1,135.00,150.00,150.00,150.00,'2026-05-03',0,1,0,'01470',0,0,0,135,0,0,135.00,135.00,135.00,135.00,135.00,0.00,11.11,0.00,0.00,'.',0,0,'','','','','','','',135.00,'',0,0,0,'0',0,'',0,0,0,'GS1','','',0,0,0,0.00,'',0.00,0,'',0,'',135.00,135.00,0,0,0,0,0,0,0,0,0,0,0,0,0,-1,0,'',135.00,''),
(125,0,'بوليÙار عادي','',29,195.00,210.00,210.00,210.00,'2026-05-03',0,1,0,'00125',0,0,0,136,0,0,195.00,195.00,195.00,195.00,195.00,0.00,7.69,0.00,0.00,'.',0,0,'','','','','','','',195.00,'',0,0,0,'0',0,'',0,0,0,'GS1','','',0,0,0,0.00,'',0.00,0,'',0,'',195.00,195.00,0,0,0,0,0,0,0,0,0,0,0,0,0,-1,0,'',195.00,''),
(126,0,'محجر','',29,200.00,220.00,220.00,220.00,'2026-05-03',0,1,0,'00126',0,0,0,137,0,0,200.00,200.00,200.00,200.00,200.00,0.00,10.00,0.00,0.00,'.',0,0,'','','','','','','',200.00,'',0,0,0,'0',0,'',0,0,0,'GS1','','',0,0,0,0.00,'',0.00,0,'',0,'',200.00,200.00,0,0,0,0,0,0,0,0,1,0,0,0,0,0,0,'',200.00,''),
(127,0,'الياقه تريكو','',29,280.00,300.00,300.00,300.00,'2026-05-03',0,1,0,'00127',0,0,0,138,0,0,280.00,280.00,280.00,280.00,280.00,0.00,7.14,0.00,0.00,'.',0,0,'','','','','','','',280.00,'',0,0,0,'0',0,'',0,0,0,'GS1','','',0,0,0,0.00,'',0.00,0,'',0,'',280.00,280.00,0,0,0,0,0,0,0,0,1,0,0,0,0,0,0,'',280.00,''),
(128,0,'بوليÙار ','',29,215.00,230.00,230.00,230.00,'2026-05-03',0,1,0,'00128',0,0,0,139,0,0,215.00,215.00,215.00,215.00,215.00,0.00,6.98,0.00,0.00,'.',0,0,'','','','','','','',215.00,'',0,0,0,'0',0,'',0,0,0,'GS1','','',0,0,0,0.00,'',0.00,0,'',0,'',215.00,215.00,0,0,0,0,0,0,0,0,1,0,0,0,0,0,0,'',215.00,''),
(129,0,'محجر تقطيع','',29,250.00,270.00,270.00,270.00,'2026-05-03',0,1,0,'00129',0,0,0,140,0,0,250.00,250.00,250.00,250.00,250.00,0.00,8.00,0.00,0.00,'.',0,0,'','','','','','','',250.00,'',0,0,0,'0',0,'',0,0,0,'GS1','','',0,0,0,0.00,'',0.00,0,'',0,'',250.00,250.00,0,0,0,0,0,0,0,0,1,0,0,0,0,0,0,'',250.00,''),
(130,0,'مقلم','',29,240.00,260.00,260.00,260.00,'2026-05-03',0,1,0,'00130',0,0,0,141,0,0,240.00,240.00,240.00,240.00,240.00,0.00,8.33,0.00,0.00,'.',0,0,'','','','','','','',240.00,'',0,0,0,'0',0,'',0,0,0,'GS1','','',0,0,0,0.00,'',0.00,0,'',0,'',240.00,240.00,0,0,0,0,0,0,0,0,1,0,0,0,0,0,0,'',240.00,''),
(131,0,'تقطيع مستورد','',30,200.00,220.00,220.00,220.00,'2026-05-03',0,1,0,'01151',0,0,0,142,0,0,200.00,200.00,200.00,200.00,200.00,0.00,10.00,0.00,0.00,'.',0,0,'','','','','','','',200.00,'',0,0,0,'0',0,'',0,0,0,'GS1','','',0,0,0,0.00,'',0.00,0,'',0,'',200.00,200.00,0,0,0,0,0,0,0,0,0,0,0,0,0,-1,0,'',200.00,''),
(132,0,'بوليÙار','',30,170.00,180.00,180.00,180.00,'2026-05-03',0,1,0,'00132',0,0,0,143,0,0,170.00,170.00,170.00,170.00,170.00,0.00,5.88,0.00,0.00,'.',0,0,'','','','','','','',170.00,'',0,0,0,'0',0,'',0,0,0,'GS1','','',0,0,0,0.00,'',0.00,0,'',0,'',170.00,170.00,0,0,0,0,0,0,0,0,1,0,0,0,0,0,0,'',170.00,''),
(133,0,'بولو عادي','',30,100.00,110.00,110.00,110.00,'2026-05-03',0,1,0,'00133',0,0,0,144,0,0,100.00,100.00,100.00,100.00,100.00,0.00,10.00,0.00,0.00,'.',0,0,'','','','','','','',100.00,'',0,0,0,'0',0,'',0,0,0,'GS1','','',0,0,0,0.00,'',0.00,0,'',0,'',100.00,100.00,0,0,0,0,0,0,0,0,1,0,0,0,0,0,0,'',100.00,''),
(134,0,'سنجل اوÙر سيز','',30,115.00,125.00,125.00,125.00,'2026-05-03',0,1,0,'01149',0,0,0,145,0,0,115.00,115.00,115.00,115.00,115.00,0.00,8.70,0.00,0.00,'.',0,0,'','','','','','','',115.00,'',0,0,0,'0',0,'',0,0,0,'GS1','','',0,0,0,0.00,'',0.00,0,'',0,'',115.00,115.00,0,0,0,0,0,0,0,0,1,0,0,0,0,0,0,'',115.00,''),
(135,0,'محجر ','',31,260.00,280.00,280.00,280.00,'2026-05-03',0,1,0,'01425',0,0,0,146,0,0,260.00,260.00,260.00,260.00,260.00,0.00,7.69,0.00,0.00,'.',0,0,'','','','','','','',260.00,'',0,0,0,'0',0,'',0,0,0,'GS1','','',0,0,0,0.00,'',0.00,0,'',0,'',260.00,260.00,0,0,0,0,0,0,0,0,0,0,0,0,0,-1,0,'',260.00,''),
(136,0,'جمايكا','',31,110.00,120.00,120.00,120.00,'2026-05-03',0,1,0,'01424',0,0,0,147,0,0,110.00,110.00,110.00,110.00,110.00,0.00,9.09,0.00,0.00,'.',0,0,'','','','','','','',110.00,'',0,0,0,'0',0,'',0,0,0,'GS1','','',0,0,0,0.00,'',0.00,0,'',0,'',110.00,110.00,0,0,0,0,0,0,0,0,1,0,0,0,0,0,0,'',110.00,''),
(137,0,'دبل سوسته','',32,320.00,350.00,350.00,350.00,'2026-05-03',0,1,0,'00137',0,0,0,148,0,0,320.00,320.00,320.00,320.00,320.00,0.00,9.38,0.00,0.00,'.',0,0,'','','','','','','',320.00,'',0,0,0,'0',0,'',0,0,0,'GS1','','',0,0,0,0.00,'',0.00,0,'',0,'',320.00,320.00,0,0,0,0,0,0,0,0,0,0,0,0,0,-1,0,'',320.00,''),
(138,0,'الياقه','',32,220.00,240.00,240.00,240.00,'2026-05-03',0,1,0,'00138',0,0,0,149,0,0,220.00,220.00,220.00,220.00,220.00,0.00,9.09,0.00,0.00,'.',0,0,'','','','','','','',220.00,'',0,0,0,'0',0,'',0,0,0,'GS1','','',0,0,0,0.00,'',0.00,0,'',0,'',220.00,220.00,0,0,0,0,0,0,0,0,1,0,0,0,0,0,0,'',220.00,''),
(139,0,'بوليÙار','',32,195.00,210.00,210.00,210.00,'2026-05-03',0,1,0,'00139',0,0,0,150,0,0,195.00,195.00,195.00,195.00,195.00,0.00,7.69,0.00,0.00,'.',0,0,'','','','','','','',195.00,'',0,0,0,'0',0,'',0,0,0,'GS1','','',0,0,0,0.00,'',0.00,0,'',0,'',195.00,195.00,0,0,0,0,0,0,0,0,1,0,0,0,0,0,0,'',195.00,''),
(140,0,'دبل Ùيس','',32,5.25,230.00,230.00,230.00,'2026-05-03',0,1,0,'00140',0,0,0,151,0,0,5.25,5.25,68.52,68.52,210.00,0.00,9.52,0.00,0.00,'.',0,0,'','','','','','','',5.25,'',0,0,0,'0',0,'',0,0,0,'GS1','','',0,0,0,0.00,'',0.00,0,'',0,'',5.25,68.52,0,0,0,0,0,0,0,0,1,0,0,0,0,0,0,'',5.25,''),
(141,0,'قناصه','',32,230.00,245.00,245.00,245.00,'2026-05-03',0,1,0,'00141',0,0,0,152,0,0,230.00,230.00,230.00,230.00,230.00,0.00,6.52,0.00,0.00,'.',0,0,'','','','','','','',230.00,'',0,0,0,'0',0,'',0,0,0,'GS1','','',0,0,0,0.00,'',0.00,0,'',0,'',230.00,230.00,0,0,0,0,0,0,0,0,1,0,0,0,0,0,0,'',230.00,''),
(142,0,'نجمه مطبوع','',33,260.00,280.00,280.00,280.00,'2026-05-03',0,1,0,'01480 ',0,0,0,154,0,0,260.00,260.00,260.00,260.00,260.00,0.00,7.69,0.00,0.00,'.',0,0,'','','','','','','',260.00,'',0,0,0,'0',0,'',0,0,0,'GS1','','',0,0,0,0.00,'',0.00,0,'',0,'',260.00,260.00,0,0,0,0,0,0,0,0,0,0,0,0,0,-1,0,'',260.00,''),
(143,0,'تطريز جبردين','',33,310.00,330.00,330.00,330.00,'2026-05-03',0,1,0,'01481',0,0,0,155,0,0,310.00,310.00,310.00,310.00,310.00,0.00,6.45,0.00,0.00,'.',0,0,'','','','','','','',310.00,'',0,0,0,'0',0,'',0,0,0,'GS1','','',0,0,0,0.00,'',0.00,0,'',0,'',310.00,310.00,0,0,0,0,0,0,0,0,1,0,0,0,0,0,0,'',310.00,''),
(144,0,'جبردين تطريز سمرت','',33,320.00,340.00,340.00,340.00,'2026-05-03',0,1,0,'01482',0,0,0,156,0,0,320.00,320.00,320.00,320.00,320.00,0.00,6.25,0.00,0.00,'.',0,0,'','','','','','','',320.00,'',0,0,0,'0',0,'',0,0,0,'GS1','','',0,0,0,0.00,'',0.00,0,'',0,'',320.00,320.00,0,0,0,0,0,0,0,0,1,0,0,0,0,0,0,'',320.00,''),
(145,0,'تطريز Ùرو','',33,300.00,320.00,320.00,320.00,'2026-05-03',0,1,0,'01478',0,0,0,157,0,0,300.00,300.00,300.00,300.00,300.00,0.00,6.67,0.00,0.00,'.',0,0,'','','','','','','',300.00,'',0,0,0,'0',0,'',0,0,0,'GS1','','',0,0,0,0.00,'',0.00,0,'',0,'',300.00,300.00,0,0,0,0,0,0,0,0,1,0,0,0,0,0,0,'',300.00,''),
(146,0,'قصات بلنسياجه','',33,300.00,320.00,320.00,320.00,'2026-05-03',0,1,0,'01483',0,0,0,158,0,0,300.00,300.00,300.00,300.00,300.00,0.00,6.67,0.00,0.00,'.',0,0,'','','','','','','',300.00,'',0,0,0,'0',0,'',0,0,0,'GS1','','',0,0,0,0.00,'',0.00,0,'',0,'',300.00,300.00,0,0,0,0,0,0,0,0,1,0,0,0,0,0,0,'',300.00,''),
(147,0,'الياقه','',34,240.00,260.00,260.00,260.00,'2026-05-03',0,1,0,'01473',0,0,0,159,0,0,240.00,240.00,240.00,240.00,240.00,0.00,8.33,0.00,0.00,'.',0,0,'','','','','','','',240.00,'',0,0,0,'0',0,'',0,0,0,'GS1','','',0,0,0,0.00,'',0.00,0,'',0,'',240.00,240.00,0,0,0,0,0,0,0,0,0,0,0,0,0,-1,0,'',240.00,''),
(148,0,'بوليÙار','',34,200.00,220.00,220.00,220.00,'2026-05-03',0,1,0,'00148',0,0,0,160,0,0,200.00,200.00,200.00,200.00,200.00,0.00,10.00,0.00,0.00,'.',0,0,'','','','','','','',200.00,'',0,0,0,'0',0,'',0,0,0,'GS1','','',0,0,0,0.00,'',0.00,0,'',0,'',200.00,200.00,0,0,0,0,0,0,0,0,1,0,0,0,0,0,0,'',200.00,''),
(149,0,'كÙ ','',34,250.00,270.00,270.00,270.00,'2026-05-03',0,1,0,'01448',0,0,0,161,0,0,250.00,250.00,250.00,250.00,250.00,0.00,8.00,0.00,0.00,'.',0,0,'','','','','','','',250.00,'',0,0,0,'0',0,'',0,0,0,'GS1','','',0,0,0,0.00,'',0.00,0,'',0,'',250.00,250.00,0,0,0,0,0,0,0,0,1,0,0,0,0,0,0,'',250.00,''),
(150,0,'محجر ','',12,250.00,250.00,250.00,250.00,'2026-05-03',0,1,0,'00150',0,0,0,162,0,0,250.00,250.00,250.00,250.00,250.00,0.00,0.00,0.00,0.00,'.',0,0,'','','','','','','',250.00,'',0,0,0,'0',0,'',0,0,0,'GS1','','',0,0,0,0.00,'',0.00,0,'',0,'',250.00,250.00,0,0,0,0,0,0,0,0,0,0,0,0,0,-1,0,'',250.00,''),
(151,0,'تشرت ','',35,280.00,295.00,295.00,295.00,'2026-05-03',0,1,0,'00151',0,0,0,163,0,0,280.00,280.00,280.00,280.00,280.00,0.00,5.36,0.00,0.00,'.',0,0,'','','','','','','',280.00,'',0,0,0,'0',0,'',0,0,0,'GS1','','',0,0,0,0.00,'',0.00,0,'',0,'',280.00,280.00,0,0,0,0,0,0,0,0,0,0,0,0,0,-1,0,'',280.00,''),
(152,0,'تشرت صيني','',35,300.00,315.00,315.00,315.00,'2026-05-03',0,1,0,'00152',0,0,0,164,0,0,300.00,300.00,300.00,300.00,300.00,0.00,5.00,0.00,0.00,'.',0,0,'','','','','','','',300.00,'',0,0,0,'0',0,'',0,0,0,'GS1','','',0,0,0,0.00,'',0.00,0,'',0,'',300.00,300.00,0,0,0,0,0,0,0,0,1,0,0,0,0,0,0,'',300.00,''),
(153,0,' بوليÙار واستراس','',36,230.00,255.00,255.00,255.00,'2026-05-03',0,1,0,'00153',0,0,0,165,0,0,230.00,230.00,230.00,230.00,230.00,0.00,10.87,0.00,0.00,'.',0,0,'','','','','','','',230.00,'',0,0,0,'0',0,'',0,0,0,'GS1','','',0,0,0,0.00,'',0.00,0,'',0,'',230.00,230.00,0,0,0,0,0,0,0,0,0,0,0,0,0,-1,0,'',230.00,''),
(154,0,'رابر','',36,210.00,255.00,255.00,255.00,'2026-05-03',0,1,0,'00154',0,0,0,0,0,0,210.00,210.00,210.00,210.00,210.00,0.00,21.43,0.00,0.00,'.',0,0,'','','','','','','',210.00,'',0,0,0,'0',0,'',0,0,0,'GS1','','',0,0,0,0.00,'',0.00,0,'',0,'',210.00,210.00,0,0,0,0,0,0,0,0,0,0,0,0,0,-1,0,'',210.00,''),
(155,0,'ايÙنشش','',36,205.00,255.00,255.00,255.00,'2026-05-03',0,1,0,'00155',0,0,0,0,0,0,205.00,205.00,205.00,205.00,205.00,0.00,24.39,0.00,0.00,'.',0,0,'','','','','','','',205.00,'',0,0,0,'0',0,'',0,0,0,'GS1','','',0,0,0,0.00,'',0.00,0,'',0,'',205.00,205.00,0,0,0,0,0,0,0,0,1,0,0,0,0,0,0,'',205.00,''),
(156,0,'دبدوب','',36,250.00,270.00,270.00,270.00,'2026-05-03',0,1,0,'00156',0,0,0,0,0,0,250.00,250.00,250.00,250.00,250.00,0.00,8.00,0.00,0.00,'.',0,0,'','','','','','','',250.00,'',0,0,0,'0',0,'',0,0,0,'GS1','','',0,0,0,0.00,'',0.00,0,'',0,'',250.00,250.00,0,0,0,0,0,0,0,0,1,0,0,0,0,0,0,'',250.00,''),
(157,0,'بوليÙار','',37,220.00,220.00,220.00,220.00,'2026-05-03',0,1,0,'01171',0,0,0,167,0,0,220.00,198.00,220.00,205.00,220.00,0.00,0.00,0.00,0.00,'.',0,0,'','','','','','','',198.00,'',0,0,0,'0',0,'',0,0,0,'GS1','','',0,0,0,0.00,'',0.00,0,'',0,'',220.00,220.00,0,0,0,0,0,0,0,0,0,0,0,0,0,-1,0,'',198.00,''),
(158,0,'برسوله اوÙر سايز','',37,190.00,190.00,190.00,190.00,'2026-05-03',0,1,0,'01218',0,0,0,168,0,0,190.00,190.00,190.00,190.00,190.00,0.00,0.00,0.00,0.00,'.',0,0,'','','','','','','',190.00,'',0,0,0,'0',0,'',0,0,0,'GS1','','',0,0,0,0.00,'',0.00,0,'',0,'',190.00,190.00,0,0,0,0,0,0,0,0,1,0,0,0,0,0,0,'',190.00,''),
(159,0,'سنجل ليكره','',37,140.00,140.00,140.00,140.00,'2026-05-03',0,1,0,'01172',0,0,0,169,0,0,140.00,126.00,140.00,131.02,140.00,0.00,0.00,0.00,0.00,'.',0,0,'','','','','','','',126.00,'',0,0,0,'0',0,'',0,0,0,'GS1','','',0,0,0,0.00,'',0.00,0,'',0,'',140.00,140.00,0,0,0,0,0,0,0,0,1,0,0,0,0,0,0,'',126.00,''),
(160,0,'تقطيع','',37,195.00,195.00,195.00,195.00,'2026-05-03',0,1,0,'00993',0,0,0,170,0,0,195.00,195.00,195.00,195.00,195.00,0.00,0.00,0.00,0.00,'.',0,0,'','','','','','','',195.00,'',0,0,0,'0',0,'',0,0,0,'GS1','','',0,0,0,0.00,'',0.00,0,'',0,'',195.00,195.00,0,0,0,0,0,0,0,0,1,0,0,0,0,0,0,'',195.00,''),
(161,0,'محير انتر لوك','',38,150.00,160.00,160.00,160.00,'2026-05-03',0,1,0,'00161',0,0,0,171,0,0,150.00,150.00,150.00,150.00,150.00,0.00,6.67,0.00,0.00,'.',0,0,'','','','','','','',150.00,'',0,0,0,'0',0,'',0,0,0,'GS1','','',0,0,0,0.00,'',0.00,0,'',0,'',150.00,150.00,0,0,0,0,0,0,0,0,0,0,0,0,0,-1,0,'',150.00,''),
(162,0,'محجر تقطيع','',12,240.00,240.00,240.00,240.00,'2026-05-03',0,1,0,'00162',0,0,0,172,0,0,240.00,240.00,240.00,240.00,240.00,0.00,0.00,0.00,0.00,'.',0,0,'','','','','','','',240.00,'',0,0,0,'0',0,'',0,0,0,'GS1','','',0,0,0,0.00,'',0.00,0,'',0,'',240.00,240.00,0,0,0,0,0,0,0,0,0,0,0,0,0,-1,0,'',240.00,''),
(163,0,'ترنج','',39,350.00,350.00,350.00,350.00,'2026-05-03',0,1,0,'00163',0,0,0,173,0,0,350.00,350.00,350.00,350.00,350.00,0.00,0.00,0.00,0.00,'.',0,0,'','','','','','','',350.00,'',0,0,0,'0',0,'',0,0,0,'GS1','','',0,0,0,0.00,'',0.00,0,'',0,'',350.00,350.00,0,0,0,0,0,0,0,0,0,0,0,0,0,-1,0,'',350.00,''),
(164,0,'تطريز','',31,265.00,285.00,285.00,285.00,'2026-05-03',0,1,0,'01463',0,0,0,174,0,0,265.00,265.00,265.00,265.00,265.00,0.00,7.55,0.00,0.00,'.',0,0,'','','','','','','',265.00,'',0,0,0,'0',0,'',0,0,0,'GS1','','',0,0,0,0.00,'',0.00,0,'',0,'',265.00,265.00,0,0,0,0,0,0,0,0,0,0,0,0,0,-1,0,'',265.00,''),
(165,0,'بدي','',10,55.00,60.00,60.00,60.00,'2026-05-04',0,1,0,'00165',0,0,0,181,0,0,55.00,55.00,55.00,55.00,55.00,0.00,9.09,0.00,0.00,'.',0,0,'','','','','','','',55.00,'',0,0,0,'0',0,'',0,0,0,'GS1','','',0,0,0,0.00,'',0.00,0,'',0,'',55.00,55.00,0,0,0,0,0,0,0,0,0,0,0,0,0,-1,0,'',55.00,''),
(166,0,'رعد محير','',37,120.00,120.00,120.00,120.00,'2026-05-04',0,11,0,'00166',0,0,0,0,0,0,120.00,108.00,120.00,108.00,120.00,0.00,0.00,0.00,0.00,'.',0,0,'','','','','','','',108.00,'',0,0,0,'0',0,'',0,0,0,'GS1','','',0,0,0,0.00,'',0.00,0,'',0,'',120.00,120.00,0,0,0,0,0,0,0,0,0,0,0,0,0,-1,0,'',108.00,''),
(167,0,'نص سوسته','',40,210.00,230.00,230.00,230.00,'2026-05-04',0,11,0,'00167',0,0,0,0,0,0,210.00,210.00,210.00,210.00,210.00,0.00,9.52,0.00,0.00,'.',0,0,'','','','','','','',210.00,'',0,0,0,'0',0,'',0,0,0,'GS1','','',0,0,0,0.00,'',0.00,0,'',0,'',210.00,210.00,0,0,0,0,0,0,0,0,0,0,0,0,0,-1,0,'',210.00,''),
(168,0,'ال Ùي','',33,280.00,300.00,300.00,300.00,'2026-05-04',0,11,0,'00168',0,0,0,0,0,0,280.00,280.00,280.00,280.00,280.00,0.00,7.14,0.00,0.00,'.',0,0,'','','','','','','',280.00,'',0,0,0,'0',0,'',0,0,0,'GS1','','',0,0,0,0.00,'',0.00,0,'',0,'',280.00,280.00,0,0,0,0,0,0,0,0,0,0,0,0,0,-1,0,'',280.00,''),
(169,0,'تيشرت مقلم','',41,115.00,125.00,125.00,125.00,'2026-05-05',0,11,0,'00169',0,0,0,0,0,0,115.00,115.00,115.00,115.00,115.00,0.00,8.70,0.00,0.00,'.',0,0,'','','','','','','',115.00,'',0,0,0,'0',0,'',0,0,0,'GS1','','',0,0,0,0.00,'',0.00,0,'',0,'',115.00,115.00,0,0,0,0,0,0,0,0,0,0,0,0,0,-1,0,'',115.00,''),
(170,0,'تيشرت بلÙوار ','',42,205.00,220.00,220.00,220.00,'2026-05-05',0,1,0,'01139',0,0,0,0,0,0,205.00,205.00,205.00,205.00,205.00,0.00,7.32,0.00,0.00,'.',0,0,'','','','','','','',205.00,'',0,0,0,'0',0,'',0,0,0,'GS1','','',0,0,0,0.00,'',0.00,0,'',0,'',205.00,205.00,0,0,0,0,0,0,0,0,0,0,0,0,0,-1,0,'',205.00,''),
(171,0,'تشيرت','',42,260.00,275.00,275.00,275.00,'2026-05-05',0,1,0,'01215',0,0,0,0,0,0,260.00,260.00,260.00,260.00,260.00,0.00,5.77,0.00,0.00,'.',0,0,'','','','','','','',260.00,'',0,0,0,'0',0,'',0,0,0,'GS1','','',0,0,0,0.00,'',0.00,0,'',0,'',260.00,260.00,0,0,0,0,0,0,0,0,1,0,0,0,0,0,0,'',260.00,''),
(172,0,'تشرت','',42,240.00,250.00,250.00,250.00,'2026-05-05',0,1,0,'01051',0,0,0,0,0,0,240.00,240.00,240.00,240.00,240.00,0.00,4.17,0.00,0.00,'.',0,0,'','','','','','','',240.00,'',0,0,0,'0',0,'',0,0,0,'GS1','','',0,0,0,0.00,'',0.00,0,'',0,'',240.00,240.00,0,0,0,0,0,0,0,0,1,0,0,0,0,0,0,'',240.00,''),
(173,0,'بوليÙار','',43,165.00,180.00,180.00,180.00,'2026-05-05',0,11,0,'00173',0,0,0,0,0,0,165.00,165.00,165.00,165.00,165.00,0.00,9.09,0.00,0.00,'.',0,0,'','','','','','','',165.00,'',0,0,0,'0',0,'',0,0,0,'GS1','','',0,0,0,0.00,'',0.00,0,'',0,'',165.00,165.00,0,0,0,0,0,0,0,0,0,0,0,0,0,-1,0,'',165.00,''),
(174,0,'بوليÙار','',39,180.00,200.00,200.00,200.00,'2026-05-06',0,1,0,'00174',0,0,0,0,0,0,180.00,180.00,180.00,180.00,180.00,0.00,11.11,0.00,0.00,'.',0,0,'','','','','','','',180.00,'',0,0,0,'0',0,'',0,0,0,'GS1','','',0,0,0,0.00,'',0.00,0,'',0,'',180.00,180.00,0,0,0,0,0,0,0,0,0,0,0,0,0,-1,0,'',180.00,''),
(175,0,'ترنج اسود و ابيض واخضر','',44,230.00,250.00,250.00,250.00,'2026-05-06',0,11,0,'00175',0,0,0,0,0,0,230.00,230.00,230.00,230.00,230.00,0.00,8.70,0.00,0.00,'.',0,0,'','','','','','','',230.00,'',0,0,0,'0',0,'',0,0,0,'GS1','','',0,0,0,0.00,'',0.00,0,'',0,'',230.00,230.00,0,0,0,0,0,0,0,0,0,0,0,0,0,-1,0,'',230.00,''),
(176,0,'طباعه Ùوم و لياقه','',5,240.00,255.00,255.00,255.00,'2026-05-06',0,11,0,'00176',0,0,0,0,0,0,240.00,240.00,240.00,240.00,240.00,0.00,6.25,0.00,0.00,'.',0,0,'','','','','','','',240.00,'',0,0,0,'0',0,'',0,0,0,'GS1','','',0,0,0,0.00,'',0.00,0,'',0,'',240.00,240.00,0,0,0,0,0,0,0,0,0,0,0,0,0,-1,0,'',240.00,''),
(177,0,'ال Ùي','',5,260.00,275.00,275.00,275.00,'2026-05-06',0,11,0,'00177',0,0,0,0,0,0,260.00,260.00,260.00,260.00,260.00,0.00,5.77,0.00,0.00,'.',0,0,'','','','','','','',260.00,'',0,0,0,'0',0,'',0,0,0,'GS1','','',0,0,0,0.00,'',0.00,0,'',0,'',260.00,260.00,0,0,0,0,0,0,0,0,1,0,0,0,0,0,0,'',260.00,''),
(178,0,'ترنج شورت','',5,270.00,285.00,285.00,285.00,'2026-05-06',0,11,0,'00178',0,0,0,0,0,0,270.00,270.00,270.00,270.00,270.00,0.00,5.56,0.00,0.00,'.',0,0,'','','','','','','',270.00,'',0,0,0,'0',0,'',0,0,0,'GS1','','',0,0,0,0.00,'',0.00,0,'',0,'',270.00,270.00,0,0,0,0,0,0,0,0,1,0,0,0,0,0,0,'',270.00,''),
(179,0,'بوليÙار','',10,150.00,160.00,160.00,160.00,'2026-05-06',0,11,0,'00179',0,0,0,0,0,0,150.00,150.00,150.00,150.00,150.00,0.00,6.67,0.00,0.00,'.',0,0,'','','','','','','',150.00,'',0,0,0,'0',0,'',0,0,0,'GS1','','',0,0,0,0.00,'',0.00,0,'',0,'',150.00,150.00,0,0,0,0,0,0,0,0,0,0,0,0,0,-1,0,'',150.00,''),
(180,0,'بوليÙار د','',10,82.00,90.00,90.00,90.00,'2026-05-06',0,11,0,'00180',0,0,0,0,0,0,82.00,82.00,82.00,82.00,82.00,0.00,9.76,0.00,0.00,'.',0,0,'','','','','','','',82.00,'',0,0,0,'0',0,'',0,0,0,'GS1','','',0,0,0,0.00,'',0.00,0,'',0,'',82.00,82.00,0,0,0,0,0,0,0,0,1,0,0,0,0,0,0,'',82.00,''),
(181,0,'تشرت استراس','',45,295.00,310.00,310.00,310.00,'2026-05-06',0,1,0,'00181',0,0,0,379,0,0,295.00,295.00,295.00,295.00,295.00,0.00,5.08,0.00,0.00,'.',0,0,'','','','','','','',295.00,'',0,0,0,'0',0,'',0,0,0,'GS1','','',0,0,0,0.00,'',0.00,0,'',0,'',295.00,295.00,0,0,0,0,0,0,0,0,0,0,0,0,0,-1,0,'',295.00,''),
(182,0,'Ùوم','',45,255.00,270.00,270.00,270.00,'2026-05-06',0,1,0,'00182',0,0,0,0,0,0,255.00,255.00,255.00,255.00,255.00,0.00,5.88,0.00,0.00,'.',0,0,'','','','','','','',255.00,'',0,0,0,'0',0,'',0,0,0,'GS1','','',0,0,0,0.00,'',0.00,0,'',0,'',255.00,255.00,0,0,0,0,0,0,0,0,1,0,0,0,0,0,0,'',255.00,''),
(183,0,'تطريز بوليÙار','',11,260.00,260.00,260.00,260.00,'2026-05-06',0,11,0,'00183',0,0,0,0,0,0,260.00,234.00,260.00,338.00,260.00,0.00,0.00,0.00,0.00,'.',0,0,'','','','','','','',234.00,'',0,0,0,'0',0,'',0,0,0,'GS1','','',0,0,0,0.00,'',0.00,0,'',0,'',260.00,260.00,0,0,0,0,0,0,0,0,0,0,0,0,0,-1,0,'',234.00,''),
(184,0,'طباعه بوليÙار','',11,240.00,240.00,240.00,240.00,'2026-05-06',0,11,0,'00184',0,0,0,0,0,0,240.00,216.00,240.00,205.71,240.00,0.00,0.00,0.00,0.00,'.',0,0,'','','','','','','',216.00,'',0,0,0,'0',0,'',0,0,0,'GS1','','',0,0,0,0.00,'',0.00,0,'',0,'',240.00,240.00,0,0,0,0,0,0,0,0,1,0,0,0,0,0,0,'',216.00,''),
(185,0,'ساده تريكو','',11,210.00,210.00,210.00,210.00,'2026-05-06',0,11,0,'00185',0,0,0,0,0,0,210.00,189.00,210.00,189.00,210.00,0.00,0.00,0.00,0.00,'.',0,0,'','','','','','','',189.00,'',0,0,0,'0',0,'',0,0,0,'GS1','','',0,0,0,0.00,'',0.00,0,'',0,'',210.00,210.00,0,0,0,0,0,0,0,0,1,0,0,0,0,0,0,'',189.00,''),
(186,0,'تريكو بوليÙار','',11,250.00,250.00,250.00,250.00,'2026-05-06',0,11,0,'00186',0,0,0,0,0,0,250.00,225.00,250.00,215.00,250.00,0.00,0.00,0.00,0.00,'.',0,0,'','','','','','','',225.00,'',0,0,0,'0',0,'',0,0,0,'GS1','','',0,0,0,0.00,'',0.00,0,'',0,'',250.00,250.00,0,0,0,0,0,0,0,0,1,0,0,0,0,0,0,'',225.00,''),
(187,0,'شنطه بوليÙار','',11,270.00,270.00,270.00,270.00,'2026-05-06',0,11,0,'00187',0,0,0,0,0,0,270.00,243.00,270.00,243.00,270.00,0.00,0.00,0.00,0.00,'.',0,0,'','','','','','','',243.00,'',0,0,0,'0',0,'',0,0,0,'GS1','','',0,0,0,0.00,'',0.00,0,'',0,'',270.00,270.00,0,0,0,0,0,0,0,0,1,0,0,0,0,0,0,'',243.00,''),
(188,0,'مقلم بوليÙار','',11,240.00,240.00,240.00,240.00,'2026-05-06',0,11,0,'00188',0,0,0,0,0,0,240.00,216.00,240.00,130.29,240.00,0.00,0.00,0.00,0.00,'.',0,0,'','','','','','','',216.00,'',0,0,0,'0',0,'',0,0,0,'GS1','','',0,0,0,0.00,'',0.00,0,'',0,'',240.00,240.00,0,0,0,0,0,0,0,0,1,0,0,0,0,0,0,'',216.00,''),
(189,0,'كاردونيه','',11,105.00,105.00,105.00,105.00,'2026-05-06',0,11,0,'00189',0,0,0,0,0,0,105.00,94.50,105.00,84.00,105.00,0.00,0.00,0.00,0.00,'.',0,0,'','','','','','','',94.50,'',0,0,0,'0',0,'',0,0,0,'GS1','','',0,0,0,0.00,'',0.00,0,'',0,'',105.00,105.00,0,0,0,0,0,0,0,0,1,0,0,0,0,0,0,'',94.50,''),
(190,0,'مقلم بسكوته','',11,150.00,150.00,150.00,150.00,'2026-05-06',0,11,0,'00190',0,0,0,0,0,0,150.00,135.00,150.00,60.00,150.00,0.00,0.00,0.00,0.00,'.',0,0,'','','','','','','',135.00,'',0,0,0,'0',0,'',0,0,0,'GS1','','',0,0,0,0.00,'',0.00,0,'',0,'',150.00,150.00,0,0,0,0,0,0,0,0,1,0,0,0,0,0,0,'',135.00,''),
(191,0,'تيشرت','',35,295.00,315.00,315.00,315.00,'2026-05-07',0,1,0,'00191',0,0,0,0,0,0,295.00,295.00,295.25,295.25,295.00,0.00,6.78,0.00,0.00,'.',0,0,'','','','','','','',295.00,'',0,0,0,'0',0,'',0,0,0,'GS1','','',0,0,0,0.00,'',0.00,0,'',0,'',295.00,295.00,0,0,0,0,0,0,0,0,0,0,0,0,0,-1,0,'',295.00,''),
(192,0,'تيشرت تطريز','',33,310.00,330.00,330.00,330.00,'2026-05-07',0,11,0,'00192',0,0,0,0,0,0,310.00,310.00,310.00,310.00,310.00,0.00,6.45,0.00,0.00,'.',0,0,'','','','','','','',310.00,'',0,0,0,'0',0,'',0,0,0,'GS1','','',0,0,0,0.00,'',0.00,0,'',0,'',310.00,310.00,0,0,0,0,0,0,0,0,0,0,0,0,0,-1,0,'',310.00,''),
(193,0,'تيشرت جبردين','',33,300.00,320.00,320.00,320.00,'2026-05-07',0,11,0,'00193',0,0,0,0,0,0,300.00,300.00,300.00,300.00,300.00,0.00,6.67,0.00,0.00,'.',0,0,'','','','','','','',300.00,'',0,0,0,'0',0,'',0,0,0,'GS1','','',0,0,0,0.00,'',0.00,0,'',0,'',300.00,300.00,0,0,0,0,0,0,0,0,1,0,0,0,0,0,0,'',300.00,''),
(194,0,'تيشرت انتر لوك','',33,330.00,350.00,350.00,350.00,'2026-05-07',0,11,0,'00194',0,0,0,0,0,0,330.00,330.00,330.00,330.00,330.00,0.00,6.06,0.00,0.00,'.',0,0,'','','','','','','',330.00,'',0,0,0,'0',0,'',0,0,0,'GS1','','',0,0,0,0.00,'',0.00,0,'',0,'',330.00,330.00,0,0,0,0,0,0,0,0,1,0,0,0,0,0,0,'',330.00,''),
(195,0,'تيشرت Ùرز تقطيع و ياقه','',33,280.00,300.00,300.00,300.00,'2026-05-07',0,11,0,'00195',0,0,0,0,0,0,280.00,280.00,280.00,280.00,280.00,0.00,7.14,0.00,0.00,'.',0,0,'','','','','','','',280.00,'',0,0,0,'0',0,'',0,0,0,'GS1','','',0,0,0,0.00,'',0.00,0,'',0,'',280.00,280.00,0,0,0,0,0,0,0,0,1,0,0,0,0,0,0,'',280.00,''),
(196,0,'تيشرت ديور دبل Ùيس','',33,340.00,360.00,360.00,360.00,'2026-05-07',0,11,0,'00196',0,0,0,0,0,0,340.00,340.00,340.00,340.00,340.00,0.00,5.88,0.00,0.00,'.',0,0,'','','','','','','',340.00,'',0,0,0,'0',0,'',0,0,0,'GS1','','',0,0,0,0.00,'',0.00,0,'',0,'',340.00,340.00,0,0,0,0,0,0,0,0,1,0,0,0,0,0,0,'',340.00,''),
(197,0,'ترنج1036','',45,700.00,750.00,750.00,750.00,'2026-05-07',0,11,0,'00197',0,0,0,0,0,0,700.00,700.00,700.00,700.00,700.00,0.00,7.14,0.00,0.00,'.',0,0,'','','','','','','',700.00,'',0,0,0,'0',0,'',0,0,0,'GS1','','',0,0,0,0.00,'',0.00,0,'',0,'',700.00,700.00,0,0,0,0,0,0,0,0,0,0,0,0,0,-1,0,'',700.00,''),
(198,0,'تقطيع ليزر','',46,230.00,250.00,250.00,250.00,'2026-05-07',0,11,0,'00198',0,0,0,0,0,0,230.00,230.00,230.00,230.00,230.00,0.00,8.70,0.00,0.00,'.',0,0,'','','','','','','',230.00,'',0,0,0,'0',0,'',0,0,0,'GS1','','',0,0,0,0.00,'',0.00,0,'',0,'',230.00,230.00,0,0,0,0,0,0,0,0,0,0,0,0,0,-1,0,'',230.00,''),
(199,0,'ياقه ','',47,200.00,220.00,220.00,220.00,'2026-05-07',0,11,0,'00199',0,0,0,0,0,0,200.00,200.00,200.00,200.00,200.00,0.00,10.00,0.00,0.00,'.',0,0,'','','','','','','',200.00,'',0,0,0,'0',0,'',0,0,0,'GS1','','',0,0,0,0.00,'',0.00,0,'',0,'',200.00,200.00,0,0,0,0,0,0,0,0,0,0,0,0,0,-1,0,'',200.00,''),
(200,0,'بوكس Ùيت د','',14,300.00,315.00,315.00,315.00,'2026-05-07',0,11,0,'00200',0,0,0,0,0,0,300.00,300.00,300.00,300.00,300.00,0.00,5.00,0.00,0.00,'.',0,0,'','','','','','','',300.00,'',0,0,0,'0',0,'',0,0,0,'GS1','','',0,0,0,0.00,'',0.00,0,'',0,'',300.00,300.00,0,0,0,0,0,0,0,0,0,0,0,0,0,-1,0,'',300.00,''),
(201,0,'بوليÙار اسلوب','',4,180.00,195.00,195.00,195.00,'2026-05-07',0,11,0,'00201',0,0,0,0,0,0,180.00,180.00,180.00,180.00,180.00,0.00,8.33,0.00,0.00,'.',0,0,'','','','','','','',180.00,'',0,0,0,'0',0,'',0,0,0,'GS1','','',0,0,0,0.00,'',0.00,0,'',0,'',180.00,180.00,0,0,0,0,0,0,0,0,0,0,0,0,0,-1,0,'',180.00,''),
(202,0,'بولبÙار gjuthen','',4,180.00,195.00,195.00,195.00,'2026-05-07',0,11,0,'00202',0,0,0,0,0,0,180.00,180.00,180.00,180.00,180.00,0.00,8.33,0.00,0.00,'.',0,0,'','','','','','','',180.00,'',0,0,0,'0',0,'',0,0,0,'GS1','','',0,0,0,0.00,'',0.00,0,'',0,'',180.00,180.00,0,0,0,0,0,0,0,0,1,0,0,0,0,0,0,'',180.00,''),
(203,0,'وش قابل الكسر 6','',4,265.00,280.00,280.00,280.00,'2026-05-07',0,11,0,'00203',0,0,0,0,0,0,265.00,265.00,265.00,265.00,265.00,0.00,5.66,0.00,0.00,'.',0,0,'','','','','','','',265.00,'',0,0,0,'0',0,'',0,0,0,'GS1','','',0,0,0,0.00,'',0.00,0,'',0,'',265.00,265.00,0,0,0,0,0,0,0,0,1,0,0,0,0,0,0,'',265.00,''),
(204,0,'زنط','',48,80.00,85.00,85.00,85.00,'2026-05-07',0,11,0,'00204',0,0,0,0,0,0,80.00,80.00,80.00,80.00,80.00,0.00,6.25,0.00,0.00,'.',0,0,'','','','','','','',80.00,'',0,0,0,'0',0,'',0,0,0,'GS1','','',0,0,0,0.00,'',0.00,0,'',0,'',80.00,80.00,0,0,0,0,0,0,0,0,0,0,0,0,0,-1,0,'',80.00,''),
(205,0,'بوليÙار ','',48,140.00,150.00,150.00,150.00,'2026-05-07',0,11,0,'00205',0,0,0,0,0,0,140.00,140.00,140.00,140.00,140.00,0.00,7.14,0.00,0.00,'.',0,0,'','','','','','','',140.00,'',0,0,0,'0',0,'',0,0,0,'GS1','','',0,0,0,0.00,'',0.00,0,'',0,'',140.00,140.00,0,0,0,0,0,0,0,0,0,0,0,0,0,-1,0,'',140.00,''),
(206,0,'محجر د','',19,205.00,215.00,215.00,215.00,'2026-05-07',0,11,0,'00206',0,0,0,0,0,0,205.00,205.00,205.00,205.00,205.00,0.00,4.88,0.00,0.00,'.',0,0,'','','','','','','',205.00,'',0,0,0,'0',0,'',0,0,0,'GS1','','',0,0,0,0.00,'',0.00,0,'',0,'',205.00,205.00,0,0,0,0,0,0,0,0,0,0,0,0,0,-1,0,'',205.00,''),
(207,0,'Ùاشون','',19,215.00,225.00,225.00,225.00,'2026-05-07',0,11,0,'00207',0,0,0,0,0,0,215.00,215.00,215.00,215.00,215.00,0.00,4.65,0.00,0.00,'.',0,0,'','','','','','','',215.00,'',0,0,0,'0',0,'',0,0,0,'GS1','','',0,0,0,0.00,'',0.00,0,'',0,'',215.00,215.00,0,0,0,0,0,0,0,0,1,0,0,0,0,0,0,'',215.00,''),
(208,0,'انتر لوك ','',19,225.00,235.00,235.00,235.00,'2026-05-07',0,11,0,'00208',0,0,0,0,0,0,225.00,225.00,225.00,225.00,225.00,0.00,4.44,0.00,0.00,'.',0,0,'','','','','','','',225.00,'',0,0,0,'0',0,'',0,0,0,'GS1','','',0,0,0,0.00,'',0.00,0,'',0,'',225.00,225.00,0,0,0,0,0,0,0,0,1,0,0,0,0,0,0,'',225.00,''),
(209,0,'لياقه تريكو','',27,205.00,220.00,220.00,220.00,'2026-05-07',0,11,0,'00209',0,0,0,0,0,0,205.00,205.00,205.00,205.00,205.00,0.00,7.32,0.00,0.00,'.',0,0,'','','','','','','',205.00,'',0,0,0,'0',0,'',0,0,0,'GS1','','',0,0,0,0.00,'',0.00,0,'',0,'',205.00,205.00,0,0,0,0,0,0,0,0,0,0,0,0,0,-1,0,'',205.00,''),
(210,0,'سنجل ليكره','',43,100.00,110.00,110.00,110.00,'2026-05-07',0,11,0,'00210',0,0,0,0,0,0,100.00,96.25,100.00,96.00,100.00,0.00,10.00,0.00,0.00,'.',0,0,'','','','','','','',96.25,'',0,0,0,'0',0,'',0,0,0,'GS1','','',0,0,0,0.00,'',0.00,0,'',0,'',100.00,100.00,0,0,0,0,0,0,0,0,0,0,0,0,0,-1,0,'',96.25,''),
(211,0,'تيشرت قطن','',49,155.00,165.00,165.00,165.00,'2026-05-07',0,11,0,'00211',0,0,0,0,0,0,155.00,155.00,155.00,155.00,155.00,0.00,6.45,0.00,0.00,'.',0,0,'','','','','','','',155.00,'',0,0,0,'0',0,'',0,0,0,'GS1','','',0,0,0,0.00,'',0.00,0,'',0,'',155.00,155.00,0,0,0,0,0,0,0,0,0,0,0,0,0,-1,0,'',155.00,''),
(212,0,'دبدوب','',31,285.00,300.00,300.00,300.00,'2026-05-07',0,11,0,'00212',0,0,0,0,0,0,285.00,285.00,285.00,285.00,285.00,0.00,5.26,0.00,0.00,'.',0,0,'','','','','','','',285.00,'',0,0,0,'0',0,'',0,0,0,'GS1','','',0,0,0,0.00,'',0.00,0,'',0,'',285.00,285.00,0,0,0,0,0,0,0,0,0,0,0,0,0,-1,0,'',285.00,''),
(213,0,'مقلم ','',46,250.00,270.00,270.00,270.00,'2026-05-07',0,1,0,'01369',0,0,0,482,0,0,250.00,250.00,250.00,250.00,250.00,0.00,8.00,0.00,0.00,'.',0,0,'','','','','','','',250.00,'',0,0,0,'0',0,'',0,0,0,'GS1','','',0,0,0,0.00,'',0.00,0,'',0,'',250.00,250.00,0,0,0,0,0,0,0,0,0,0,0,0,0,-1,0,'',250.00,''),
(214,0,'الياقه رجلام','',10,130.00,150.00,150.00,150.00,'2026-05-07',0,1,0,'00214',0,0,0,0,0,0,130.00,130.00,130.00,130.00,130.00,0.00,15.38,0.00,0.00,'.',0,0,'','','','','','','',130.00,'',0,0,0,'0',0,'',0,0,0,'GS1','','',0,0,0,0.00,'',0.00,0,'',0,'',130.00,130.00,0,0,0,0,0,0,0,0,0,0,0,0,0,-1,0,'',130.00,''),
(215,0,'رعد','',37,140.00,140.00,140.00,140.00,'2026-05-08',0,11,0,'00215',0,0,0,0,0,0,140.00,126.00,140.00,112.00,140.00,0.00,0.00,0.00,0.00,'.',0,0,'','','','','','','',126.00,'',0,0,0,'0',0,'',0,0,0,'GS1','','',0,0,0,0.00,'',0.00,0,'',0,'',140.00,140.00,0,0,0,0,0,0,0,0,0,0,0,0,0,-1,0,'',126.00,''),
(216,0,'بوليÙار ابيض Ùاتح','',4,180.00,195.00,195.00,195.00,'2026-05-08',0,11,0,'00216',0,0,0,0,0,0,180.00,180.00,180.00,180.00,180.00,0.00,8.33,0.00,0.00,'.',0,0,'','','','','','','',180.00,'',0,0,0,'0',0,'',0,0,0,'GS1','','',0,0,0,0.00,'',0.00,0,'',0,'',180.00,180.00,0,0,0,0,0,0,0,0,0,0,0,0,0,-1,0,'',180.00,''),
(217,0,'بوليÙار','',49,95.00,100.00,100.00,100.00,'2026-05-08',0,11,0,'00217',0,0,0,0,0,0,95.00,95.00,95.00,95.00,95.00,0.00,5.26,0.00,0.00,'.',0,0,'','','','','','','',95.00,'',0,0,0,'0',0,'',0,0,0,'GS1','','',0,0,0,0.00,'',0.00,0,'',0,'',95.00,95.00,0,0,0,0,0,0,0,0,0,0,0,0,0,-1,0,'',95.00,''),
(218,0,'بوليÙار ابيض Ùاتح مصÙر','',4,180.00,190.00,190.00,190.00,'2026-05-08',0,11,0,'00218',0,0,0,0,0,0,180.00,180.00,180.00,180.00,180.00,0.00,5.56,0.00,0.00,'.',0,0,'','','','','','','',180.00,'',0,0,0,'0',0,'',0,0,0,'GS1','','',0,0,0,0.00,'',0.00,0,'',0,'',180.00,180.00,0,0,0,0,0,0,0,0,0,0,0,0,0,-1,0,'',180.00,''),
(219,0,'سنجل ليكره بوبا','',50,240.00,250.00,250.00,250.00,'2026-05-08',0,11,0,'00219',0,0,0,0,0,0,240.00,240.00,240.00,240.00,240.00,0.00,4.17,0.00,0.00,'.',0,0,'','','','','','','',240.00,'',0,0,0,'0',0,'',0,0,0,'GS1','','',0,0,0,0.00,'',0.00,0,'',0,'',240.00,240.00,0,0,0,0,0,0,0,0,0,0,0,0,0,-1,0,'',240.00,''),
(220,0,'بولو خاص','',30,115.00,120.00,120.00,120.00,'2026-05-08',0,11,0,'00220',0,0,0,0,0,0,115.00,115.00,115.00,115.00,115.00,0.00,4.35,0.00,0.00,'.',0,0,'','','','','','','',115.00,'',0,0,0,'0',0,'',0,0,0,'GS1','','',0,0,0,0.00,'',0.00,0,'',0,'',115.00,115.00,0,0,0,0,0,0,0,0,0,0,0,0,0,-1,0,'',115.00,''),
(221,0,'سنجل ليكره','',5,80.00,85.00,85.00,85.00,'2026-05-08',0,1,0,'00221',0,0,0,0,0,0,80.00,80.00,80.00,80.00,80.00,0.00,6.25,0.00,0.00,'.',0,0,'','','','','','','',80.00,'',0,0,0,'0',0,'',0,0,0,'GS1','','',0,0,0,0.00,'',0.00,0,'',0,'',80.00,80.00,0,0,0,0,0,0,0,0,0,0,0,0,0,-1,0,'',80.00,''),
(222,0,'تيشرت  رجلام جاكار624','',39,130.00,130.00,130.00,130.00,'2026-05-08',0,11,0,'00222',0,0,0,0,0,0,130.00,117.00,130.00,113.75,130.00,0.00,0.00,0.00,0.00,'.',0,0,'','','','','','','',117.00,'',0,0,0,'0',0,'',0,0,0,'GS1','','',0,0,0,0.00,'',0.00,0,'',0,'',130.00,130.00,0,0,0,0,0,0,0,0,0,0,0,0,0,-1,0,'',117.00,''),
(223,0,'تيشرت نص سوسته 618','',39,175.00,175.00,175.00,175.00,'2026-05-08',0,11,0,'00223',0,0,0,0,0,0,175.00,175.00,175.00,175.00,175.00,0.00,0.00,0.00,0.00,'.',0,0,'','','','','','','',175.00,'',0,0,0,'0',0,'',0,0,0,'GS1','','',0,0,0,0.00,'',0.00,0,'',0,'',175.00,175.00,0,0,0,0,0,0,0,0,1,0,0,0,0,0,0,'',175.00,''),
(224,0,'تيشرت جاكار625','',39,130.00,130.00,130.00,130.00,'2026-05-08',0,11,0,'00224',0,0,0,0,0,0,130.00,130.00,130.00,130.00,130.00,0.00,0.00,0.00,0.00,'.',0,0,'','','','','','','',130.00,'',0,0,0,'0',0,'',0,0,0,'GS1','','',0,0,0,0.00,'',0.00,0,'',0,'',130.00,130.00,0,0,0,0,0,0,0,0,1,0,0,0,0,0,0,'',130.00,''),
(225,0,'تشرت جينز','',50,250.00,270.00,270.00,270.00,'2026-05-08',0,1,0,'00225',0,0,0,600,0,0,250.00,250.00,250.00,250.00,250.00,0.00,8.00,0.00,0.00,'.',0,0,'','','','','','','',250.00,'',0,0,0,'0',0,'',0,0,0,'GS1','','',0,0,0,0.00,'',0.00,0,'',0,'',250.00,250.00,0,0,0,0,0,0,0,0,0,0,0,0,0,-1,0,'',250.00,''),
(226,0,'مستورد','',51,320.00,330.00,330.00,330.00,'2026-05-08',0,1,0,'00226',0,0,0,0,0,0,320.00,320.00,320.00,320.00,320.00,0.00,3.13,0.00,0.00,'.',0,0,'','','','','','','',320.00,'',0,0,0,'0',0,'',0,0,0,'GS1','','',0,0,0,0.00,'',0.00,0,'',0,'',320.00,320.00,0,0,0,0,0,0,0,0,0,0,0,0,0,-1,0,'',320.00,'');

--
-- Table structure for table `productcat`
--

CREATE TABLE `productcat` (
  `productCatId` int(11) NOT NULL AUTO_INCREMENT,
  `productCatName` varchar(256) NOT NULL,
  `productCatDate` date NOT NULL,
  `productCatDescription` text DEFAULT NULL,
  `productCatParent` int(11) NOT NULL DEFAULT 0,
  `userId` int(11) NOT NULL,
  `conditions` int(1) NOT NULL DEFAULT 0,
  `selldiscount` decimal(10,2) NOT NULL DEFAULT 0.00,
  `buydiscount` decimal(10,2) NOT NULL DEFAULT 0.00,
  `discounttype` int(11) NOT NULL DEFAULT 0 COMMENT '0 =>direct- 1=>percent',
  `isOptic` int(11) NOT NULL DEFAULT 0 COMMENT '0 not optic -1 without size and color-2 with size and color',
  `buytotal` int(11) DEFAULT 0,
  `buyhalf` int(11) DEFAULT 0,
  `buypart` int(11) DEFAULT 0,
  `buypricereal` int(11) DEFAULT 0,
  `opticServices` varchar(200) NOT NULL,
  `logo` varchar(255) DEFAULT NULL,
  `inMenu` tinyint(4) DEFAULT 0 COMMENT '0 show in resturant menu-1 hide it',
  `stopNegativeSale` tinyint(4) NOT NULL DEFAULT 0,
  `catExcelid` int(11) NOT NULL COMMENT 'used to link products to products from another erp like siam see in buybill',
  `webApiId` int(11) NOT NULL DEFAULT 0,
  `obygyInvestigationCatId` int(11) DEFAULT 0,
  `price4` float NOT NULL DEFAULT 0,
  `price5` float NOT NULL DEFAULT 0,
  `price6` float NOT NULL DEFAULT 0,
  `price7` float NOT NULL DEFAULT 0,
  `price8` float NOT NULL DEFAULT 0,
  PRIMARY KEY (`productCatId`),
  KEY `productCatParent` (`productCatParent`)
) ENGINE=InnoDB AUTO_INCREMENT=52 DEFAULT CHARSET=utf8mb3 COLLATE=utf8mb3_general_ci;

--
-- Dumping data for table `productcat`
--

INSERT INTO `productcat` VALUES
(1,'ترند وهامر','2026-05-02','',0,1,0,0.00,0.00,-1,0,0,0,0,0,'','.',0,0,0,0,0,0,0,0,0,0),
(2,'Ùرعون','2026-05-02','',0,1,0,0.00,0.00,-1,0,0,0,0,0,'','.',0,0,0,0,0,0,0,0,0,0),
(3,'Ùور تكس','2026-05-02','',0,1,0,0.00,0.00,-1,0,0,0,0,0,'','.',0,0,0,0,0,0,0,0,0,0),
(4,'استواب','2026-05-02','',0,1,0,0.00,0.00,-1,0,0,0,0,0,'','.',0,0,0,0,0,0,0,0,0,0),
(5,'ميكانو','2026-05-03','',0,1,0,0.00,0.00,-1,0,0,0,0,0,'','.',0,0,0,0,0,0,0,0,0,0),
(6,'الكينج','2026-05-03','',0,1,0,0.00,0.00,-1,0,0,0,0,0,'','.',0,0,0,0,0,0,0,0,0,0),
(7,'نادر','2026-05-03','',0,1,0,0.00,0.00,-1,0,0,0,0,0,'','.',0,0,0,0,0,0,0,0,0,0),
(8,'ماتركس','2026-05-03','',0,1,0,0.00,0.00,-1,0,0,0,0,0,'','.',0,0,0,0,0,0,0,0,0,0),
(9,'الباشا','2026-05-03','',0,1,0,0.00,0.00,-1,0,0,0,0,0,'','.',0,0,0,0,0,0,0,0,0,0),
(10,'الزعيم','2026-05-03','',0,1,0,0.00,0.00,-1,0,0,0,0,0,'','.',0,0,0,0,0,0,0,0,0,0),
(11,'بيكو','2026-05-03','',0,1,0,0.00,0.00,-1,0,0,0,0,0,'','.',0,0,0,0,0,0,0,0,0,0),
(12,'شوت','2026-05-03','',0,1,0,0.00,0.00,-1,0,0,0,0,0,'','.',0,0,0,0,0,0,0,0,0,0),
(13,'ابو باسم','2026-05-03','',0,1,0,0.00,0.00,-1,0,0,0,0,0,'','.',0,0,0,0,0,0,0,0,0,0),
(14,'سري مان','2026-05-03','',0,1,0,0.00,0.00,-1,0,0,0,0,0,'','.',0,0,0,0,0,0,0,0,0,0),
(15,'تايسون','2026-05-03','',0,1,0,0.00,0.00,-1,0,0,0,0,0,'','.',0,0,0,0,0,0,0,0,0,0),
(16,'Ùوكس','2026-05-03','',0,1,0,0.00,0.00,-1,0,0,0,0,0,'','.',0,0,0,0,0,0,0,0,0,0),
(17,'تيتو','2026-05-03','',0,1,0,0.00,0.00,-1,0,0,0,0,0,'','.',0,0,0,0,0,0,0,0,0,0),
(18,'الاجنبي','2026-05-03','',0,1,0,0.00,0.00,-1,0,0,0,0,0,'','.',0,0,0,0,0,0,0,0,0,0),
(19,'الجزار','2026-05-03','',0,1,0,0.00,0.00,-1,0,0,0,0,0,'','.',0,0,0,0,0,0,0,0,0,0),
(20,'amr','2026-05-03','',0,1,0,0.00,0.00,-1,0,0,0,0,0,'','.',0,0,0,0,0,0,0,0,0,0),
(21,'مستر جيد','2026-05-03','',0,1,0,0.00,0.00,-1,0,0,0,0,0,'','.',0,0,0,0,0,0,0,0,0,0),
(22,'جمايكا','2026-05-03','',0,1,0,0.00,0.00,-1,0,0,0,0,0,'','.',0,0,0,0,0,0,0,0,0,0),
(23,'رامي','2026-05-03','',0,1,0,0.00,0.00,-1,0,0,0,0,0,'','.',0,0,0,0,0,0,0,0,0,0),
(24,'كوبره','2026-05-03','',0,1,0,0.00,0.00,-1,0,0,0,0,0,'','.',0,0,0,0,0,0,0,0,0,0),
(25,'غوزال','2026-05-03','',0,1,0,0.00,0.00,-1,0,0,0,0,0,'','.',0,0,0,0,0,0,0,0,0,0),
(26,'قلبظ','2026-05-03','',0,1,0,0.00,0.00,-1,0,0,0,0,0,'','.',0,0,0,0,0,0,0,0,0,0),
(27,'اكس مان','2026-05-03','',0,1,0,0.00,0.00,-1,0,0,0,0,0,'','.',0,0,0,0,0,0,0,0,0,0),
(28,'البرزيلي','2026-05-03','',0,1,0,0.00,0.00,-1,0,0,0,0,0,'','.',0,0,0,0,0,0,0,0,0,0),
(29,'جاكو','2026-05-03','',0,1,0,0.00,0.00,-1,0,0,0,0,0,'','.',0,0,0,0,0,0,0,0,0,0),
(30,'اكس وان','2026-05-03','',0,1,0,0.00,0.00,-1,0,0,0,0,0,'','.',0,0,0,0,0,0,0,0,0,0),
(31,'زيكا','2026-05-03','',0,1,0,0.00,0.00,-1,0,0,0,0,0,'','.',0,0,0,0,0,0,0,0,0,0),
(32,'الصعيدي','2026-05-03','',0,1,0,0.00,0.00,-1,0,0,0,0,0,'','.',0,0,0,0,0,0,0,0,0,0),
(33,'العسكري','2026-05-03','',0,1,0,0.00,0.00,-1,0,0,0,0,0,'','.',0,0,0,0,0,0,0,0,0,0),
(34,'سيزر','2026-05-03','',0,1,0,0.00,0.00,-1,0,0,0,0,0,'','.',0,0,0,0,0,0,0,0,0,0),
(35,'متيجو','2026-05-03','',0,1,0,0.00,0.00,-1,0,0,0,0,0,'','.',0,0,0,0,0,0,0,0,0,0),
(36,'بونو','2026-05-03','',0,1,0,0.00,0.00,-1,0,0,0,0,0,'','.',0,0,0,0,0,0,0,0,0,0),
(37,'نوح','2026-05-03','',0,1,0,0.00,0.00,-1,0,0,0,0,0,'','.',0,0,0,0,0,0,0,0,0,0),
(38,'Ùهد','2026-05-03','',0,1,0,0.00,0.00,-1,0,0,0,0,0,'','.',0,0,0,0,0,0,0,0,0,0),
(39,'زورو','2026-05-03','',0,1,0,0.00,0.00,-1,0,0,0,0,0,'','.',0,0,0,0,0,0,0,0,0,0),
(40,'برند','2026-05-04','',0,11,0,0.00,0.00,-1,0,0,0,0,0,'','.',0,0,0,0,0,0,0,0,0,0),
(41,'اللول','2026-05-05','',0,11,0,0.00,0.00,-1,0,0,0,0,0,'','.',0,0,0,0,0,0,0,0,0,0),
(42,'تيمبو','2026-05-05','',0,1,0,0.00,0.00,-1,0,0,0,0,0,'','.',0,0,0,0,0,0,0,0,0,0),
(43,'جاميكا','2026-05-05','',0,11,0,0.00,0.00,-1,0,0,0,0,0,'','.',0,0,0,0,0,0,0,0,0,0),
(44,'بوليÙار','2026-05-06','',0,11,0,0.00,0.00,-1,0,0,0,0,0,'','.',0,0,0,0,0,0,0,0,0,0),
(45,'ستي وير','2026-05-06','',0,1,0,0.00,0.00,-1,0,0,0,0,0,'','.',0,0,0,0,0,0,0,0,0,0),
(46,'كلاكسي','2026-05-07','',0,11,0,0.00,0.00,-1,0,0,0,0,0,'','.',0,0,0,0,0,0,0,0,0,0),
(47,'ابراهيم Ùينم','2026-05-07','',0,11,0,0.00,0.00,-1,0,0,0,0,0,'','.',0,0,0,0,0,0,0,0,0,0),
(48,'زنط','2026-05-07','',0,11,0,0.00,0.00,-1,0,0,0,0,0,'','.',0,0,0,0,0,0,0,0,0,0),
(49,'ونتد','2026-05-07','',0,11,0,0.00,0.00,-1,0,0,0,0,0,'','.',0,0,0,0,0,0,0,0,0,0),
(50,'بوبا','2026-05-08','',0,11,0,0.00,0.00,-1,0,0,0,0,0,'','.',0,0,0,0,0,0,0,0,0,0),
(51,'مستورد','2026-05-08','',47,1,0,0.00,0.00,-1,0,0,0,0,0,'','.',0,0,0,0,0,0,0,0,0,0);

--
-- Table structure for table `productcatunit`
--

CREATE TABLE `productcatunit` (
  `productcatunitid` int(11) NOT NULL AUTO_INCREMENT,
  `unitid` int(11) NOT NULL,
  `productcatid` int(11) NOT NULL,
  `productnumber` decimal(10,2) NOT NULL,
  `productcatunitdate` date NOT NULL,
  `userid` int(11) NOT NULL,
  `conditions` int(11) NOT NULL DEFAULT 0,
  PRIMARY KEY (`productcatunitid`),
  KEY `productcatid` (`productcatid`),
  KEY `unitid` (`unitid`)
) ENGINE=InnoDB AUTO_INCREMENT=10 DEFAULT CHARSET=utf8mb3 COLLATE=utf8mb3_general_ci;

--
-- Dumping data for table `productcatunit`
--

INSERT INTO `productcatunit` VALUES
(4,1,3,1.00,'2025-04-06',1,0),
(5,1,2,1.00,'2025-04-06',1,0),
(6,1,1,1.00,'2025-04-06',1,0),
(8,1,32,40.00,'2025-05-16',2,0),
(9,1,51,36.00,'2026-05-08',1,0);

--
-- Table structure for table `productingredients`
--

CREATE TABLE `productingredients` (
  `id` int(11) NOT NULL AUTO_INCREMENT,
  `productId` int(11) NOT NULL COMMENT 'from product tabe it is the product that has ingredients',
  `ingridientId` int(11) NOT NULL COMMENT 'from product table it is the ingridient',
  `unitId` int(11) NOT NULL,
  `quantity` decimal(10,2) NOT NULL,
  `userId` int(11) NOT NULL,
  `thedate` date NOT NULL,
  `conditions` tinyint(4) NOT NULL,
  PRIMARY KEY (`id`)
) ENGINE=InnoDB DEFAULT CHARSET=latin1 COLLATE=latin1_swedish_ci;

--
-- Dumping data for table `productingredients`
--


--
-- Table structure for table `productionexecution`
--

CREATE TABLE `productionexecution` (
  `id` int(11) NOT NULL AUTO_INCREMENT,
  `orderId` int(11) NOT NULL DEFAULT 0,
  `title` varchar(255) NOT NULL,
  `orderdate` date NOT NULL,
  `taskid` int(11) NOT NULL,
  `productid` int(11) NOT NULL,
  `num` decimal(10,2) NOT NULL,
  `outstoreid` int(11) NOT NULL,
  `wastestoreid` int(11) NOT NULL,
  `rentcost` double NOT NULL,
  `othercost` double NOT NULL,
  `executioncost` double NOT NULL,
  `sysdate` datetime NOT NULL,
  `executed` int(11) NOT NULL DEFAULT 0 COMMENT '0: not execued -- 1:executed',
  `comment` text NOT NULL,
  `sizeid` int(11) NOT NULL DEFAULT 0,
  `colorid` int(11) NOT NULL DEFAULT 0,
  `dailyentryid` int(11) NOT NULL DEFAULT 0,
  PRIMARY KEY (`id`),
  UNIQUE KEY `orderId` (`orderId`)
) ENGINE=InnoDB DEFAULT CHARSET=latin1 COLLATE=latin1_swedish_ci;

--
-- Dumping data for table `productionexecution`
--


--
-- Table structure for table `productionexecutionoutput`
--

CREATE TABLE `productionexecutionoutput` (
  `id` int(11) NOT NULL AUTO_INCREMENT,
  `exeutionid` int(11) NOT NULL,
  `productid` int(11) NOT NULL,
  `allprice` double NOT NULL,
  `halfprice` double NOT NULL,
  `unitprice` double NOT NULL,
  `num` decimal(10,2) NOT NULL,
  `cost` double NOT NULL,
  `storeid` int(11) NOT NULL,
  `buyPricesHistoryBookIdQuantity` text NOT NULL,
  `sizeid` int(11) NOT NULL DEFAULT 0,
  `colorid` int(11) NOT NULL DEFAULT 0,
  PRIMARY KEY (`id`)
) ENGINE=InnoDB DEFAULT CHARSET=latin1 COLLATE=latin1_swedish_ci;

--
-- Dumping data for table `productionexecutionoutput`
--


--
-- Table structure for table `productionexecutionproduct`
--

CREATE TABLE `productionexecutionproduct` (
  `id` int(11) NOT NULL AUTO_INCREMENT,
  `executionid` int(11) NOT NULL,
  `productid` int(11) NOT NULL,
  `unitid` int(11) NOT NULL,
  `quantity` decimal(10,2) NOT NULL,
  `actualquantity` decimal(10,2) NOT NULL,
  `cost` double NOT NULL,
  `actualcost` double NOT NULL,
  `buyPricesHistoryBookIdQuantity` text NOT NULL,
  `sizeid` int(11) NOT NULL DEFAULT 0,
  `colorid` int(11) NOT NULL DEFAULT 0,
  PRIMARY KEY (`id`)
) ENGINE=InnoDB DEFAULT CHARSET=latin1 COLLATE=latin1_swedish_ci;

--
-- Dumping data for table `productionexecutionproduct`
--


--
-- Table structure for table `productionexecutionwaste`
--

CREATE TABLE `productionexecutionwaste` (
  `id` int(11) NOT NULL AUTO_INCREMENT,
  `executionid` int(11) NOT NULL,
  `productid` int(11) NOT NULL,
  `allprice` double NOT NULL,
  `halfprice` double NOT NULL,
  `unitprice` double NOT NULL,
  `num` decimal(10,2) NOT NULL,
  `storeid` int(11) NOT NULL,
  `buyPricesHistoryBookIdQuantity` text NOT NULL,
  `sizeid` int(11) NOT NULL DEFAULT 0,
  `colorid` int(11) NOT NULL DEFAULT 0,
  PRIMARY KEY (`id`)
) ENGINE=InnoDB DEFAULT CHARSET=latin1 COLLATE=latin1_swedish_ci;

--
-- Dumping data for table `productionexecutionwaste`
--


--
-- Table structure for table `productionorder`
--

CREATE TABLE `productionorder` (
  `productionOrderid` int(11) NOT NULL AUTO_INCREMENT,
  `name` varchar(255) NOT NULL,
  `orderDate` date NOT NULL,
  `branchId` int(11) DEFAULT NULL,
  `startDate` date NOT NULL,
  `endDate` date NOT NULL,
  `productId` int(11) NOT NULL,
  `stageId` int(11) NOT NULL,
  `storeId` int(11) NOT NULL,
  `outQuantity` decimal(10,3) NOT NULL,
  `measureUnitId` int(11) NOT NULL,
  `conditions` int(11) NOT NULL DEFAULT 0 COMMENT '0 for notdel -1 for del',
  `userId` int(11) NOT NULL,
  `orderStatus` int(11) NOT NULL DEFAULT 0 COMMENT '0 for Under implementation - 1 for finished',
  PRIMARY KEY (`productionOrderid`)
) ENGINE=InnoDB DEFAULT CHARSET=utf8mb3 COLLATE=utf8mb3_general_ci;

--
-- Dumping data for table `productionorder`
--


--
-- Table structure for table `productionout`
--

CREATE TABLE `productionout` (
  `id` int(11) NOT NULL AUTO_INCREMENT,
  `outStore` int(11) NOT NULL,
  `inStore` int(11) NOT NULL,
  `supplier` int(11) NOT NULL,
  `productid` int(11) NOT NULL,
  `sizeid` int(11) NOT NULL,
  `colorid` int(11) NOT NULL,
  `outQuantity` float NOT NULL,
  `outUnitCost` float NOT NULL,
  `outAllCost` float NOT NULL,
  `comment` text CHARACTER SET utf8mb4 COLLATE utf8mb4_unicode_ci DEFAULT NULL,
  `userid` int(11) NOT NULL,
  `sysDate` datetime NOT NULL,
  `del` tinyint(4) NOT NULL,
  `outAllCostTot` float NOT NULL,
  `dailyentryid` int(11) NOT NULL DEFAULT 0,
  PRIMARY KEY (`id`)
) ENGINE=InnoDB DEFAULT CHARSET=latin1 COLLATE=latin1_swedish_ci;

--
-- Dumping data for table `productionout`
--


--
-- Table structure for table `productionoutdetails`
--

CREATE TABLE `productionoutdetails` (
  `id` int(11) NOT NULL AUTO_INCREMENT,
  `productionOutId` int(11) NOT NULL,
  `productid` int(11) NOT NULL,
  `sizeid` int(11) NOT NULL,
  `colorid` int(11) NOT NULL,
  `unitid` int(11) NOT NULL,
  `price` float NOT NULL,
  `quantity` float NOT NULL,
  `inTotalCost` float NOT NULL,
  PRIMARY KEY (`id`)
) ENGINE=InnoDB DEFAULT CHARSET=latin1 COLLATE=latin1_swedish_ci;

--
-- Dumping data for table `productionoutdetails`
--


--
-- Table structure for table `productionoutmany`
--

CREATE TABLE `productionoutmany` (
  `id` int(11) NOT NULL AUTO_INCREMENT,
  `outStore` int(11) NOT NULL,
  `inStore` int(11) NOT NULL,
  `supplier` int(11) NOT NULL,
  `comment` text NOT NULL,
  `userid` int(11) NOT NULL,
  `sysDate` datetime NOT NULL,
  `del` tinyint(4) NOT NULL,
  `title` varchar(255) NOT NULL,
  `productionoutmanynum` int(11) NOT NULL DEFAULT 0,
  `dailyentryid` int(11) NOT NULL DEFAULT 0,
  PRIMARY KEY (`id`)
) ENGINE=InnoDB DEFAULT CHARSET=utf8mb4 COLLATE=utf8mb4_unicode_ci;

--
-- Dumping data for table `productionoutmany`
--


--
-- Table structure for table `productionoutmanyinproducts`
--

CREATE TABLE `productionoutmanyinproducts` (
  `id` int(11) NOT NULL AUTO_INCREMENT,
  `productionoutmanyid` int(11) NOT NULL,
  `productid` int(11) NOT NULL,
  `sizeid` int(11) NOT NULL,
  `colorid` int(11) NOT NULL,
  `prounitid` int(11) NOT NULL,
  `quantity` float NOT NULL,
  `unitpriceraw` float NOT NULL,
  `unitManufPrice` float NOT NULL,
  `inTotalCostUnit` float NOT NULL,
  `inTotalCost` float NOT NULL,
  PRIMARY KEY (`id`)
) ENGINE=InnoDB DEFAULT CHARSET=latin1 COLLATE=latin1_swedish_ci;

--
-- Dumping data for table `productionoutmanyinproducts`
--


--
-- Table structure for table `productionoutmanyoutproducts`
--

CREATE TABLE `productionoutmanyoutproducts` (
  `id` int(11) NOT NULL AUTO_INCREMENT,
  `productionoutmanyid` int(11) NOT NULL,
  `productid` int(11) NOT NULL,
  `sizeid` int(11) NOT NULL,
  `colorid` int(11) NOT NULL,
  `prounitid` int(11) NOT NULL,
  `quantity` float NOT NULL,
  `unitprice` float NOT NULL,
  `cost` float NOT NULL,
  PRIMARY KEY (`id`)
) ENGINE=InnoDB DEFAULT CHARSET=latin1 COLLATE=latin1_swedish_ci;

--
-- Dumping data for table `productionoutmanyoutproducts`
--


--
-- Table structure for table `productionrate`
--

CREATE TABLE `productionrate` (
  `productionRateId` int(11) NOT NULL AUTO_INCREMENT,
  `name` varchar(255) NOT NULL COMMENT 'equation name',
  `finalName` varchar(255) NOT NULL COMMENT 'equation final product name',
  `userId` int(11) NOT NULL,
  `thedate` date NOT NULL,
  `conditions` int(11) NOT NULL DEFAULT 0 COMMENT '0 for notdel- 1for del',
  `sizeid` int(11) NOT NULL DEFAULT 0,
  `colorid` int(11) NOT NULL DEFAULT 0,
  PRIMARY KEY (`productionRateId`)
) ENGINE=InnoDB DEFAULT CHARSET=utf8mb3 COLLATE=utf8mb3_general_ci;

--
-- Dumping data for table `productionrate`
--


--
-- Table structure for table `productionrateproduct`
--

CREATE TABLE `productionrateproduct` (
  `productionRateProductId` int(11) NOT NULL AUTO_INCREMENT,
  `productionRateId` int(11) NOT NULL,
  `productId` int(11) NOT NULL,
  `unitId` int(11) NOT NULL,
  `rate` decimal(10,2) NOT NULL,
  `quantity` decimal(10,2) NOT NULL,
  `userId` int(11) NOT NULL,
  `thedate` date NOT NULL,
  `conditions` int(11) NOT NULL DEFAULT 0 COMMENT '0 for notdel- 1for del',
  `sizeid` int(11) NOT NULL DEFAULT 0,
  `colorid` int(11) NOT NULL DEFAULT 0,
  PRIMARY KEY (`productionRateProductId`)
) ENGINE=InnoDB DEFAULT CHARSET=utf8mb3 COLLATE=utf8mb3_general_ci;

--
-- Dumping data for table `productionrateproduct`
--


--
-- Table structure for table `productrecieve`
--

CREATE TABLE `productrecieve` (
  `productrecieveid` int(11) NOT NULL AUTO_INCREMENT,
  `sparepartid` int(11) NOT NULL,
  `productrecievedate` date NOT NULL,
  `recieptnum` varchar(255) NOT NULL,
  `clientname` varchar(255) NOT NULL,
  `type` int(11) NOT NULL COMMENT '1=>',
  `cost` decimal(10,2) NOT NULL,
  `partsnumber` decimal(10,2) NOT NULL,
  `userid` int(11) NOT NULL,
  PRIMARY KEY (`productrecieveid`)
) ENGINE=InnoDB DEFAULT CHARSET=utf8mb3 COLLATE=utf8mb3_general_ci;

--
-- Dumping data for table `productrecieve`
--


--
-- Table structure for table `productrequests`
--

CREATE TABLE `productrequests` (
  `id` int(11) NOT NULL AUTO_INCREMENT,
  `productid` int(11) NOT NULL,
  `storeid` int(11) NOT NULL,
  `requeststoreid` int(11) NOT NULL COMMENT 'id of store that made the request',
  `productnoreq` int(11) NOT NULL COMMENT 'no of requested pieces',
  `productnoaccept` int(11) NOT NULL COMMENT 'no of accepted pieces',
  `useridadd` int(11) NOT NULL COMMENT 'user who add the request',
  `useridresponse` int(11) NOT NULL COMMENT 'user who respond to the request',
  `status` int(11) NOT NULL DEFAULT 0 COMMENT '0 new - 1 refuse - 2 accept - 3 accept and added to bill',
  `seen` int(11) NOT NULL DEFAULT 0,
  `deleted` int(11) NOT NULL DEFAULT 0 COMMENT '1 deleted - 0 not deleted ',
  PRIMARY KEY (`id`)
) ENGINE=InnoDB DEFAULT CHARSET=latin1 COLLATE=latin1_swedish_ci;

--
-- Dumping data for table `productrequests`
--


--
-- Table structure for table `productserial`
--

CREATE TABLE `productserial` (
  `productserailid` int(11) NOT NULL AUTO_INCREMENT,
  `productid` int(11) NOT NULL,
  `serialnumber` varchar(256) NOT NULL,
  `comment` text NOT NULL,
  `startdate` date NOT NULL,
  `enddate` date NOT NULL,
  `billid` int(11) NOT NULL,
  `type` int(11) NOT NULL COMMENT '0 for Buy 1 for returnBuyBill',
  `buybilldetailid` int(11) NOT NULL,
  `don` decimal(10,2) NOT NULL,
  `sellbillid` int(11) NOT NULL,
  `del` int(11) NOT NULL COMMENT '0 for not del 1 for del',
  `storeid` int(11) NOT NULL COMMENT 'store of buy bill where serial exists',
  `sizeid` int(11) NOT NULL DEFAULT 0,
  `colorid` int(11) NOT NULL DEFAULT 0,
  `chassisNo` varchar(25) NOT NULL DEFAULT '',
  `motorNo` varchar(25) NOT NULL DEFAULT '',
  `theColor` varchar(255) NOT NULL DEFAULT '',
  PRIMARY KEY (`productserailid`),
  KEY `productid` (`productid`)
) ENGINE=InnoDB DEFAULT CHARSET=utf8mb3 COLLATE=utf8mb3_general_ci;

--
-- Dumping data for table `productserial`
--


--
-- Table structure for table `productsetting`
--

CREATE TABLE `productsetting` (
  `productsettingid` int(11) NOT NULL AUTO_INCREMENT,
  `leastValueAtStore` decimal(10,2) NOT NULL,
  `storeid` int(11) NOT NULL,
  PRIMARY KEY (`productsettingid`),
  KEY `storeid` (`storeid`)
) ENGINE=InnoDB DEFAULT CHARSET=utf8mb3 COLLATE=utf8mb3_general_ci;

--
-- Dumping data for table `productsetting`
--


--
-- Table structure for table `productstore`
--

CREATE TABLE `productstore` (
  `id` int(11) unsigned NOT NULL AUTO_INCREMENT,
  `productid` int(11) unsigned DEFAULT NULL,
  `storeid` tinyint(1) unsigned DEFAULT NULL,
  `productcatid` int(11) unsigned DEFAULT NULL,
  `limitamount` int(11) unsigned DEFAULT NULL,
  `prostorelimitamount` int(11) unsigned DEFAULT NULL,
  `createddate` datetime DEFAULT NULL,
  `conditions` int(11) unsigned DEFAULT NULL,
  PRIMARY KEY (`id`)
) ENGINE=InnoDB AUTO_INCREMENT=227 DEFAULT CHARSET=utf8mb4 COLLATE=utf8mb4_unicode_ci;

--
-- Dumping data for table `productstore`
--

INSERT INTO `productstore` VALUES
(1,1,1,1,0,0,'2026-05-02 21:51:32',0),
(2,2,1,1,0,0,'2026-05-02 21:51:32',0),
(3,3,1,1,0,0,'2026-05-02 21:51:32',0),
(4,4,1,1,0,0,'2026-05-02 21:51:32',0),
(5,5,1,1,0,0,'2026-05-02 21:51:32',0),
(6,6,1,1,0,0,'2026-05-02 21:51:32',0),
(7,7,1,1,0,0,'2026-05-02 22:04:25',0),
(8,8,1,1,0,0,'2026-05-02 22:04:25',0),
(9,9,1,1,0,0,'2026-05-02 22:22:13',0),
(10,10,1,1,0,0,'2026-05-02 22:29:39',0),
(11,11,1,1,0,0,'2026-05-02 22:49:39',0),
(12,12,1,1,0,0,'2026-05-02 22:54:59',0),
(13,13,1,1,0,0,'2026-05-02 22:54:59',0),
(14,14,1,1,0,0,'2026-05-02 22:54:59',0),
(15,15,1,2,0,0,'2026-05-02 23:07:19',0),
(16,16,1,2,0,0,'2026-05-02 23:07:19',0),
(17,17,1,1,0,0,'2026-05-02 23:21:36',0),
(18,18,1,3,0,0,'2026-05-02 23:27:23',0),
(19,19,1,3,0,0,'2026-05-02 23:27:23',0),
(20,20,1,3,0,0,'2026-05-02 23:27:23',0),
(21,21,1,3,0,0,'2026-05-02 23:27:23',0),
(22,22,1,4,0,0,'2026-05-02 23:46:05',0),
(23,23,1,4,0,0,'2026-05-02 23:49:27',0),
(24,24,1,4,0,0,'2026-05-02 23:57:04',0),
(25,25,1,4,0,0,'2026-05-02 23:57:04',0),
(26,26,1,4,0,0,'2026-05-03 00:06:21',0),
(27,27,1,4,0,0,'2026-05-03 00:06:21',0),
(28,28,1,4,0,0,'2026-05-03 00:06:21',0),
(29,29,1,4,0,0,'2026-05-03 00:06:21',0),
(30,30,1,5,0,0,'2026-05-03 00:48:15',0),
(31,31,1,5,0,0,'2026-05-03 00:48:15',0),
(32,32,1,5,0,0,'2026-05-03 00:48:16',0),
(33,33,1,5,0,0,'2026-05-03 00:48:16',0),
(34,34,1,5,0,0,'2026-05-03 00:48:16',0),
(35,35,1,5,0,0,'2026-05-03 00:48:16',0),
(36,36,1,5,0,0,'2026-05-03 00:48:16',0),
(37,37,1,5,0,0,'2026-05-03 00:48:16',0),
(38,38,1,5,0,0,'2026-05-03 00:48:16',0),
(39,39,1,5,0,0,'2026-05-03 00:48:16',0),
(40,40,1,5,0,0,'2026-05-03 00:48:16',0),
(41,41,1,5,0,0,'2026-05-03 00:48:16',0),
(42,42,1,5,0,0,'2026-05-03 00:48:16',0),
(43,43,1,6,0,0,'2026-05-03 00:55:22',0),
(44,44,1,6,0,0,'2026-05-03 00:55:22',0),
(45,45,1,6,0,0,'2026-05-03 00:55:22',0),
(46,46,1,7,0,0,'2026-05-03 01:02:30',0),
(47,47,1,7,0,0,'2026-05-03 01:02:30',0),
(48,48,1,7,0,0,'2026-05-03 01:02:30',0),
(49,49,1,7,0,0,'2026-05-03 01:02:30',0),
(50,50,1,8,0,0,'2026-05-03 01:12:01',0),
(51,51,1,8,0,0,'2026-05-03 01:12:01',0),
(52,52,1,8,0,0,'2026-05-03 01:12:01',0),
(53,53,1,8,0,0,'2026-05-03 01:12:01',0),
(54,54,1,8,0,0,'2026-05-03 01:12:01',0),
(55,55,1,9,0,0,'2026-05-03 01:18:28',0),
(56,56,1,9,0,0,'2026-05-03 01:18:28',0),
(57,57,1,9,0,0,'2026-05-03 01:18:28',0),
(58,58,1,9,0,0,'2026-05-03 01:18:28',0),
(59,59,1,10,0,0,'2026-05-03 01:32:28',0),
(60,60,1,10,0,0,'2026-05-03 01:32:28',0),
(61,61,1,10,0,0,'2026-05-03 01:32:28',0),
(62,62,1,10,0,0,'2026-05-03 01:32:28',0),
(63,63,1,10,0,0,'2026-05-03 01:32:28',0),
(64,64,1,10,0,0,'2026-05-03 01:32:28',0),
(65,65,1,10,0,0,'2026-05-03 01:32:28',0),
(66,66,1,10,0,0,'2026-05-03 01:32:28',0),
(67,67,1,10,0,0,'2026-05-03 01:32:28',0),
(68,68,1,10,0,0,'2026-05-03 01:32:28',0),
(69,69,1,10,0,0,'2026-05-03 01:32:28',0),
(70,70,1,11,0,0,'2026-05-03 01:39:06',0),
(71,71,1,11,0,0,'2026-05-03 01:39:06',0),
(72,72,1,12,0,0,'2026-05-03 01:41:45',0),
(73,73,1,13,0,0,'2026-05-03 01:43:59',0),
(74,74,1,14,0,0,'2026-05-03 01:47:19',0),
(75,75,1,15,0,0,'2026-05-03 03:06:49',0),
(76,76,1,15,0,0,'2026-05-03 03:06:49',0),
(77,77,1,16,0,0,'2026-05-03 03:08:23',0),
(78,78,1,17,0,0,'2026-05-03 03:11:51',0),
(79,79,1,17,0,0,'2026-05-03 03:11:51',0),
(80,80,1,14,0,0,'2026-05-03 03:28:31',0),
(81,81,1,18,0,0,'2026-05-03 03:41:42',0),
(82,82,1,18,0,0,'2026-05-03 03:41:42',0),
(83,83,1,18,0,0,'2026-05-03 03:41:42',0),
(84,84,1,18,0,0,'2026-05-03 03:41:42',0),
(85,85,1,18,0,0,'2026-05-03 03:41:42',0),
(86,86,1,18,0,0,'2026-05-03 03:41:42',0),
(87,87,1,18,0,0,'2026-05-03 03:41:42',0),
(88,88,1,18,0,0,'2026-05-03 03:41:42',0),
(89,89,1,18,0,0,'2026-05-03 03:41:42',0),
(90,90,1,18,0,0,'2026-05-03 03:41:42',0),
(91,91,1,18,0,0,'2026-05-03 03:41:42',0),
(92,92,1,19,0,0,'2026-05-03 03:44:04',0),
(93,93,1,19,0,0,'2026-05-03 03:44:04',0),
(94,94,1,20,0,0,'2026-05-03 04:19:23',0),
(95,95,1,21,0,0,'2026-05-03 04:22:27',0),
(96,96,1,21,0,0,'2026-05-03 04:22:27',0),
(97,97,1,22,0,0,'2026-05-03 04:25:17',0),
(98,98,1,22,0,0,'2026-05-03 04:25:17',0),
(99,99,1,23,0,0,'2026-05-03 04:29:44',0),
(100,100,1,23,0,0,'2026-05-03 04:29:44',0),
(101,101,1,23,0,0,'2026-05-03 04:29:44',0),
(102,102,1,23,0,0,'2026-05-03 04:29:44',0),
(103,103,1,24,0,0,'2026-05-03 04:45:43',0),
(104,104,1,24,0,0,'2026-05-03 04:45:43',0),
(105,105,1,24,0,0,'2026-05-03 04:45:43',0),
(106,106,1,25,0,0,'2026-05-03 04:56:11',0),
(107,107,1,25,0,0,'2026-05-03 04:56:11',0),
(108,108,1,25,0,0,'2026-05-03 04:56:11',0),
(109,109,1,25,0,0,'2026-05-03 04:56:11',0),
(110,110,1,25,0,0,'2026-05-03 04:56:11',0),
(111,111,1,25,0,0,'2026-05-03 04:56:11',0),
(112,112,1,25,0,0,'2026-05-03 04:56:11',0),
(113,113,1,25,0,0,'2026-05-03 04:56:11',0),
(114,114,1,25,0,0,'2026-05-03 04:56:11',0),
(115,115,1,26,0,0,'2026-05-03 05:07:24',0),
(116,116,1,26,0,0,'2026-05-03 05:07:24',0),
(117,117,1,27,0,0,'2026-05-03 05:11:38',0),
(118,118,1,27,0,0,'2026-05-03 05:11:38',0),
(119,119,1,27,0,0,'2026-05-03 05:11:38',0),
(120,120,1,27,0,0,'2026-05-03 05:11:38',0),
(121,121,1,28,0,0,'2026-05-03 05:16:15',0),
(122,122,1,28,0,0,'2026-05-03 05:16:15',0),
(123,123,1,28,0,0,'2026-05-03 05:16:15',0),
(124,124,1,1,0,0,'2026-05-03 05:17:42',0),
(125,125,1,29,0,0,'2026-05-03 06:11:14',0),
(126,126,1,29,0,0,'2026-05-03 06:11:14',0),
(127,127,1,29,0,0,'2026-05-03 06:11:14',0),
(128,128,1,29,0,0,'2026-05-03 06:11:14',0),
(129,129,1,29,0,0,'2026-05-03 06:11:14',0),
(130,130,1,29,0,0,'2026-05-03 06:11:14',0),
(131,131,1,30,0,0,'2026-05-03 06:20:29',0),
(132,132,1,30,0,0,'2026-05-03 06:20:30',0),
(133,133,1,30,0,0,'2026-05-03 06:20:30',0),
(134,134,1,30,0,0,'2026-05-03 06:20:30',0),
(135,135,1,31,0,0,'2026-05-03 06:24:01',0),
(136,136,1,31,0,0,'2026-05-03 06:24:01',0),
(137,137,1,32,0,0,'2026-05-03 06:45:12',0),
(138,138,1,32,0,0,'2026-05-03 06:45:12',0),
(139,139,1,32,0,0,'2026-05-03 06:45:12',0),
(140,140,1,32,0,0,'2026-05-03 06:45:12',0),
(141,141,1,32,0,0,'2026-05-03 06:45:12',0),
(142,142,1,33,0,0,'2026-05-03 07:03:16',0),
(143,143,1,33,0,0,'2026-05-03 07:03:16',0),
(144,144,1,33,0,0,'2026-05-03 07:03:16',0),
(145,145,1,33,0,0,'2026-05-03 07:03:16',0),
(146,146,1,33,0,0,'2026-05-03 07:03:16',0),
(147,147,1,34,0,0,'2026-05-03 07:06:30',0),
(148,148,1,34,0,0,'2026-05-03 07:06:30',0),
(149,149,1,34,0,0,'2026-05-03 07:06:30',0),
(150,150,1,12,0,0,'2026-05-03 07:07:22',0),
(151,151,1,35,0,0,'2026-05-03 07:09:42',0),
(152,152,1,35,0,0,'2026-05-03 07:09:42',0),
(153,153,1,36,0,0,'2026-05-03 07:13:39',0),
(154,154,1,36,0,0,'2026-05-03 07:17:00',0),
(155,155,1,36,0,0,'2026-05-03 07:17:00',0),
(156,156,1,36,0,0,'2026-05-03 07:17:00',0),
(157,157,1,37,0,0,'2026-05-03 07:23:51',0),
(158,158,1,37,0,0,'2026-05-03 07:23:51',0),
(159,159,1,37,0,0,'2026-05-03 07:23:51',0),
(160,160,1,37,0,0,'2026-05-03 07:23:51',0),
(161,161,1,38,0,0,'2026-05-03 07:27:26',0),
(162,162,1,12,0,0,'2026-05-03 07:29:26',0),
(163,163,1,39,0,0,'2026-05-03 07:30:50',0),
(164,164,1,31,0,0,'2026-05-03 07:32:12',0),
(165,165,1,10,0,0,'2026-05-04 10:15:49',0),
(166,166,1,37,0,0,'2026-05-04 10:21:08',0),
(167,167,1,40,0,0,'2026-05-04 14:43:23',0),
(168,168,1,33,0,0,'2026-05-04 18:55:03',0),
(169,169,1,41,0,0,'2026-05-05 14:02:36',0),
(170,170,1,42,0,0,'2026-05-05 18:17:41',0),
(171,171,1,42,0,0,'2026-05-05 18:17:41',0),
(172,172,1,42,0,0,'2026-05-05 18:17:41',0),
(173,173,1,43,0,0,'2026-05-05 19:47:40',0),
(174,174,1,39,0,0,'2026-05-06 16:09:46',0),
(175,175,1,44,0,0,'2026-05-06 16:24:16',0),
(176,176,1,5,0,0,'2026-05-06 16:58:07',0),
(177,177,1,5,0,0,'2026-05-06 16:58:07',0),
(178,178,1,5,0,0,'2026-05-06 16:58:07',0),
(179,179,1,10,0,0,'2026-05-06 17:42:58',0),
(180,180,1,10,0,0,'2026-05-06 17:42:58',0),
(181,181,1,45,0,0,'2026-05-06 17:45:55',0),
(182,182,1,45,0,0,'2026-05-06 17:45:55',0),
(183,183,1,11,0,0,'2026-05-06 19:50:57',0),
(184,184,1,11,0,0,'2026-05-06 19:50:57',0),
(185,185,1,11,0,0,'2026-05-06 19:50:57',0),
(186,186,1,11,0,0,'2026-05-06 19:50:57',0),
(187,187,1,11,0,0,'2026-05-06 19:50:57',0),
(188,188,1,11,0,0,'2026-05-06 19:50:57',0),
(189,189,1,11,0,0,'2026-05-06 19:50:57',0),
(190,190,1,11,0,0,'2026-05-06 19:50:57',0),
(191,191,1,35,0,0,'2026-05-07 08:55:00',0),
(192,192,1,33,0,0,'2026-05-07 09:58:26',0),
(193,193,1,33,0,0,'2026-05-07 09:58:26',0),
(194,194,1,33,0,0,'2026-05-07 09:58:26',0),
(195,195,1,33,0,0,'2026-05-07 09:58:26',0),
(196,196,1,33,0,0,'2026-05-07 09:58:26',0),
(197,197,1,45,0,0,'2026-05-07 10:29:16',0),
(198,198,1,46,0,0,'2026-05-07 11:10:04',0),
(199,199,1,47,0,0,'2026-05-07 11:11:17',0),
(200,200,1,14,0,0,'2026-05-07 11:50:27',0),
(201,201,1,4,0,0,'2026-05-07 15:06:03',0),
(202,202,1,4,0,0,'2026-05-07 15:06:03',0),
(203,203,1,4,0,0,'2026-05-07 15:06:03',0),
(204,204,1,48,0,0,'2026-05-07 16:06:41',0),
(205,205,1,48,0,0,'2026-05-07 16:08:10',0),
(206,206,1,19,0,0,'2026-05-07 16:34:41',0),
(207,207,1,19,0,0,'2026-05-07 16:34:41',0),
(208,208,1,19,0,0,'2026-05-07 16:34:41',0),
(209,209,1,27,0,0,'2026-05-07 17:53:32',0),
(210,210,1,43,0,0,'2026-05-07 18:01:09',0),
(211,211,1,49,0,0,'2026-05-07 18:47:17',0),
(212,212,1,31,0,0,'2026-05-07 18:56:08',0),
(213,213,1,46,0,0,'2026-05-07 19:42:38',0),
(214,214,1,10,0,0,'2026-05-07 21:31:40',0),
(215,215,1,37,0,0,'2026-05-08 09:29:27',0),
(216,216,1,4,0,0,'2026-05-08 09:41:30',0),
(217,217,1,49,0,0,'2026-05-08 09:44:56',0),
(218,218,1,4,0,0,'2026-05-08 10:02:51',0),
(219,219,1,50,0,0,'2026-05-08 10:56:22',0),
(220,220,1,30,0,0,'2026-05-08 12:19:12',0),
(221,221,1,5,0,0,'2026-05-08 13:27:09',0),
(222,222,1,39,0,0,'2026-05-08 14:48:48',0),
(223,223,1,39,0,0,'2026-05-08 14:48:48',0),
(224,224,1,39,0,0,'2026-05-08 14:48:48',0),
(225,225,1,50,0,0,'2026-05-08 14:51:07',0),
(226,226,1,51,0,0,'2026-05-08 18:32:56',0);

--
-- Table structure for table `producttemp`
--

CREATE TABLE `producttemp` (
  `producttempid` int(11) NOT NULL AUTO_INCREMENT,
  `productName` varchar(256) NOT NULL DEFAULT '',
  `productCatId` int(11) NOT NULL,
  `productBuyPrice` decimal(10,2) NOT NULL,
  `productSellAllPrice` decimal(10,2) NOT NULL,
  `productSellUnitPrice` decimal(10,2) NOT NULL,
  `productSellHalfPrice` decimal(10,2) NOT NULL,
  `productDate` date NOT NULL,
  `conditions` int(1) NOT NULL DEFAULT 0,
  `userId` int(11) NOT NULL,
  `parcode` varchar(256) DEFAULT NULL,
  PRIMARY KEY (`producttempid`),
  KEY `productCatId` (`productCatId`)
) ENGINE=InnoDB DEFAULT CHARSET=utf8mb3 COLLATE=utf8mb3_general_ci;

--
-- Dumping data for table `producttemp`
--


--
-- Table structure for table `producttempunit`
--

CREATE TABLE `producttempunit` (
  `producttempunitid` int(11) NOT NULL AUTO_INCREMENT,
  `unitid` int(11) NOT NULL,
  `producttempid` int(11) NOT NULL,
  `productnumber` int(11) NOT NULL,
  `producttempunitdate` date NOT NULL,
  `userid` int(11) NOT NULL,
  `conditions` int(11) NOT NULL DEFAULT 0,
  PRIMARY KEY (`producttempunitid`),
  KEY `producttempid` (`producttempid`),
  KEY `unitid` (`unitid`)
) ENGINE=InnoDB DEFAULT CHARSET=utf8mb3 COLLATE=utf8mb3_general_ci;

--
-- Dumping data for table `producttempunit`
--


--
-- Table structure for table `productunit`
--

CREATE TABLE `productunit` (
  `productunitid` int(11) NOT NULL AUTO_INCREMENT,
  `unitid` int(11) NOT NULL,
  `productid` int(11) NOT NULL,
  `productnumber` decimal(10,2) NOT NULL,
  `productunitdate` date NOT NULL,
  `userid` int(11) NOT NULL,
  `conditions` int(11) NOT NULL DEFAULT 0,
  `proUnitParcode` varchar(30) NOT NULL,
  `proUnitSellAllPrice` float NOT NULL,
  `proUnitSellHalfPrice` float NOT NULL,
  `proUnitSellUnitPrice` float NOT NULL,
  `proUnitBuyPrice` float NOT NULL,
  `unitInTax` varchar(150) NOT NULL,
  `proUnitPrice4` float NOT NULL,
  `proUnitPrice5` float NOT NULL,
  `proUnitPrice6` float NOT NULL,
  `proUnitPrice7` float NOT NULL,
  `proUnitPrice8` float NOT NULL,
  PRIMARY KEY (`productunitid`),
  KEY `productid` (`productid`),
  KEY `unitid` (`unitid`)
) ENGINE=InnoDB AUTO_INCREMENT=227 DEFAULT CHARSET=utf8mb3 COLLATE=utf8mb3_general_ci;

--
-- Dumping data for table `productunit`
--

INSERT INTO `productunit` VALUES
(1,1,1,1.00,'2026-05-02',1,0,'0000101',330,330,330,310,'',0,0,0,0,0),
(2,1,2,1.00,'2026-05-02',1,0,'0000201',320,320,320,300,'',0,0,0,0,0),
(3,1,3,1.00,'2026-05-02',1,0,'0000301',300,300,300,280,'',0,0,0,0,0),
(4,1,4,1.00,'2026-05-02',1,0,'0000401',300,300,300,280,'',0,0,0,0,0),
(5,1,5,1.00,'2026-05-02',1,0,'0000501',270,270,270,250,'',0,0,0,0,0),
(6,1,6,1.00,'2026-05-02',1,0,'0000601',360,360,360,340,'',0,0,0,0,0),
(7,1,7,1.00,'2026-05-02',1,0,'0000701',300,300,300,280,'',0,0,0,0,0),
(8,1,8,1.00,'2026-05-02',1,0,'0000801',380,380,380,360,'',0,0,0,0,0),
(9,1,9,1.00,'2026-05-02',1,0,'0000901',550,550,550,530,'',0,0,0,0,0),
(10,1,10,1.00,'2026-05-02',1,0,'0001001',300,300,300,280,'',0,0,0,0,0),
(11,1,11,1.00,'2026-05-02',1,0,'0001101',360,360,360,340,'',0,0,0,0,0),
(12,1,12,1.00,'2026-05-02',1,0,'0001201',350,350,350,330,'',0,0,0,0,0),
(13,1,13,1.00,'2026-05-02',1,0,'0001301',300,300,300,280,'',0,0,0,0,0),
(14,1,14,1.00,'2026-05-02',1,0,'0001401',300,300,300,280,'',0,0,0,0,0),
(15,1,15,1.00,'2026-05-02',1,0,'0001501',200,200,200,200,'',0,0,0,0,0),
(16,1,16,1.00,'2026-05-02',1,0,'0001601',250,250,250,250,'',0,0,0,0,0),
(17,1,17,1.00,'2026-05-02',1,0,'0001701',190,190,190,170,'',0,0,0,0,0),
(18,1,18,1.00,'2026-05-02',1,0,'0001801',230,230,230,230,'',0,0,0,0,0),
(19,1,19,1.00,'2026-05-02',1,0,'0001901',115,115,115,115,'',0,0,0,0,0),
(20,1,20,1.00,'2026-05-02',1,0,'0002001',150,150,150,135,'',0,0,0,0,0),
(21,1,21,1.00,'2026-05-02',1,0,'0002101',180,180,180,180,'',0,0,0,0,0),
(22,1,22,1.00,'2026-05-02',1,0,'0002201',245,245,245,230,'',0,0,0,0,0),
(23,1,23,1.00,'2026-05-02',1,0,'0002301',275,275,275,255,'',0,0,0,0,0),
(24,1,24,1.00,'2026-05-02',1,0,'0002401',290,290,290,270,'',0,0,0,0,0),
(25,1,25,1.00,'2026-05-02',1,0,'0002501',275,275,275,255,'',0,0,0,0,0),
(26,1,26,1.00,'2026-05-03',1,0,'0002601',180,180,180,170,'',0,0,0,0,0),
(27,1,27,1.00,'2026-05-03',1,0,'0002701',280,280,280,260,'',0,0,0,0,0),
(28,1,28,1.00,'2026-05-03',1,0,'0002801',280,280,280,260,'',0,0,0,0,0),
(29,1,29,1.00,'2026-05-03',1,0,'0002901',230,230,230,215,'',0,0,0,0,0),
(30,1,30,1.00,'2026-05-03',1,0,'0003001',270,270,270,255,'',0,0,0,0,0),
(31,1,31,1.00,'2026-05-03',1,0,'0003101',270,270,270,255,'',0,0,0,0,0),
(32,1,32,1.00,'2026-05-03',1,0,'0003201',330,330,330,315,'',0,0,0,0,0),
(33,1,33,1.00,'2026-05-03',1,0,'0003301',160,160,160,150,'',0,0,0,0,0),
(34,1,34,1.00,'2026-05-03',1,0,'0003401',250,250,250,240,'',0,0,0,0,0),
(35,1,35,1.00,'2026-05-03',1,0,'0003501',325,325,325,310,'',0,0,0,0,0),
(36,1,36,1.00,'2026-05-03',1,0,'0003601',250,250,250,240,'',0,0,0,0,0),
(37,1,37,1.00,'2026-05-03',1,0,'0003701',275,275,275,260,'',0,0,0,0,0),
(38,1,38,1.00,'2026-05-03',1,0,'0003801',330,330,330,315,'',0,0,0,0,0),
(39,1,39,1.00,'2026-05-03',1,0,'0003901',255,255,255,245,'',0,0,0,0,0),
(40,1,40,1.00,'2026-05-03',1,0,'0004001',85,85,85,75,'',0,0,0,0,0),
(41,1,41,1.00,'2026-05-03',1,0,'0004101',285,285,285,270,'',0,0,0,0,0),
(42,1,42,1.00,'2026-05-03',1,0,'0004201',310,310,310,295,'',0,0,0,0,0),
(43,1,43,1.00,'2026-05-03',1,0,'0004301',200,200,200,189,'',0,0,0,0,0),
(44,1,44,1.00,'2026-05-03',1,0,'0004401',100,100,100,94,'',0,0,0,0,0),
(45,1,45,1.00,'2026-05-03',1,0,'0004501',175,175,175,164,'',0,0,0,0,0),
(46,1,46,1.00,'2026-05-03',1,0,'0004601',150,150,150,135,'',0,0,0,0,0),
(47,1,47,1.00,'2026-05-03',1,0,'0004701',110,110,110,100,'',0,0,0,0,0),
(48,1,48,1.00,'2026-05-03',1,0,'0004801',85,85,85,75,'',0,0,0,0,0),
(49,1,49,1.00,'2026-05-03',1,0,'0004901',180,180,180,165,'',0,0,0,0,0),
(50,1,50,1.00,'2026-05-03',1,0,'0005001',215,215,215,215,'',0,0,0,0,0),
(51,1,51,1.00,'2026-05-03',1,0,'0005101',235,235,235,235,'',0,0,0,0,0),
(52,1,52,1.00,'2026-05-03',1,0,'0005201',155,155,155,155,'',0,0,0,0,0),
(53,1,53,1.00,'2026-05-03',1,0,'0005301',200,200,200,200,'',0,0,0,0,0),
(54,1,54,1.00,'2026-05-03',1,0,'0005401',225,225,225,225,'',0,0,0,0,0),
(55,1,55,1.00,'2026-05-03',1,0,'0005501',210,210,210,210,'',0,0,0,0,0),
(56,1,56,1.00,'2026-05-03',1,0,'0005601',135,135,135,135,'',0,0,0,0,0),
(57,1,57,1.00,'2026-05-03',1,0,'0005701',210,210,210,210,'',0,0,0,0,0),
(58,1,58,1.00,'2026-05-03',1,0,'0005801',130,130,130,130,'',0,0,0,0,0),
(59,1,59,1.00,'2026-05-03',1,0,'0005901',215,215,215,200,'',0,0,0,0,0),
(60,1,60,1.00,'2026-05-03',1,0,'0006001',105,105,105,97,'',0,0,0,0,0),
(61,1,61,1.00,'2026-05-03',1,0,'0006101',200,200,200,185,'',0,0,0,0,0),
(62,1,62,1.00,'2026-05-03',1,0,'0006201',130,130,130,120,'',0,0,0,0,0),
(63,1,63,1.00,'2026-05-03',1,0,'0006301',130,130,130,120,'',0,0,0,0,0),
(64,1,64,1.00,'2026-05-03',1,0,'0006401',195,195,195,180,'',0,0,0,0,0),
(65,1,65,1.00,'2026-05-03',1,0,'0006501',185,185,185,170,'',0,0,0,0,0),
(66,1,66,1.00,'2026-05-03',1,0,'0006601',190,190,190,175,'',0,0,0,0,0),
(67,1,67,1.00,'2026-05-03',1,0,'0006701',195,195,195,180,'',0,0,0,0,0),
(68,1,68,1.00,'2026-05-03',1,0,'0006801',215,215,215,200,'',0,0,0,0,0),
(69,1,69,1.00,'2026-05-03',1,0,'0006901',75,75,75,70,'',0,0,0,0,0),
(70,1,70,1.00,'2026-05-03',1,0,'0007001',230,230,230,230,'',0,0,0,0,0),
(71,1,71,1.00,'2026-05-03',1,0,'0007101',170,170,170,170,'',0,0,0,0,0),
(72,1,72,1.00,'2026-05-03',1,0,'0007201',150,150,150,150,'',0,0,0,0,0),
(73,1,73,1.00,'2026-05-03',1,0,'0007301',100,100,100,95,'',0,0,0,0,0),
(74,1,74,1.00,'2026-05-03',1,0,'0007401',300,300,300,285,'',0,0,0,0,0),
(75,1,75,1.00,'2026-05-03',1,0,'0007501',190,190,190,175,'',0,0,0,0,0),
(76,1,76,1.00,'2026-05-03',1,0,'0007601',125,125,125,115,'',0,0,0,0,0),
(77,1,77,1.00,'2026-05-03',1,0,'0007701',210,210,210,190,'',0,0,0,0,0),
(78,1,78,1.00,'2026-05-03',1,0,'0007801',185,185,185,175,'',0,0,0,0,0),
(79,1,79,1.00,'2026-05-03',1,0,'0007901',100,100,100,95,'',0,0,0,0,0),
(80,1,80,1.00,'2026-05-03',1,0,'0008001',250,250,250,230,'',0,0,0,0,0),
(81,1,81,1.00,'2026-05-03',1,0,'0008101',185,185,185,170,'',0,0,0,0,0),
(82,1,82,1.00,'2026-05-03',1,0,'0008201',195,195,195,180,'',0,0,0,0,0),
(83,1,83,1.00,'2026-05-03',1,0,'0008301',155,155,155,140,'',0,0,0,0,0),
(84,1,84,1.00,'2026-05-03',1,0,'0008401',145,145,145,130,'',0,0,0,0,0),
(85,1,85,1.00,'2026-05-03',1,0,'0008501',125,125,125,110,'',0,0,0,0,0),
(86,1,86,1.00,'2026-05-03',1,0,'0008601',140,140,140,125,'',0,0,0,0,0),
(87,1,87,1.00,'2026-05-03',1,0,'0008701',140,140,140,130,'',0,0,0,0,0),
(88,1,88,1.00,'2026-05-03',1,0,'0008801',140,140,140,130,'',0,0,0,0,0),
(89,1,89,1.00,'2026-05-03',1,0,'0008901',150,150,150,135,'',0,0,0,0,0),
(90,1,90,1.00,'2026-05-03',1,0,'0009001',335,335,335,315,'',0,0,0,0,0),
(91,1,91,1.00,'2026-05-03',1,0,'0009101',280,280,280,260,'',0,0,0,0,0),
(92,1,92,1.00,'2026-05-03',1,0,'0009201',200,200,200,190,'',0,0,0,0,0),
(93,1,93,1.00,'2026-05-03',1,0,'0009301',215,215,215,200,'',0,0,0,0,0),
(94,1,94,1.00,'2026-05-03',1,0,'0009401',115,115,115,100,'',0,0,0,0,0),
(95,1,95,1.00,'2026-05-03',1,0,'0009501',110,110,110,100,'',0,0,0,0,0),
(96,1,96,1.00,'2026-05-03',1,0,'0009601',190,190,190,175,'',0,0,0,0,0),
(97,1,97,1.00,'2026-05-03',1,0,'0009701',110,110,110,100,'',0,0,0,0,0),
(98,1,98,1.00,'2026-05-03',1,0,'0009801',105,105,105,95,'',0,0,0,0,0),
(99,1,99,1.00,'2026-05-03',1,0,'0009901',110,110,110,100,'',0,0,0,0,0),
(100,1,100,1.00,'2026-05-03',1,0,'0010001',125,125,125,115,'',0,0,0,0,0),
(101,1,101,1.00,'2026-05-03',1,0,'0010101',100,100,100,90,'',0,0,0,0,0),
(102,1,102,1.00,'2026-05-03',1,0,'0010201',190,190,190,175,'',0,0,0,0,0),
(103,1,103,1.00,'2026-05-03',1,0,'0010301',150,150,150,150,'',0,0,0,0,0),
(104,1,104,1.00,'2026-05-03',1,0,'0010401',220,220,220,220,'',0,0,0,0,0),
(105,1,105,1.00,'2026-05-03',1,0,'0010501',230,230,230,230,'',0,0,0,0,0),
(106,1,106,1.00,'2026-05-03',1,0,'0010601',390,390,390,370,'',0,0,0,0,0),
(107,1,107,1.00,'2026-05-03',1,0,'0010701',230,230,230,210,'',0,0,0,0,0),
(108,1,108,1.00,'2026-05-03',1,0,'0010801',360,360,360,340,'',0,0,0,0,0),
(109,1,109,1.00,'2026-05-03',1,0,'0010901',320,320,320,300,'',0,0,0,0,0),
(110,1,110,1.00,'2026-05-03',1,0,'0011001',420,420,420,400,'',0,0,0,0,0),
(111,1,111,1.00,'2026-05-03',1,0,'0011101',340,340,340,320,'',0,0,0,0,0),
(112,1,112,1.00,'2026-05-03',1,0,'0011201',420,420,420,400,'',0,0,0,0,0),
(113,1,113,1.00,'2026-05-03',1,0,'0011301',310,310,310,290,'',0,0,0,0,0),
(114,1,114,1.00,'2026-05-03',1,0,'0011401',290,290,290,270,'',0,0,0,0,0),
(115,1,115,1.00,'2026-05-03',1,0,'0011501',220,220,220,220,'',0,0,0,0,0),
(116,1,116,1.00,'2026-05-03',1,0,'0011601',140,140,140,140,'',0,0,0,0,0),
(117,1,117,1.00,'2026-05-03',1,0,'0011701',180,180,180,165,'',0,0,0,0,0),
(118,1,118,1.00,'2026-05-03',1,0,'0011801',165,165,165,150,'',0,0,0,0,0),
(119,1,119,1.00,'2026-05-03',1,0,'0011901',175,175,175,160,'',0,0,0,0,0),
(120,1,120,1.00,'2026-05-03',1,0,'0012001',175,175,175,160,'',0,0,0,0,0),
(121,1,121,1.00,'2026-05-03',1,0,'0012101',110,110,110,100,'',0,0,0,0,0),
(122,1,122,1.00,'2026-05-03',1,0,'0012201',105,105,105,95,'',0,0,0,0,0),
(123,1,123,1.00,'2026-05-03',1,0,'0012301',80,80,80,75,'',0,0,0,0,0),
(124,1,124,1.00,'2026-05-03',1,0,'0012401',150,150,150,135,'',0,0,0,0,0),
(125,1,125,1.00,'2026-05-03',1,0,'0012501',210,210,210,195,'',0,0,0,0,0),
(126,1,126,1.00,'2026-05-03',1,0,'0012601',220,220,220,200,'',0,0,0,0,0),
(127,1,127,1.00,'2026-05-03',1,0,'0012701',300,300,300,280,'',0,0,0,0,0),
(128,1,128,1.00,'2026-05-03',1,0,'0012801',230,230,230,215,'',0,0,0,0,0),
(129,1,129,1.00,'2026-05-03',1,0,'0012901',270,270,270,250,'',0,0,0,0,0),
(130,1,130,1.00,'2026-05-03',1,0,'0013001',260,260,260,240,'',0,0,0,0,0),
(131,1,131,1.00,'2026-05-03',1,0,'0013101',220,220,220,200,'',0,0,0,0,0),
(132,1,132,1.00,'2026-05-03',1,0,'0013201',180,180,180,170,'',0,0,0,0,0),
(133,1,133,1.00,'2026-05-03',1,0,'0013301',110,110,110,100,'',0,0,0,0,0),
(134,1,134,1.00,'2026-05-03',1,0,'0013401',125,125,125,115,'',0,0,0,0,0),
(135,1,135,1.00,'2026-05-03',1,0,'0013501',280,280,280,260,'',0,0,0,0,0),
(136,1,136,1.00,'2026-05-03',1,0,'0013601',120,120,120,110,'',0,0,0,0,0),
(137,1,137,40.00,'2026-05-03',1,0,'0013701',14000,14000,14000,12800,'',0,0,0,0,0),
(138,1,138,40.00,'2026-05-03',1,0,'0013801',9600,9600,9600,8800,'',0,0,0,0,0),
(139,1,139,40.00,'2026-05-03',1,0,'0013901',8400,8400,8400,7800,'',0,0,0,0,0),
(140,1,140,40.00,'2026-05-03',1,0,'0014001',9200,9200,9200,210,'',0,0,0,0,0),
(141,1,141,40.00,'2026-05-03',1,0,'0014101',9800,9800,9800,9200,'',0,0,0,0,0),
(142,1,142,1.00,'2026-05-03',1,0,'0014201',280,280,280,260,'',0,0,0,0,0),
(143,1,143,1.00,'2026-05-03',1,0,'0014301',330,330,330,310,'',0,0,0,0,0),
(144,1,144,1.00,'2026-05-03',1,0,'0014401',340,340,340,320,'',0,0,0,0,0),
(145,1,145,1.00,'2026-05-03',1,0,'0014501',320,320,320,300,'',0,0,0,0,0),
(146,1,146,1.00,'2026-05-03',1,0,'0014601',320,320,320,300,'',0,0,0,0,0),
(147,1,147,1.00,'2026-05-03',1,0,'0014701',260,260,260,240,'',0,0,0,0,0),
(148,1,148,1.00,'2026-05-03',1,0,'0014801',220,220,220,200,'',0,0,0,0,0),
(149,1,149,1.00,'2026-05-03',1,0,'0014901',270,270,270,250,'',0,0,0,0,0),
(150,1,150,1.00,'2026-05-03',1,0,'0015001',250,250,250,250,'',0,0,0,0,0),
(151,1,151,1.00,'2026-05-03',1,0,'0015101',295,295,295,280,'',0,0,0,0,0),
(152,1,152,1.00,'2026-05-03',1,0,'0015201',315,315,315,300,'',0,0,0,0,0),
(153,1,153,1.00,'2026-05-03',1,0,'0015301',255,255,255,230,'',0,0,0,0,0),
(154,1,154,1.00,'2026-05-03',1,0,'0015401',255,255,255,210,'',0,0,0,0,0),
(155,1,155,1.00,'2026-05-03',1,0,'0015501',255,255,255,205,'',0,0,0,0,0),
(156,1,156,1.00,'2026-05-03',1,0,'0015601',270,270,270,250,'',0,0,0,0,0),
(157,1,157,1.00,'2026-05-03',1,0,'0015701',220,220,220,220,'',0,0,0,0,0),
(158,1,158,1.00,'2026-05-03',1,0,'0015801',190,190,190,190,'',0,0,0,0,0),
(159,1,159,1.00,'2026-05-03',1,0,'0015901',140,140,140,140,'',0,0,0,0,0),
(160,1,160,1.00,'2026-05-03',1,0,'0016001',195,195,195,195,'',0,0,0,0,0),
(161,1,161,1.00,'2026-05-03',1,0,'0016101',160,160,160,150,'',0,0,0,0,0),
(162,1,162,1.00,'2026-05-03',1,0,'0016201',240,240,240,240,'',0,0,0,0,0),
(163,1,163,1.00,'2026-05-03',1,0,'0016301',350,350,350,350,'',0,0,0,0,0),
(164,1,164,1.00,'2026-05-03',1,0,'0016401',285,285,285,265,'',0,0,0,0,0),
(165,1,165,1.00,'2026-05-04',1,0,'0016501',60,60,60,55,'',0,0,0,0,0),
(166,1,166,1.00,'2026-05-04',11,0,'0016601',120,120,120,120,'',0,0,0,0,0),
(167,1,167,1.00,'2026-05-04',11,0,'0016701',230,230,230,210,'',0,0,0,0,0),
(168,1,168,1.00,'2026-05-04',11,0,'0016801',300,300,300,280,'',0,0,0,0,0),
(169,1,169,1.00,'2026-05-05',11,0,'0016901',125,125,125,115,'',0,0,0,0,0),
(170,1,170,1.00,'2026-05-05',1,0,'0017001',220,220,220,205,'',0,0,0,0,0),
(171,1,171,1.00,'2026-05-05',1,0,'0017101',275,275,275,260,'',0,0,0,0,0),
(172,1,172,1.00,'2026-05-05',1,0,'0017201',250,250,250,240,'',0,0,0,0,0),
(173,1,173,1.00,'2026-05-05',11,0,'0017301',180,180,180,165,'',0,0,0,0,0),
(174,1,174,1.00,'2026-05-06',1,0,'0017401',200,200,200,180,'',0,0,0,0,0),
(175,1,175,1.00,'2026-05-06',11,0,'0017501',250,250,250,230,'',0,0,0,0,0),
(176,1,176,1.00,'2026-05-06',11,0,'0017601',255,255,255,240,'',0,0,0,0,0),
(177,1,177,1.00,'2026-05-06',11,0,'0017701',275,275,275,260,'',0,0,0,0,0),
(178,1,178,1.00,'2026-05-06',11,0,'0017801',285,285,285,270,'',0,0,0,0,0),
(179,1,179,1.00,'2026-05-06',11,0,'0017901',160,160,160,150,'',0,0,0,0,0),
(180,1,180,1.00,'2026-05-06',11,0,'0018001',90,90,90,82,'',0,0,0,0,0),
(181,1,181,1.00,'2026-05-06',1,0,'0018101',310,310,310,295,'',0,0,0,0,0),
(182,1,182,1.00,'2026-05-06',1,0,'0018201',270,270,270,255,'',0,0,0,0,0),
(183,1,183,1.00,'2026-05-06',11,0,'0018301',260,260,260,260,'',0,0,0,0,0),
(184,1,184,1.00,'2026-05-06',11,0,'0018401',240,240,240,240,'',0,0,0,0,0),
(185,1,185,1.00,'2026-05-06',11,0,'0018501',210,210,210,210,'',0,0,0,0,0),
(186,1,186,1.00,'2026-05-06',11,0,'0018601',250,250,250,250,'',0,0,0,0,0),
(187,1,187,1.00,'2026-05-06',11,0,'0018701',270,270,270,270,'',0,0,0,0,0),
(188,1,188,1.00,'2026-05-06',11,0,'0018801',240,240,240,240,'',0,0,0,0,0),
(189,1,189,1.00,'2026-05-06',11,0,'0018901',105,105,105,105,'',0,0,0,0,0),
(190,1,190,1.00,'2026-05-06',11,0,'0019001',150,150,150,150,'',0,0,0,0,0),
(191,1,191,1.00,'2026-05-07',1,0,'0019101',315,315,315,295,'',0,0,0,0,0),
(192,1,192,1.00,'2026-05-07',11,0,'0019201',330,330,330,310,'',0,0,0,0,0),
(193,1,193,1.00,'2026-05-07',11,0,'0019301',320,320,320,300,'',0,0,0,0,0),
(194,1,194,1.00,'2026-05-07',11,0,'0019401',350,350,350,330,'',0,0,0,0,0),
(195,1,195,1.00,'2026-05-07',11,0,'0019501',300,300,300,280,'',0,0,0,0,0),
(196,1,196,1.00,'2026-05-07',11,0,'0019601',360,360,360,340,'',0,0,0,0,0),
(197,1,197,1.00,'2026-05-07',11,0,'0019701',750,750,750,700,'',0,0,0,0,0),
(198,1,198,1.00,'2026-05-07',11,0,'0019801',250,250,250,230,'',0,0,0,0,0),
(199,1,199,1.00,'2026-05-07',11,0,'0019901',220,220,220,200,'',0,0,0,0,0),
(200,1,200,1.00,'2026-05-07',11,0,'0020001',315,315,315,300,'',0,0,0,0,0),
(201,1,201,1.00,'2026-05-07',11,0,'0020101',195,195,195,180,'',0,0,0,0,0),
(202,1,202,1.00,'2026-05-07',11,0,'0020201',195,195,195,180,'',0,0,0,0,0),
(203,1,203,1.00,'2026-05-07',11,0,'0020301',280,280,280,265,'',0,0,0,0,0),
(204,1,204,1.00,'2026-05-07',11,0,'0020401',85,85,85,80,'',0,0,0,0,0),
(205,1,205,1.00,'2026-05-07',11,0,'0020501',150,150,150,140,'',0,0,0,0,0),
(206,1,206,1.00,'2026-05-07',11,0,'0020601',215,215,215,205,'',0,0,0,0,0),
(207,1,207,1.00,'2026-05-07',11,0,'0020701',225,225,225,215,'',0,0,0,0,0),
(208,1,208,1.00,'2026-05-07',11,0,'0020801',235,235,235,225,'',0,0,0,0,0),
(209,1,209,1.00,'2026-05-07',11,0,'0020901',220,220,220,205,'',0,0,0,0,0),
(210,1,210,1.00,'2026-05-07',11,0,'0021001',110,110,110,100,'',0,0,0,0,0),
(211,1,211,1.00,'2026-05-07',11,0,'0021101',165,165,165,155,'',0,0,0,0,0),
(212,1,212,1.00,'2026-05-07',11,0,'0021201',300,300,300,285,'',0,0,0,0,0),
(213,1,213,1.00,'2026-05-07',1,0,'0021301',270,270,270,250,'',0,0,0,0,0),
(214,1,214,1.00,'2026-05-07',1,0,'0021401',150,150,150,130,'',0,0,0,0,0),
(215,1,215,1.00,'2026-05-08',11,0,'0021501',140,140,140,140,'',0,0,0,0,0),
(216,1,216,1.00,'2026-05-08',11,0,'0021601',195,195,195,180,'',0,0,0,0,0),
(217,1,217,1.00,'2026-05-08',11,0,'0021701',100,100,100,95,'',0,0,0,0,0),
(218,1,218,1.00,'2026-05-08',11,0,'0021801',190,190,190,180,'',0,0,0,0,0),
(219,1,219,1.00,'2026-05-08',11,0,'0021901',250,250,250,240,'',0,0,0,0,0),
(220,1,220,1.00,'2026-05-08',11,0,'0022001',120,120,120,115,'',0,0,0,0,0),
(221,1,221,1.00,'2026-05-08',1,0,'0022101',85,85,85,80,'',0,0,0,0,0),
(222,1,222,1.00,'2026-05-08',11,0,'0022201',130,130,130,130,'',0,0,0,0,0),
(223,1,223,1.00,'2026-05-08',11,0,'0022301',175,175,175,175,'',0,0,0,0,0),
(224,1,224,1.00,'2026-05-08',11,0,'0022401',130,130,130,130,'',0,0,0,0,0),
(225,1,225,1.00,'2026-05-08',1,0,'0022501',270,270,270,250,'',0,0,0,0,0),
(226,1,226,36.00,'2026-05-08',1,0,'0022601',11880,11880,11880,11520,'',0,0,0,0,0);

--
