-- Table structure for table `productcat`
--

CREATE TABLE `productcat` (
  `productCatId` int(11) NOT NULL AUTO_INCREMENT,
  `productCatName` varchar(256) NOT NULL,
  `productCatDate` date NOT NULL,
  `productCatDescription` text DEFAULT NULL,
  `productCatParent` int(11) NOT NULL DEFAULT 0,
  `userId` int(11) NOT NULL,
  `conditions` int(1) NOT NULL DEFAULT 0,
  `selldiscount` decimal(10,2) NOT NULL DEFAULT 0.00,
  `buydiscount` decimal(10,2) NOT NULL DEFAULT 0.00,
  `discounttype` int(11) NOT NULL DEFAULT 0 COMMENT '0 =>direct- 1=>percent',
  `isOptic` int(11) NOT NULL DEFAULT 0 COMMENT '0 not optic -1 without size and color-2 with size and color',
  `buytotal` int(11) DEFAULT 0,
  `buyhalf` int(11) DEFAULT 0,
  `buypart` int(11) DEFAULT 0,
  `buypricereal` int(11) DEFAULT 0,
  `opticServices` varchar(200) NOT NULL,
  `logo` varchar(255) DEFAULT NULL,
  `inMenu` tinyint(4) DEFAULT 0 COMMENT '0 show in resturant menu-1 hide it',
  `stopNegativeSale` tinyint(4) NOT NULL DEFAULT 0,
  `catExcelid` int(11) NOT NULL COMMENT 'used to link products to products from another erp like siam see in buybill',
  `webApiId` int(11) NOT NULL DEFAULT 0,
  `obygyInvestigationCatId` int(11) DEFAULT 0,
  `price4` float NOT NULL DEFAULT 0,
  `price5` float NOT NULL DEFAULT 0,
  `price6` float NOT NULL DEFAULT 0,
  `price7` float NOT NULL DEFAULT 0,
  `price8` float NOT NULL DEFAULT 0,
  PRIMARY KEY (`productCatId`),
  KEY `productCatParent` (`productCatParent`)
) ENGINE=InnoDB AUTO_INCREMENT=44 DEFAULT CHARSET=utf8mb3 COLLATE=utf8mb3_general_ci;

--
-- Dumping data for table `productcat`
--

INSERT INTO `productcat` VALUES
(1,'ترند وهامر','2026-05-02','',0,1,0,0.00,0.00,-1,0,0,0,0,0,'','.',0,0,0,0,0,0,0,0,0,0),
(2,'Ùرعون','2026-05-02','',0,1,0,0.00,0.00,-1,0,0,0,0,0,'','.',0,0,0,0,0,0,0,0,0,0),
(3,'Ùور تكس','2026-05-02','',0,1,0,0.00,0.00,-1,0,0,0,0,0,'','.',0,0,0,0,0,0,0,0,0,0),
(4,'استواب','2026-05-02','',0,1,0,0.00,0.00,-1,0,0,0,0,0,'','.',0,0,0,0,0,0,0,0,0,0),
(5,'ميكانو','2026-05-03','',0,1,0,0.00,0.00,-1,0,0,0,0,0,'','.',0,0,0,0,0,0,0,0,0,0),
(6,'الكينج','2026-05-03','',0,1,0,0.00,0.00,-1,0,0,0,0,0,'','.',0,0,0,0,0,0,0,0,0,0),
(7,'نادر','2026-05-03','',0,1,0,0.00,0.00,-1,0,0,0,0,0,'','.',0,0,0,0,0,0,0,0,0,0),
(8,'ماتركس','2026-05-03','',0,1,0,0.00,0.00,-1,0,0,0,0,0,'','.',0,0,0,0,0,0,0,0,0,0),
(9,'الباشا','2026-05-03','',0,1,0,0.00,0.00,-1,0,0,0,0,0,'','.',0,0,0,0,0,0,0,0,0,0),
(10,'الزعيم','2026-05-03','',0,1,0,0.00,0.00,-1,0,0,0,0,0,'','.',0,0,0,0,0,0,0,0,0,0),
(11,'بيكو','2026-05-03','',0,1,0,0.00,0.00,-1,0,0,0,0,0,'','.',0,0,0,0,0,0,0,0,0,0),
(12,'شوت','2026-05-03','',0,1,0,0.00,0.00,-1,0,0,0,0,0,'','.',0,0,0,0,0,0,0,0,0,0),
(13,'ابو باسم','2026-05-03','',0,1,0,0.00,0.00,-1,0,0,0,0,0,'','.',0,0,0,0,0,0,0,0,0,0),
(14,'سري مان','2026-05-03','',0,1,0,0.00,0.00,-1,0,0,0,0,0,'','.',0,0,0,0,0,0,0,0,0,0),
(15,'تايسون','2026-05-03','',0,1,0,0.00,0.00,-1,0,0,0,0,0,'','.',0,0,0,0,0,0,0,0,0,0),
(16,'Ùوكس','2026-05-03','',0,1,0,0.00,0.00,-1,0,0,0,0,0,'','.',0,0,0,0,0,0,0,0,0,0),
(17,'تيتو','2026-05-03','',0,1,0,0.00,0.00,-1,0,0,0,0,0,'','.',0,0,0,0,0,0,0,0,0,0),
(18,'الاجنبي','2026-05-03','',0,1,0,0.00,0.00,-1,0,0,0,0,0,'','.',0,0,0,0,0,0,0,0,0,0),
(19,'الجزار','2026-05-03','',0,1,0,0.00,0.00,-1,0,0,0,0,0,'','.',0,0,0,0,0,0,0,0,0,0),
(20,'amr','2026-05-03','',0,1,0,0.00,0.00,-1,0,0,0,0,0,'','.',0,0,0,0,0,0,0,0,0,0),
(21,'مستر جيد','2026-05-03','',0,1,0,0.00,0.00,-1,0,0,0,0,0,'','.',0,0,0,0,0,0,0,0,0,0),
(22,'جمايكا','2026-05-03','',0,1,0,0.00,0.00,-1,0,0,0,0,0,'','.',0,0,0,0,0,0,0,0,0,0),
(23,'رامي','2026-05-03','',0,1,0,0.00,0.00,-1,0,0,0,0,0,'','.',0,0,0,0,0,0,0,0,0,0),
(24,'كوبره','2026-05-03','',0,1,0,0.00,0.00,-1,0,0,0,0,0,'','.',0,0,0,0,0,0,0,0,0,0),
(25,'غوزال','2026-05-03','',0,1,0,0.00,0.00,-1,0,0,0,0,0,'','.',0,0,0,0,0,0,0,0,0,0),
(26,'قلبظ','2026-05-03','',0,1,0,0.00,0.00,-1,0,0,0,0,0,'','.',0,0,0,0,0,0,0,0,0,0),
(27,'اكس مان','2026-05-03','',0,1,0,0.00,0.00,-1,0,0,0,0,0,'','.',0,0,0,0,0,0,0,0,0,0),
(28,'البرزيلي','2026-05-03','',0,1,0,0.00,0.00,-1,0,0,0,0,0,'','.',0,0,0,0,0,0,0,0,0,0),
(29,'جاكو','2026-05-03','',0,1,0,0.00,0.00,-1,0,0,0,0,0,'','.',0,0,0,0,0,0,0,0,0,0),
(30,'اكس وان','2026-05-03','',0,1,0,0.00,0.00,-1,0,0,0,0,0,'','.',0,0,0,0,0,0,0,0,0,0),
(31,'زيكا','2026-05-03','',0,1,0,0.00,0.00,-1,0,0,0,0,0,'','.',0,0,0,0,0,0,0,0,0,0),
(32,'الصعيدي','2026-05-03','',0,1,0,0.00,0.00,-1,0,0,0,0,0,'','.',0,0,0,0,0,0,0,0,0,0),
(33,'العسكري','2026-05-03','',0,1,0,0.00,0.00,-1,0,0,0,0,0,'','.',0,0,0,0,0,0,0,0,0,0),
(34,'سيزر','2026-05-03','',0,1,0,0.00,0.00,-1,0,0,0,0,0,'','.',0,0,0,0,0,0,0,0,0,0),
(35,'متيجو','2026-05-03','',0,1,0,0.00,0.00,-1,0,0,0,0,0,'','.',0,0,0,0,0,0,0,0,0,0),
(36,'بونو','2026-05-03','',0,1,0,0.00,0.00,-1,0,0,0,0,0,'','.',0,0,0,0,0,0,0,0,0,0),
(37,'نوح','2026-05-03','',0,1,0,0.00,0.00,-1,0,0,0,0,0,'','.',0,0,0,0,0,0,0,0,0,0),
(38,'Ùهد','2026-05-03','',0,1,0,0.00,0.00,-1,0,0,0,0,0,'','.',0,0,0,0,0,0,0,0,0,0),
(39,'زورو','2026-05-03','',0,1,0,0.00,0.00,-1,0,0,0,0,0,'','.',0,0,0,0,0,0,0,0,0,0),
(40,'برند','2026-05-04','',0,11,0,0.00,0.00,-1,0,0,0,0,0,'','.',0,0,0,0,0,0,0,0,0,0),
(41,'اللول','2026-05-05','',0,11,0,0.00,0.00,-1,0,0,0,0,0,'','.',0,0,0,0,0,0,0,0,0,0),
(42,'تيمبو','2026-05-05','',0,1,0,0.00,0.00,-1,0,0,0,0,0,'','.',0,0,0,0,0,0,0,0,0,0),
(43,'جاميكا','2026-05-05','',0,11,0,0.00,0.00,-1,0,0,0,0,0,'','.',0,0,0,0,0,0,0,0,0,0);

--
-- Table structure for table `productcatunit`
--

CREATE TABLE `productcatunit` (
  `productcatunitid` int(11) NOT NULL AUTO_INCREMENT,
  `unitid` int(11) NOT NULL,
  `productcatid` int(11) NOT NULL,
  `productnumber` decimal(10,2) NOT NULL,
  `productcatunitdate` date NOT NULL,
  `userid` int(11) NOT NULL,
  `conditions` int(11) NOT NULL DEFAULT 0,
  PRIMARY KEY (`productcatunitid`),
  KEY `productcatid` (`productcatid`),
  KEY `unitid` (`unitid`)
) ENGINE=InnoDB AUTO_INCREMENT=9 DEFAULT CHARSET=utf8mb3 COLLATE=utf8mb3_general_ci;

--
-- Dumping data for table `productcatunit`
--

INSERT INTO `productcatunit` VALUES
(4,1,3,1.00,'2025-04-06',1,0),
(5,1,2,1.00,'2025-04-06',1,0),
(6,1,1,1.00,'2025-04-06',1,0),
(8,1,32,40.00,'2025-05-16',2,0);

--
-- Table structure for table `productingredients`
--

CREATE TABLE `productingredients` (
  `id` int(11) NOT NULL AUTO_INCREMENT,
  `productId` int(11) NOT NULL COMMENT 'from product tabe it is the product that has ingredients',
  `ingridientId` int(11) NOT NULL COMMENT 'from product table it is the ingridient',
  `unitId` int(11) NOT NULL,
  `quantity` decimal(10,2) NOT NULL,
  `userId` int(11) NOT NULL,
  `thedate` date NOT NULL,
  `conditions` tinyint(4) NOT NULL,
  PRIMARY KEY (`id`)
) ENGINE=InnoDB DEFAULT CHARSET=latin1 COLLATE=latin1_swedish_ci;

--
-- Dumping data for table `productingredients`
--


--
-- Table structure for table `productionexecution`
--

CREATE TABLE `productionexecution` (
  `id` int(11) NOT NULL AUTO_INCREMENT,
  `orderId` int(11) NOT NULL DEFAULT 0,
  `title` varchar(255) NOT NULL,
  `orderdate` date NOT NULL,
  `taskid` int(11) NOT NULL,
  `productid` int(11) NOT NULL,
  `num` decimal(10,2) NOT NULL,
  `outstoreid` int(11) NOT NULL,
  `wastestoreid` int(11) NOT NULL,
  `rentcost` double NOT NULL,
  `othercost` double NOT NULL,
  `executioncost` double NOT NULL,
  `sysdate` datetime NOT NULL,
  `executed` int(11) NOT NULL DEFAULT 0 COMMENT '0: not execued -- 1:executed',
  `comment` text NOT NULL,
  `sizeid` int(11) NOT NULL DEFAULT 0,
  `colorid` int(11) NOT NULL DEFAULT 0,
  `dailyentryid` int(11) NOT NULL DEFAULT 0,
  PRIMARY KEY (`id`),
  UNIQUE KEY `orderId` (`orderId`)
) ENGINE=InnoDB DEFAULT CHARSET=latin1 COLLATE=latin1_swedish_ci;

--
-- Dumping data for table `productionexecution`
--


--
-- Table structure for table `productionexecutionoutput`
--

CREATE TABLE `productionexecutionoutput` (
  `id` int(11) NOT NULL AUTO_INCREMENT,
  `exeutionid` int(11) NOT NULL,
  `productid` int(11) NOT NULL,
  `allprice` double NOT NULL,
  `halfprice` double NOT NULL,
  `unitprice` double NOT NULL,
  `num` decimal(10,2) NOT NULL,
  `cost` double NOT NULL,
  `storeid` int(11) NOT NULL,
  `buyPricesHistoryBookIdQuantity` text NOT NULL,
  `sizeid` int(11) NOT NULL DEFAULT 0,
  `colorid` int(11) NOT NULL DEFAULT 0,
  PRIMARY KEY (`id`)
) ENGINE=InnoDB DEFAULT CHARSET=latin1 COLLATE=latin1_swedish_ci;

--
-- Dumping data for table `productionexecutionoutput`
--


--
-- Table structure for table `productionexecutionproduct`
--

CREATE TABLE `productionexecutionproduct` (
  `id` int(11) NOT NULL AUTO_INCREMENT,
  `executionid` int(11) NOT NULL,
  `productid` int(11) NOT NULL,
  `unitid` int(11) NOT NULL,
  `quantity` decimal(10,2) NOT NULL,
  `actualquantity` decimal(10,2) NOT NULL,
  `cost` double NOT NULL,
  `actualcost` double NOT NULL,
  `buyPricesHistoryBookIdQuantity` text NOT NULL,
  `sizeid` int(11) NOT NULL DEFAULT 0,
  `colorid` int(11) NOT NULL DEFAULT 0,
  PRIMARY KEY (`id`)
) ENGINE=InnoDB DEFAULT CHARSET=latin1 COLLATE=latin1_swedish_ci;

--
-- Dumping data for table `productionexecutionproduct`
--


--
-- Table structure for table `productionexecutionwaste`
--

CREATE TABLE `productionexecutionwaste` (
  `id` int(11) NOT NULL AUTO_INCREMENT,
  `executionid` int(11) NOT NULL,
  `productid` int(11) NOT NULL,
  `allprice` double NOT NULL,
  `halfprice` double NOT NULL,
  `unitprice` double NOT NULL,
  `num` decimal(10,2) NOT NULL,
  `storeid` int(11) NOT NULL,
  `buyPricesHistoryBookIdQuantity` text NOT NULL,
  `sizeid` int(11) NOT NULL DEFAULT 0,
  `colorid` int(11) NOT NULL DEFAULT 0,
  PRIMARY KEY (`id`)
) ENGINE=InnoDB DEFAULT CHARSET=latin1 COLLATE=latin1_swedish_ci;

--
-- Dumping data for table `productionexecutionwaste`
--


--
-- Table structure for table `productionorder`
--

CREATE TABLE `productionorder` (
  `productionOrderid` int(11) NOT NULL AUTO_INCREMENT,
  `name` varchar(255) NOT NULL,
  `orderDate` date NOT NULL,
  `branchId` int(11) DEFAULT NULL,
  `startDate` date NOT NULL,
  `endDate` date NOT NULL,
  `productId` int(11) NOT NULL,
  `stageId` int(11) NOT NULL,
  `storeId` int(11) NOT NULL,
  `outQuantity` decimal(10,3) NOT NULL,
  `measureUnitId` int(11) NOT NULL,
  `conditions` int(11) NOT NULL DEFAULT 0 COMMENT '0 for notdel -1 for del',
  `userId` int(11) NOT NULL,
  `orderStatus` int(11) NOT NULL DEFAULT 0 COMMENT '0 for Under implementation - 1 for finished',
  PRIMARY KEY (`productionOrderid`)
) ENGINE=InnoDB DEFAULT CHARSET=utf8mb3 COLLATE=utf8mb3_general_ci;

--
-- Dumping data for table `productionorder`
--


--
-- Table structure for table `productionout`
--

CREATE TABLE `productionout` (
  `id` int(11) NOT NULL AUTO_INCREMENT,
  `outStore` int(11) NOT NULL,
  `inStore` int(11) NOT NULL,
  `supplier` int(11) NOT NULL,
  `productid` int(11) NOT NULL,
  `sizeid` int(11) NOT NULL,
  `colorid` int(11) NOT NULL,
  `outQuantity` float NOT NULL,
  `outUnitCost` float NOT NULL,
  `outAllCost` float NOT NULL,
  `comment` text CHARACTER SET utf8mb4 COLLATE utf8mb4_unicode_ci DEFAULT NULL,
  `userid` int(11) NOT NULL,
  `sysDate` datetime NOT NULL,
  `del` tinyint(4) NOT NULL,
  `outAllCostTot` float NOT NULL,
  `dailyentryid` int(11) NOT NULL DEFAULT 0,
  PRIMARY KEY (`id`)
) ENGINE=InnoDB DEFAULT CHARSET=latin1 COLLATE=latin1_swedish_ci;

--
-- Dumping data for table `productionout`
--


--
-- Table structure for table `productionoutdetails`
--

CREATE TABLE `productionoutdetails` (
  `id` int(11) NOT NULL AUTO_INCREMENT,
  `productionOutId` int(11) NOT NULL,
  `productid` int(11) NOT NULL,
  `sizeid` int(11) NOT NULL,
  `colorid` int(11) NOT NULL,
  `unitid` int(11) NOT NULL,
  `price` float NOT NULL,
  `quantity` float NOT NULL,
  `inTotalCost` float NOT NULL,
  PRIMARY KEY (`id`)
) ENGINE=InnoDB DEFAULT CHARSET=latin1 COLLATE=latin1_swedish_ci;

--
-- Dumping data for table `productionoutdetails`
--


--
-- Table structure for table `productionoutmany`
--

CREATE TABLE `productionoutmany` (
  `id` int(11) NOT NULL AUTO_INCREMENT,
  `outStore` int(11) NOT NULL,
  `inStore` int(11) NOT NULL,
  `supplier` int(11) NOT NULL,
  `comment` text NOT NULL,
  `userid` int(11) NOT NULL,
  `sysDate` datetime NOT NULL,
  `del` tinyint(4) NOT NULL,
  `title` varchar(255) NOT NULL,
  `productionoutmanynum` int(11) NOT NULL DEFAULT 0,
  `dailyentryid` int(11) NOT NULL DEFAULT 0,
  PRIMARY KEY (`id`)
) ENGINE=InnoDB DEFAULT CHARSET=utf8mb4 COLLATE=utf8mb4_unicode_ci;

--
-- Dumping data for table `productionoutmany`
--


--
-- Table structure for table `productionoutmanyinproducts`
--

CREATE TABLE `productionoutmanyinproducts` (
  `id` int(11) NOT NULL AUTO_INCREMENT,
  `productionoutmanyid` int(11) NOT NULL,
  `productid` int(11) NOT NULL,
  `sizeid` int(11) NOT NULL,
  `colorid` int(11) NOT NULL,
  `prounitid` int(11) NOT NULL,
  `quantity` float NOT NULL,
  `unitpriceraw` float NOT NULL,
  `unitManufPrice` float NOT NULL,
  `inTotalCostUnit` float NOT NULL,
  `inTotalCost` float NOT NULL,
  PRIMARY KEY (`id`)
) ENGINE=InnoDB DEFAULT CHARSET=latin1 COLLATE=latin1_swedish_ci;

--
-- Dumping data for table `productionoutmanyinproducts`
--


--
-- Table structure for table `productionoutmanyoutproducts`
--

CREATE TABLE `productionoutmanyoutproducts` (
  `id` int(11) NOT NULL AUTO_INCREMENT,
  `productionoutmanyid` int(11) NOT NULL,
  `productid` int(11) NOT NULL,
  `sizeid` int(11) NOT NULL,
  `colorid` int(11) NOT NULL,
  `prounitid` int(11) NOT NULL,
  `quantity` float NOT NULL,
  `unitprice` float NOT NULL,
  `cost` float NOT NULL,
  PRIMARY KEY (`id`)
) ENGINE=InnoDB DEFAULT CHARSET=latin1 COLLATE=latin1_swedish_ci;

--
-- Dumping data for table `productionoutmanyoutproducts`
--


--
-- Table structure for table `productionrate`
--

CREATE TABLE `productionrate` (
  `productionRateId` int(11) NOT NULL AUTO_INCREMENT,
  `name` varchar(255) NOT NULL COMMENT 'equation name',
  `finalName` varchar(255) NOT NULL COMMENT 'equation final product name',
  `userId` int(11) NOT NULL,
  `thedate` date NOT NULL,
  `conditions` int(11) NOT NULL DEFAULT 0 COMMENT '0 for notdel- 1for del',
  `sizeid` int(11) NOT NULL DEFAULT 0,
  `colorid` int(11) NOT NULL DEFAULT 0,
  PRIMARY KEY (`productionRateId`)
) ENGINE=InnoDB DEFAULT CHARSET=utf8mb3 COLLATE=utf8mb3_general_ci;

--
-- Dumping data for table `productionrate`
--


--
-- Table structure for table `productionrateproduct`
--

CREATE TABLE `productionrateproduct` (
  `productionRateProductId` int(11) NOT NULL AUTO_INCREMENT,
  `productionRateId` int(11) NOT NULL,
  `productId` int(11) NOT NULL,
  `unitId` int(11) NOT NULL,
  `rate` decimal(10,2) NOT NULL,
  `quantity` decimal(10,2) NOT NULL,
  `userId` int(11) NOT NULL,
  `thedate` date NOT NULL,
  `conditions` int(11) NOT NULL DEFAULT 0 COMMENT '0 for notdel- 1for del',
  `sizeid` int(11) NOT NULL DEFAULT 0,
  `colorid` int(11) NOT NULL DEFAULT 0,
  PRIMARY KEY (`productionRateProductId`)
) ENGINE=InnoDB DEFAULT CHARSET=utf8mb3 COLLATE=utf8mb3_general_ci;

--
-- Dumping data for table `productionrateproduct`
--


--
-- Table structure for table `productrecieve`
--

CREATE TABLE `productrecieve` (
  `productrecieveid` int(11) NOT NULL AUTO_INCREMENT,
  `sparepartid` int(11) NOT NULL,
  `productrecievedate` date NOT NULL,
  `recieptnum` varchar(255) NOT NULL,
  `clientname` varchar(255) NOT NULL,
  `type` int(11) NOT NULL COMMENT '1=>',
  `cost` decimal(10,2) NOT NULL,
  `partsnumber` decimal(10,2) NOT NULL,
  `userid` int(11) NOT NULL,
  PRIMARY KEY (`productrecieveid`)
) ENGINE=InnoDB DEFAULT CHARSET=utf8mb3 COLLATE=utf8mb3_general_ci;

--
-- Dumping data for table `productrecieve`
--


--
-- Table structure for table `productrequests`
--

CREATE TABLE `productrequests` (
  `id` int(11) NOT NULL AUTO_INCREMENT,
  `productid` int(11) NOT NULL,
  `storeid` int(11) NOT NULL,
  `requeststoreid` int(11) NOT NULL COMMENT 'id of store that made the request',
  `productnoreq` int(11) NOT NULL COMMENT 'no of requested pieces',
  `productnoaccept` int(11) NOT NULL COMMENT 'no of accepted pieces',
  `useridadd` int(11) NOT NULL COMMENT 'user who add the request',
  `useridresponse` int(11) NOT NULL COMMENT 'user who respond to the request',
  `status` int(11) NOT NULL DEFAULT 0 COMMENT '0 new - 1 refuse - 2 accept - 3 accept and added to bill',
  `seen` int(11) NOT NULL DEFAULT 0,
  `deleted` int(11) NOT NULL DEFAULT 0 COMMENT '1 deleted - 0 not deleted ',
  PRIMARY KEY (`id`)
) ENGINE=InnoDB DEFAULT CHARSET=latin1 COLLATE=latin1_swedish_ci;

--
-- Dumping data for table `productrequests`
--


--
-- Table structure for table `productserial`
--

CREATE TABLE `productserial` (
  `productserailid` int(11) NOT NULL AUTO_INCREMENT,
  `productid` int(11) NOT NULL,
  `serialnumber` varchar(256) NOT NULL,
  `comment` text NOT NULL,
  `startdate` date NOT NULL,
  `enddate` date NOT NULL,
  `billid` int(11) NOT NULL,
  `type` int(11) NOT NULL COMMENT '0 for Buy 1 for returnBuyBill',
  `buybilldetailid` int(11) NOT NULL,
  `don` decimal(10,2) NOT NULL,
  `sellbillid` int(11) NOT NULL,
  `del` int(11) NOT NULL COMMENT '0 for not del 1 for del',
  `storeid` int(11) NOT NULL COMMENT 'store of buy bill where serial exists',
  `sizeid` int(11) NOT NULL DEFAULT 0,
  `colorid` int(11) NOT NULL DEFAULT 0,
  `chassisNo` varchar(25) NOT NULL DEFAULT '',
  `motorNo` varchar(25) NOT NULL DEFAULT '',
  `theColor` varchar(255) NOT NULL DEFAULT '',
  PRIMARY KEY (`productserailid`),
  KEY `productid` (`productid`)
) ENGINE=InnoDB DEFAULT CHARSET=utf8mb3 COLLATE=utf8mb3_general_ci;

--
-- Dumping data for table `productserial`
--


--
-- Table structure for table `productsetting`
--

CREATE TABLE `productsetting` (
  `productsettingid` int(11) NOT NULL AUTO_INCREMENT,
  `leastValueAtStore` decimal(10,2) NOT NULL,
  `storeid` int(11) NOT NULL,
  PRIMARY KEY (`productsettingid`),
  KEY `storeid` (`storeid`)
) ENGINE=InnoDB DEFAULT CHARSET=utf8mb3 COLLATE=utf8mb3_general_ci;

--
-- Dumping data for table `productsetting`
--


--
-- Table structure for table `productstore`
--

CREATE TABLE `productstore` (
  `id` int(11) unsigned NOT NULL AUTO_INCREMENT,
  `productid` int(11) unsigned DEFAULT NULL,
  `storeid` tinyint(1) unsigned DEFAULT NULL,
  `productcatid` int(11) unsigned DEFAULT NULL,
  `limitamount` int(11) unsigned DEFAULT NULL,
  `prostorelimitamount` int(11) unsigned DEFAULT NULL,
  `createddate` datetime DEFAULT NULL,
  `conditions` int(11) unsigned DEFAULT NULL,
  PRIMARY KEY (`id`)
) ENGINE=InnoDB AUTO_INCREMENT=174 DEFAULT CHARSET=utf8mb4 COLLATE=utf8mb4_unicode_ci;

--
-- Dumping data for table `productstore`
--

INSERT INTO `productstore` VALUES
(1,1,1,1,0,0,'2026-05-02 21:51:32',0),
(2,2,1,1,0,0,'2026-05-02 21:51:32',0),
(3,3,1,1,0,0,'2026-05-02 21:51:32',0),
(4,4,1,1,0,0,'2026-05-02 21:51:32',0),
(5,5,1,1,0,0,'2026-05-02 21:51:32',0),
(6,6,1,1,0,0,'2026-05-02 21:51:32',0),
(7,7,1,1,0,0,'2026-05-02 22:04:25',0),
(8,8,1,1,0,0,'2026-05-02 22:04:25',0),
(9,9,1,1,0,0,'2026-05-02 22:22:13',0),
(10,10,1,1,0,0,'2026-05-02 22:29:39',0),
(11,11,1,1,0,0,'2026-05-02 22:49:39',0),
(12,12,1,1,0,0,'2026-05-02 22:54:59',0),
(13,13,1,1,0,0,'2026-05-02 22:54:59',0),
(14,14,1,1,0,0,'2026-05-02 22:54:59',0),
(15,15,1,2,0,0,'2026-05-02 23:07:19',0),
(16,16,1,2,0,0,'2026-05-02 23:07:19',0),
(17,17,1,1,0,0,'2026-05-02 23:21:36',0),
(18,18,1,3,0,0,'2026-05-02 23:27:23',0),
(19,19,1,3,0,0,'2026-05-02 23:27:23',0),
(20,20,1,3,0,0,'2026-05-02 23:27:23',0),
(21,21,1,3,0,0,'2026-05-02 23:27:23',0),
(22,22,1,4,0,0,'2026-05-02 23:46:05',0),
(23,23,1,4,0,0,'2026-05-02 23:49:27',0),
(24,24,1,4,0,0,'2026-05-02 23:57:04',0),
(25,25,1,4,0,0,'2026-05-02 23:57:04',0),
(26,26,1,4,0,0,'2026-05-03 00:06:21',0),
(27,27,1,4,0,0,'2026-05-03 00:06:21',0),
(28,28,1,4,0,0,'2026-05-03 00:06:21',0),
(29,29,1,4,0,0,'2026-05-03 00:06:21',0),
(30,30,1,5,0,0,'2026-05-03 00:48:15',0),
(31,31,1,5,0,0,'2026-05-03 00:48:15',0),
(32,32,1,5,0,0,'2026-05-03 00:48:16',0),
(33,33,1,5,0,0,'2026-05-03 00:48:16',0),
(34,34,1,5,0,0,'2026-05-03 00:48:16',0),
(35,35,1,5,0,0,'2026-05-03 00:48:16',0),
(36,36,1,5,0,0,'2026-05-03 00:48:16',0),
(37,37,1,5,0,0,'2026-05-03 00:48:16',0),
(38,38,1,5,0,0,'2026-05-03 00:48:16',0),
(39,39,1,5,0,0,'2026-05-03 00:48:16',0),
(40,40,1,5,0,0,'2026-05-03 00:48:16',0),
(41,41,1,5,0,0,'2026-05-03 00:48:16',0),
(42,42,1,5,0,0,'2026-05-03 00:48:16',0),
(43,43,1,6,0,0,'2026-05-03 00:55:22',0),
(44,44,1,6,0,0,'2026-05-03 00:55:22',0),
(45,45,1,6,0,0,'2026-05-03 00:55:22',0),
(46,46,1,7,0,0,'2026-05-03 01:02:30',0),
(47,47,1,7,0,0,'2026-05-03 01:02:30',0),
(48,48,1,7,0,0,'2026-05-03 01:02:30',0),
(49,49,1,7,0,0,'2026-05-03 01:02:30',0),
(50,50,1,8,0,0,'2026-05-03 01:12:01',0),
(51,51,1,8,0,0,'2026-05-03 01:12:01',0),
(52,52,1,8,0,0,'2026-05-03 01:12:01',0),
(53,53,1,8,0,0,'2026-05-03 01:12:01',0),
(54,54,1,8,0,0,'2026-05-03 01:12:01',0),
(55,55,1,9,0,0,'2026-05-03 01:18:28',0),
(56,56,1,9,0,0,'2026-05-03 01:18:28',0),
(57,57,1,9,0,0,'2026-05-03 01:18:28',0),
(58,58,1,9,0,0,'2026-05-03 01:18:28',0),
(59,59,1,10,0,0,'2026-05-03 01:32:28',0),
(60,60,1,10,0,0,'2026-05-03 01:32:28',0),
(61,61,1,10,0,0,'2026-05-03 01:32:28',0),
(62,62,1,10,0,0,'2026-05-03 01:32:28',0),
(63,63,1,10,0,0,'2026-05-03 01:32:28',0),
(64,64,1,10,0,0,'2026-05-03 01:32:28',0),
(65,65,1,10,0,0,'2026-05-03 01:32:28',0),
(66,66,1,10,0,0,'2026-05-03 01:32:28',0),
(67,67,1,10,0,0,'2026-05-03 01:32:28',0),
(68,68,1,10,0,0,'2026-05-03 01:32:28',0),
(69,69,1,10,0,0,'2026-05-03 01:32:28',0),
(70,70,1,11,0,0,'2026-05-03 01:39:06',0),
(71,71,1,11,0,0,'2026-05-03 01:39:06',0),
(72,72,1,12,0,0,'2026-05-03 01:41:45',0),
(73,73,1,13,0,0,'2026-05-03 01:43:59',0),
(74,74,1,14,0,0,'2026-05-03 01:47:19',0),
(75,75,1,15,0,0,'2026-05-03 03:06:49',0),
(76,76,1,15,0,0,'2026-05-03 03:06:49',0),
(77,77,1,16,0,0,'2026-05-03 03:08:23',0),
(78,78,1,17,0,0,'2026-05-03 03:11:51',0),
(79,79,1,17,0,0,'2026-05-03 03:11:51',0),
(80,80,1,14,0,0,'2026-05-03 03:28:31',0),
(81,81,1,18,0,0,'2026-05-03 03:41:42',0),
(82,82,1,18,0,0,'2026-05-03 03:41:42',0),
(83,83,1,18,0,0,'2026-05-03 03:41:42',0),
(84,84,1,18,0,0,'2026-05-03 03:41:42',0),
(85,85,1,18,0,0,'2026-05-03 03:41:42',0),
(86,86,1,18,0,0,'2026-05-03 03:41:42',0),
(87,87,1,18,0,0,'2026-05-03 03:41:42',0),
(88,88,1,18,0,0,'2026-05-03 03:41:42',0),
(89,89,1,18,0,0,'2026-05-03 03:41:42',0),
(90,90,1,18,0,0,'2026-05-03 03:41:42',0),
(91,91,1,18,0,0,'2026-05-03 03:41:42',0),
(92,92,1,19,0,0,'2026-05-03 03:44:04',0),
(93,93,1,19,0,0,'2026-05-03 03:44:04',0),
(94,94,1,20,0,0,'2026-05-03 04:19:23',0),
(95,95,1,21,0,0,'2026-05-03 04:22:27',0),
(96,96,1,21,0,0,'2026-05-03 04:22:27',0),
(97,97,1,22,0,0,'2026-05-03 04:25:17',0),
(98,98,1,22,0,0,'2026-05-03 04:25:17',0),
(99,99,1,23,0,0,'2026-05-03 04:29:44',0),
(100,100,1,23,0,0,'2026-05-03 04:29:44',0),
(101,101,1,23,0,0,'2026-05-03 04:29:44',0),
(102,102,1,23,0,0,'2026-05-03 04:29:44',0),
(103,103,1,24,0,0,'2026-05-03 04:45:43',0),
(104,104,1,24,0,0,'2026-05-03 04:45:43',0),
(105,105,1,24,0,0,'2026-05-03 04:45:43',0),
(106,106,1,25,0,0,'2026-05-03 04:56:11',0),
(107,107,1,25,0,0,'2026-05-03 04:56:11',0),
(108,108,1,25,0,0,'2026-05-03 04:56:11',0),
(109,109,1,25,0,0,'2026-05-03 04:56:11',0),
(110,110,1,25,0,0,'2026-05-03 04:56:11',0),
(111,111,1,25,0,0,'2026-05-03 04:56:11',0),
(112,112,1,25,0,0,'2026-05-03 04:56:11',0),
(113,113,1,25,0,0,'2026-05-03 04:56:11',0),
(114,114,1,25,0,0,'2026-05-03 04:56:11',0),
(115,115,1,26,0,0,'2026-05-03 05:07:24',0),
(116,116,1,26,0,0,'2026-05-03 05:07:24',0),
(117,117,1,27,0,0,'2026-05-03 05:11:38',0),
(118,118,1,27,0,0,'2026-05-03 05:11:38',0),
(119,119,1,27,0,0,'2026-05-03 05:11:38',0),
(120,120,1,27,0,0,'2026-05-03 05:11:38',0),
(121,121,1,28,0,0,'2026-05-03 05:16:15',0),
(122,122,1,28,0,0,'2026-05-03 05:16:15',0),
(123,123,1,28,0,0,'2026-05-03 05:16:15',0),
(124,124,1,1,0,0,'2026-05-03 05:17:42',0),
(125,125,1,29,0,0,'2026-05-03 06:11:14',0),
(126,126,1,29,0,0,'2026-05-03 06:11:14',0),
(127,127,1,29,0,0,'2026-05-03 06:11:14',0),
(128,128,1,29,0,0,'2026-05-03 06:11:14',0),
(129,129,1,29,0,0,'2026-05-03 06:11:14',0),
(130,130,1,29,0,0,'2026-05-03 06:11:14',0),
(131,131,1,30,0,0,'2026-05-03 06:20:29',0),
(132,132,1,30,0,0,'2026-05-03 06:20:30',0),
(133,133,1,30,0,0,'2026-05-03 06:20:30',0),
(134,134,1,30,0,0,'2026-05-03 06:20:30',0),
(135,135,1,31,0,0,'2026-05-03 06:24:01',0),
(136,136,1,31,0,0,'2026-05-03 06:24:01',0),
(137,137,1,32,0,0,'2026-05-03 06:45:12',0),
(138,138,1,32,0,0,'2026-05-03 06:45:12',0),
(139,139,1,32,0,0,'2026-05-03 06:45:12',0),
(140,140,1,32,0,0,'2026-05-03 06:45:12',0),
(141,141,1,32,0,0,'2026-05-03 06:45:12',0),
(142,142,1,33,0,0,'2026-05-03 07:03:16',0),
(143,143,1,33,0,0,'2026-05-03 07:03:16',0),
(144,144,1,33,0,0,'2026-05-03 07:03:16',0),
(145,145,1,33,0,0,'2026-05-03 07:03:16',0),
(146,146,1,33,0,0,'2026-05-03 07:03:16',0),
(147,147,1,34,0,0,'2026-05-03 07:06:30',0),
(148,148,1,34,0,0,'2026-05-03 07:06:30',0),
(149,149,1,34,0,0,'2026-05-03 07:06:30',0),
(150,150,1,12,0,0,'2026-05-03 07:07:22',0),
(151,151,1,35,0,0,'2026-05-03 07:09:42',0),
(152,152,1,35,0,0,'2026-05-03 07:09:42',0),
(153,153,1,36,0,0,'2026-05-03 07:13:39',0),
(154,154,1,36,0,0,'2026-05-03 07:17:00',0),
(155,155,1,36,0,0,'2026-05-03 07:17:00',0),
(156,156,1,36,0,0,'2026-05-03 07:17:00',0),
(157,157,1,37,0,0,'2026-05-03 07:23:51',0),
(158,158,1,37,0,0,'2026-05-03 07:23:51',0),
(159,159,1,37,0,0,'2026-05-03 07:23:51',0),
(160,160,1,37,0,0,'2026-05-03 07:23:51',0),
(161,161,1,38,0,0,'2026-05-03 07:27:26',0),
(162,162,1,12,0,0,'2026-05-03 07:29:26',0),
(163,163,1,39,0,0,'2026-05-03 07:30:50',0),
(164,164,1,31,0,0,'2026-05-03 07:32:12',0),
(165,165,1,10,0,0,'2026-05-04 10:15:49',0),
(166,166,1,37,0,0,'2026-05-04 10:21:08',0),
(167,167,1,40,0,0,'2026-05-04 14:43:23',0),
(168,168,1,33,0,0,'2026-05-04 18:55:03',0),
(169,169,1,41,0,0,'2026-05-05 14:02:36',0),
(170,170,1,42,0,0,'2026-05-05 18:17:41',0),
(171,171,1,42,0,0,'2026-05-05 18:17:41',0),
(172,172,1,42,0,0,'2026-05-05 18:17:41',0),
(173,173,1,43,0,0,'2026-05-05 19:47:40',0);

--
-- Table structure for table `producttemp`
--

CREATE TABLE `producttemp` (
  `producttempid` int(11) NOT NULL AUTO_INCREMENT,
  `productName` varchar(256) NOT NULL DEFAULT '',
  `productCatId` int(11) NOT NULL,
  `productBuyPrice` decimal(10,2) NOT NULL,
  `productSellAllPrice` decimal(10,2) NOT NULL,
  `productSellUnitPrice` decimal(10,2) NOT NULL,
  `productSellHalfPrice` decimal(10,2) NOT NULL,
  `productDate` date NOT NULL,
  `conditions` int(1) NOT NULL DEFAULT 0,
  `userId` int(11) NOT NULL,
  `parcode` varchar(256) DEFAULT NULL,
  PRIMARY KEY (`producttempid`),
  KEY `productCatId` (`productCatId`)
) ENGINE=InnoDB DEFAULT CHARSET=utf8mb3 COLLATE=utf8mb3_general_ci;

--
-- Dumping data for table `producttemp`
--


--
-- Table structure for table `producttempunit`
--

CREATE TABLE `producttempunit` (
  `producttempunitid` int(11) NOT NULL AUTO_INCREMENT,
  `unitid` int(11) NOT NULL,
  `producttempid` int(11) NOT NULL,
  `productnumber` int(11) NOT NULL,
  `producttempunitdate` date NOT NULL,
  `userid` int(11) NOT NULL,
  `conditions` int(11) NOT NULL DEFAULT 0,
  PRIMARY KEY (`producttempunitid`),
  KEY `producttempid` (`producttempid`),
  KEY `unitid` (`unitid`)
) ENGINE=InnoDB DEFAULT CHARSET=utf8mb3 COLLATE=utf8mb3_general_ci;

--
-- Dumping data for table `producttempunit`
--


--
-- Table structure for table `productunit`
--

CREATE TABLE `productunit` (
  `productunitid` int(11) NOT NULL AUTO_INCREMENT,
  `unitid` int(11) NOT NULL,
  `productid` int(11) NOT NULL,
  `productnumber` decimal(10,2) NOT NULL,
  `productunitdate` date NOT NULL,
  `userid` int(11) NOT NULL,
  `conditions` int(11) NOT NULL DEFAULT 0,
  `proUnitParcode` varchar(30) NOT NULL,
  `proUnitSellAllPrice` float NOT NULL,
  `proUnitSellHalfPrice` float NOT NULL,
  `proUnitSellUnitPrice` float NOT NULL,
  `proUnitBuyPrice` float NOT NULL,
  `unitInTax` varchar(150) NOT NULL,
  `proUnitPrice4` float NOT NULL,
  `proUnitPrice5` float NOT NULL,
  `proUnitPrice6` float NOT NULL,
  `proUnitPrice7` float NOT NULL,
  `proUnitPrice8` float NOT NULL,
  PRIMARY KEY (`productunitid`),
  KEY `productid` (`productid`),
  KEY `unitid` (`unitid`)
) ENGINE=InnoDB AUTO_INCREMENT=174 DEFAULT CHARSET=utf8mb3 COLLATE=utf8mb3_general_ci;

--
-- Dumping data for table `productunit`
--

INSERT INTO `productunit` VALUES
(1,1,1,1.00,'2026-05-02',1,0,'0000101',330,330,330,310,'',0,0,0,0,0),
(2,1,2,1.00,'2026-05-02',1,0,'0000201',320,320,320,300,'',0,0,0,0,0),
(3,1,3,1.00,'2026-05-02',1,0,'0000301',300,300,300,280,'',0,0,0,0,0),
(4,1,4,1.00,'2026-05-02',1,0,'0000401',300,300,300,280,'',0,0,0,0,0),
(5,1,5,1.00,'2026-05-02',1,0,'0000501',270,270,270,250,'',0,0,0,0,0),
(6,1,6,1.00,'2026-05-02',1,0,'0000601',360,360,360,340,'',0,0,0,0,0),
(7,1,7,1.00,'2026-05-02',1,0,'0000701',300,300,300,280,'',0,0,0,0,0),
(8,1,8,1.00,'2026-05-02',1,0,'0000801',380,380,380,360,'',0,0,0,0,0),
(9,1,9,1.00,'2026-05-02',1,0,'0000901',550,550,550,530,'',0,0,0,0,0),
(10,1,10,1.00,'2026-05-02',1,0,'0001001',300,300,300,280,'',0,0,0,0,0),
(11,1,11,1.00,'2026-05-02',1,0,'0001101',360,360,360,340,'',0,0,0,0,0),
(12,1,12,1.00,'2026-05-02',1,0,'0001201',350,350,350,330,'',0,0,0,0,0),
(13,1,13,1.00,'2026-05-02',1,0,'0001301',300,300,300,280,'',0,0,0,0,0),
(14,1,14,1.00,'2026-05-02',1,0,'0001401',300,300,300,280,'',0,0,0,0,0),
(15,1,15,1.00,'2026-05-02',1,0,'0001501',200,200,200,200,'',0,0,0,0,0),
(16,1,16,1.00,'2026-05-02',1,0,'0001601',250,250,250,250,'',0,0,0,0,0),
(17,1,17,1.00,'2026-05-02',1,0,'0001701',190,190,190,170,'',0,0,0,0,0),
(18,1,18,1.00,'2026-05-02',1,0,'0001801',230,230,230,230,'',0,0,0,0,0),
(19,1,19,1.00,'2026-05-02',1,0,'0001901',115,115,115,115,'',0,0,0,0,0),
(20,1,20,1.00,'2026-05-02',1,0,'0002001',150,150,150,135,'',0,0,0,0,0),
(21,1,21,1.00,'2026-05-02',1,0,'0002101',180,180,180,180,'',0,0,0,0,0),
(22,1,22,1.00,'2026-05-02',1,0,'0002201',245,245,245,230,'',0,0,0,0,0),
(23,1,23,1.00,'2026-05-02',1,0,'0002301',275,275,275,255,'',0,0,0,0,0),
(24,1,24,1.00,'2026-05-02',1,0,'0002401',290,290,290,270,'',0,0,0,0,0),
(25,1,25,1.00,'2026-05-02',1,0,'0002501',275,275,275,255,'',0,0,0,0,0),
(26,1,26,1.00,'2026-05-03',1,0,'0002601',180,180,180,170,'',0,0,0,0,0),
(27,1,27,1.00,'2026-05-03',1,0,'0002701',280,280,280,260,'',0,0,0,0,0),
(28,1,28,1.00,'2026-05-03',1,0,'0002801',280,280,280,260,'',0,0,0,0,0),
(29,1,29,1.00,'2026-05-03',1,0,'0002901',230,230,230,215,'',0,0,0,0,0),
(30,1,30,1.00,'2026-05-03',1,0,'0003001',270,270,270,255,'',0,0,0,0,0),
(31,1,31,1.00,'2026-05-03',1,0,'0003101',270,270,270,255,'',0,0,0,0,0),
(32,1,32,1.00,'2026-05-03',1,0,'0003201',330,330,330,315,'',0,0,0,0,0),
(33,1,33,1.00,'2026-05-03',1,0,'0003301',160,160,160,150,'',0,0,0,0,0),
(34,1,34,1.00,'2026-05-03',1,0,'0003401',250,250,250,240,'',0,0,0,0,0),
(35,1,35,1.00,'2026-05-03',1,0,'0003501',325,325,325,310,'',0,0,0,0,0),
(36,1,36,1.00,'2026-05-03',1,0,'0003601',250,250,250,240,'',0,0,0,0,0),
(37,1,37,1.00,'2026-05-03',1,0,'0003701',275,275,275,260,'',0,0,0,0,0),
(38,1,38,1.00,'2026-05-03',1,0,'0003801',330,330,330,315,'',0,0,0,0,0),
(39,1,39,1.00,'2026-05-03',1,0,'0003901',255,255,255,245,'',0,0,0,0,0),
(40,1,40,1.00,'2026-05-03',1,0,'0004001',85,85,85,75,'',0,0,0,0,0),
(41,1,41,1.00,'2026-05-03',1,0,'0004101',285,285,285,270,'',0,0,0,0,0),
(42,1,42,1.00,'2026-05-03',1,0,'0004201',310,310,310,295,'',0,0,0,0,0),
(43,1,43,1.00,'2026-05-03',1,0,'0004301',200,200,200,189,'',0,0,0,0,0),
(44,1,44,1.00,'2026-05-03',1,0,'0004401',100,100,100,94,'',0,0,0,0,0),
(45,1,45,1.00,'2026-05-03',1,0,'0004501',175,175,175,164,'',0,0,0,0,0),
(46,1,46,1.00,'2026-05-03',1,0,'0004601',150,150,150,135,'',0,0,0,0,0),
(47,1,47,1.00,'2026-05-03',1,0,'0004701',110,110,110,100,'',0,0,0,0,0),
(48,1,48,1.00,'2026-05-03',1,0,'0004801',85,85,85,75,'',0,0,0,0,0),
(49,1,49,1.00,'2026-05-03',1,0,'0004901',180,180,180,165,'',0,0,0,0,0),
(50,1,50,1.00,'2026-05-03',1,0,'0005001',215,215,215,215,'',0,0,0,0,0),
(51,1,51,1.00,'2026-05-03',1,0,'0005101',235,235,235,235,'',0,0,0,0,0),
(52,1,52,1.00,'2026-05-03',1,0,'0005201',155,155,155,155,'',0,0,0,0,0),
(53,1,53,1.00,'2026-05-03',1,0,'0005301',200,200,200,200,'',0,0,0,0,0),
(54,1,54,1.00,'2026-05-03',1,0,'0005401',225,225,225,225,'',0,0,0,0,0),
(55,1,55,1.00,'2026-05-03',1,0,'0005501',210,210,210,210,'',0,0,0,0,0),
(56,1,56,1.00,'2026-05-03',1,0,'0005601',135,135,135,135,'',0,0,0,0,0),
(57,1,57,1.00,'2026-05-03',1,0,'0005701',210,210,210,210,'',0,0,0,0,0),
(58,1,58,1.00,'2026-05-03',1,0,'0005801',130,130,130,130,'',0,0,0,0,0),
(59,1,59,1.00,'2026-05-03',1,0,'0005901',215,215,215,200,'',0,0,0,0,0),
(60,1,60,1.00,'2026-05-03',1,0,'0006001',105,105,105,97,'',0,0,0,0,0),
(61,1,61,1.00,'2026-05-03',1,0,'0006101',200,200,200,185,'',0,0,0,0,0),
(62,1,62,1.00,'2026-05-03',1,0,'0006201',130,130,130,120,'',0,0,0,0,0),
(63,1,63,1.00,'2026-05-03',1,0,'0006301',130,130,130,120,'',0,0,0,0,0),
(64,1,64,1.00,'2026-05-03',1,0,'0006401',195,195,195,180,'',0,0,0,0,0),
(65,1,65,1.00,'2026-05-03',1,0,'0006501',185,185,185,170,'',0,0,0,0,0),
(66,1,66,1.00,'2026-05-03',1,0,'0006601',190,190,190,175,'',0,0,0,0,0),
(67,1,67,1.00,'2026-05-03',1,0,'0006701',195,195,195,180,'',0,0,0,0,0),
(68,1,68,1.00,'2026-05-03',1,0,'0006801',215,215,215,200,'',0,0,0,0,0),
(69,1,69,1.00,'2026-05-03',1,0,'0006901',75,75,75,70,'',0,0,0,0,0),
(70,1,70,1.00,'2026-05-03',1,0,'0007001',230,230,230,230,'',0,0,0,0,0),
(71,1,71,1.00,'2026-05-03',1,0,'0007101',170,170,170,170,'',0,0,0,0,0),
(72,1,72,1.00,'2026-05-03',1,0,'0007201',150,150,150,150,'',0,0,0,0,0),
(73,1,73,1.00,'2026-05-03',1,0,'0007301',100,100,100,95,'',0,0,0,0,0),
(74,1,74,1.00,'2026-05-03',1,0,'0007401',300,300,300,285,'',0,0,0,0,0),
(75,1,75,1.00,'2026-05-03',1,0,'0007501',190,190,190,175,'',0,0,0,0,0),
(76,1,76,1.00,'2026-05-03',1,0,'0007601',125,125,125,115,'',0,0,0,0,0),
(77,1,77,1.00,'2026-05-03',1,0,'0007701',210,210,210,190,'',0,0,0,0,0),
(78,1,78,1.00,'2026-05-03',1,0,'0007801',185,185,185,175,'',0,0,0,0,0),
(79,1,79,1.00,'2026-05-03',1,0,'0007901',100,100,100,95,'',0,0,0,0,0),
(80,1,80,1.00,'2026-05-03',1,0,'0008001',250,250,250,230,'',0,0,0,0,0),
(81,1,81,1.00,'2026-05-03',1,0,'0008101',185,185,185,170,'',0,0,0,0,0),
(82,1,82,1.00,'2026-05-03',1,0,'0008201',195,195,195,180,'',0,0,0,0,0),
(83,1,83,1.00,'2026-05-03',1,0,'0008301',155,155,155,140,'',0,0,0,0,0),
(84,1,84,1.00,'2026-05-03',1,0,'0008401',145,145,145,130,'',0,0,0,0,0),
(85,1,85,1.00,'2026-05-03',1,0,'0008501',125,125,125,110,'',0,0,0,0,0),
(86,1,86,1.00,'2026-05-03',1,0,'0008601',140,140,140,125,'',0,0,0,0,0),
(87,1,87,1.00,'2026-05-03',1,0,'0008701',140,140,140,125,'',0,0,0,0,0),
(88,1,88,1.00,'2026-05-03',1,0,'0008801',140,140,140,125,'',0,0,0,0,0),
(89,1,89,1.00,'2026-05-03',1,0,'0008901',150,150,150,135,'',0,0,0,0,0),
(90,1,90,1.00,'2026-05-03',1,0,'0009001',335,335,335,315,'',0,0,0,0,0),
(91,1,91,1.00,'2026-05-03',1,0,'0009101',280,280,280,260,'',0,0,0,0,0),
(92,1,92,1.00,'2026-05-03',1,0,'0009201',200,200,200,190,'',0,0,0,0,0),
(93,1,93,1.00,'2026-05-03',1,0,'0009301',215,215,215,200,'',0,0,0,0,0),
(94,1,94,1.00,'2026-05-03',1,0,'0009401',115,115,115,100,'',0,0,0,0,0),
(95,1,95,1.00,'2026-05-03',1,0,'0009501',110,110,110,100,'',0,0,0,0,0),
(96,1,96,1.00,'2026-05-03',1,0,'0009601',190,190,190,175,'',0,0,0,0,0),
(97,1,97,1.00,'2026-05-03',1,0,'0009701',110,110,110,100,'',0,0,0,0,0),
(98,1,98,1.00,'2026-05-03',1,0,'0009801',105,105,105,95,'',0,0,0,0,0),
(99,1,99,1.00,'2026-05-03',1,0,'0009901',110,110,110,100,'',0,0,0,0,0),
(100,1,100,1.00,'2026-05-03',1,0,'0010001',125,125,125,115,'',0,0,0,0,0),
(101,1,101,1.00,'2026-05-03',1,0,'0010101',100,100,100,90,'',0,0,0,0,0),
(102,1,102,1.00,'2026-05-03',1,0,'0010201',190,190,190,175,'',0,0,0,0,0),
(103,1,103,1.00,'2026-05-03',1,0,'0010301',150,150,150,150,'',0,0,0,0,0),
(104,1,104,1.00,'2026-05-03',1,0,'0010401',220,220,220,220,'',0,0,0,0,0),
(105,1,105,1.00,'2026-05-03',1,0,'0010501',230,230,230,230,'',0,0,0,0,0),
(106,1,106,1.00,'2026-05-03',1,0,'0010601',390,390,390,370,'',0,0,0,0,0),
(107,1,107,1.00,'2026-05-03',1,0,'0010701',230,230,230,210,'',0,0,0,0,0),
(108,1,108,1.00,'2026-05-03',1,0,'0010801',360,360,360,340,'',0,0,0,0,0),
(109,1,109,1.00,'2026-05-03',1,0,'0010901',320,320,320,300,'',0,0,0,0,0),
(110,1,110,1.00,'2026-05-03',1,0,'0011001',420,420,420,400,'',0,0,0,0,0),
(111,1,111,1.00,'2026-05-03',1,0,'0011101',340,340,340,320,'',0,0,0,0,0),
(112,1,112,1.00,'2026-05-03',1,0,'0011201',420,420,420,400,'',0,0,0,0,0),
(113,1,113,1.00,'2026-05-03',1,0,'0011301',310,310,310,290,'',0,0,0,0,0),
(114,1,114,1.00,'2026-05-03',1,0,'0011401',290,290,290,270,'',0,0,0,0,0),
(115,1,115,1.00,'2026-05-03',1,0,'0011501',220,220,220,220,'',0,0,0,0,0),
(116,1,116,1.00,'2026-05-03',1,0,'0011601',140,140,140,140,'',0,0,0,0,0),
(117,1,117,1.00,'2026-05-03',1,0,'0011701',180,180,180,165,'',0,0,0,0,0),
(118,1,118,1.00,'2026-05-03',1,0,'0011801',165,165,165,150,'',0,0,0,0,0),
(119,1,119,1.00,'2026-05-03',1,0,'0011901',175,175,175,160,'',0,0,0,0,0),
(120,1,120,1.00,'2026-05-03',1,0,'0012001',175,175,175,160,'',0,0,0,0,0),
(121,1,121,1.00,'2026-05-03',1,0,'0012101',110,110,110,100,'',0,0,0,0,0),
(122,1,122,1.00,'2026-05-03',1,0,'0012201',105,105,105,95,'',0,0,0,0,0),
(123,1,123,1.00,'2026-05-03',1,0,'0012301',80,80,80,75,'',0,0,0,0,0),
(124,1,124,1.00,'2026-05-03',1,0,'0012401',150,150,150,135,'',0,0,0,0,0),
(125,1,125,1.00,'2026-05-03',1,0,'0012501',210,210,210,195,'',0,0,0,0,0),
(126,1,126,1.00,'2026-05-03',1,0,'0012601',220,220,220,200,'',0,0,0,0,0),
(127,1,127,1.00,'2026-05-03',1,0,'0012701',300,300,300,280,'',0,0,0,0,0),
(128,1,128,1.00,'2026-05-03',1,0,'0012801',230,230,230,215,'',0,0,0,0,0),
(129,1,129,1.00,'2026-05-03',1,0,'0012901',270,270,270,250,'',0,0,0,0,0),
(130,1,130,1.00,'2026-05-03',1,0,'0013001',260,260,260,240,'',0,0,0,0,0),
(131,1,131,1.00,'2026-05-03',1,0,'0013101',220,220,220,200,'',0,0,0,0,0),
(132,1,132,1.00,'2026-05-03',1,0,'0013201',180,180,180,170,'',0,0,0,0,0),
(133,1,133,1.00,'2026-05-03',1,0,'0013301',110,110,110,100,'',0,0,0,0,0),
(134,1,134,1.00,'2026-05-03',1,0,'0013401',125,125,125,115,'',0,0,0,0,0),
(135,1,135,1.00,'2026-05-03',1,0,'0013501',280,280,280,260,'',0,0,0,0,0),
(136,1,136,1.00,'2026-05-03',1,0,'0013601',120,120,120,110,'',0,0,0,0,0),
(137,1,137,40.00,'2026-05-03',1,0,'0013701',14000,14000,14000,12800,'',0,0,0,0,0),
(138,1,138,40.00,'2026-05-03',1,0,'0013801',9600,9600,9600,8800,'',0,0,0,0,0),
(139,1,139,40.00,'2026-05-03',1,0,'0013901',8400,8400,8400,7800,'',0,0,0,0,0),
(140,1,140,40.00,'2026-05-03',1,0,'0014001',9200,9200,9200,210,'',0,0,0,0,0),
(141,1,141,40.00,'2026-05-03',1,0,'0014101',9800,9800,9800,9200,'',0,0,0,0,0),
(142,1,142,1.00,'2026-05-03',1,0,'0014201',280,280,280,260,'',0,0,0,0,0),
(143,1,143,1.00,'2026-05-03',1,0,'0014301',330,330,330,310,'',0,0,0,0,0),
(144,1,144,1.00,'2026-05-03',1,0,'0014401',340,340,340,320,'',0,0,0,0,0),
(145,1,145,1.00,'2026-05-03',1,0,'0014501',320,320,320,300,'',0,0,0,0,0),
(146,1,146,1.00,'2026-05-03',1,0,'0014601',320,320,320,300,'',0,0,0,0,0),
(147,1,147,1.00,'2026-05-03',1,0,'0014701',260,260,260,240,'',0,0,0,0,0),
(148,1,148,1.00,'2026-05-03',1,0,'0014801',220,220,220,200,'',0,0,0,0,0),
(149,1,149,1.00,'2026-05-03',1,0,'0014901',270,270,270,250,'',0,0,0,0,0),
(150,1,150,1.00,'2026-05-03',1,0,'0015001',250,250,250,250,'',0,0,0,0,0),
(151,1,151,1.00,'2026-05-03',1,0,'0015101',295,295,295,280,'',0,0,0,0,0),
(152,1,152,1.00,'2026-05-03',1,0,'0015201',315,315,315,300,'',0,0,0,0,0),
(153,1,153,1.00,'2026-05-03',1,0,'0015301',255,255,255,230,'',0,0,0,0,0),
(154,1,154,1.00,'2026-05-03',1,0,'0015401',255,255,255,210,'',0,0,0,0,0),
(155,1,155,1.00,'2026-05-03',1,0,'0015501',255,255,255,205,'',0,0,0,0,0),
(156,1,156,1.00,'2026-05-03',1,0,'0015601',270,270,270,250,'',0,0,0,0,0),
(157,1,157,1.00,'2026-05-03',1,0,'0015701',220,220,220,220,'',0,0,0,0,0),
(158,1,158,1.00,'2026-05-03',1,0,'0015801',190,190,190,190,'',0,0,0,0,0),
(159,1,159,1.00,'2026-05-03',1,0,'0015901',140,140,140,140,'',0,0,0,0,0),
(160,1,160,1.00,'2026-05-03',1,0,'0016001',195,195,195,195,'',0,0,0,0,0),
(161,1,161,1.00,'2026-05-03',1,0,'0016101',160,160,160,150,'',0,0,0,0,0),
(162,1,162,1.00,'2026-05-03',1,0,'0016201',240,240,240,240,'',0,0,0,0,0),
(163,1,163,1.00,'2026-05-03',1,0,'0016301',350,350,350,350,'',0,0,0,0,0),
(164,1,164,1.00,'2026-05-03',1,0,'0016401',285,285,285,265,'',0,0,0,0,0),
(165,1,165,1.00,'2026-05-04',1,0,'0016501',60,60,60,55,'',0,0,0,0,0),
(166,1,166,1.00,'2026-05-04',11,0,'0016601',120,120,120,120,'',0,0,0,0,0),
(167,1,167,1.00,'2026-05-04',11,0,'0016701',230,230,230,210,'',0,0,0,0,0),
(168,1,168,1.00,'2026-05-04',11,0,'0016801',300,300,300,280,'',0,0,0,0,0),
(169,1,169,1.00,'2026-05-05',11,0,'0016901',125,125,125,115,'',0,0,0,0,0),
(170,1,170,1.00,'2026-05-05',1,0,'0017001',220,220,220,205,'',0,0,0,0,0),
(171,1,171,1.00,'2026-05-05',1,0,'0017101',275,275,275,260,'',0,0,0,0,0),
(172,1,172,1.00,'2026-05-05',1,0,'0017201',250,250,250,240,'',0,0,0,0,0),
(173,1,173,1.00,'2026-05-05',11,0,'0017301',180,180,180,165,'',0,0,0,0,0);

--
-- Table structure for table `project`
--

CREATE TABLE `project` (
  `id` int(11) NOT NULL AUTO_INCREMENT,
  `name` varchar(255) NOT NULL,
  `totalcontract` decimal(10,2) NOT NULL,
  `image` varchar(255) DEFAULT NULL,
  `detail` text NOT NULL,
  `clientid` int(11) NOT NULL,
  `costcenterid` int(11) NOT NULL,
  `treeid` int(11) NOT NULL,
  `treeproid` int(11) NOT NULL,
  `entryid` int(11) NOT NULL,
  `sysdate` date NOT NULL,
  `del` int(11) NOT NULL DEFAULT 0,
  `finish` int(11) DEFAULT 0 COMMENT '0: not finish 1: finish',
  `projectkindid` int(11) NOT NULL DEFAULT 0,
  `bannerdesigned` int(11) NOT NULL DEFAULT 0,
  `projectsuit` int(11) NOT NULL DEFAULT 0,
  `addeddate` date NOT NULL,
  `expirydate` date NOT NULL,
  `owner_name` varchar(255) DEFAULT NULL,
  `business_type` tinyint(4) DEFAULT 0,
  `supervision_type` tinyint(4) DEFAULT 0,
  `supervision_amount` decimal(10,2) NOT NULL,
  `projectstageids` varchar(255) DEFAULT '0',
  `userid` int(11) NOT NULL DEFAULT 0,
  `projectstagesdata` tinyint(4) DEFAULT 2,
  `projecttimetableitems` tinyint(4) DEFAULT 2,
  `expenses` tinyint(4) DEFAULT 2,
  `income` tinyint(4) DEFAULT 2,
  `showpdf` tinyint(4) DEFAULT NULL,
  `filepdf` varchar(255) DEFAULT NULL,
  PRIMARY KEY (`id`)
) ENGINE=InnoDB DEFAULT CHARSET=latin1 COLLATE=latin1_swedish_ci;

--
-- Dumping data for table `project`
--


--
-- Table structure for table `projectexchmaterial`
--

CREATE TABLE `projectexchmaterial` (
  `id` int(11) NOT NULL AUTO_INCREMENT,
  `serilno` varchar(255) NOT NULL,
  `projectid` int(11) NOT NULL,
  `storeid` int(11) NOT NULL,
  `projdate` date NOT NULL,
  `sysdate` date NOT NULL,
  `totalnum` varchar(255) NOT NULL,
  `totalbuyprice` varchar(255) NOT NULL,
  `entryid` int(11) NOT NULL,
  `userid` int(11) NOT NULL DEFAULT 0,
  `supervision_type` int(11) NOT NULL,
  `supervision_amount` int(11) NOT NULL,
  `supplierid` int(11) NOT NULL,
  `finalsupervision` int(11) NOT NULL,
  PRIMARY KEY (`id`)
) ENGINE=InnoDB DEFAULT CHARSET=latin1 COLLATE=latin1_swedish_ci;

--
-- Dumping data for table `projectexchmaterial`
--


--
-- Table structure for table `projectexchmaterialdetail`
--

CREATE TABLE `projectexchmaterialdetail` (
  `id` int(11) NOT NULL AUTO_INCREMENT,
  `projectexchid` int(11) NOT NULL,
  `productid` int(11) NOT NULL,
  `pronumber` int(11) NOT NULL,
  `probuyprice` int(11) NOT NULL,
  `expensestypeid` int(11) NOT NULL,
  `supervision_amount` int(11) NOT NULL,
  `supervision` int(11) NOT NULL,
  PRIMARY KEY (`id`)
) ENGINE=InnoDB DEFAULT CHARSET=latin1 COLLATE=latin1_swedish_ci;

--
-- Dumping data for table `projectexchmaterialdetail`
--


--
-- Table structure for table `projectexchmaterialdetailreturn`
--

CREATE TABLE `projectexchmaterialdetailreturn` (
  `id` int(11) NOT NULL AUTO_INCREMENT,
  `projectexchid` int(11) NOT NULL,
  `productid` int(11) NOT NULL,
  `pronumber` int(11) NOT NULL,
  `probuyprice` int(11) NOT NULL,
  `expensestypeid` int(11) NOT NULL,
  `supervision_amount` int(11) NOT NULL,
  `supervision` int(11) NOT NULL,
  PRIMARY KEY (`id`)
) ENGINE=InnoDB DEFAULT CHARSET=latin1 COLLATE=latin1_swedish_ci;

--
-- Dumping data for table `projectexchmaterialdetailreturn`
--


--
-- Table structure for table `projectexchmaterialreturn`
--

CREATE TABLE `projectexchmaterialreturn` (
  `id` int(11) NOT NULL AUTO_INCREMENT,
  `serilno` varchar(255) NOT NULL,
  `projectid` int(11) NOT NULL,
  `storeid` int(11) NOT NULL,
  `projdate` date NOT NULL,
  `sysdate` date NOT NULL,
  `totalnum` varchar(255) NOT NULL,
  `totalbuyprice` varchar(255) NOT NULL,
  `entryid` int(11) NOT NULL,
  `userid` int(11) NOT NULL DEFAULT 0,
  `supervision_type` int(11) NOT NULL,
  `supervision_amount` int(11) NOT NULL,
  `supplierid` int(11) NOT NULL,
  `finalsupervision` int(11) NOT NULL,
  PRIMARY KEY (`id`)
) ENGINE=InnoDB DEFAULT CHARSET=latin1 COLLATE=latin1_swedish_ci;

--
-- Dumping data for table `projectexchmaterialreturn`
--


--
-- Table structure for table `projectkind`
--

CREATE TABLE `projectkind` (
  `projectkindid` int(11) NOT NULL AUTO_INCREMENT,
  `projectkindname` varchar(256) DEFAULT NULL,
  `projectkinddate` datetime NOT NULL,
  `userid` int(11) NOT NULL,
  `conditions` int(1) NOT NULL,
  `projectkindcomment` text CHARACTER SET utf8mb4 COLLATE utf8mb4_unicode_ci DEFAULT NULL,
  PRIMARY KEY (`projectkindid`)
) ENGINE=InnoDB DEFAULT CHARSET=utf8mb3 COLLATE=utf8mb3_general_ci;

--
-- Dumping data for table `projectkind`
--


--
-- Table structure for table `properties`
--

CREATE TABLE `properties` (
  `propertyid` int(11) NOT NULL AUTO_INCREMENT,
  `propertyname` varchar(255) NOT NULL,
  `propertyparent` int(11) NOT NULL,
  `propertydefault` int(11) NOT NULL DEFAULT 0,
  `propertyurl` varchar(255) NOT NULL,
  PRIMARY KEY (`propertyid`)
) ENGINE=InnoDB AUTO_INCREMENT=635 DEFAULT CHARSET=utf8mb3 COLLATE=utf8mb3_general_ci;

--
-- Dumping data for table `properties`
--

INSERT INTO `properties` VALUES
(1,'خصائص عامه',0,1,''),
(2,'القائمه',1,1,'menuurController.php'),
(3,'اعدادات المنتج',1,1,'productsettingController.php'),
(4,'مجموعات المستخدمين',1,1,'usergroupController.php'),
(5,'المستخدمين',1,1,'userController.php'),
(6,'شركات الشحن',1,1,'shippercompaniesController.php'),
(7,'بوليصه الشحن',1,1,'policyController.php'),
(8,'راس المال',1,1,'capitalController.php'),
(9,'الشركاء',1,1,''),
(10,'الشركاء',9,1,'partnerController.php'),
(11,'مسحوبات الشركاء',9,1,'partnerwithdrawalController.php'),
(12,'الأصول الثابتة',1,1,'assetController.php'),
(13,'انواع الاصول الثابتة',1,1,'assetTypeController.php'),
(14,'العملاء',1,1,''),
(15,'اداره العملاء',14,1,'clientController.php'),
(16,'ايصال سداد عميل',14,1,'clientPayedDeptController.php'),
(17,'معالجه حساب عميل',14,1,'clientDeficitController.php'),
(18,'تقرير مديونيه العميل',14,1,'clientReportsController.php'),
(19,'الموردين',1,1,''),
(23,'اداره الموردين',19,1,'supplierController.php'),
(24,'سداد ديون مورد',19,1,'supplierPayedDeptController.php'),
(25,'معالجه عجز مورد',19,1,'supplierDeficitController.php'),
(26,'تقرير الدÙعات لمورد',19,1,'supplierReportsController.php'),
(27,'تقرير مديونيه مورد',19,1,'supplierReportsController.php'),
(28,'نقل قاعده البيانات',1,1,'transferdatabaseController.php'),
(29,'نسخه احتياطيه',1,1,'backupController.php'),
(30,'ارشÙه',1,1,'archiveController.php'),
(31,'اداره الÙواتير',0,1,''),
(32,'الÙاتوره',31,1,'billsettingsController.php'),
(33,'Ùاتوره مشتريات',31,1,''),
(34,'اضاÙه Ùاتوره شراء',33,1,'buyBillController.php'),
(35,'عرض مردودات المشتريات',33,1,'returnBuyBillController.php'),
(36,'عرض Ùواتير المشتريات والمردودات',33,1,'buyAndReturnBillController.php'),
(37,'Ùاتوره المبيعات',31,1,''),
(38,'اضاÙه Ùاتوره مبيعات',37,1,'sellbillController.php'),
(39,'عرض مردودات المبيعات',37,1,'returnsellbillController.php'),
(40,'عرض المبيعات والمردودات',37,1,'sellbillandruternController.php'),
(41,'المنتجات',0,1,''),
(42,'تصنيÙات المنتجات',41,1,'productCatController.php'),
(43,'المنتجات',41,1,'productController.php'),
(44,'طباعه السيريال',43,1,'printbillserailController.php'),
(45,'وحدات القياس',41,1,'unitController.php'),
(46,'قطع الغيار',41,1,'sparePartController.php'),
(47,'الصيانه',0,1,''),
(48,'استلام منتج',47,1,'productRecieveController.php'),
(49,'المصروÙات والايرادات',0,1,''),
(50,'الخزن',49,1,''),
(51,'الخزن',50,1,'saveController.php'),
(52,'التحويل بين الخزن',50,1,'transfermoneyController.php'),
(53,'معالجه عجز  خزنه',50,1,'settlementsaveController.php'),
(54,'اداره البنوك',49,1,''),
(55,'البنوك',54,1,'bankController.php'),
(56,'حسابات البنوك',54,1,'bankaccountController.php'),
(57,'الشيكات',49,1,''),
(58,'الايداعات',57,1,'depositcheckController.php'),
(59,'المسحوبات',57,1,'checkwithdrawalController.php'),
(60,'الكمبيالات',49,1,'kempialaController.php'),
(61,'انواع المصروÙات',49,1,'expensesTypeController.php'),
(62,'المصروÙات',49,1,'expensesController.php'),
(63,'المخازن',0,1,''),
(64,'المخازن',63,1,'storeController.php'),
(65,'التحويل بين المخازن',63,1,'storemovementController.php'),
(66,'تسوية مخزن',63,1,'settlementstoreController.php'),
(67,'التقارير',0,1,''),
(68,'تقرير يوميه الخزنه',67,1,'savedailyController.php'),
(69,'رصيد المخازن',67,1,'storedetailController.php'),
(70,'تقرير حركه المخازن',67,1,'storereportController.php'),
(71,'تقرير ارباح مده',67,1,'profitreportController.php'),
(72,'تقرير حسابات مجمعة',67,1,'balancereportController.php'),
(73,'تقرير المنتجات بالمخزن اقل من الحد الأدنى',67,1,'productlimitreportController.php'),
(74,'تقرير مبيعات مبسط',67,1,'productsellsreportController.php'),
(75,'تقرير حركه المستخدمين',67,1,'movementmanageController.php'),
(76,'تقرير الأصناÙ بكل الأسعار ',67,1,'productReportsController.php'),
(77,'تقرير الأصناÙ شراء ',67,1,'productReportsController.php'),
(78,'تقرير ارباح تصنيÙ',67,1,'profitproductcatController.php'),
(79,'تقرير ارباح منتج',67,1,'profitproductController.php'),
(80,'تقرير باركود لصنÙ',67,1,'productserailreportController.php'),
(82,'إعادة الجرد',41,1,'inventoryController.php'),
(83,'تحويل نقدي',49,1,'cashTransferController.php'),
(84,'تقرير المصروÙات',67,1,'expensesReportController.php'),
(85,'إعدادات البرنامج',1,1,'programsettingsController.php'),
(87,'تقرير عملاء ومنتجات',67,1,'clientsAndProductsReportController.php'),
(89,'تقرير Ùواتير المبيعات',37,1,'sellBillReportsController.php'),
(90,'تقرير مردودات المبيعات',37,1,'ReturnSellBillReportsController.php'),
(91,'تقرير الموردين',67,1,'supplierReportsController.php'),
(92,'تقرير عملاء مÙصل',67,1,'clientReportsController.php?do=all'),
(93,'التحويل بين اكثر من مخزن',63,1,'otherstoremovementController.php'),
(96,'اداره الموظÙين',0,1,''),
(97,'الموظÙين',96,1,'employeeController.php'),
(98,'الحواÙز او الخصومات',96,1,'employeePersonalController.php'),
(99,'المرتبات',96,1,'salaryReportController.php'),
(100,'تقرير نسبه بائع',31,1,'userratereportController.php'),
(105,'طباعه الباركود لمخزن او تصنيÙ ',41,1,'storeparcodeController.php'),
(123,'الاشعارات',67,1,'noticesController.php'),
(124,'الشيكات المؤجله ',57,0,'datedCheckedController.php'),
(125,'تقرير حركه منتج ',67,1,'productmovmentController.php'),
(126,'التصنيع',0,1,''),
(127,'معادلات الانتاج',126,1,'productionRateController.php'),
(128,'مراكز الانتاج',126,1,'workstationController.php'),
(129,'اعداد العمليات',126,1,'settingOperationController.php'),
(130,'اعداد المراحل',126,1,'stageController.php'),
(131,'امر انتاج',126,1,'productionOrderController.php'),
(133,'الشركات - المناطق',14,1,'clientareaController.php'),
(134,'تقرير يوميه يوم',67,1,'cashflowsController.php'),
(135,' تقرير ربحيه الÙواتير',67,1,'invoicesearningsreportController.php'),
(136,'كارت صنÙ',67,1,'productcardController.php'),
(137,'كشÙ حساب مورد',67,1,'supplierReportsnewController.php'),
(138,'كشÙ حساب عميل',67,1,'clientReportsnewController.php'),
(139,'تقرير العملاء بالمناطق/ الشركات',67,1,'clientReportsbyareaController.php'),
(140,'انواع الايرادات',49,1,'incomeTypeController.php'),
(141,'الايرادات',49,1,'incomeController.php'),
(142,'تقرير Ùواتير المشتريات',33,1,'buyBillreportController.php'),
(143,'تقرير Ùواتير مردودات المشتريات',33,1,'returnBillreportController.php'),
(144,'تقرير قائمة اسعار البضاعة',67,1,'storedetailpriceController.php'),
(145,'تقرير المشتريات',67,1,'productBuyreportController.php'),
(146,'المنتجات الراكدة Ùى التصنيÙات',67,1,'catsellrateReportController.php'),
(147,'المركز المالى',67,1,'FinancialPositionController.php'),
(148,'تقرير المبيعات والمردودات',37,1,'sellBillReportsController.php?do=sellandreturnreport'),
(149,'مراكز التكلÙه',1,1,'costcenterController.php'),
(150,'حسابات',0,1,''),
(151,'دليل الحسابات',150,1,'accountstree.php'),
(152,'قيد يومية',150,1,'dailyentry.php'),
(153,'دÙتر الأستاذ العام',150,1,'generalledger.php'),
(154,'دÙتر الأستاذ المساعد',150,1,'assistantledger.php'),
(155,'ميزان المراجعة',150,1,'trialbalance.php'),
(156,'تقرير المتاجرة',150,1,'tradingreport.php'),
(157,'تقرير الأرباح و الخسائر',150,1,'profitandlossreport.php'),
(158,'الميزانية العمومية',150,1,'thebalancesheet.php'),
(159,'تقرير حقوق الملكية',150,1,'propertyrightsreport.php'),
(160,'عروض الاسعار',0,1,'priceoffersController.php'),
(161,'عروض الاسعار',160,1,'priceoffersController.php'),
(162,'بصريات',0,1,'#'),
(163,'الورش',162,1,'workshop.php'),
(164,'Ùواتير',162,1,'bills.php'),
(165,'النقل',162,0,'workshoptransport.php'),
(166,'العملاء',0,0,''),
(167,'إدارة العملاء',166,0,'clientController.php'),
(168,'إيصال سداد عميل',166,0,'clientPayedDeptController.php'),
(169,'معالجه حساب عميل',166,0,'clientDeficitController.php'),
(170,'تقرير مديونية العميل',166,0,'clientReportsController.php'),
(171,'تقرير مبيعات عميل',166,0,'clientReportsController.php?do=clientShowforsellonly'),
(172,'الشركات - المناطق',166,0,'clientareaController.php'),
(173,'المشروعات',0,0,''),
(174,'المشروعات',173,0,'projectController.php'),
(175,'عمليات على المشروع',173,0,''),
(176,'صرÙ مواد',175,0,'projectoperationController.php'),
(177,'مرتجع مواد',175,0,'projectoperationControllerreturn.php'),
(178,'صرÙ مصروÙ',175,0,'expenseexchange.php'),
(179,'تقارير المشروعات',173,0,'projectReportController.php'),
(180,'إدارة مراكز التكلÙة',149,0,'costcenterController.php'),
(181,'تقرير مراكز التكلÙة',149,0,'costcenterReportController.php'),
(182,'شركات التأمين',1,0,'insurancecompany.php'),
(183,'تقارير المبيعات',0,0,''),
(187,'العهد',0,0,''),
(188,'إدارة العهد',187,0,'bind.php'),
(189,'تسوية العهد',187,0,'bindsettlement.php'),
(190,'تقرير العهد',187,0,'bindsettlement.php?do=showreport'),
(191,'العيادات',162,0,'rb_clinics.php'),
(192,'الاستقبال',162,0,'rb_kashf.php'),
(193,'الكشÙ',162,0,'rb_doc_kashf.php'),
(194,'الÙروع',1,0,'branchesController.php'),
(195,'طباعة قيد يومية',152,1,'propertiesController.php'),
(196,'قيد يومية مجمع',150,0,'dailyentrymany.php'),
(197,'ايصالات قبض',198,0,'clientreceiptController.php'),
(198,'إيصالات',0,0,''),
(199,'إيصالات دÙع',198,0,'supPayController.php'),
(200,'تقارير التأمين',183,1,'reports.php'),
(201,'تقارير',96,0,''),
(202,'تقرير الموظÙين',201,0,'employeereport.php'),
(203,'مسيرات الراتب',96,0,'marchSalaReport.php'),
(205,'مرتجعات Ùواتير ',162,1,'billsreturn.php'),
(206,'تقرير الدخول',201,0,'presenceReport.php'),
(207,'تقرير مبيعات',67,0,'salesreport.php'),
(208,'تقرير Ùواتير المبيعات',67,0,'salesreportbills.php'),
(209,'تقرير الشبكات',183,0,'networkreport.php'),
(210,'الايجارات',0,0,'rents.php'),
(211,'منتجات',210,0,'rentproducts.php'),
(212,'Ùاتوره ايجار',210,0,'rentbill.php'),
(213,'تقارير',210,1,'reports'),
(214,'تاريخ المنتج',213,1,'rentproduct_history.php'),
(215,'تقرير المتاخرات',213,1,'rentdelays.php'),
(216,'تقرير غير مؤجر',213,0,'rentava.php'),
(217,'متاح عند تاريخ',213,0,'rentproduct_ava.php'),
(218,'تقرير مؤجر من الخارج',213,0,'rentproduct_out.php'),
(219,'تقرير المؤجر Ùى يوم',213,0,'rentproduct_rented.php'),
(220,'تقرير تسليم Ùى يوم',213,0,'rentproduct_delivered.php'),
(221,'بحث عام الصيانة',67,0,'generalSearch.php'),
(227,'تقرير مجمع لطرق الدÙع ',183,1,'reports.php?do=paymethod'),
(228,'شبكات الدÙع',1,1,'paymentnetworks.php'),
(231,'طلب منتج من مخزن أخر',162,1,'productrequest.php'),
(232,'اضاÙة منتج بمقاسات او الوان',43,1,'productController.php?do=addoptic'),
(233,'اضاÙة منتجات من اكسل',43,1,'productController.php?do=uploadexcel'),
(234,'طلبات اخري من الÙروع ',162,1,'otherrequests.php'),
(235,'ارسال بريد الكترونى بالنواقص',41,1,'productmail.php'),
(243,'تقرير بدون مقابل',67,0,'freesales.php'),
(244,'اضاÙة 2',164,1,'bills.php?do=addview2'),
(250,'تقرير عملاء بالمنتجات',67,1,'clientsWithProductsReport.php'),
(252,'تقرير مبيعات بالخصومات المÙصلة',67,1,'saleswithdetaileddiscount.php'),
(253,'تقرير ترتيب العملاء بصاÙى المبيعات',67,1,'orderClientsWithSelles.php'),
(256,'اذن تحميل بين المخازن',63,1,'storetransferrequestController.php'),
(257,'اذن ارتجاع بين المخازن',63,1,'storeAskedRefluxController.php'),
(258,'تقرير عملاء بدون Ùواتير',67,1,'clientsWithoutBills.php'),
(259,'المحاÙظات',166,1,'governmentController.php'),
(260,'تقرير مديونيات عملاء مجمع',67,1,'clientdebt.php'),
(261,'تقرير بمدÙوعات العملاء مجمع',67,1,'clientpayments.php'),
(262,'تقرير مبيعات بالمناطق',67,1,'sellingReportByArea.php'),
(263,'المحاÙظات',14,1,'governmentController.php'),
(264,'تقرير سائق',162,1,'driveropticreport.php'),
(265,'تقرير نسب الخصومات',67,1,'disountreport.php'),
(266,'المقاسات',1,1,'sizecalculator.php'),
(267,'Ùاتورة شراء',162,1,'bills.php?do=buybill'),
(268,'تقرير مشتريات مورد',67,1,'buyreport.php'),
(269,'تقرير مبيعات بنوع السعر',67,1,'sellreportpricetype.php'),
(274,'تقرير يومية الخزنة بالبصريات',67,1,'savedailyController.php?do=showdailywithoptic'),
(275,'تقرير سداد ديون عميل بصاريات',14,1,'clientPayedDeptReportController.php'),
(278,'السداد على Ùاتورة بصريات للعميل',166,1,'clientPayedDeptBillsController.php'),
(279,'تقرير حركة المخازن مÙصل',67,1,'salesNumbersReport.php'),
(280,'تقرير حركة المخازن مÙصل',201,0,'salesNumbersReport.php'),
(281,'تقرير السداد على Ùاتوره للعميل',67,0,'clientPayedDeptBillsController.php?do=show'),
(282,'تقرير ربحية عميل',67,0,'clientProfitsController.php'),
(283,'تقرير ربحيه مخزن',67,0,'storeProfiteController.php?do=all'),
(284,'تقرير العملاء',67,0,'clientReportsController.php?do=all'),
(285,'تقرير ميزانية مدة',67,0,'balancereportController.php'),
(286,'تقرير مبيعات منتج لعميل',67,0,'clientsAndsellProductsReportController.php'),
(287,'تقرير البضاعه بكل الاسعار',67,0,'storedetailpriceController.php'),
(288,'تقرير موردين ومنتجات',67,0,'suppliersAndProductsReportController.php?do=all'),
(289,'التدÙقات النقديه',67,0,'cashflowsController.php'),
(290,'تقرير التصنيÙات الرئيسيه',67,0,'productsellsreportController.php?do=showmain'),
(291,'تقرير صلاحية صنÙ',67,0,'productserailreportController.php'),
(292,'صاÙى تحويلات المخزن',67,0,'netStoreTransfer.php'),
(293,'المطاعم',0,0,''),
(294,'الصالات',293,0,'restauranthall.php'),
(295,'الطاولات',293,0,'restauranttable.php'),
(296,'Ùاتورة',293,0,'sellbillController.php?do=addresBill'),
(297,'تالÙ مواد تشغيل',63,0,'restaurantRawDestruction.php'),
(298,'تقرير شامل للÙواتير',67,1,'allReportsOnOne.php'),
(299,'طباعة المطبخ',293,0,'restaurantKitchenPrinter.php'),
(300,'السداد على Ùاتورة بصريات للعميل',14,1,'clientPayedDeptBillsController.php'),
(301,'تقرير القيمة المضاÙة',67,0,'salesreportbillsvat.php'),
(302,'تقرير التصنيÙات الشامل',67,0,'fullCategoryReport.php'),
(303,'تقرير الأوردرات',293,0,'ordersreport.php'),
(304,'معالجة خصومات قاعدة البيانات',293,0,'resetdiscount.php'),
(305,'حركة حساب',54,0,'bankAccountOpController.php'),
(307,'تصنيع',0,0,''),
(308,'معادلة الإنتاج',307,0,'productionEquationController.php'),
(309,'أمر شغل',307,0,'taskOrderController.php'),
(310,'أمر إنتاج',307,0,'productionExecutionController.php'),
(311,'إعدادات التصنيع المبسط',307,0,'simpleManufactureSettingsController.php'),
(312,'أوردرات الدليÙرى',293,0,'orderstatusreport.php'),
(313,'تقرير أوردرات سائق',293,0,'orderdeliveryreport.php'),
(314,'تقرير التكلÙة',307,1,'productionExecutionReportController.php'),
(315,'تقرير التكلÙة مجمع',307,1,'productionExecutionCombinedReportController.php'),
(316,'تقرير صلاحية منتج',67,0,'productserailreportController.php?do=showvalidity'),
(317,'تقارير*',0,0,''),
(318,'تقرير ارباح عمومية *',317,0,'quickprofitreports.php'),
(319,'تقرير ارباح يوم *',317,0,'quickprofitreports.php?do=day'),
(320,'تقرير ارباح محزن باليوم *',317,0,'quickprofitreports.php?do=storeday'),
(321,'تقرير ارباح منتج باليوم *',317,0,'quickprofitreports.php?do=productday'),
(322,'تقرير ارباح تصنيÙ باليوم *',317,0,'quickprofitreports.php?do=catday'),
(323,'تقرير ارباح التصنيÙات باليوم *',317,0,'quickprofitreports.php?do=allcatday'),
(324,'تقرير ارباح عميل باليوم *',317,0,'quickprofitreports.php?do=clientday'),
(325,'الطابعات',293,0,'restaurantprinters.php'),
(326,'تقرير مبيعات عملاء بالمنتج',67,0,'salesreportofclientsbyproduct.php'),
(327,'اعادة جرد بالباركود',41,0,'inventorybybarcodeController.php'),
(328,'عرض الÙواتير مجمع',67,0,'salesreportbills.php?do=showbills'),
(329,'عرض الÙواتير مجمع',37,0,'salesreportbills.php?do=showbills'),
(330,'الوان و مقاسات',41,0,'sizecolorController.php'),
(331,'تقارير',166,0,''),
(332,'تقرير عملاء ومنتجات',331,0,'clientsAndProductsReportController.php'),
(333,'تقرير عميل مÙصل',331,0,'clientReportsController.php?do=all'),
(334,'كشÙ حساب عميل',331,0,'clientReportsnewController.php?do=clientShowbure'),
(335,'تقارير العملاء بالمناطق / الشركات',331,0,'clientReportsbyareaController.php'),
(336,'تقرير عملاء بالمنتجات',331,0,'clientsWithProductsReport.php'),
(337,'تقرير ترتيب العملاء بصاÙى المبيعات',331,0,'orderClientsWithSelles.php'),
(338,'تقريرالعملاء بدون Ùواتير',331,0,'clientsWithoutBills.php'),
(339,'تقرير مديونيات عملاء مجمع',331,0,'clientdebt.php'),
(340,'تقرير بمدÙوعات العملاء مجمع',331,0,'clientpayments.php'),
(341,'تقرير سداد ديون عميل بصريات',331,1,'clientPayedDeptReportController.php'),
(342,'تقرير ربحية عميل',331,0,'clientProfitsController.php'),
(343,'تقرير مديونيه العميل',331,0,'clientReportsController.php?do=show'),
(344,'تقرير معالجه حساب عميل',331,0,'clientDeficitController.php?do=show'),
(345,'تقرير مبيعات عميل ',331,0,'clientReportsController.php?do=clientShowforsellonly'),
(346,'تقرير عملاء ومنتجات',360,1,'clientsAndProductsReportController.php'),
(347,'تقرير عميل مÙصل',360,1,'clientReportsController.php?do=all'),
(348,'كشÙ حساب عميل',360,1,'clientReportsnewController.php?do=clientShowbure'),
(349,'تقارير العملاء بالمناطق / الشركات',360,1,'clientReportsbyareaController.php'),
(350,'تقرير عملاء بالمنتجات',360,1,'clientsWithProductsReport.php'),
(351,'تقرير ترتيب العملاء بصاÙى المبيعات',360,1,'orderClientsWithSelles.php'),
(352,'تقريرالعملاء بدون Ùواتير',360,1,'clientsWithoutBills.php'),
(353,'تقرير مديونيات عملاء مجمع',360,1,'clientdebt.php'),
(354,'تقرير بمدÙوعات العملاء مجمع',360,1,'clientpayments.php'),
(355,'تقرير سداد ديون عميل بصاريات',360,1,'clientPayedDeptReportController.php'),
(356,'تقرير ربحية عميل',360,1,'clientProfitsController.php'),
(357,'تقرير مديونيه العميل',360,1,'clientReportsController.php?do=show'),
(358,'تقرير معالجه حساب عميل',360,1,'clientDeficitController.php?do=show'),
(359,'تقرير مبيعات عميل',360,1,'clientReportsController.php?do=clientShowforsellonly'),
(360,'تقارير',14,0,''),
(361,'تقارير',19,0,'supplierReportsController.php?do=all'),
(362,'كشÙ حساب مورد',361,1,'supplierReportsnewController.php'),
(363,'تقرير مشتريات مورد',361,0,'buyreport.php'),
(364,'تقرير موردين ومنتجات',361,0,'suppliersAndProductsReportController.php?do=all'),
(365,'تقارير',41,0,''),
(366,'تقرير المنتجات بالمخزن اقل من الحد الأدنى',365,0,'productlimitreportController.php'),
(367,'تقرير الأصناÙ بكل الأسعار',365,0,'productReportsController.php?do=reportWithAllPrices'),
(368,'تقرير الأصناÙ شراء',365,0,'productReportsController.php?do=reportWithBuyPrice'),
(369,'تقرير أرباح صنÙ',365,0,'profitproductcatController.php'),
(370,'تقرير أرباح منتج',365,0,'profitproductController.php'),
(371,'تقرير منتج بالباركود',365,0,'productserailreportController.php?do=show'),
(372,'تقرير حركه منتج',365,0,'productmovmentController.php'),
(373,'تقرير قائمة اسعار البضاعة',365,0,'storedetailpriceController.php'),
(374,'تقرير التصنيÙات الرئيسية',365,0,'productsellsreportController.php?do=showmain'),
(375,'تقرير كارت الصنÙ',365,0,'productcardController.php'),
(376,'تقرير مشتريات منتج',365,0,'productBuyreportController.php'),
(377,'تقرير المنتجات الراكدة Ùى التصنيÙات',365,0,'catsellrateReportController.php'),
(378,'تقرير عملاء ومنتجات',365,0,'clientsAndProductsReportController.php'),
(379,'تقرير عملاء بالمنتجات',365,0,'clientsWithProductsReport.php'),
(380,'تقرير موردين ومنتجات',365,0,'suppliersAndProductsReportController.php?do=all'),
(381,'تقارير',63,0,''),
(382,'رصيد المخازن',381,0,'storedetailController.php'),
(383,'تقرير حركة المخازن',381,0,'storereportController.php'),
(384,'تقرير ربحيه مخزن',381,0,'storeProfiteController.php?do=all'),
(385,'صاÙى تحويلات المخزن',381,0,'netStoreTransfer.php'),
(386,'تقرير حركة المخازن مÙصل',381,0,'salesNumbersReport.php'),
(387,'تقرير المنتجات بالمخزن اقل من الحد الأدنى',381,0,'productlimitreportController.php'),
(388,'تقارير',50,0,''),
(389,'تقرير يومية الخزنة',388,0,'savedailyController.php'),
(390,'تقرير يومية الخزنة',388,0,'savedailyController.php?do=show2'),
(391,'تقرير يوميه يوم',388,0,'cashflowsController.php'),
(392,'تقرير حسابات مجمعة',388,0,'balancereportController.php'),
(393,'تقارير',31,0,''),
(394,'تقرير Ùواتير المشتريات',393,0,'buyBillreportController.php?do=show'),
(395,'تقرير Ùواتير مردودات المشتريات',393,0,'returnBillreportController.php?do=show'),
(396,'تقرير Ùواتير المبيعات',393,0,'sellBillReportsController.php?do=show'),
(397,'تقرير Ùواتير مردودات المبيعات',393,0,'ReturnSellBillReportsController.php?do=show'),
(398,'تقرير المبيعات و المردود',393,0,'sellBillReportsController.php?do=sellandreturnreport'),
(399,'تقرير نسب بائع ',393,0,'userratereportController.php?do=show'),
(400,'تقرير شامل للÙواتير',393,0,'allReportsOnOne.php'),
(401,'اعدادات المتجر اون لاين',1,0,'onlinestoresetting.php'),
(402,'تقارير عامة',0,0,''),
(403,'تقرير حركه المستخدمين',402,0,'movementmanageController.php'),
(404,'تقرير المصروÙات',49,0,'expensesReportController.php'),
(405,'تقرير بدون مقابل',402,0,'freesales.php'),
(406,'تقرير نسب الخصومات',402,0,'disountreport.php'),
(407,'تقرير ميزانيه مده',402,0,'balancereportController.php'),
(408,'تقرير القيمه المضاÙه',402,0,'salesreportbillsvat.php'),
(409,'تقرير التصنيÙات الشامله',402,0,'fullCategoryReport.php'),
(410,'تقرير ارباح مدة',402,0,'profitreportController.php'),
(411,'تقرير ارباح الÙواتير Ùى مده',402,0,'invoicesearningsreportController.php'),
(412,'تقرير مديونيات عملاء مجمع بالترتيب الأبجدي',14,0,'orderedClientController.php'),
(413,'تقييم المخازن بكل الاسعار',63,0,'storeEvaluationAtAllPrices.php'),
(414,'نوع العميل',1,1,'typeClientController.php'),
(417,'تقرير نسب بائعين',67,0,'usersratesreportsController.php'),
(418,'عرض العملاء بالنوع',14,0,'clientController.php?do=showByType'),
(419,'قائمة الدخل عن مدة',67,0,'incomeStatmentForPeriod.php'),
(420,'تقرير مدÙوعات عملاء بالمناطق',67,0,'clientReportsbyareaNewController.php'),
(421,'طباعه باركود مÙصل',41,0,'productController.php?do=showbarcodedetailed'),
(422,'اعدادات GT4',1,1,'gt4setting.php'),
(423,'تقرير النقدى والاجل',67,0,'report.php'),
(424,'اضاÙة اقساط للعميل',14,1,'premiumController.php'),
(425,'تقرير اقساط عملاء',14,0,'premiumReportController.php'),
(426,'تقرير الاقساط المؤجله للعملاء',14,0,'premiumReportDelayController.php'),
(427,'تقرير جميع اقساط العملاء',14,0,'allpremiumReportController.php'),
(428,'اقساط',14,0,'premiumautomaticController.php'),
(429,'متابعة العملاء',14,0,'comentclientController.php'),
(430,'مراجعة الÙواتير',393,0,'salesreportbills.php?do=reviewbills'),
(431,'تقرير العملاء بنوع العميل / المناطق',67,1,'clientReportsbyareabytypeClientController.php'),
(432,'ديون العملاء بعد المراجعة',14,0,'clientdebtmessdiscoverer.php'),
(433,'رصيد المخازن مقاسات والوان',381,0,'storedetailController.php?do=showsizeandcolor'),
(434,'استعلام المخازن',67,1,'storeinquiriesreportController.php'),
(436,'تست للحسابات',1,1,'automationtest.php'),
(437,'تقرير مديونيات العملاء',67,0,'debtclientController.php'),
(438,'Ùواتير معلقه',31,0,'sellbillController.php?do=showoffers'),
(439,'الÙايده',1,1,'FaidaController.php'),
(440,'تقرير تنزيلات اون لاين',67,1,'onlineDownloadsController.php'),
(441,'حضور موظÙ',201,1,'employeeAttendance.php?do=attendanceReport'),
(442,'نوع المورد',1,1,'typeSupplierController.php'),
(443,'انظمة الحضور',96,0,'employeeAttendanceSystems.php'),
(444,'مجموعات الموظÙين',96,0,'employeegroups.php'),
(445,'مجموعات الموظÙين الÙرعية',96,0,'employeesubgroups.php'),
(446,'تقÙيل يوم',96,0,'employeeendday.php'),
(447,'احصائيات تصنيÙات المنتجات',365,0,'catandproductstatistics.php?do=cat'),
(448,'احصائيات المنتجات',365,0,'catandproductstatistics.php?do=pro'),
(449,'تقرير المدير للÙايده',1,0,'FaidaDireController.php'),
(450,'Ùرن عيش',0,0,''),
(451,'Ùاتورة الصرÙ',450,0,'tamweenbill.php'),
(452,'صرÙ التموين',450,0,'tamweenda3mstatus.php?do=showtamween'),
(453,'يومية بالعدد Ùى Ùترة معينة',450,0,'tamweenreports.php'),
(454,'كشÙ حساب عميل باعداد العيش Ùى Ùترة',450,0,'tamweenreports.php?do=clientda3minperiod'),
(455,'تقرير بواقى',450,0,'tamweenreports.php?do=clientremain'),
(456,'تقرير Ùواتير الحجز',393,0,'salesreportbills.php?do=billReservation'),
(457,'Ùرق العيش',450,0,'tamweenda3mstatus.php'),
(458,'نسب الخصومات على الÙواتير',31,0,'sellbillController.php?do=discountcontrol'),
(459,'تقرير سيريلات لم تباع',67,0,'buyBillreportController.php?do=notSoldSerials'),
(460,'تقرير تصنيÙات المصروÙات',49,0,'expensesReportController.php?do=showByType'),
(461,'البلاي ستيشن',293,0,'restaurantplaystation.php'),
(462,'حجز البلاي ستيشن',293,0,'restaurantplaystationpaly.php'),
(463,'تقرير نسبة المناديب على التحصيلات',67,0,'clientPayedDeptController.php?do=mandobreport'),
(464,'باقات البلاي ستيشن',293,0,'playStationCardController.php'),
(465,'معالجة حساب بنكى',54,0,'bankAccountDeficitController.php'),
(466,'تقرير مشروعات مÙصل',173,0,'projectreportControllerdetail.php'),
(467,'تقرير صرÙ مواد ومرتجع مواد',173,0,'projectreportControllerdetail2.php'),
(468,'احصائيات',0,0,''),
(469,'احصائيات *',468,0,'chartserp.php'),
(470,'احصائيات عميل',468,0,'chartserp.php?do=chartsclients'),
(471,'احصائيات المنتجات',468,0,'chartserp.php?do=chartsproducts'),
(472,'احصائيات المبيعات',468,0,'chartserp.php?do=chartssellbill'),
(473,'احصائيات التصنيÙات',468,0,'chartserp.php?do=chartscategories'),
(474,'ادارة الاستلام',47,0,'billreceiptController.php'),
(475,'ادارة الÙحص',47,0,'checkReportController.php?do=all'),
(476,'ادارة الصيانة الخارجية',47,0,'externalMaintenanceGoReport.php?do=all'),
(477,'خواص المراحل',47,0,'stagepropertyController.php'),
(478,'ايصال استلام',47,0,'receiptController.php'),
(479,'ادارة التسليم',47,0,'deleveryReportController.php?do=all'),
(480,'الارشيÙ',47,0,'maintennanceArchiveController.php?do=all'),
(481,'انواع معالجة حساب بنكى',54,0,'bankAccountDeficitKindController.php'),
(482,'تقرير مخزون',67,0,'stockReportsController.php'),
(483,'تقرير عميل و مورد',67,0,'reportClientAndSupplier.php'),
(484,'التحويل بين الشركاء',9,0,'partnerTransferBetweenController.php'),
(485,'انواع معالجه عجز',50,0,'settlementKindSaveController.php'),
(486,'تقرير الاقساط مجمع',14,0,'premiumReportNewController.php'),
(487,'يومية البلاى ستيشن',293,0,'restaurantplaystation.php?do=dayReport'),
(488,'انواع المشروعات',173,0,'projectKindController.php'),
(489,'تصنيÙات المطاعم',293,0,'cateResturantController.php'),
(490,'السداد على Ùاتورة بيع للعميل',14,1,'clientPayedDeptSellBillsController.php'),
(491,'نظام المتدربين',0,0,'نظام المتدربين'),
(492,'المتدربين',491,0,'studentController.php'),
(493,'تخصصات المتدربين',491,0,'studentSubjectsController.php'),
(494,'اضاÙة المتدربين للتخصصات',491,0,'studentsAddSubject.php'),
(495,'حضور المتدربين',491,0,'studentAbsence.php'),
(496,'الاختبارات',491,0,'studentsExamsController.php'),
(497,'انظمة الدÙع',491,0,'studentsPaymentSystems.php'),
(498,'الدÙع',491,0,'studentsPay.php'),
(499,'اعدادات النظام',491,0,'studentSettings.php'),
(500,'تقارير النظام',491,0,'studentsReports.php'),
(501,'تقرير المتدربين',491,0,'studentsReportdetails.php?do=students'),
(502,'تقرير تخصصات المتدربين',491,0,'studentsReportdetails.php?do=studentsubjects'),
(503,'تقرير الاختبارات',491,0,'studentsReportdetails.php?do=studentsexams'),
(504,'تقرير الدÙع',491,0,'studentsReportdetails.php?do=studentspays'),
(505,'تقرير الحضور',491,0,'studentsReportdetails.php?do=studentabsences'),
(506,'تقرير مبيعات السيارات',67,0,'autoSalesReport.php'),
(507,'العملات',1,0,'currencyController.php'),
(508,'قائمة الدخل',67,0,'incomelist.php'),
(509,'التحويل بين البنوك',54,0,'transferBtweenBankAccounts.php'),
(510,'اوامر الشراء',31,0,'buyBillController.php?do=showoffers'),
(511,'نظام الصيانه',0,1,'نظام الصيانه'),
(512,'العملاء',511,0,'maintenanceclients.php'),
(513,'الموردين',511,0,'maintenancesuppliers.php'),
(514,'المنتجات.',511,0,'maintenanceproducts.php'),
(515,'الضمانات',511,0,'maintenances.php'),
(516,'ارسال الضمانات',511,0,'maintenancesends.php'),
(517,'استلام الضمانات',511,0,'maintenancereceipts.php'),
(518,'التسليم للعميل',511,0,'maintenancedeliverys.php'),
(519,'تقرير اجمالى العمليات عن مده',67,0,'operationstotalreport.php'),
(520,'تقرير مديونية Ùواتير العملاء بالمناطق',67,0,'reportprovinces.php'),
(521,'تقرير عرض استهلاك معين لطلب النواقص',67,0,'salesreport.php?do=consumption'),
(522,'شرح البسيط',1,1,'youtubeController.php'),
(523,'تقرير الموردين بالنوع',361,0,'typesupplierReportController.php'),
(524,'تقرير الموظÙين اليومي',201,0,'employeedailyreport.php'),
(525,'تقرير الغائبين',201,0,'absentReportController.php'),
(526,'اظهار المنتج بالاسم',41,0,'productbycodename.php'),
(527,'قائمة الدخل',150,1,'profitandlossreport.php?do=incomeList'),
(528,'الÙواتير المحÙوظة',31,1,'billTemplateController.php'),
(529,'الÙواتير الالكترونيه',37,1,'electronicinvoice.php'),
(530,'الحد الادنى للمنتجات Ùى المخازن',63,0,'productstore.php'),
(531,'اعادة جرد تاريخ الصلاحية',381,0,'inventoryexpirationController.php'),
(532,'العطلات',96,0,'employeeHolidays.php'),
(533,'علامة مرتبطه',14,0,'associatedtag.php'),
(534,'نظام المهام',1,1,''),
(535,'إعدادات المهام',534,1,'tasksSettings.php'),
(536,'انواع المهام',534,1,'taskstypes.php'),
(537,'المهمات',534,1,'tasksController.php'),
(538,'عمليات الÙواتير',31,1,'billoperationsControl.php'),
(539,'مشاريع خارجيه',0,1,'مشاريع خارجيه'),
(540,'اضاÙة منÙذين للمشروع',539,0,'executors.php'),
(541,'تقرير ارباح Ùواتير',539,0,'executorsreport.php'),
(542,'تقرير المنÙذين',539,0,'executorsuserreport.php'),
(543,'مركز تدريب',0,1,'مركز تدريب'),
(544,'دورة تدريبية',543,0,'trainingcourse.php'),
(545,'اضاÙة متدرب للدوره',543,0,'addtraineecourse.php'),
(546,'تقرير الدورة التدريبية',543,0,'coursereport.php'),
(547,'تقرير اعادة مدة الطلب',67,0,'orderperiodreport.php'),
(548,'تصنيع مبسط',307,0,'productionOutController.php'),
(549,'نظام العقارات والوحدات',0,1,'نظام العقارات والوحدات'),
(550,'العقارات والوحدات',549,0,'realestateunits.php'),
(551,'الصيانة ',549,0,'expensesController.php'),
(552,'الايجارات من الملاك',549,0,'realestateunitsowners.php'),
(553,'تأجير الوحدات للمستأجرين',549,0,'realestateunitsrenters.php'),
(554,'تنبيهات العقارات والوحدات',549,0,'realestateunitsalertsrents.php'),
(555,'تنبيهات القطع الÙارغه',549,0,'realestateunitsalertsemptys.php'),
(556,'تقرير العقارات والوحدات',549,0,'realestateunitsreports.php'),
(557,'الدÙعات والتحصيلات المتاخره',549,0,'realestatepayments.php'),
(558,'تقرير متوسط ​​الايرادات',549,0,'realestateaveragerevenue.php'),
(559,'نوع السياره',41,0,'vehicletype.php'),
(560,'الشركه المنتجه للصنÙ',41,0,'companyproduces.php'),
(561,'القيد الاÙتتاحى',150,0,'dailyentry.php?do=openingentry'),
(562,'تقرير عملاء و مصروÙات',67,0,'clientsexpensereport.php'),
(563,'تصنيع خارجى',307,0,'productionOutManyController.php'),
(564,'تقرير تصنيÙات مبيعات ومردود',293,0,'salesreturnsratingsreport.php'),
(565,'ميزان المراجعة الشهرى',150,0,'monthlytrialbalance.php'),
(566,'تقرير مشتريات بدون مقابل',67,0,'freebuys.php'),
(567,'تسكين المخازن',63,0,'storeHousingController.php'),
(568,'طلب مرتجع بضاعه',63,0,'mechandiseReturnRequest.php'),
(569,'مطابقة حساب العميل',166,0,'customerAccountMatching.php'),
(570,'مدينون الشجرة (حسابات مÙتوحة)',150,1,'supplierControllerOpen.php'),
(571,'موظÙ او طبيب',150,1,'employeedoctorController.php'),
(572,'التحويل من حساب عميل إلى عميل آخر',14,1,'transferclientccountsController.php'),
(573,'الارصدة الاÙتتاحية',150,1,'dailyentry.php?do=openingbalance'),
(574,'طرق المعرÙة',1,1,'knownWaysController.php'),
(575,'تقرير طرق المعرÙة',393,1,'knownwaysreportController.php'),
(576,'سداد ديون مورد مجمع من اكسل',19,1,'supplierPayedDeptController.php?do=addexcel'),
(577,'تحصيلات مجمعة بالاكسل',16,1,'clientPayedDeptController.php?do=addexcel'),
(578,'تقرير Ùواتير مÙصلة لمورد',19,1,'supplierReportsController.php?do=supplierShowforbuyonly'),
(579,'عملاء المشروعات',173,0,'projectclientsController.php'),
(580,'مراحل المشروع',173,0,'projectstagesController.php'),
(581,'بيانات مراحل المشروع',173,0,'projectstagesdataController.php'),
(582,'التقرير اليومى للمشروع',173,0,'projectdailyreportController.php'),
(583,'طلبات الخامات للمشروع',173,0,'projectmaterialController.php'),
(584,'تقرير حساب المشروعات',173,0,'projectsaccountreport.php'),
(585,'تقرير مبيعات من بضاعة مورد',67,1,'supplierSalesReportController.php'),
(586,'تقرير تدÙق النقدية بالخزنة',67,1,'cashSaveFlowController.php'),
(587,'تقرير مبيعات مجمع مخازن او تصنيÙات',67,0,'salesreportcatstore.php'),
(588,'تقÙيل الخزنة',50,1,'saveCloseController.php'),
(589,'تقرير الرحلات',67,1,'tripsReport.php'),
(590,'تقرير الوسطاء',67,1,'tripsReport.php?do=referrers'),
(591,'تقرير إجمالي مبيعات الموردين',67,1,'supplierSalesReportController.php?do=total'),
(592,'حضور موظÙين من ملÙ اكسل',96,1,'EmployeeAttendanceExcelController.php'),
(593,'حضور الموظÙين',96,1,'EmployeeAttendanceController.php'),
(594,'نظام عدد التمرينات',0,1,'trainersSystem.pgp'),
(595,'المدربين',594,0,'trainersController.php'),
(596,'اشتراك المدربين',594,0,'trainersSubscription.php'),
(597,'تقرير المتدربين',594,0,'trainersReports.php'),
(598,' انظمة الدÙع ',594,0,'trainersPaymentSystems.php'),
(599,'اعدادات نظام المدربين',594,0,'trainersSettings.php'),
(600,'تقرير ترتيب الموردين بصاÙي المشتريات',361,0,'orderSuppliersWithBuy.php'),
(601,'تقرير مشتريات عميل',67,0,'clientbuysController.php'),
(602,'اغلاق حساب',166,0,'closingAccountController.php'),
(603,'الجمعيات',0,1,'#'),
(604,'الجمعية',603,1,'charityController.php'),
(605,'المستÙيدين',603,1,'beneficiariesController.php'),
(606,'الإعانات',603,1,'subventionController.php'),
(607,'صرÙ إعانة',603,1,'subventionPayController.php'),
(608,'تقرير مراية النقديه و البنوك',67,1,'mirrorReportOnCashAndBanks.php'),
(609,'تصنيÙات اونلاين',41,1,'onlineCatController.php'),
(610,'Ùلاتر البحث',41,1,'searchFiltersController.php'),
(611,'مرتجعات دÙعات على Ùاتورة مردود بيع للعميل',14,0,'clientPayedDeptSellBillsController.php?do=ret'),
(612,'زيارات المندوبين',0,1,'visitsDelegates'),
(613,'الزيارات',612,1,'visitsController.php'),
(614,'تسجيل حضور',612,1,'visitsController.php?do=recordattendance'),
(615,'حالات الزياره',612,1,'visitcases.php'),
(616,'أنواع الخزن',50,0,'saveTypeController.php'),
(617,'تقرير أنواع الخزن',388,0,'saveTypeReportController.php'),
(618,'Ùواتير النقدى الآجل',393,0,'salesreportbills.php?do=laterNakdiPayment'),
(619,'اضاÙة مستÙيدين من ملÙ اكسل',605,1,'beneficiariesController.php?do=addexcel'),
(620,'بحث المستÙيدين',605,1,'beneficiariesController.php?do=search'),
(621,'تقرير تصÙية الخزن',67,1,'saveReportController.php'),
(622,'أنواع المساعدات',603,1,'aidTypeController.php'),
(623,'Ùاتورة شركات الشحن',31,1,'shippingcompanyinvoices.php'),
(624,'تحديث البرنامج',1,1,'versionController.php'),
(625,'Ùواتير النقدى الآجل بيع',393,0,'salesreportbills.php?do=laterNakdiPaymentSell'),
(626,'Ùواتير النقدى الآجل مردود',393,0,'salesreportbills.php?do=laterNakdiPaymentRet'),
(627,'تقرير أعمار الديون',67,1,'debtHistoryReportController.php'),
(628,'تقرير إجماليات الموظÙين',201,1,'employeereport.php?do=totals'),
(629,'التقرير اليومي',67,1,'dailyReportController.php'),
(630,'تقرير ربحية Ùرع',67,0,'branchProfitabilityReport.php'),
(631,'تقرير أعمار ديون الموردين',67,1,'debtHistoryReportController.php?do=supplier'),
(632,'نظام المطالبة',0,0,'نظام المطالبة'),
(633,'المطالبة',632,0,'claimController.php'),
(634,'تحصيل المطالبه',632,0,'claimdebtController.php');

--
-- Table structure for table `quickprofitclient`
--

CREATE TABLE `quickprofitclient` (
  `id` int(11) NOT NULL AUTO_INCREMENT,
  `clientId` int(11) NOT NULL,
  `theDate` date NOT NULL,
  `sellVal` decimal(15,2) NOT NULL,
  `sellCostBuyPrice` decimal(15,2) NOT NULL,
  `sellCostLastBuyPrice` decimal(15,2) NOT NULL,
  `sellCostMeanBuyPrice` decimal(15,2) NOT NULL,
  `sellCostLastBuyPricewithDiscount` decimal(15,2) NOT NULL,
  `sellCostMeanBuyPricewithDiscount` decimal(15,2) NOT NULL,
  `sellCostOverAllAveragePrice` decimal(15,2) NOT NULL,
  `returnSellVal` decimal(15,2) NOT NULL,
  `returnSellCostBuyPrice` decimal(15,2) NOT NULL,
  `returnSellCostLastBuyPrice` decimal(15,2) NOT NULL,
  `returnSellCostMeanBuyPrice` decimal(15,2) NOT NULL,
  `returnSellCostLastBuyPricewithDiscount` decimal(15,2) NOT NULL,
  `returnSellCostMeanBuyPricewithDiscount` decimal(15,2) NOT NULL,
  `returnSellCostOverAllAveragePrice` decimal(15,2) NOT NULL,
  `debtLimit` decimal(10,2) NOT NULL DEFAULT 0.00,
  `sellCostLastBuyPricewithTax` decimal(15,2) NOT NULL,
  `sellCostMeanBuyPricewithTax` decimal(15,2) NOT NULL,
  `returnSellCostLastBuyPricewithTax` decimal(15,2) NOT NULL,
  `returnSellCostMeanBuyPricewithTax` decimal(15,2) NOT NULL,
  PRIMARY KEY (`id`),
  UNIQUE KEY `uq_quickprofitclient` (`clientId`,`theDate`)
) ENGINE=InnoDB AUTO_INCREMENT=61 DEFAULT CHARSET=latin1 COLLATE=latin1_swedish_ci;

--
-- Dumping data for table `quickprofitclient`
--

INSERT INTO `quickprofitclient` VALUES
(1,2,'2026-05-04',2940.00,2940.00,2940.00,2940.00,2940.00,2940.00,2940.00,0.00,0.00,0.00,0.00,0.00,0.00,0.00,0.00,2940.00,2940.00,0.00,0.00),
(2,1,'2026-05-04',50250.00,174814.00,174814.00,174814.00,173854.00,174094.12,173854.00,3535.00,3410.00,3410.00,3410.00,3410.00,3410.00,3410.00,0.00,174814.00,174814.00,3410.00,3410.00),
(6,3,'2026-05-04',2385.00,2220.00,2220.00,2220.00,2220.00,2220.00,2220.00,0.00,0.00,0.00,0.00,0.00,0.00,0.00,0.00,2220.00,2220.00,0.00,0.00),
(7,4,'2026-05-04',1500.00,1380.00,1380.00,1380.00,1380.00,1380.00,1380.00,0.00,0.00,0.00,0.00,0.00,0.00,0.00,0.00,1380.00,1380.00,0.00,0.00),
(8,5,'2026-05-04',4000.00,3832.00,3832.00,3832.00,3832.00,3832.00,3832.00,0.00,0.00,0.00,0.00,0.00,0.00,0.00,0.00,3832.00,3832.00,0.00,0.00),
(13,6,'2026-05-04',10500.00,9975.00,9975.00,9975.00,9975.00,9975.00,9975.00,0.00,0.00,0.00,0.00,0.00,0.00,0.00,0.00,9975.00,9975.00,0.00,0.00),
(14,7,'2026-05-04',900.00,855.00,855.00,855.00,855.00,855.00,855.00,0.00,0.00,0.00,0.00,0.00,0.00,0.00,0.00,855.00,855.00,0.00,0.00),
(24,8,'2026-05-04',6510.00,6450.00,6450.00,6450.00,6036.00,6171.12,6036.00,0.00,0.00,0.00,0.00,0.00,0.00,0.00,0.00,6450.00,6450.00,0.00,0.00),
(25,9,'2026-05-04',3345.00,3195.00,3195.00,3195.00,3195.00,3195.00,3195.00,0.00,0.00,0.00,0.00,0.00,0.00,0.00,0.00,3195.00,3195.00,0.00,0.00),
(30,10,'2026-05-04',3300.00,3285.00,3285.00,3285.00,3159.00,3204.18,3159.00,0.00,0.00,0.00,0.00,0.00,0.00,0.00,0.00,3285.00,3285.00,0.00,0.00),
(36,11,'2026-05-04',14730.00,13440.00,13440.00,13440.00,13440.00,13440.00,13440.00,0.00,0.00,0.00,0.00,0.00,0.00,0.00,0.00,13440.00,13440.00,0.00,0.00),
(38,12,'2026-05-04',3090.00,89460.00,89460.00,89460.00,89394.00,89415.00,89394.00,0.00,0.00,0.00,0.00,0.00,0.00,0.00,0.00,89460.00,89460.00,0.00,0.00),
(39,13,'2026-05-04',1510.00,1385.00,1385.00,1385.00,1385.00,1385.00,1385.00,0.00,0.00,0.00,0.00,0.00,0.00,0.00,0.00,1385.00,1385.00,0.00,0.00),
(40,14,'2026-05-04',30150.00,28690.00,28690.00,28690.00,28690.00,28690.00,28690.00,0.00,0.00,0.00,0.00,0.00,0.00,0.00,0.00,28690.00,28690.00,0.00,0.00),
(41,1,'2026-05-05',90905.00,485520.00,485520.00,485520.00,483816.00,484278.00,483816.00,1680.00,1560.00,1560.00,1560.00,1560.00,1560.00,1560.00,0.00,485520.00,485520.00,1560.00,1560.00),
(42,15,'2026-05-05',2970.00,2835.00,2835.00,2835.00,2835.00,2835.00,2835.00,0.00,0.00,0.00,0.00,0.00,0.00,0.00,0.00,2835.00,2835.00,0.00,0.00),
(43,16,'2026-05-05',5670.00,5409.00,5409.00,5409.00,5409.00,5409.00,5409.00,0.00,0.00,0.00,0.00,0.00,0.00,0.00,0.00,5409.00,5409.00,0.00,0.00),
(59,17,'2026-05-05',1820.00,1650.00,1650.00,1646.76,1650.00,1646.76,1650.00,0.00,0.00,0.00,0.00,0.00,0.00,0.00,0.00,1650.00,1643.58,0.00,0.00);

--
-- Table structure for table `quickprofitday`
--

CREATE TABLE `quickprofitday` (
  `id` int(11) NOT NULL AUTO_INCREMENT,
  `theDate` date NOT NULL,
  `sellVal` decimal(15,2) NOT NULL,
  `sellCostBuyPrice` decimal(15,2) NOT NULL,
  `sellCostLastBuyPrice` decimal(15,2) NOT NULL,
  `sellCostMeanBuyPrice` decimal(15,2) NOT NULL,
  `sellCostLastBuyPricewithDiscount` decimal(15,2) NOT NULL,
  `sellCostMeanBuyPricewithDiscount` decimal(15,2) NOT NULL,
  `sellCostOverAllAveragePrice` decimal(15,2) NOT NULL,
  `returnSellVal` decimal(15,2) NOT NULL,
  `returnSellCostBuyPrice` decimal(15,2) NOT NULL,
  `returnSellCostLastBuyPrice` decimal(15,2) NOT NULL,
  `returnSellCostMeanBuyPrice` decimal(15,2) NOT NULL,
  `returnSellCostLastBuyPricewithDiscount` decimal(15,2) NOT NULL,
  `returnSellCostMeanBuyPricewithDiscount` decimal(15,2) NOT NULL,
  `returnSellCostOverAllAveragePrice` decimal(15,2) NOT NULL,
  `sellCostLastBuyPricewithTax` decimal(15,2) NOT NULL,
  `sellCostMeanBuyPricewithTax` decimal(15,2) NOT NULL,
  `returnSellCostLastBuyPricewithTax` decimal(15,2) NOT NULL,
  `returnSellCostMeanBuyPricewithTax` decimal(15,2) NOT NULL,
  PRIMARY KEY (`id`),
  UNIQUE KEY `theDate` (`theDate`)
) ENGINE=InnoDB AUTO_INCREMENT=61 DEFAULT CHARSET=latin1 COLLATE=latin1_swedish_ci;

--
-- Dumping data for table `quickprofitday`
--

INSERT INTO `quickprofitday` VALUES
(1,'2026-05-04',135110.00,341921.00,341921.00,341921.00,340355.00,340796.42,340355.00,3535.00,3410.00,3410.00,3410.00,3410.00,3410.00,3410.00,341921.00,341921.00,3410.00,3410.00),
(41,'2026-05-05',101365.00,495414.00,495414.00,495410.76,493710.00,494168.76,493710.00,1680.00,1560.00,1560.00,1560.00,1560.00,1560.00,1560.00,495414.00,495407.58,1560.00,1560.00);

--
-- Table structure for table `quickprofitgeneral`
--

CREATE TABLE `quickprofitgeneral` (
  `id` int(11) NOT NULL AUTO_INCREMENT,
  `netSellVal` decimal(15,2) NOT NULL,
  `netSellCostBuyPrice` decimal(15,2) NOT NULL,
  `netSellCostLastBuyPrice` decimal(15,2) NOT NULL,
  `netSellCostMeanBuyPrice` decimal(15,2) NOT NULL,
  `netSellCostLastBuyPricewithDiscount` decimal(15,2) NOT NULL,
  `netSellCostMeanBuyPricewithDiscount` decimal(15,2) NOT NULL,
  `netSellCostOverAllAveragePrice` decimal(15,2) NOT NULL,
  `netSellCostLastBuyPricewithTax` decimal(15,2) NOT NULL,
  `netSellCostMeanBuyPricewithTax` decimal(15,2) NOT NULL,
  PRIMARY KEY (`id`)
) ENGINE=InnoDB AUTO_INCREMENT=2 DEFAULT CHARSET=latin1 COLLATE=latin1_swedish_ci;

--
-- Dumping data for table `quickprofitgeneral`
--

INSERT INTO `quickprofitgeneral` VALUES
(1,27605835.00,29129334.02,28429828.10,28979620.26,27766494.16,28385441.12,27786383.11,28209513.90,28557916.86);

--
-- Table structure for table `quickprofitproduct`
--

CREATE TABLE `quickprofitproduct` (
  `id` int(11) NOT NULL AUTO_INCREMENT,
  `productId` int(11) NOT NULL,
  `theDate` date NOT NULL,
  `sellVal` decimal(15,2) NOT NULL,
  `sellCostBuyPrice` decimal(15,2) NOT NULL,
  `sellCostLastBuyPrice` decimal(15,2) NOT NULL,
  `sellCostMeanBuyPrice` decimal(15,2) NOT NULL,
  `sellCostLastBuyPricewithDiscount` decimal(15,2) NOT NULL,
  `sellCostMeanBuyPricewithDiscount` decimal(15,2) NOT NULL,
  `sellCostOverAllAveragePrice` decimal(15,2) NOT NULL,
  `returnSellVal` decimal(15,2) NOT NULL,
  `returnSellCostBuyPrice` decimal(15,2) NOT NULL,
  `returnSellCostLastBuyPrice` decimal(15,2) NOT NULL,
  `returnSellCostMeanBuyPrice` decimal(15,2) NOT NULL,
  `returnSellCostLastBuyPricewithDiscount` decimal(15,2) NOT NULL,
  `returnSellCostMeanBuyPricewithDiscount` decimal(15,2) NOT NULL,
  `returnSellCostOverAllAveragePrice` decimal(15,2) NOT NULL,
  `netQuantity` decimal(10,2) NOT NULL,
  `netQuantityRet` decimal(10,2) NOT NULL,
  `sellCostLastBuyPricewithTax` decimal(15,2) NOT NULL,
  `sellCostMeanBuyPricewithTax` decimal(15,2) NOT NULL,
  `returnSellCostLastBuyPricewithTax` decimal(15,2) NOT NULL,
  `returnSellCostMeanBuyPricewithTax` decimal(15,2) NOT NULL,
  PRIMARY KEY (`id`),
  UNIQUE KEY `uq_quickprofitproduct` (`productId`,`theDate`)
) ENGINE=InnoDB AUTO_INCREMENT=129 DEFAULT CHARSET=latin1 COLLATE=latin1_swedish_ci;

--
-- Dumping data for table `quickprofitproduct`
--

INSERT INTO `quickprofitproduct` VALUES
(1,159,'2026-05-04',5880.00,5880.00,5880.00,5880.00,5586.00,5691.42,5586.00,0.00,0.00,0.00,0.00,0.00,0.00,0.00,42.00,0.00,5880.00,5880.00,0.00,0.00),
(2,44,'2026-05-04',6300.00,5922.00,5922.00,5922.00,5922.00,5922.00,5922.00,0.00,0.00,0.00,0.00,0.00,0.00,0.00,63.00,0.00,5922.00,5922.00,0.00,0.00),
(3,101,'2026-05-04',1500.00,1350.00,1350.00,1350.00,1350.00,1350.00,1350.00,0.00,0.00,0.00,0.00,0.00,0.00,0.00,15.00,0.00,1350.00,1350.00,0.00,0.00),
(4,165,'2026-05-04',1200.00,1100.00,1100.00,1100.00,1100.00,1100.00,1100.00,0.00,0.00,0.00,0.00,0.00,0.00,0.00,20.00,0.00,1100.00,1100.00,0.00,0.00),
(5,124,'2026-05-04',3300.00,2970.00,2970.00,2970.00,2970.00,2970.00,2970.00,150.00,135.00,135.00,135.00,135.00,135.00,135.00,22.00,1.00,2970.00,2970.00,135.00,135.00),
(6,140,'2026-05-04',3910.00,142800.00,142800.00,142800.00,142800.00,142800.00,142800.00,0.00,0.00,0.00,0.00,0.00,0.00,0.00,680.00,0.00,142800.00,142800.00,0.00,0.00),
(7,126,'2026-05-04',2640.00,2400.00,2400.00,2400.00,2400.00,2400.00,2400.00,0.00,0.00,0.00,0.00,0.00,0.00,0.00,12.00,0.00,2400.00,2400.00,0.00,0.00),
(8,64,'2026-05-04',585.00,540.00,540.00,540.00,540.00,540.00,540.00,0.00,0.00,0.00,0.00,0.00,0.00,0.00,3.00,0.00,540.00,540.00,0.00,0.00),
(9,145,'2026-05-04',960.00,900.00,900.00,900.00,900.00,900.00,900.00,0.00,0.00,0.00,0.00,0.00,0.00,0.00,3.00,0.00,900.00,900.00,0.00,0.00),
(10,142,'2026-05-04',10740.00,10140.00,10140.00,10140.00,10140.00,10140.00,10140.00,0.00,0.00,0.00,0.00,0.00,0.00,0.00,39.00,0.00,10140.00,10140.00,0.00,0.00),
(11,100,'2026-05-04',1500.00,1380.00,1380.00,1380.00,1380.00,1380.00,1380.00,0.00,0.00,0.00,0.00,0.00,0.00,0.00,12.00,0.00,1380.00,1380.00,0.00,0.00),
(13,72,'2026-05-04',1200.00,1200.00,1200.00,1200.00,1200.00,1200.00,1200.00,0.00,0.00,0.00,0.00,0.00,0.00,0.00,8.00,0.00,1200.00,1200.00,0.00,0.00),
(14,112,'2026-05-04',3280.00,3200.00,3200.00,3200.00,3200.00,3200.00,3200.00,0.00,0.00,0.00,0.00,0.00,0.00,0.00,8.00,0.00,3200.00,3200.00,0.00,0.00),
(16,166,'2026-05-04',2160.00,2160.00,2160.00,2160.00,1944.00,1944.00,1944.00,0.00,0.00,0.00,0.00,0.00,0.00,0.00,18.00,0.00,2160.00,2160.00,0.00,0.00),
(18,43,'2026-05-04',1200.00,1134.00,1134.00,1134.00,1134.00,1134.00,1134.00,0.00,0.00,0.00,0.00,0.00,0.00,0.00,6.00,0.00,1134.00,1134.00,0.00,0.00),
(19,147,'2026-05-04',3900.00,3600.00,3600.00,3600.00,3600.00,3600.00,3600.00,0.00,0.00,0.00,0.00,0.00,0.00,0.00,15.00,0.00,3600.00,3600.00,0.00,0.00),
(20,157,'2026-05-04',10560.00,10560.00,10560.00,10560.00,9504.00,9840.00,9504.00,0.00,0.00,0.00,0.00,0.00,0.00,0.00,48.00,0.00,10560.00,10560.00,0.00,0.00),
(22,127,'2026-05-04',1200.00,1120.00,1120.00,1120.00,1120.00,1120.00,1120.00,1200.00,1120.00,1120.00,1120.00,1120.00,1120.00,1120.00,4.00,4.00,1120.00,1120.00,1120.00,1120.00),
(25,79,'2026-05-04',11400.00,10830.00,10830.00,10830.00,10830.00,10830.00,10830.00,0.00,0.00,0.00,0.00,0.00,0.00,0.00,114.00,0.00,10830.00,10830.00,0.00,0.00),
(27,20,'2026-05-04',3600.00,3600.00,3600.00,3600.00,3600.00,3600.00,3600.00,0.00,0.00,0.00,0.00,0.00,0.00,0.00,24.00,0.00,3600.00,3600.00,0.00,0.00),
(31,93,'2026-05-04',860.00,800.00,800.00,800.00,800.00,800.00,800.00,0.00,0.00,0.00,0.00,0.00,0.00,0.00,4.00,0.00,800.00,800.00,0.00,0.00),
(32,128,'2026-05-04',0.00,0.00,0.00,0.00,0.00,0.00,0.00,460.00,430.00,430.00,430.00,430.00,430.00,430.00,0.00,2.00,0.00,0.00,430.00,430.00),
(35,92,'2026-05-04',800.00,760.00,760.00,760.00,760.00,760.00,760.00,0.00,0.00,0.00,0.00,0.00,0.00,0.00,4.00,0.00,760.00,760.00,0.00,0.00),
(37,90,'2026-05-04',2010.00,1890.00,1890.00,1890.00,1890.00,1890.00,1890.00,0.00,0.00,0.00,0.00,0.00,0.00,0.00,6.00,0.00,1890.00,1890.00,0.00,0.00),
(40,116,'2026-05-04',1260.00,1260.00,1260.00,1260.00,1260.00,1260.00,1260.00,0.00,0.00,0.00,0.00,0.00,0.00,0.00,9.00,0.00,1260.00,1260.00,0.00,0.00),
(41,78,'2026-05-04',1110.00,1050.00,1050.00,1050.00,1050.00,1050.00,1050.00,0.00,0.00,0.00,0.00,0.00,0.00,0.00,6.00,0.00,1050.00,1050.00,0.00,0.00),
(44,19,'2026-05-04',1725.00,1725.00,1725.00,1725.00,1725.00,1725.00,1725.00,1725.00,1725.00,1725.00,1725.00,1725.00,1725.00,1725.00,15.00,15.00,1725.00,1725.00,1725.00,1725.00),
(46,136,'2026-05-04',2520.00,2310.00,2310.00,2310.00,2310.00,2310.00,2310.00,0.00,0.00,0.00,0.00,0.00,0.00,0.00,21.00,0.00,2310.00,2310.00,0.00,0.00),
(49,130,'2026-05-04',2860.00,2640.00,2640.00,2640.00,2640.00,2640.00,2640.00,0.00,0.00,0.00,0.00,0.00,0.00,0.00,11.00,0.00,2640.00,2640.00,0.00,0.00),
(50,97,'2026-05-04',990.00,900.00,900.00,900.00,900.00,900.00,900.00,0.00,0.00,0.00,0.00,0.00,0.00,0.00,9.00,0.00,900.00,900.00,0.00,0.00),
(51,154,'2026-05-04',3060.00,2520.00,2520.00,2520.00,2520.00,2520.00,2520.00,0.00,0.00,0.00,0.00,0.00,0.00,0.00,12.00,0.00,2520.00,2520.00,0.00,0.00),
(54,48,'2026-05-04',495.00,450.00,450.00,450.00,450.00,450.00,450.00,0.00,0.00,0.00,0.00,0.00,0.00,0.00,6.00,0.00,450.00,450.00,0.00,0.00),
(56,137,'2026-05-04',2100.00,76800.00,76800.00,76800.00,76800.00,76800.00,76800.00,0.00,0.00,0.00,0.00,0.00,0.00,0.00,240.00,0.00,76800.00,76800.00,0.00,0.00),
(58,40,'2026-05-04',1275.00,1125.00,1125.00,1125.00,1125.00,1125.00,1125.00,0.00,0.00,0.00,0.00,0.00,0.00,0.00,15.00,0.00,1125.00,1125.00,0.00,0.00),
(60,146,'2026-05-04',960.00,900.00,900.00,900.00,900.00,900.00,900.00,0.00,0.00,0.00,0.00,0.00,0.00,0.00,3.00,0.00,900.00,900.00,0.00,0.00),
(61,74,'2026-05-04',4500.00,4275.00,4275.00,4275.00,4275.00,4275.00,4275.00,0.00,0.00,0.00,0.00,0.00,0.00,0.00,15.00,0.00,4275.00,4275.00,0.00,0.00),
(62,144,'2026-05-04',1020.00,960.00,960.00,960.00,960.00,960.00,960.00,0.00,0.00,0.00,0.00,0.00,0.00,0.00,3.00,0.00,960.00,960.00,0.00,0.00),
(63,102,'2026-05-04',1140.00,1050.00,1050.00,1050.00,1050.00,1050.00,1050.00,0.00,0.00,0.00,0.00,0.00,0.00,0.00,6.00,0.00,1050.00,1050.00,0.00,0.00),
(64,96,'2026-05-04',1140.00,1050.00,1050.00,1050.00,1050.00,1050.00,1050.00,0.00,0.00,0.00,0.00,0.00,0.00,0.00,6.00,0.00,1050.00,1050.00,0.00,0.00),
(65,59,'2026-05-04',1290.00,1200.00,1200.00,1200.00,1200.00,1200.00,1200.00,0.00,0.00,0.00,0.00,0.00,0.00,0.00,6.00,0.00,1200.00,1200.00,0.00,0.00),
(68,167,'2026-05-04',5520.00,5040.00,5040.00,5040.00,5040.00,5040.00,5040.00,0.00,0.00,0.00,0.00,0.00,0.00,0.00,24.00,0.00,5040.00,5040.00,0.00,0.00),
(73,121,'2026-05-04',1210.00,1100.00,1100.00,1100.00,1100.00,1100.00,1100.00,0.00,0.00,0.00,0.00,0.00,0.00,0.00,11.00,0.00,1100.00,1100.00,0.00,0.00),
(76,4,'2026-05-04',12000.00,11200.00,11200.00,11200.00,11200.00,11200.00,11200.00,0.00,0.00,0.00,0.00,0.00,0.00,0.00,40.00,0.00,11200.00,11200.00,0.00,0.00),
(77,143,'2026-05-04',2970.00,2790.00,2790.00,2790.00,2790.00,2790.00,2790.00,0.00,0.00,0.00,0.00,0.00,0.00,0.00,9.00,0.00,2790.00,2790.00,0.00,0.00),
(78,61,'2026-05-04',2400.00,2220.00,2220.00,2220.00,2220.00,2220.00,2220.00,0.00,0.00,0.00,0.00,0.00,0.00,0.00,12.00,0.00,2220.00,2220.00,0.00,0.00),
(79,135,'2026-05-04',2880.00,3120.00,3120.00,3120.00,3120.00,3120.00,3120.00,0.00,0.00,0.00,0.00,0.00,0.00,0.00,12.00,0.00,3120.00,3120.00,0.00,0.00),
(80,164,'2026-05-05',4275.00,3975.00,3975.00,3975.00,3975.00,3975.00,3975.00,0.00,0.00,0.00,0.00,0.00,0.00,0.00,15.00,0.00,3975.00,3975.00,0.00,0.00),
(81,131,'2026-05-05',1760.00,1600.00,1600.00,1600.00,1600.00,1600.00,1600.00,0.00,0.00,0.00,0.00,0.00,0.00,0.00,8.00,0.00,1600.00,1600.00,0.00,0.00),
(82,64,'2026-05-05',10465.00,9900.00,9900.00,9900.00,9900.00,9900.00,9900.00,0.00,0.00,0.00,0.00,0.00,0.00,0.00,55.00,0.00,9900.00,9900.00,0.00,0.00),
(83,141,'2026-05-05',1470.00,55200.00,55200.00,55200.00,55200.00,55200.00,55200.00,0.00,0.00,0.00,0.00,0.00,0.00,0.00,240.00,0.00,55200.00,55200.00,0.00,0.00),
(84,32,'2026-05-05',2970.00,2835.00,2835.00,2835.00,2835.00,2835.00,2835.00,0.00,0.00,0.00,0.00,0.00,0.00,0.00,9.00,0.00,2835.00,2835.00,0.00,0.00),
(85,17,'2026-05-05',2220.00,2040.00,2040.00,2040.00,2040.00,2040.00,2040.00,0.00,0.00,0.00,0.00,0.00,0.00,0.00,12.00,0.00,2040.00,2040.00,0.00,0.00),
(86,44,'2026-05-05',800.00,752.00,752.00,752.00,752.00,752.00,752.00,0.00,0.00,0.00,0.00,0.00,0.00,0.00,8.00,0.00,752.00,752.00,0.00,0.00),
(87,79,'2026-05-05',600.00,570.00,570.00,570.00,570.00,570.00,570.00,0.00,0.00,0.00,0.00,0.00,0.00,0.00,6.00,0.00,570.00,570.00,0.00,0.00),
(88,78,'2026-05-05',1665.00,1575.00,1575.00,1575.00,1575.00,1575.00,1575.00,0.00,0.00,0.00,0.00,0.00,0.00,0.00,9.00,0.00,1575.00,1575.00,0.00,0.00),
(89,45,'2026-05-05',525.00,492.00,492.00,492.00,492.00,492.00,492.00,0.00,0.00,0.00,0.00,0.00,0.00,0.00,3.00,0.00,492.00,492.00,0.00,0.00),
(90,47,'2026-05-05',1000.00,1000.00,1000.00,1000.00,1000.00,1000.00,1000.00,0.00,0.00,0.00,0.00,0.00,0.00,0.00,10.00,0.00,1000.00,1000.00,0.00,0.00),
(92,93,'2026-05-05',4300.00,4000.00,4000.00,4000.00,4000.00,4000.00,4000.00,0.00,0.00,0.00,0.00,0.00,0.00,0.00,20.00,0.00,4000.00,4000.00,0.00,0.00),
(93,140,'2026-05-05',8280.00,302400.00,302400.00,302400.00,302400.00,302400.00,302400.00,0.00,0.00,0.00,0.00,0.00,0.00,0.00,1440.00,0.00,302400.00,302400.00,0.00,0.00),
(94,157,'2026-05-05',14520.00,14520.00,14520.00,14520.00,13068.00,13530.00,13068.00,0.00,0.00,0.00,0.00,0.00,0.00,0.00,66.00,0.00,14520.00,14520.00,0.00,0.00),
(95,149,'2026-05-05',2430.00,2250.00,2250.00,2250.00,2250.00,2250.00,2250.00,0.00,0.00,0.00,0.00,0.00,0.00,0.00,9.00,0.00,2250.00,2250.00,0.00,0.00),
(96,148,'2026-05-05',3300.00,3000.00,3000.00,3000.00,3000.00,3000.00,3000.00,0.00,0.00,0.00,0.00,0.00,0.00,0.00,15.00,0.00,3000.00,3000.00,0.00,0.00),
(97,147,'2026-05-05',3120.00,2880.00,2880.00,2880.00,2880.00,2880.00,2880.00,0.00,0.00,0.00,0.00,0.00,0.00,0.00,12.00,0.00,2880.00,2880.00,0.00,0.00),
(98,167,'2026-05-05',4600.00,4200.00,4200.00,4200.00,4200.00,4200.00,4200.00,0.00,0.00,0.00,0.00,0.00,0.00,0.00,20.00,0.00,4200.00,4200.00,0.00,0.00),
(100,138,'2026-05-05',1440.00,52800.00,52800.00,52800.00,52800.00,52800.00,52800.00,0.00,0.00,0.00,0.00,0.00,0.00,0.00,240.00,0.00,52800.00,52800.00,0.00,0.00),
(102,165,'2026-05-05',960.00,880.00,880.00,880.00,880.00,880.00,880.00,0.00,0.00,0.00,0.00,0.00,0.00,0.00,16.00,0.00,880.00,880.00,0.00,0.00),
(103,10,'2026-05-05',900.00,840.00,840.00,840.00,840.00,840.00,840.00,0.00,0.00,0.00,0.00,0.00,0.00,0.00,3.00,0.00,840.00,840.00,0.00,0.00),
(104,20,'2026-05-05',1350.00,1260.00,1260.00,1256.76,1260.00,1256.76,1260.00,0.00,0.00,0.00,0.00,0.00,0.00,0.00,9.00,0.00,1260.00,1253.58,0.00,0.00),
(105,169,'2026-05-05',6000.00,5520.00,5520.00,5520.00,5520.00,5520.00,5520.00,0.00,0.00,0.00,0.00,0.00,0.00,0.00,48.00,0.00,5520.00,5520.00,0.00,0.00),
(107,91,'2026-05-05',3360.00,3120.00,3120.00,3120.00,3120.00,3120.00,3120.00,1680.00,1560.00,1560.00,1560.00,1560.00,1560.00,1560.00,12.00,6.00,3120.00,3120.00,1560.00,1560.00),
(108,166,'2026-05-05',2520.00,2520.00,2520.00,2520.00,2268.00,2268.00,2268.00,0.00,0.00,0.00,0.00,0.00,0.00,0.00,21.00,0.00,2520.00,2520.00,0.00,0.00),
(110,18,'2026-05-05',2070.00,2070.00,2070.00,2070.00,2070.00,2070.00,2070.00,0.00,0.00,0.00,0.00,0.00,0.00,0.00,9.00,0.00,2070.00,2070.00,0.00,0.00),
(111,40,'2026-05-05',595.00,525.00,525.00,525.00,525.00,525.00,525.00,0.00,0.00,0.00,0.00,0.00,0.00,0.00,7.00,0.00,525.00,525.00,0.00,0.00),
(113,151,'2026-05-05',1180.00,1120.00,1120.00,1120.00,1120.00,1120.00,1120.00,0.00,0.00,0.00,0.00,0.00,0.00,0.00,4.00,0.00,1120.00,1120.00,0.00,0.00),
(114,95,'2026-05-05',330.00,300.00,300.00,300.00,300.00,300.00,300.00,0.00,0.00,0.00,0.00,0.00,0.00,0.00,3.00,0.00,300.00,300.00,0.00,0.00),
(115,124,'2026-05-05',1800.00,1620.00,1620.00,1620.00,1620.00,1620.00,1620.00,0.00,0.00,0.00,0.00,0.00,0.00,0.00,12.00,0.00,1620.00,1620.00,0.00,0.00),
(117,126,'2026-05-05',1760.00,1600.00,1600.00,1600.00,1600.00,1600.00,1600.00,0.00,0.00,0.00,0.00,0.00,0.00,0.00,8.00,0.00,1600.00,1600.00,0.00,0.00),
(119,62,'2026-05-05',810.00,720.00,720.00,720.00,720.00,720.00,720.00,0.00,0.00,0.00,0.00,0.00,0.00,0.00,6.00,0.00,720.00,720.00,0.00,0.00),
(124,81,'2026-05-05',1480.00,1360.00,1360.00,1360.00,1360.00,1360.00,1360.00,0.00,0.00,0.00,0.00,0.00,0.00,0.00,8.00,0.00,1360.00,1360.00,0.00,0.00),
(126,117,'2026-05-05',4320.00,3960.00,3960.00,3960.00,3960.00,3960.00,3960.00,0.00,0.00,0.00,0.00,0.00,0.00,0.00,24.00,0.00,3960.00,3960.00,0.00,0.00),
(127,96,'2026-05-05',570.00,525.00,525.00,525.00,525.00,525.00,525.00,0.00,0.00,0.00,0.00,0.00,0.00,0.00,3.00,0.00,525.00,525.00,0.00,0.00),
(128,173,'2026-05-05',1620.00,1485.00,1485.00,1485.00,1485.00,1485.00,1485.00,0.00,0.00,0.00,0.00,0.00,0.00,0.00,9.00,0.00,1485.00,1485.00,0.00,0.00);

--
-- Table structure for table `quickprofitstore`
--

CREATE TABLE `quickprofitstore` (
  `id` int(11) NOT NULL AUTO_INCREMENT,
  `storeId` int(11) NOT NULL,
  `theDate` date NOT NULL,
  `sellVal` decimal(15,2) NOT NULL,
  `sellCostBuyPrice` decimal(15,2) NOT NULL,
  `sellCostLastBuyPrice` decimal(15,2) NOT NULL,
  `sellCostMeanBuyPrice` decimal(15,2) NOT NULL,
  `sellCostLastBuyPricewithDiscount` decimal(15,2) NOT NULL,
  `sellCostMeanBuyPricewithDiscount` decimal(15,2) NOT NULL,
  `sellCostOverAllAveragePrice` decimal(15,2) NOT NULL,
  `returnSellVal` decimal(15,2) NOT NULL,
  `returnSellCostBuyPrice` decimal(15,2) NOT NULL,
  `returnSellCostLastBuyPrice` decimal(15,2) NOT NULL,
  `returnSellCostMeanBuyPrice` decimal(15,2) NOT NULL,
  `returnSellCostLastBuyPricewithDiscount` decimal(15,2) NOT NULL,
  `returnSellCostMeanBuyPricewithDiscount` decimal(15,2) NOT NULL,
  `returnSellCostOverAllAveragePrice` decimal(15,2) NOT NULL,
  `sellCostLastBuyPricewithTax` decimal(15,2) NOT NULL,
  `sellCostMeanBuyPricewithTax` decimal(15,2) NOT NULL,
  `returnSellCostLastBuyPricewithTax` decimal(15,2) NOT NULL,
  `returnSellCostMeanBuyPricewithTax` decimal(15,2) NOT NULL,
  PRIMARY KEY (`id`),
  UNIQUE KEY `uq_quickprofitstore` (`storeId`,`theDate`)
) ENGINE=InnoDB AUTO_INCREMENT=129 DEFAULT CHARSET=latin1 COLLATE=latin1_swedish_ci;

--
-- Dumping data for table `quickprofitstore`
--

INSERT INTO `quickprofitstore` VALUES
(1,1,'2026-05-04',135110.00,341921.00,341921.00,341921.00,340355.00,340796.42,340355.00,3535.00,3410.00,3410.00,3410.00,3410.00,3410.00,3410.00,341921.00,341921.00,3410.00,3410.00),
(80,1,'2026-05-05',101365.00,495414.00,495414.00,495410.76,493710.00,494168.76,493710.00,1680.00,1560.00,1560.00,1560.00,1560.00,1560.00,1560.00,495414.00,495407.58,1560.00,1560.00);

--
-- Table structure for table `religions`
--

CREATE TABLE `religions` (
  `id` int(11) NOT NULL AUTO_INCREMENT,
  `name` text NOT NULL,
  PRIMARY KEY (`id`)
) ENGINE=InnoDB DEFAULT CHARSET=latin1 COLLATE=latin1_swedish_ci;

--
-- Dumping data for table `religions`
--


--
-- Table structure for table `relusergroupproperties`
--

CREATE TABLE `relusergroupproperties` (
  `relusergrouppropertiesid` int(11) NOT NULL AUTO_INCREMENT,
  `usergroupid` int(11) NOT NULL,
  `propertyid` int(11) NOT NULL,
  `propertyvalue` int(11) NOT NULL DEFAULT 0,
  `theorder` int(11) NOT NULL DEFAULT 0,
  PRIMARY KEY (`relusergrouppropertiesid`),
  UNIQUE KEY `usergroupid_2` (`usergroupid`,`propertyid`),
  KEY `usergroupid` (`usergroupid`,`propertyid`),
  KEY `propertyid` (`propertyid`)
) ENGINE=InnoDB AUTO_INCREMENT=3020 DEFAULT CHARSET=utf8mb3 COLLATE=utf8mb3_general_ci;

--
-- Dumping data for table `relusergroupproperties`
--

INSERT INTO `relusergroupproperties` VALUES
(1,1,1,0,0),
(2,1,2,0,0),
(3,1,3,1,0),
(4,1,4,0,0),
(5,1,5,0,0),
(6,1,6,0,0),
(7,1,7,0,0),
(8,1,8,0,0),
(9,1,9,0,0),
(10,1,10,0,0),
(11,1,11,0,0),
(12,1,12,0,0),
(13,1,13,0,0),
(14,1,14,0,0),
(15,1,15,0,0),
(16,1,16,0,0),
(17,1,17,0,0),
(18,1,18,0,0),
(19,1,19,0,0),
(20,1,23,0,0),
(21,1,24,0,0),
(22,1,25,0,0),
(23,1,26,0,0),
(24,1,27,0,0),
(25,1,28,1,0),
(26,1,29,1,0),
(27,1,30,1,0),
(28,1,31,0,0),
(29,1,32,0,0),
(30,1,33,0,0),
(31,1,34,0,0),
(32,1,35,0,0),
(33,1,36,0,0),
(34,1,37,0,0),
(35,1,38,0,0),
(36,1,39,0,0),
(37,1,40,0,0),
(38,1,41,0,0),
(39,1,42,0,0),
(40,1,43,0,0),
(41,1,44,0,0),
(42,1,45,0,0),
(43,1,46,0,0),
(44,1,47,1,0),
(45,1,48,1,0),
(46,1,49,0,0),
(47,1,50,0,0),
(48,1,51,0,0),
(49,1,52,0,0),
(50,1,53,0,0),
(51,1,54,0,0),
(52,1,55,0,0),
(53,1,56,0,0),
(54,1,57,0,0),
(55,1,58,0,0),
(56,1,59,0,0),
(57,1,60,0,0),
(58,1,61,0,0),
(59,1,62,0,0),
(60,1,63,0,0),
(61,1,64,0,0),
(62,1,65,0,0),
(63,1,66,0,0),
(64,1,67,0,0),
(65,1,68,0,0),
(66,1,69,0,0),
(67,1,70,0,0),
(68,1,71,0,0),
(69,1,72,0,0),
(70,1,73,0,0),
(71,1,75,0,0),
(72,1,76,0,0),
(73,1,77,0,0),
(74,1,78,0,0),
(75,1,79,0,0),
(76,1,80,0,0),
(77,1,81,0,0),
(78,1,82,0,0),
(79,1,83,0,0),
(80,1,84,0,0),
(81,1,85,0,0),
(82,1,87,0,0),
(83,1,89,0,0),
(84,1,90,0,0),
(85,1,91,0,0),
(86,1,92,0,0),
(87,2,1,1,0),
(88,2,2,1,0),
(89,2,3,1,0),
(90,2,4,1,0),
(91,2,5,1,0),
(92,2,6,1,0),
(93,2,7,1,0),
(94,2,8,1,0),
(95,2,9,1,0),
(96,2,10,1,0),
(97,2,11,1,0),
(98,2,12,1,0),
(99,2,13,1,0),
(100,2,14,1,0),
(101,2,15,1,0),
(102,2,16,1,0),
(103,2,17,1,0),
(104,2,18,1,0),
(105,2,19,1,0),
(106,2,23,1,0),
(107,2,24,1,0),
(108,2,25,1,0),
(109,2,26,1,0),
(110,2,27,1,0),
(111,2,28,1,0),
(112,2,29,1,0),
(113,2,30,1,0),
(114,2,31,1,0),
(115,2,32,1,0),
(116,2,33,1,0),
(117,2,34,1,0),
(118,2,35,1,0),
(119,2,36,1,0),
(120,2,37,1,0),
(121,2,38,1,0),
(122,2,39,1,0),
(123,2,40,1,0),
(124,2,41,1,0),
(125,2,42,1,0),
(126,2,43,1,0),
(127,2,44,1,0),
(128,2,45,1,0),
(129,2,46,1,0),
(130,2,47,1,0),
(131,2,48,1,0),
(132,2,49,1,0),
(133,2,50,1,0),
(134,2,51,1,0),
(135,2,52,1,0),
(136,2,53,1,0),
(137,2,54,1,0),
(138,2,55,1,0),
(139,2,56,1,0),
(140,2,57,1,0),
(141,2,58,1,0),
(142,2,59,1,0),
(143,2,60,1,0),
(144,2,61,1,0),
(145,2,62,1,0),
(146,2,63,1,0),
(147,2,64,1,0),
(148,2,65,1,0),
(149,2,66,1,0),
(150,2,67,1,0),
(151,2,68,1,0),
(152,2,69,1,0),
(153,2,70,1,0),
(154,2,71,1,0),
(155,2,72,1,0),
(156,2,73,1,0),
(157,2,75,1,0),
(158,2,76,1,0),
(159,2,77,1,0),
(160,2,78,1,0),
(161,2,79,1,0),
(162,2,80,1,0),
(163,2,81,1,0),
(164,2,82,1,0),
(165,2,83,1,0),
(166,2,84,1,0),
(167,2,85,1,0),
(168,2,87,1,0),
(169,2,89,1,0),
(170,2,90,1,0),
(171,2,91,1,0),
(172,2,92,1,0),
(173,3,1,0,0),
(174,3,2,0,0),
(175,3,3,1,0),
(176,3,4,0,0),
(177,3,5,0,0),
(178,3,6,0,0),
(179,3,7,0,0),
(180,3,8,0,0),
(181,3,9,0,0),
(182,3,10,0,0),
(183,3,11,0,0),
(184,3,12,0,0),
(185,3,13,0,0),
(186,3,14,0,0),
(187,3,15,0,0),
(188,3,16,0,0),
(189,3,17,0,0),
(190,3,18,0,0),
(191,3,19,0,0),
(192,3,23,0,0),
(193,3,24,0,0),
(194,3,25,0,0),
(195,3,26,0,0),
(196,3,27,0,0),
(197,3,28,1,0),
(198,3,29,1,0),
(199,3,30,1,0),
(200,3,31,0,0),
(201,3,32,0,0),
(202,3,33,0,0),
(203,3,34,0,0),
(204,3,35,0,0),
(205,3,36,0,0),
(206,3,37,0,0),
(207,3,38,0,0),
(208,3,39,0,0),
(209,3,40,0,0),
(210,3,41,0,0),
(211,3,42,0,0),
(212,3,43,0,0),
(213,3,44,0,0),
(214,3,45,0,0),
(215,3,46,0,0),
(216,3,47,1,0),
(217,3,48,1,0),
(218,3,49,0,0),
(219,3,50,0,0),
(220,3,51,0,0),
(221,3,52,0,0),
(222,3,53,0,0),
(223,3,54,0,0),
(224,3,55,0,0),
(225,3,56,0,0),
(226,3,57,0,0),
(227,3,58,0,0),
(228,3,59,0,0),
(229,3,60,0,0),
(230,3,61,0,0),
(231,3,62,0,0),
(232,3,63,0,0),
(233,3,64,0,0),
(234,3,65,0,0),
(235,3,66,0,0),
(236,3,67,0,0),
(237,3,68,0,0),
(238,3,69,0,0),
(239,3,70,0,0),
(240,3,71,0,0),
(241,3,72,0,0),
(242,3,73,0,0),
(243,3,75,0,0),
(244,3,76,0,0),
(245,3,77,0,0),
(246,3,78,0,0),
(247,3,79,0,0),
(248,3,80,0,0),
(249,3,81,0,0),
(250,3,82,0,0),
(251,3,83,0,0),
(252,3,84,0,0),
(253,3,85,0,0),
(254,3,87,0,0),
(255,3,89,0,0),
(256,3,90,0,0),
(257,3,91,0,0),
(258,3,92,0,0),
(259,1,93,0,0),
(260,2,93,1,0),
(261,3,93,0,0),
(262,1,94,1,0),
(263,2,94,1,0),
(264,3,94,1,0),
(265,1,95,1,0),
(266,2,95,1,0),
(267,3,95,1,0),
(268,1,96,1,0),
(269,2,96,1,0),
(270,3,96,1,0),
(271,1,97,0,0),
(272,2,97,1,0),
(273,3,97,0,0),
(274,1,98,0,0),
(275,2,98,1,0),
(276,3,98,0,0),
(277,1,99,0,0),
(278,2,99,1,0),
(279,3,99,0,0),
(280,1,100,0,0),
(281,2,100,1,0),
(282,3,100,0,0),
(283,1,104,0,0),
(284,2,104,1,0),
(285,3,104,1,0),
(286,1,105,0,0),
(287,2,105,1,0),
(288,3,105,0,0),
(289,1,106,0,0),
(290,2,106,0,0),
(291,3,106,0,0),
(292,1,107,0,0),
(293,2,107,0,0),
(294,3,107,0,0),
(295,1,109,0,0),
(296,2,109,1,0),
(297,3,109,0,0),
(298,1,110,0,0),
(299,2,110,1,0),
(300,3,110,0,0),
(301,1,111,0,0),
(302,2,111,0,0),
(303,3,111,0,0),
(304,1,112,0,0),
(305,2,112,1,0),
(306,3,112,0,0),
(307,1,113,0,0),
(308,2,113,0,0),
(309,3,113,0,0),
(310,1,114,1,0),
(311,2,114,1,0),
(312,3,114,1,0),
(313,1,115,0,0),
(314,2,115,0,0),
(315,3,115,0,0),
(316,1,116,0,0),
(317,2,116,0,0),
(318,3,116,0,0),
(319,1,117,0,0),
(320,2,117,0,0),
(321,3,117,0,0),
(322,1,118,0,0),
(323,2,118,0,0),
(324,3,118,0,0),
(325,1,119,0,0),
(326,2,119,1,0),
(327,3,119,1,0),
(328,1,120,1,0),
(329,2,120,1,0),
(330,3,120,1,0),
(331,1,121,0,0),
(332,2,121,0,0),
(333,3,121,0,0),
(334,1,122,0,0),
(335,2,122,0,0),
(336,3,122,0,0),
(337,1,123,0,0),
(338,2,123,1,0),
(339,3,123,1,0),
(340,1,124,0,0),
(341,2,124,0,0),
(342,3,124,0,0),
(343,1,125,0,0),
(344,2,125,1,0),
(345,3,125,1,0),
(346,1,126,1,0),
(347,2,126,1,0),
(348,3,126,1,0),
(349,1,127,1,0),
(350,2,127,1,0),
(351,3,127,1,0),
(352,1,128,1,0),
(353,2,128,1,0),
(354,3,128,1,0),
(355,1,129,1,0),
(356,2,129,1,0),
(357,3,129,1,0),
(358,1,130,1,0),
(359,2,130,1,0),
(360,3,130,1,0),
(361,1,131,1,0),
(362,2,131,1,0),
(363,3,131,1,0),
(364,1,133,0,0),
(365,2,133,1,0),
(366,3,133,1,0),
(367,1,134,0,0),
(368,2,134,1,0),
(369,3,134,1,0),
(370,1,135,0,0),
(371,2,135,1,0),
(372,3,135,1,0),
(373,1,136,0,0),
(374,2,136,1,0),
(375,3,136,1,0),
(376,1,137,0,0),
(377,2,137,1,0),
(378,3,137,1,0),
(379,1,138,0,0),
(380,2,138,1,0),
(381,3,138,1,0),
(382,1,139,0,0),
(383,2,139,1,0),
(384,3,139,1,0),
(385,1,140,0,0),
(386,2,140,1,0),
(387,3,140,1,0),
(388,1,141,0,0),
(389,2,141,1,0),
(390,3,141,1,0),
(391,1,142,0,0),
(392,2,142,1,0),
(393,3,142,1,0),
(394,1,143,0,0),
(395,2,143,1,0),
(396,3,143,1,0),
(397,1,144,0,0),
(398,2,144,1,0),
(399,3,144,1,0),
(400,1,145,0,0),
(401,2,145,1,0),
(402,3,145,1,0),
(403,1,146,0,0),
(404,2,146,1,0),
(405,3,146,1,0),
(406,1,147,0,0),
(407,2,147,1,0),
(408,3,147,1,0),
(409,1,148,0,0),
(410,2,148,1,0),
(411,3,148,1,0),
(412,1,149,1,0),
(413,2,149,1,0),
(414,3,149,1,0),
(415,1,150,1,0),
(416,2,150,1,0),
(417,3,150,1,0),
(418,1,151,1,0),
(419,2,151,1,0),
(420,3,151,1,0),
(421,1,152,1,0),
(422,2,152,1,0),
(423,3,152,1,0),
(424,1,153,1,0),
(425,2,153,1,0),
(426,3,153,1,0),
(427,1,154,1,0),
(428,2,154,1,0),
(429,3,154,1,0),
(430,1,155,1,0),
(431,2,155,1,0),
(432,3,155,1,0),
(433,1,156,1,0),
(434,2,156,1,0),
(435,3,156,1,0),
(436,1,157,1,0),
(437,2,157,1,0),
(438,3,157,1,0),
(439,1,158,1,0),
(440,2,158,1,0),
(441,3,158,1,0),
(442,1,159,1,0),
(443,2,159,1,0),
(444,3,159,1,0),
(445,1,160,1,0),
(446,2,160,1,0),
(447,3,160,1,0),
(448,1,161,1,0),
(449,2,161,1,0),
(450,3,161,1,0),
(451,1,162,1,0),
(452,2,162,1,0),
(453,3,162,1,0),
(454,1,163,1,0),
(455,2,163,1,0),
(456,3,163,1,0),
(457,1,164,1,0),
(458,2,164,1,0),
(459,3,164,1,0),
(460,1,165,1,0),
(461,2,165,1,0),
(462,3,165,1,0),
(463,1,166,1,0),
(464,2,166,1,0),
(465,3,166,1,0),
(466,1,167,0,0),
(467,2,167,0,0),
(468,3,167,0,0),
(469,1,168,0,0),
(470,2,168,0,0),
(471,3,168,0,0),
(472,1,169,0,0),
(473,2,169,0,0),
(474,3,169,0,0),
(475,1,170,0,0),
(476,2,170,0,0),
(477,3,170,0,0),
(478,1,171,0,0),
(479,2,171,0,0),
(480,3,171,0,0),
(481,1,172,0,0),
(482,2,172,0,0),
(483,3,172,0,0),
(484,1,173,1,0),
(485,2,173,1,0),
(486,3,173,1,0),
(487,1,174,1,0),
(488,2,174,1,0),
(489,3,174,1,0),
(490,1,175,1,0),
(491,2,175,1,0),
(492,3,175,1,0),
(493,1,176,1,0),
(494,2,176,1,0),
(495,3,176,1,0),
(496,1,177,1,0),
(497,2,177,1,0),
(498,3,177,1,0),
(499,1,178,1,0),
(500,2,178,1,0),
(501,3,178,1,0),
(502,1,179,1,0),
(503,2,179,1,0),
(504,3,179,1,0),
(505,1,180,1,0),
(506,2,180,1,0),
(507,3,180,1,0),
(508,1,181,1,0),
(509,2,181,1,0),
(510,3,181,1,0),
(511,1,182,1,0),
(512,2,182,1,0),
(513,3,182,1,0),
(514,1,183,1,0),
(515,2,183,1,0),
(516,3,183,1,0),
(517,1,184,0,0),
(518,2,184,0,0),
(519,3,184,0,0),
(520,1,185,0,0),
(521,2,185,0,0),
(522,3,185,0,0),
(523,1,186,0,0),
(524,2,186,0,0),
(525,3,186,0,0),
(526,1,187,1,0),
(527,2,187,1,0),
(528,3,187,1,0),
(529,1,188,1,0),
(530,2,188,1,0),
(531,3,188,1,0),
(532,1,189,1,0),
(533,2,189,1,0),
(534,3,189,1,0),
(535,1,190,1,0),
(536,2,190,1,0),
(537,3,190,1,0),
(538,1,191,1,0),
(539,2,191,1,0),
(540,3,191,1,0),
(541,1,192,1,0),
(542,2,192,1,0),
(543,3,192,1,0),
(544,1,193,1,0),
(545,2,193,1,0),
(546,3,193,1,0),
(547,1,194,1,0),
(548,2,194,0,0),
(549,3,194,0,0),
(550,1,195,1,0),
(551,2,195,1,0),
(552,3,195,1,0),
(553,1,196,1,0),
(554,2,196,1,0),
(555,3,196,1,0),
(556,1,197,1,0),
(557,2,197,1,0),
(558,3,197,1,0),
(559,1,198,1,0),
(560,2,198,1,0),
(561,3,198,1,0),
(562,1,199,1,0),
(563,2,199,1,0),
(564,3,199,1,0),
(565,1,200,1,0),
(566,2,200,1,0),
(567,3,200,1,0),
(568,1,201,0,0),
(569,2,201,0,0),
(570,3,201,0,0),
(571,1,202,0,0),
(572,2,202,0,0),
(573,3,202,0,0),
(574,1,203,0,0),
(575,2,203,0,0),
(576,3,203,0,0),
(577,1,204,0,0),
(578,2,204,1,0),
(579,3,204,1,0),
(580,1,205,1,0),
(581,2,205,1,0),
(582,3,205,1,0),
(583,1,206,0,0),
(584,2,206,0,0),
(585,3,206,0,0),
(586,1,207,0,0),
(587,2,207,0,0),
(588,3,207,0,0),
(589,1,208,0,0),
(590,2,208,0,0),
(591,3,208,0,0),
(592,1,209,1,0),
(593,2,209,1,0),
(594,3,209,1,0),
(595,1,210,1,0),
(596,2,210,1,0),
(597,3,210,1,0),
(598,1,211,1,0),
(599,2,211,1,0),
(600,3,211,1,0),
(601,1,212,1,0),
(602,2,212,1,0),
(603,3,212,1,0),
(604,1,213,1,0),
(605,2,213,1,0),
(606,3,213,1,0),
(607,1,214,1,0),
(608,2,214,1,0),
(609,3,214,1,0),
(610,1,215,1,0),
(611,2,215,1,0),
(612,3,215,1,0),
(613,1,216,1,0),
(614,2,216,1,0),
(615,3,216,1,0),
(616,1,217,1,0),
(617,2,217,1,0),
(618,3,217,1,0),
(619,1,218,1,0),
(620,2,218,1,0),
(621,3,218,1,0),
(622,1,219,1,0),
(623,2,219,1,0),
(624,3,219,1,0),
(625,1,220,1,0),
(626,2,220,1,0),
(627,3,220,1,0),
(628,1,221,1,0),
(629,2,221,1,0),
(630,3,221,1,0),
(631,1,223,1,0),
(632,2,223,1,0),
(633,3,223,1,0),
(634,1,224,0,0),
(635,2,224,1,0),
(636,3,224,1,0),
(637,1,227,1,0),
(638,2,227,1,0),
(639,3,227,1,0),
(640,1,228,1,0),
(641,2,228,1,0),
(642,3,228,1,0),
(643,1,231,1,0),
(644,2,231,1,0),
(645,3,231,1,0),
(646,1,232,0,0),
(647,2,232,1,0),
(648,3,232,1,0),
(649,1,233,0,0),
(650,2,233,1,0),
(651,3,233,1,0),
(652,1,234,1,0),
(653,2,234,1,0),
(654,3,234,1,0),
(655,1,235,0,0),
(656,2,235,1,0),
(657,3,235,1,0),
(658,1,243,0,0),
(659,2,243,0,0),
(660,3,243,0,0),
(661,1,244,1,0),
(662,2,244,1,0),
(663,3,244,1,0),
(664,1,249,0,0),
(665,2,249,1,0),
(666,3,249,1,0),
(667,1,250,0,0),
(668,2,250,1,0),
(669,3,250,1,0),
(670,1,74,0,0),
(671,2,74,1,0),
(672,3,74,1,0),
(673,1,252,0,0),
(674,2,252,1,0),
(675,3,252,1,0),
(676,1,253,0,0),
(677,2,253,1,0),
(678,3,253,1,0),
(679,1,254,0,0),
(680,2,254,1,0),
(681,3,254,1,0),
(682,1,255,0,0),
(683,2,255,1,0),
(684,3,255,1,0),
(685,1,256,0,0),
(686,2,256,1,0),
(687,3,256,1,0),
(688,1,257,0,0),
(689,2,257,1,0),
(690,3,257,1,0),
(691,1,258,0,0),
(692,2,258,1,0),
(693,3,258,1,0),
(694,1,259,0,0),
(695,2,259,1,0),
(696,3,259,1,0),
(697,1,260,0,0),
(698,2,260,1,0),
(699,3,260,1,0),
(700,1,261,0,0),
(701,2,261,1,0),
(702,3,261,1,0),
(703,1,262,0,0),
(704,2,262,1,0),
(705,3,262,1,0),
(706,1,263,0,0),
(707,2,263,1,0),
(708,3,263,1,0),
(709,1,264,1,0),
(710,2,264,1,0),
(711,3,264,1,0),
(712,1,265,0,0),
(713,2,265,1,0),
(714,3,265,1,0),
(715,1,266,1,0),
(716,2,266,1,0),
(717,3,266,1,0),
(718,1,267,1,0),
(719,2,267,1,0),
(720,3,267,1,0),
(721,1,268,0,0),
(722,2,268,1,0),
(723,3,268,1,0),
(724,1,269,0,0),
(725,2,269,1,0),
(726,3,269,1,0),
(727,1,270,0,0),
(728,2,270,1,0),
(729,3,270,1,0),
(730,1,274,0,0),
(731,1,275,0,0),
(732,1,278,0,0),
(733,1,279,0,0),
(734,1,280,0,0),
(735,1,281,0,0),
(736,1,282,0,0),
(737,1,283,0,0),
(738,1,284,0,0),
(739,1,285,0,0),
(740,1,286,0,0),
(741,1,287,0,0),
(742,1,288,0,0),
(743,1,289,0,0),
(744,1,290,0,0),
(745,1,291,0,0),
(746,1,292,0,0),
(747,1,293,1,0),
(748,1,294,1,0),
(749,1,295,1,0),
(750,1,296,1,0),
(751,1,297,0,0),
(752,1,298,0,0),
(753,1,299,1,0),
(754,1,300,0,0),
(755,1,301,0,0),
(756,2,274,0,0),
(757,2,275,0,0),
(758,2,278,0,0),
(759,2,279,0,0),
(760,2,280,0,0),
(761,2,281,0,0),
(762,2,282,0,0),
(763,2,283,0,0),
(764,2,284,0,0),
(765,2,285,0,0),
(766,2,286,0,0),
(767,2,287,0,0),
(768,2,288,0,0),
(769,2,289,0,0),
(770,2,290,0,0),
(771,2,291,0,0),
(772,2,292,0,0),
(773,2,293,1,0),
(774,2,294,1,0),
(775,2,295,1,0),
(776,2,296,1,0),
(777,2,297,0,0),
(778,2,298,0,0),
(779,2,299,1,0),
(780,2,300,0,0),
(781,2,301,0,0),
(782,3,274,0,0),
(783,3,275,0,0),
(784,3,278,0,0),
(785,3,279,0,0),
(786,3,280,0,0),
(787,3,281,0,0),
(788,3,282,0,0),
(789,3,283,0,0),
(790,3,284,0,0),
(791,3,285,0,0),
(792,3,286,0,0),
(793,3,287,0,0),
(794,3,288,0,0),
(795,3,289,0,0),
(796,3,290,0,0),
(797,3,291,0,0),
(798,3,292,0,0),
(799,3,293,1,0),
(800,3,294,1,0),
(801,3,295,1,0),
(802,3,296,1,0),
(803,3,297,0,0),
(804,3,298,0,0),
(805,3,299,1,0),
(806,3,300,0,0),
(807,3,301,0,0),
(808,1,302,0,0),
(809,2,302,0,0),
(810,3,302,0,0),
(811,1,303,1,0),
(812,1,304,1,0),
(813,1,305,0,0),
(814,1,307,1,0),
(815,1,308,1,0),
(816,1,309,1,0),
(817,1,310,1,0),
(818,1,311,1,0),
(819,1,312,1,0),
(820,1,313,1,0),
(821,1,314,1,0),
(822,1,315,1,0),
(823,1,316,0,0),
(824,1,317,1,0),
(825,1,318,1,0),
(826,1,319,1,0),
(827,1,320,1,0),
(828,1,321,1,0),
(829,1,322,1,0),
(830,1,323,1,0),
(831,1,324,1,0),
(832,1,325,1,0),
(833,1,326,0,0),
(834,1,327,0,0),
(835,1,328,0,0),
(836,1,329,0,0),
(837,1,330,0,0),
(838,1,331,0,0),
(839,1,332,0,0),
(840,1,333,0,0),
(841,1,334,0,0),
(842,1,335,0,0),
(843,1,336,0,0),
(844,1,337,0,0),
(845,1,338,0,0),
(846,1,339,0,0),
(847,1,340,0,0),
(848,1,341,0,0),
(849,1,342,0,0),
(850,1,343,0,0),
(851,1,344,0,0),
(852,1,345,0,0),
(853,1,346,0,0),
(854,1,347,0,0),
(855,1,348,0,0),
(856,1,349,0,0),
(857,1,350,0,0),
(858,1,351,0,0),
(859,1,352,0,0),
(860,1,353,0,0),
(861,1,354,0,0),
(862,1,355,0,0),
(863,1,356,0,0),
(864,1,357,0,0),
(865,1,358,0,0),
(866,1,359,0,0),
(867,1,360,0,0),
(868,1,361,0,0),
(869,1,362,0,0),
(870,1,363,0,0),
(871,1,364,0,0),
(872,1,365,0,0),
(873,1,366,0,0),
(874,1,367,0,0),
(875,1,368,0,0),
(876,1,369,0,0),
(877,1,370,0,0),
(878,1,371,0,0),
(879,1,372,0,0),
(880,1,373,0,0),
(881,1,374,0,0),
(882,1,375,0,0),
(883,1,376,0,0),
(884,1,377,0,0),
(885,1,378,0,0),
(886,1,379,0,0),
(887,1,380,0,0),
(888,1,381,0,0),
(889,1,382,0,0),
(890,1,383,0,0),
(891,1,384,0,0),
(892,1,385,0,0),
(893,1,386,0,0),
(894,1,387,0,0),
(895,1,388,0,0),
(896,1,389,0,0),
(897,1,390,0,0),
(898,1,391,0,0),
(899,1,392,0,0),
(900,1,393,0,0),
(901,1,394,0,0),
(902,1,395,0,0),
(903,1,396,0,0),
(904,1,397,0,0),
(905,1,398,0,0),
(906,1,399,0,0),
(907,1,400,0,0),
(908,1,401,1,0),
(909,1,402,1,0),
(910,1,403,1,0),
(911,1,404,0,0),
(912,1,405,1,0),
(913,1,406,1,0),
(914,1,407,1,0),
(915,1,408,1,0),
(916,1,409,1,0),
(917,1,410,1,0),
(918,1,411,1,0),
(919,1,412,0,0),
(920,1,413,0,0),
(921,1,414,0,0),
(922,1,417,0,0),
(923,1,418,0,0),
(924,1,419,0,0),
(925,1,420,0,0),
(926,2,303,1,0),
(927,2,304,1,0),
(928,2,305,0,0),
(929,2,307,1,0),
(930,2,308,1,0),
(931,2,309,1,0),
(932,2,310,1,0),
(933,2,311,1,0),
(934,2,312,1,0),
(935,2,313,1,0),
(936,2,314,1,0),
(937,2,315,1,0),
(938,2,316,0,0),
(939,2,317,1,0),
(940,2,318,1,0),
(941,2,319,1,0),
(942,2,320,1,0),
(943,2,321,1,0),
(944,2,322,1,0),
(945,2,323,1,0),
(946,2,324,1,0),
(947,2,325,1,0),
(948,2,326,0,0),
(949,2,327,0,0),
(950,2,328,0,0),
(951,2,329,0,0),
(952,2,330,0,0),
(953,2,331,0,0),
(954,2,332,0,0),
(955,2,333,0,0),
(956,2,334,0,0),
(957,2,335,0,0),
(958,2,336,0,0),
(959,2,337,0,0),
(960,2,338,0,0),
(961,2,339,0,0),
(962,2,340,0,0),
(963,2,341,0,0),
(964,2,342,0,0),
(965,2,343,0,0),
(966,2,344,0,0),
(967,2,345,0,0),
(968,2,346,0,0),
(969,2,347,0,0),
(970,2,348,0,0),
(971,2,349,0,0),
(972,2,350,0,0),
(973,2,351,0,0),
(974,2,352,0,0),
(975,2,353,0,0),
(976,2,354,0,0),
(977,2,355,0,0),
(978,2,356,0,0),
(979,2,357,0,0),
(980,2,358,0,0),
(981,2,359,0,0),
(982,2,360,0,0),
(983,2,361,0,0),
(984,2,362,0,0),
(985,2,363,0,0),
(986,2,364,0,0),
(987,2,365,0,0),
(988,2,366,0,0),
(989,2,367,0,0),
(990,2,368,0,0),
(991,2,369,0,0),
(992,2,370,0,0),
(993,2,371,0,0),
(994,2,372,0,0),
(995,2,373,0,0),
(996,2,374,0,0),
(997,2,375,0,0),
(998,2,376,0,0),
(999,2,377,0,0),
(1000,2,378,0,0),
(1001,2,379,0,0),
(1002,2,380,0,0),
(1003,2,381,0,0),
(1004,2,382,0,0),
(1005,2,383,0,0),
(1006,2,384,0,0),
(1007,2,385,0,0),
(1008,2,386,0,0),
(1009,2,387,0,0),
(1010,2,388,0,0),
(1011,2,389,0,0),
(1012,2,390,0,0),
(1013,2,391,0,0),
(1014,2,392,0,0),
(1015,2,393,0,0),
(1016,2,394,0,0),
(1017,2,395,0,0),
(1018,2,396,0,0),
(1019,2,397,0,0),
(1020,2,398,0,0),
(1021,2,399,0,0),
(1022,2,400,0,0),
(1023,2,401,0,0),
(1024,2,402,1,0),
(1025,2,403,1,0),
(1026,2,404,0,0),
(1027,2,405,1,0),
(1028,2,406,1,0),
(1029,2,407,1,0),
(1030,2,408,1,0),
(1031,2,409,1,0),
(1032,2,410,1,0),
(1033,2,411,1,0),
(1034,2,412,0,0),
(1035,2,413,0,0),
(1036,2,414,0,0),
(1037,2,417,0,0),
(1038,2,418,0,0),
(1039,2,419,0,0),
(1040,2,420,0,0),
(1041,3,303,1,0),
(1042,3,304,1,0),
(1043,3,305,0,0),
(1044,3,307,1,0),
(1045,3,308,1,0),
(1046,3,309,1,0),
(1047,3,310,1,0),
(1048,3,311,1,0),
(1049,3,312,1,0),
(1050,3,313,1,0),
(1051,3,314,1,0),
(1052,3,315,1,0),
(1053,3,316,0,0),
(1054,3,317,1,0),
(1055,3,318,1,0),
(1056,3,319,1,0),
(1057,3,320,1,0),
(1058,3,321,1,0),
(1059,3,322,1,0),
(1060,3,323,1,0),
(1061,3,324,1,0),
(1062,3,325,1,0),
(1063,3,326,0,0),
(1064,3,327,0,0),
(1065,3,328,0,0),
(1066,3,329,0,0),
(1067,3,330,0,0),
(1068,3,331,0,0),
(1069,3,332,0,0),
(1070,3,333,0,0),
(1071,3,334,0,0),
(1072,3,335,0,0),
(1073,3,336,0,0),
(1074,3,337,0,0),
(1075,3,338,0,0),
(1076,3,339,0,0),
(1077,3,340,0,0),
(1078,3,341,0,0),
(1079,3,342,0,0),
(1080,3,343,0,0),
(1081,3,344,0,0),
(1082,3,345,0,0),
(1083,3,346,0,0),
(1084,3,347,0,0),
(1085,3,348,0,0),
(1086,3,349,0,0),
(1087,3,350,0,0),
(1088,3,351,0,0),
(1089,3,352,0,0),
(1090,3,353,0,0),
(1091,3,354,0,0),
(1092,3,355,0,0),
(1093,3,356,0,0),
(1094,3,357,0,0),
(1095,3,358,0,0),
(1096,3,359,0,0),
(1097,3,360,0,0),
(1098,3,361,0,0),
(1099,3,362,0,0),
(1100,3,363,0,0),
(1101,3,364,0,0),
(1102,3,365,0,0),
(1103,3,366,0,0),
(1104,3,367,0,0),
(1105,3,368,0,0),
(1106,3,369,0,0),
(1107,3,370,0,0),
(1108,3,371,0,0),
(1109,3,372,0,0),
(1110,3,373,0,0),
(1111,3,374,0,0),
(1112,3,375,0,0),
(1113,3,376,0,0),
(1114,3,377,0,0),
(1115,3,378,0,0),
(1116,3,379,0,0),
(1117,3,380,0,0),
(1118,3,381,0,0),
(1119,3,382,0,0),
(1120,3,383,0,0),
(1121,3,384,0,0),
(1122,3,385,0,0),
(1123,3,386,0,0),
(1124,3,387,0,0),
(1125,3,388,0,0),
(1126,3,389,0,0),
(1127,3,390,0,0),
(1128,3,391,0,0),
(1129,3,392,0,0),
(1130,3,393,0,0),
(1131,3,394,0,0),
(1132,3,395,0,0),
(1133,3,396,0,0),
(1134,3,397,0,0),
(1135,3,398,0,0),
(1136,3,399,0,0),
(1137,3,400,0,0),
(1138,3,401,0,0),
(1139,3,402,1,0),
(1140,3,403,1,0),
(1141,3,404,0,0),
(1142,3,405,1,0),
(1143,3,406,1,0),
(1144,3,407,1,0),
(1145,3,408,1,0),
(1146,3,409,1,0),
(1147,3,410,1,0),
(1148,3,411,1,0),
(1149,3,412,0,0),
(1150,3,413,0,0),
(1151,3,414,0,0),
(1152,3,417,0,0),
(1153,3,418,0,0),
(1154,3,419,0,0),
(1155,3,420,0,0),
(1156,4,1,1,0),
(1157,4,2,1,0),
(1158,4,3,1,0),
(1159,4,4,1,0),
(1160,4,5,1,0),
(1161,4,6,1,0),
(1162,4,7,1,0),
(1163,4,8,1,0),
(1164,4,9,1,0),
(1165,4,10,1,0),
(1166,4,11,1,0),
(1167,4,12,1,0),
(1168,4,13,1,0),
(1169,4,14,1,0),
(1170,4,15,1,0),
(1171,4,16,1,0),
(1172,4,17,1,0),
(1173,4,18,1,0),
(1174,4,19,1,0),
(1175,4,23,1,0),
(1176,4,24,1,0),
(1177,4,25,1,0),
(1178,4,26,1,0),
(1179,4,27,1,0),
(1180,4,28,1,0),
(1181,4,29,1,0),
(1182,4,30,1,0),
(1183,4,31,1,0),
(1184,4,32,1,0),
(1185,4,33,1,0),
(1186,4,34,1,0),
(1187,4,35,1,0),
(1188,4,36,1,0),
(1189,4,37,1,0),
(1190,4,38,1,0),
(1191,4,39,1,0),
(1192,4,40,1,0),
(1193,4,41,1,0),
(1194,4,42,1,0),
(1195,4,43,1,0),
(1196,4,44,1,0),
(1197,4,45,1,0),
(1198,4,46,1,0),
(1199,4,47,1,0),
(1200,4,48,1,0),
(1201,4,49,1,0),
(1202,4,50,1,0),
(1203,4,51,1,0),
(1204,4,52,1,0),
(1205,4,53,1,0),
(1206,4,54,1,0),
(1207,4,55,1,0),
(1208,4,56,1,0),
(1209,4,57,1,0),
(1210,4,58,1,0),
(1211,4,59,1,0),
(1212,4,60,1,0),
(1213,4,61,1,0),
(1214,4,62,1,0),
(1215,4,63,1,0),
(1216,4,64,1,0),
(1217,4,65,1,0),
(1218,4,66,1,0),
(1219,4,67,1,0),
(1220,4,68,1,0),
(1221,4,69,1,0),
(1222,4,70,1,0),
(1223,4,71,1,0),
(1224,4,72,1,0),
(1225,4,73,1,0),
(1226,4,74,1,0),
(1227,4,75,1,0),
(1228,4,76,1,0),
(1229,4,77,1,0),
(1230,4,78,1,0),
(1231,4,79,1,0),
(1232,4,80,1,0),
(1233,4,82,1,0),
(1234,4,83,1,0),
(1235,4,84,1,0),
(1236,4,85,1,0),
(1237,4,87,1,0),
(1238,4,89,1,0),
(1239,4,90,1,0),
(1240,4,91,1,0),
(1241,4,92,1,0),
(1242,4,93,1,0),
(1243,4,96,1,0),
(1244,4,97,1,0),
(1245,4,98,1,0),
(1246,4,99,1,0),
(1247,4,100,1,0),
(1248,4,105,1,0),
(1249,4,123,1,0),
(1250,4,124,1,0),
(1251,4,125,1,0),
(1252,4,126,1,0),
(1253,4,127,1,0),
(1254,4,128,1,0),
(1255,4,129,1,0),
(1256,4,130,1,0),
(1257,4,131,1,0),
(1258,4,133,1,0),
(1259,4,134,1,0),
(1260,4,135,1,0),
(1261,4,136,1,0),
(1262,4,137,1,0),
(1263,4,138,1,0),
(1264,4,139,1,0),
(1265,4,140,1,0),
(1266,4,141,1,0),
(1267,4,142,1,0),
(1268,4,143,1,0),
(1269,4,144,1,0),
(1270,4,145,1,0),
(1271,4,146,1,0),
(1272,4,147,1,0),
(1273,4,148,1,0),
(1274,4,149,1,0),
(1275,4,150,1,0),
(1276,4,151,1,0),
(1277,4,152,1,0),
(1278,4,153,1,0),
(1279,4,154,1,0),
(1280,4,155,1,0),
(1281,4,156,1,0),
(1282,4,157,1,0),
(1283,4,158,1,0),
(1284,4,159,1,0),
(1285,4,160,1,0),
(1286,4,161,1,0),
(1287,4,162,1,0),
(1288,4,163,1,0),
(1289,4,164,1,0),
(1290,4,165,1,0),
(1291,4,166,1,0),
(1292,4,167,1,0),
(1293,4,168,1,0),
(1294,4,169,1,0),
(1295,4,170,1,0),
(1296,4,171,1,0),
(1297,4,172,1,0),
(1298,4,173,1,0),
(1299,4,174,1,0),
(1300,4,175,1,0),
(1301,4,176,1,0),
(1302,4,177,1,0),
(1303,4,178,1,0),
(1304,4,179,1,0),
(1305,4,180,1,0),
(1306,4,181,1,0),
(1307,4,182,1,0),
(1308,4,183,1,0),
(1309,4,187,1,0),
(1310,4,188,1,0),
(1311,4,189,1,0),
(1312,4,190,1,0),
(1313,4,191,1,0),
(1314,4,192,1,0),
(1315,4,193,1,0),
(1316,4,194,1,0),
(1317,4,195,1,0),
(1318,4,196,1,0),
(1319,4,197,1,0),
(1320,4,198,1,0),
(1321,4,199,1,0),
(1322,4,200,1,0),
(1323,4,201,1,0),
(1324,4,202,1,0),
(1325,4,203,1,0),
(1326,4,205,1,0),
(1327,4,206,1,0),
(1328,4,207,1,0),
(1329,4,208,1,0),
(1330,4,209,1,0),
(1331,4,210,1,0),
(1332,4,211,1,0),
(1333,4,212,1,0),
(1334,4,213,1,0),
(1335,4,214,1,0),
(1336,4,215,1,0),
(1337,4,216,1,0),
(1338,4,217,1,0),
(1339,4,218,1,0),
(1340,4,219,1,0),
(1341,4,220,1,0),
(1342,4,221,1,0),
(1343,4,227,1,0),
(1344,4,228,1,0),
(1345,4,231,1,0),
(1346,4,232,1,0),
(1347,4,233,1,0),
(1348,4,234,1,0),
(1349,4,235,1,0),
(1350,4,243,1,0),
(1351,4,244,1,0),
(1352,4,250,1,0),
(1353,4,252,1,0),
(1354,4,253,1,0),
(1355,4,256,1,0),
(1356,4,257,1,0),
(1357,4,258,1,0),
(1358,4,259,1,0),
(1359,4,260,1,0),
(1360,4,261,1,0),
(1361,4,262,1,0),
(1362,4,263,1,0),
(1363,4,264,1,0),
(1364,4,265,1,0),
(1365,4,266,1,0),
(1366,4,267,1,0),
(1367,4,268,1,0),
(1368,4,269,1,0),
(1369,4,274,1,0),
(1370,4,275,1,0),
(1371,4,278,1,0),
(1372,4,279,1,0),
(1373,4,280,1,0),
(1374,4,281,1,0),
(1375,4,282,1,0),
(1376,4,283,1,0),
(1377,4,284,1,0),
(1378,4,285,1,0),
(1379,4,286,1,0),
(1380,4,287,1,0),
(1381,4,288,1,0),
(1382,4,289,1,0),
(1383,4,290,1,0),
(1384,4,291,1,0),
(1385,4,292,1,0),
(1386,4,293,1,0),
(1387,4,294,1,0),
(1388,4,295,1,0),
(1389,4,296,1,0),
(1390,4,297,1,0),
(1391,4,298,1,0),
(1392,4,299,1,0),
(1393,4,300,1,0),
(1394,4,301,1,0),
(1395,4,302,1,0),
(1396,4,303,1,0),
(1397,4,304,1,0),
(1398,4,305,1,0),
(1399,4,307,1,0),
(1400,4,308,1,0),
(1401,4,309,1,0),
(1402,4,310,1,0),
(1403,4,311,1,0),
(1404,4,312,1,0),
(1405,4,313,1,0),
(1406,4,314,1,0),
(1407,4,315,1,0),
(1408,4,316,1,0),
(1409,4,317,1,0),
(1410,4,318,1,0),
(1411,4,319,1,0),
(1412,4,320,1,0),
(1413,4,321,1,0),
(1414,4,322,1,0),
(1415,4,323,1,0),
(1416,4,324,1,0),
(1417,4,325,1,0),
(1418,4,326,1,0),
(1419,4,327,1,0),
(1420,4,328,1,0),
(1421,4,329,1,0),
(1422,4,330,1,0),
(1423,4,331,1,0),
(1424,4,332,1,0),
(1425,4,333,1,0),
(1426,4,334,1,0),
(1427,4,335,1,0),
(1428,4,336,1,0),
(1429,4,337,1,0),
(1430,4,338,1,0),
(1431,4,339,1,0),
(1432,4,340,1,0),
(1433,4,341,1,0),
(1434,4,342,1,0),
(1435,4,343,1,0),
(1436,4,344,1,0),
(1437,4,345,1,0),
(1438,4,346,1,0),
(1439,4,347,1,0),
(1440,4,348,1,0),
(1441,4,349,1,0),
(1442,4,350,1,0),
(1443,4,351,1,0),
(1444,4,352,1,0),
(1445,4,353,1,0),
(1446,4,354,1,0),
(1447,4,355,1,0),
(1448,4,356,1,0),
(1449,4,357,1,0),
(1450,4,358,1,0),
(1451,4,359,1,0),
(1452,4,360,1,0),
(1453,4,361,1,0),
(1454,4,362,1,0),
(1455,4,363,1,0),
(1456,4,364,1,0),
(1457,4,365,1,0),
(1458,4,366,1,0),
(1459,4,367,1,0),
(1460,4,368,1,0),
(1461,4,369,1,0),
(1462,4,370,1,0),
(1463,4,371,1,0),
(1464,4,372,1,0),
(1465,4,373,1,0),
(1466,4,374,1,0),
(1467,4,375,1,0),
(1468,4,376,1,0),
(1469,4,377,1,0),
(1470,4,378,1,0),
(1471,4,379,1,0),
(1472,4,380,1,0),
(1473,4,381,1,0),
(1474,4,382,1,0),
(1475,4,383,1,0),
(1476,4,384,1,0),
(1477,4,385,1,0),
(1478,4,386,1,0),
(1479,4,387,1,0),
(1480,4,388,1,0),
(1481,4,389,1,0),
(1482,4,390,1,0),
(1483,4,391,1,0),
(1484,4,392,1,0),
(1485,4,393,1,0),
(1486,4,394,1,0),
(1487,4,395,1,0),
(1488,4,396,1,0),
(1489,4,397,1,0),
(1490,4,398,1,0),
(1491,4,399,1,0),
(1492,4,400,1,0),
(1493,4,401,1,0),
(1494,4,402,1,0),
(1495,4,403,1,0),
(1496,4,404,1,0),
(1497,4,405,1,0),
(1498,4,406,1,0),
(1499,4,407,1,0),
(1500,4,408,1,0),
(1501,4,409,1,0),
(1502,4,410,1,0),
(1503,4,411,1,0),
(1504,4,412,1,0),
(1505,4,413,1,0),
(1506,4,414,1,0),
(1507,4,417,1,0),
(1508,4,418,1,0),
(1509,4,419,1,0),
(1510,4,420,1,0),
(1511,1,450,1,0),
(1512,2,450,1,0),
(1513,3,450,1,0),
(1514,4,450,1,0),
(1515,1,421,0,0),
(1516,1,422,0,0),
(1517,1,423,0,0),
(1518,1,424,0,0),
(1519,1,425,0,0),
(1520,1,426,0,0),
(1521,1,427,0,0),
(1522,1,428,0,0),
(1523,1,429,0,0),
(1524,1,430,0,0),
(1525,1,431,0,0),
(1526,1,432,0,0),
(1527,1,433,0,0),
(1528,1,434,0,0),
(1529,1,436,1,0),
(1530,1,437,0,0),
(1531,1,438,0,0),
(1532,1,439,1,0),
(1533,1,440,0,0),
(1534,1,441,0,0),
(1535,1,442,1,0),
(1536,1,443,0,0),
(1537,1,444,0,0),
(1538,1,445,0,0),
(1539,1,446,0,0),
(1540,1,447,0,0),
(1541,1,448,0,0),
(1542,1,449,1,0),
(1543,1,451,0,0),
(1544,1,452,0,0),
(1545,1,453,0,0),
(1546,1,454,0,0),
(1547,1,455,0,0),
(1548,1,456,0,0),
(1549,1,457,0,0),
(1550,1,458,0,0),
(1551,1,459,0,0),
(1552,1,460,0,0),
(1553,1,461,1,0),
(1554,1,462,1,0),
(1555,1,463,0,0),
(1556,2,421,0,0),
(1557,2,422,0,0),
(1558,2,423,0,0),
(1559,2,424,0,0),
(1560,2,425,0,0),
(1561,2,426,0,0),
(1562,2,427,0,0),
(1563,2,428,0,0),
(1564,2,429,0,0),
(1565,2,430,0,0),
(1566,2,431,0,0),
(1567,2,432,0,0),
(1568,2,433,0,0),
(1569,2,434,0,0),
(1570,2,436,0,0),
(1571,2,437,0,0),
(1572,2,438,0,0),
(1573,2,439,0,0),
(1574,2,440,0,0),
(1575,2,441,0,0),
(1576,2,442,0,0),
(1577,2,443,0,0),
(1578,2,444,0,0),
(1579,2,445,0,0),
(1580,2,446,0,0),
(1581,2,447,0,0),
(1582,2,448,0,0),
(1583,2,449,0,0),
(1584,2,451,0,0),
(1585,2,452,0,0),
(1586,2,453,0,0),
(1587,2,454,0,0),
(1588,2,455,0,0),
(1589,2,456,0,0),
(1590,2,457,0,0),
(1591,2,458,0,0),
(1592,2,459,0,0),
(1593,2,460,0,0),
(1594,2,461,1,0),
(1595,2,462,1,0),
(1596,2,463,0,0),
(1597,3,421,0,0),
(1598,3,422,0,0),
(1599,3,423,0,0),
(1600,3,424,0,0),
(1601,3,425,0,0),
(1602,3,426,0,0),
(1603,3,427,0,0),
(1604,3,428,0,0),
(1605,3,429,0,0),
(1606,3,430,0,0),
(1607,3,431,0,0),
(1608,3,432,0,0),
(1609,3,433,0,0),
(1610,3,434,0,0),
(1611,3,436,0,0),
(1612,3,437,0,0),
(1613,3,438,0,0),
(1614,3,439,0,0),
(1615,3,440,0,0),
(1616,3,441,0,0),
(1617,3,442,0,0),
(1618,3,443,0,0),
(1619,3,444,0,0),
(1620,3,445,0,0),
(1621,3,446,0,0),
(1622,3,447,0,0),
(1623,3,448,0,0),
(1624,3,449,0,0),
(1625,3,451,0,0),
(1626,3,452,0,0),
(1627,3,453,0,0),
(1628,3,454,0,0),
(1629,3,455,0,0),
(1630,3,456,0,0),
(1631,3,457,0,0),
(1632,3,458,0,0),
(1633,3,459,0,0),
(1634,3,460,0,0),
(1635,3,461,1,0),
(1636,3,462,1,0),
(1637,3,463,0,0),
(1638,4,421,0,0),
(1639,4,422,0,0),
(1640,4,423,0,0),
(1641,4,424,0,0),
(1642,4,425,0,0),
(1643,4,426,0,0),
(1644,4,427,0,0),
(1645,4,428,0,0),
(1646,4,429,0,0),
(1647,4,430,0,0),
(1648,4,431,0,0),
(1649,4,432,0,0),
(1650,4,433,0,0),
(1651,4,434,0,0),
(1652,4,436,0,0),
(1653,4,437,0,0),
(1654,4,438,0,0),
(1655,4,439,0,0),
(1656,4,440,0,0),
(1657,4,441,0,0),
(1658,4,442,0,0),
(1659,4,443,0,0),
(1660,4,444,0,0),
(1661,4,445,0,0),
(1662,4,446,0,0),
(1663,4,447,0,0),
(1664,4,448,0,0),
(1665,4,449,0,0),
(1666,4,451,0,0),
(1667,4,452,0,0),
(1668,4,453,0,0),
(1669,4,454,0,0),
(1670,4,455,0,0),
(1671,4,456,0,0),
(1672,4,457,0,0),
(1673,4,458,0,0),
(1674,4,459,0,0),
(1675,4,460,0,0),
(1676,4,461,1,0),
(1677,4,462,1,0),
(1678,4,463,0,0),
(1679,-1,1,0,0),
(1680,-1,2,0,0),
(1681,-1,3,0,0),
(1682,-1,4,0,0),
(1683,-1,5,0,0),
(1684,-1,6,0,0),
(1685,-1,7,0,0),
(1686,-1,8,0,0),
(1687,-1,9,0,0),
(1688,-1,10,0,0),
(1689,-1,11,0,0),
(1690,-1,12,0,0),
(1691,-1,13,0,0),
(1692,-1,14,0,0),
(1693,-1,15,0,0),
(1694,-1,16,0,0),
(1695,-1,17,0,0),
(1696,-1,18,0,0),
(1697,-1,19,0,0),
(1698,-1,23,0,0),
(1699,-1,24,0,0),
(1700,-1,25,0,0),
(1701,-1,26,0,0),
(1702,-1,27,0,0),
(1703,-1,28,0,0),
(1704,-1,29,0,0),
(1705,-1,30,0,0),
(1706,-1,31,0,0),
(1707,-1,32,0,0),
(1708,-1,33,0,0),
(1709,-1,34,0,0),
(1710,-1,35,0,0),
(1711,-1,36,0,0),
(1712,-1,37,0,0),
(1713,-1,38,0,0),
(1714,-1,39,0,0),
(1715,-1,40,0,0),
(1716,-1,41,0,0),
(1717,-1,42,0,0),
(1718,-1,43,0,0),
(1719,-1,44,0,0),
(1720,-1,45,0,0),
(1721,-1,46,0,0),
(1722,-1,47,0,0),
(1723,-1,48,0,0),
(1724,-1,49,0,0),
(1725,-1,50,0,0),
(1726,-1,51,0,0),
(1727,-1,52,0,0),
(1728,-1,53,0,0),
(1729,-1,54,0,0),
(1730,-1,55,0,0),
(1731,-1,56,0,0),
(1732,-1,57,0,0),
(1733,-1,58,0,0),
(1734,-1,59,0,0),
(1735,-1,60,0,0),
(1736,-1,61,0,0),
(1737,-1,62,0,0),
(1738,-1,63,0,0),
(1739,-1,64,0,0),
(1740,-1,65,0,0),
(1741,-1,66,0,0),
(1742,-1,67,0,0),
(1743,-1,68,0,0),
(1744,-1,69,0,0),
(1745,-1,70,0,0),
(1746,-1,71,0,0),
(1747,-1,72,0,0),
(1748,-1,73,0,0),
(1749,-1,74,0,0),
(1750,-1,75,0,0),
(1751,-1,76,0,0),
(1752,-1,77,0,0),
(1753,-1,78,0,0),
(1754,-1,79,0,0),
(1755,-1,80,0,0),
(1756,-1,82,0,0),
(1757,-1,83,0,0),
(1758,-1,84,0,0),
(1759,-1,85,0,0),
(1760,-1,87,0,0),
(1761,-1,89,0,0),
(1762,-1,90,0,0),
(1763,-1,91,0,0),
(1764,-1,92,0,0),
(1765,-1,93,0,0),
(1766,-1,96,0,0),
(1767,-1,97,0,0),
(1768,-1,98,0,0),
(1769,-1,99,0,0),
(1770,-1,100,0,0),
(1771,-1,105,0,0),
(1772,-1,123,0,0),
(1773,-1,124,0,0),
(1774,-1,125,0,0),
(1775,-1,126,0,0),
(1776,-1,127,0,0),
(1777,-1,128,0,0),
(1778,-1,129,0,0),
(1779,-1,130,0,0),
(1780,-1,131,0,0),
(1781,-1,133,0,0),
(1782,-1,134,0,0),
(1783,-1,135,0,0),
(1784,-1,136,0,0),
(1785,-1,137,0,0),
(1786,-1,138,0,0),
(1787,-1,139,0,0),
(1788,-1,140,0,0),
(1789,-1,141,0,0),
(1790,-1,142,0,0),
(1791,-1,143,0,0),
(1792,-1,144,0,0),
(1793,-1,145,0,0),
(1794,-1,146,0,0),
(1795,-1,147,0,0),
(1796,-1,148,0,0),
(1797,-1,149,0,0),
(1798,-1,150,0,0),
(1799,-1,151,0,0),
(1800,-1,152,0,0),
(1801,-1,153,0,0),
(1802,-1,154,0,0),
(1803,-1,155,0,0),
(1804,-1,156,0,0),
(1805,-1,157,0,0),
(1806,-1,158,0,0),
(1807,-1,159,0,0),
(1808,-1,160,0,0),
(1809,-1,161,0,0),
(1810,-1,162,0,0),
(1811,-1,163,0,0),
(1812,-1,164,0,0),
(1813,-1,165,0,0),
(1814,-1,166,0,0),
(1815,-1,167,0,0),
(1816,-1,168,0,0),
(1817,-1,169,0,0),
(1818,-1,170,0,0),
(1819,-1,171,0,0),
(1820,-1,172,0,0),
(1821,-1,173,0,0),
(1822,-1,174,0,0),
(1823,-1,175,0,0),
(1824,-1,176,0,0),
(1825,-1,177,0,0),
(1826,-1,178,0,0),
(1827,-1,179,0,0),
(1828,-1,180,0,0),
(1829,-1,181,0,0),
(1830,-1,182,0,0),
(1831,-1,183,0,0),
(1832,-1,187,0,0),
(1833,-1,188,0,0),
(1834,-1,189,0,0),
(1835,-1,190,0,0),
(1836,-1,191,0,0),
(1837,-1,192,0,0),
(1838,-1,193,0,0),
(1839,-1,194,0,0),
(1840,-1,195,0,0),
(1841,-1,196,0,0),
(1842,-1,197,0,0),
(1843,-1,198,0,0),
(1844,-1,199,0,0),
(1845,-1,200,0,0),
(1846,-1,201,0,0),
(1847,-1,202,0,0),
(1848,-1,203,0,0),
(1849,-1,205,0,0),
(1850,-1,206,0,0),
(1851,-1,207,0,0),
(1852,-1,208,0,0),
(1853,-1,209,0,0),
(1854,-1,210,0,0),
(1855,-1,211,0,0),
(1856,-1,212,0,0),
(1857,-1,213,0,0),
(1858,-1,214,0,0),
(1859,-1,215,0,0),
(1860,-1,216,0,0),
(1861,-1,217,0,0),
(1862,-1,218,0,0),
(1863,-1,219,0,0),
(1864,-1,220,0,0),
(1865,-1,221,0,0),
(1866,-1,227,0,0),
(1867,-1,228,0,0),
(1868,-1,231,0,0),
(1869,-1,232,0,0),
(1870,-1,233,0,0),
(1871,-1,234,0,0),
(1872,-1,235,0,0),
(1873,-1,243,0,0),
(1874,-1,244,0,0),
(1875,-1,250,0,0),
(1876,-1,252,0,0),
(1877,-1,253,0,0),
(1878,-1,256,0,0),
(1879,-1,257,0,0),
(1880,-1,258,0,0),
(1881,-1,259,0,0),
(1882,-1,260,0,0),
(1883,-1,261,0,0),
(1884,-1,262,0,0),
(1885,-1,263,0,0),
(1886,-1,264,0,0),
(1887,-1,265,0,0),
(1888,-1,266,0,0),
(1889,-1,267,0,0),
(1890,-1,268,0,0),
(1891,-1,269,0,0),
(1892,-1,274,0,0),
(1893,-1,275,0,0),
(1894,-1,278,0,0),
(1895,-1,279,0,0),
(1896,-1,280,0,0),
(1897,-1,281,0,0),
(1898,-1,282,0,0),
(1899,-1,283,0,0),
(1900,-1,284,0,0),
(1901,-1,285,0,0),
(1902,-1,286,0,0),
(1903,-1,287,0,0),
(1904,-1,288,0,0),
(1905,-1,289,0,0),
(1906,-1,290,0,0),
(1907,-1,291,0,0),
(1908,-1,292,0,0),
(1909,-1,293,0,0),
(1910,-1,294,0,0),
(1911,-1,295,0,0),
(1912,-1,296,0,0),
(1913,-1,297,0,0),
(1914,-1,298,0,0),
(1915,-1,299,0,0),
(1916,-1,300,0,0),
(1917,-1,301,0,0),
(1918,-1,302,0,0),
(1919,-1,303,0,0),
(1920,-1,304,0,0),
(1921,-1,305,0,0),
(1922,-1,307,0,0),
(1923,-1,308,0,0),
(1924,-1,309,0,0),
(1925,-1,310,0,0),
(1926,-1,311,0,0),
(1927,-1,312,0,0),
(1928,-1,313,0,0),
(1929,-1,314,0,0),
(1930,-1,315,0,0),
(1931,-1,316,0,0),
(1932,-1,317,0,0),
(1933,-1,318,0,0),
(1934,-1,319,0,0),
(1935,-1,320,0,0),
(1936,-1,321,0,0),
(1937,-1,322,0,0),
(1938,-1,323,0,0),
(1939,-1,324,0,0),
(1940,-1,325,0,0),
(1941,-1,326,0,0),
(1942,-1,327,0,0),
(1943,-1,328,0,0),
(1944,-1,329,0,0),
(1945,-1,330,0,0),
(1946,-1,331,0,0),
(1947,-1,332,0,0),
(1948,-1,333,0,0),
(1949,-1,334,0,0),
(1950,-1,335,0,0),
(1951,-1,336,0,0),
(1952,-1,337,0,0),
(1953,-1,338,0,0),
(1954,-1,339,0,0),
(1955,-1,340,0,0),
(1956,-1,341,0,0),
(1957,-1,342,0,0),
(1958,-1,343,0,0),
(1959,-1,344,0,0),
(1960,-1,345,0,0),
(1961,-1,346,0,0),
(1962,-1,347,0,0),
(1963,-1,348,0,0),
(1964,-1,349,0,0),
(1965,-1,350,0,0),
(1966,-1,351,0,0),
(1967,-1,352,0,0),
(1968,-1,353,0,0),
(1969,-1,354,0,0),
(1970,-1,355,0,0),
(1971,-1,356,0,0),
(1972,-1,357,0,0),
(1973,-1,358,0,0),
(1974,-1,359,0,0),
(1975,-1,360,0,0),
(1976,-1,361,0,0),
(1977,-1,362,0,0),
(1978,-1,363,0,0),
(1979,-1,364,0,0),
(1980,-1,365,0,0),
(1981,-1,366,0,0),
(1982,-1,367,0,0),
(1983,-1,368,0,0),
(1984,-1,369,0,0),
(1985,-1,370,0,0),
(1986,-1,371,0,0),
(1987,-1,372,0,0),
(1988,-1,373,0,0),
(1989,-1,374,0,0),
(1990,-1,375,0,0),
(1991,-1,376,0,0),
(1992,-1,377,0,0),
(1993,-1,378,0,0),
(1994,-1,379,0,0),
(1995,-1,380,0,0),
(1996,-1,381,0,0),
(1997,-1,382,0,0),
(1998,-1,383,0,0),
(1999,-1,384,0,0),
(2000,-1,385,0,0),
(2001,-1,386,0,0),
(2002,-1,387,0,0),
(2003,-1,388,0,0),
(2004,-1,389,0,0),
(2005,-1,390,0,0),
(2006,-1,391,0,0),
(2007,-1,392,0,0),
(2008,-1,393,0,0),
(2009,-1,394,0,0),
(2010,-1,395,0,0),
(2011,-1,396,0,0),
(2012,-1,397,0,0),
(2013,-1,398,0,0),
(2014,-1,399,0,0),
(2015,-1,400,0,0),
(2016,-1,401,0,0),
(2017,-1,402,0,0),
(2018,-1,403,0,0),
(2019,-1,404,0,0),
(2020,-1,405,0,0),
(2021,-1,406,0,0),
(2022,-1,407,0,0),
(2023,-1,408,0,0),
(2024,-1,409,0,0),
(2025,-1,410,0,0),
(2026,-1,411,0,0),
(2027,-1,412,0,0),
(2028,-1,413,0,0),
(2029,-1,414,0,0),
(2030,-1,417,0,0),
(2031,-1,418,0,0),
(2032,-1,419,0,0),
(2033,-1,420,0,0),
(2034,-1,421,0,0),
(2035,-1,422,0,0),
(2036,-1,423,0,0),
(2037,-1,424,0,0),
(2038,-1,425,0,0),
(2039,-1,426,0,0),
(2040,-1,427,0,0),
(2041,-1,428,0,0),
(2042,-1,429,0,0),
(2043,-1,430,0,0),
(2044,-1,431,0,0),
(2045,-1,432,0,0),
(2046,-1,433,0,0),
(2047,-1,434,0,0),
(2048,-1,436,0,0),
(2049,-1,437,0,0),
(2050,-1,438,0,0),
(2051,-1,439,0,0),
(2052,-1,440,0,0),
(2053,-1,441,0,0),
(2054,-1,442,0,0),
(2055,-1,443,0,0),
(2056,-1,444,0,0),
(2057,-1,445,0,0),
(2058,-1,446,0,0),
(2059,-1,447,0,0),
(2060,-1,448,0,0),
(2061,-1,449,0,0),
(2062,-1,450,0,0),
(2063,-1,451,0,0),
(2064,-1,452,0,0),
(2065,-1,453,0,0),
(2066,-1,454,0,0),
(2067,-1,455,0,0),
(2068,-1,456,0,0),
(2069,-1,457,0,0),
(2070,-1,458,0,0),
(2071,-1,459,0,0),
(2072,-1,460,0,0),
(2073,-1,461,0,0),
(2074,-1,462,0,0),
(2075,-1,463,0,0),
(2078,-1,464,0,0),
(2083,-1,465,0,0),
(2095,-1,466,0,0),
(2096,-1,467,0,0),
(2097,-1,468,0,0),
(2098,-1,469,0,0),
(2099,-1,470,0,0),
(2100,-1,471,0,0),
(2101,-1,472,0,0),
(2102,-1,473,0,0),
(2103,-1,474,0,0),
(2104,-1,475,0,0),
(2105,-1,476,0,0),
(2106,-1,477,0,0),
(2107,-1,478,0,0),
(2108,-1,479,0,0),
(2109,-1,480,0,0),
(2110,-1,481,0,0),
(2111,-1,482,0,0),
(2112,-1,483,0,0),
(2113,-1,484,0,0),
(2114,-1,485,0,0),
(2115,-1,486,0,0),
(2116,-1,487,0,0),
(2117,-1,488,0,0),
(2118,-1,489,0,0),
(2119,-1,490,0,0),
(2120,-1,491,0,0),
(2121,-1,492,0,0),
(2122,-1,493,0,0),
(2123,-1,494,0,0),
(2124,-1,495,0,0),
(2125,-1,496,0,0),
(2126,-1,497,0,0),
(2127,-1,498,0,0),
(2128,-1,499,0,0),
(2129,-1,500,0,0),
(2130,-1,501,0,0),
(2131,-1,502,0,0),
(2132,-1,503,0,0),
(2133,-1,504,0,0),
(2134,-1,505,0,0),
(2135,-1,506,0,0),
(2136,-1,507,0,0),
(2137,-1,508,0,0),
(2138,-1,509,0,0),
(2139,-1,510,0,0),
(2162,1,464,1,0),
(2163,1,508,1,0),
(2164,1,484,0,0),
(2165,1,486,0,0),
(2166,1,474,0,0),
(2167,1,475,0,0),
(2168,1,476,0,0),
(2169,1,477,0,0),
(2170,1,478,0,0),
(2171,1,479,0,0),
(2172,1,480,0,0),
(2173,1,485,0,0),
(2174,1,465,0,0),
(2175,1,481,0,0),
(2176,1,510,0,0),
(2177,1,482,0,0),
(2178,1,483,0,0),
(2179,1,507,0,0),
(2180,1,509,0,0),
(2181,1,466,0,0),
(2182,1,467,0,0),
(2183,1,488,0,0),
(2184,1,487,0,0),
(2185,1,489,0,0),
(2186,1,468,1,0),
(2187,1,469,0,0),
(2188,1,470,0,0),
(2189,1,471,0,0),
(2190,1,472,0,0),
(2191,1,473,0,0),
(2192,1,491,1,0),
(2193,1,492,0,0),
(2194,1,493,0,0),
(2195,1,494,0,0),
(2196,1,495,0,0),
(2197,1,496,0,0),
(2198,1,497,0,0),
(2199,1,498,0,0),
(2200,1,499,0,0),
(2201,1,500,0,0),
(2202,1,501,0,0),
(2203,1,502,0,0),
(2204,1,503,0,0),
(2205,1,504,0,0),
(2206,1,505,0,0),
(2207,1,506,0,0),
(2210,3,464,0,0),
(2211,3,508,0,0),
(2212,3,484,0,0),
(2213,3,486,0,0),
(2214,3,474,0,0),
(2215,3,475,0,0),
(2216,3,476,0,0),
(2217,3,477,0,0),
(2218,3,478,0,0),
(2219,3,479,0,0),
(2220,3,480,0,0),
(2221,3,485,0,0),
(2222,3,465,0,0),
(2223,3,481,0,0),
(2224,3,510,0,0),
(2225,3,482,0,0),
(2226,3,483,0,0),
(2227,3,507,0,0),
(2228,3,509,0,0),
(2229,3,466,0,0),
(2230,3,467,0,0),
(2231,3,488,0,0),
(2232,3,487,0,0),
(2233,3,489,0,0),
(2234,3,468,0,0),
(2235,3,469,0,0),
(2236,3,470,0,0),
(2237,3,471,0,0),
(2238,3,472,0,0),
(2239,3,473,0,0),
(2240,3,491,1,0),
(2241,3,492,0,0),
(2242,3,493,0,0),
(2243,3,494,0,0),
(2244,3,495,0,0),
(2245,3,496,0,0),
(2246,3,497,0,0),
(2247,3,498,0,0),
(2248,3,499,0,0),
(2249,3,500,0,0),
(2250,3,501,0,0),
(2251,3,502,0,0),
(2252,3,503,0,0),
(2253,3,504,0,0),
(2254,3,505,0,0),
(2255,3,506,0,0),
(2256,1,511,1,0),
(2257,1,512,0,0),
(2258,1,513,0,0),
(2259,1,514,0,0),
(2260,1,515,0,0),
(2261,1,516,0,0),
(2262,1,517,0,0),
(2263,1,518,0,0),
(2264,1,519,0,0),
(2265,1,520,0,0),
(2266,1,521,0,0),
(2267,1,522,1,0),
(2268,1,523,0,0),
(2269,1,524,0,0),
(2270,1,525,0,0),
(2271,1,526,0,0),
(2272,1,527,1,0),
(2273,1,528,1,0),
(2274,1,529,1,0),
(2275,1,530,0,0),
(2276,1,531,0,0),
(2277,1,532,0,0),
(2278,1,533,0,0),
(2279,1,534,1,0),
(2280,1,535,1,0),
(2281,1,536,1,0),
(2282,1,537,1,0),
(2283,1,538,1,0),
(2284,1,539,1,0),
(2285,1,540,0,0),
(2286,1,541,0,0),
(2287,1,542,0,0),
(2288,1,543,1,0),
(2289,1,544,0,0),
(2290,1,545,0,0),
(2291,1,546,0,0),
(2292,1,547,0,0),
(2293,1,548,0,0),
(2294,1,549,1,0),
(2295,1,550,0,0),
(2296,1,551,0,0),
(2297,1,552,0,0),
(2298,1,553,0,0),
(2299,1,554,0,0),
(2300,1,555,0,0),
(2301,1,556,0,0),
(2302,1,557,0,0),
(2303,1,558,0,0),
(2304,1,559,0,0),
(2305,1,560,0,0),
(2306,1,561,0,0),
(2307,1,562,0,0),
(2308,1,563,0,0),
(2309,1,564,0,0),
(2310,1,565,0,0),
(2311,1,566,0,0),
(2312,1,567,0,0),
(2313,1,568,0,0),
(2314,1,569,0,0),
(2315,1,570,1,0),
(2316,1,571,1,0),
(2317,1,572,1,0),
(2318,1,573,1,0),
(2319,1,574,1,0),
(2320,1,575,1,0),
(2321,1,576,1,0),
(2322,1,577,1,0),
(2323,1,578,1,0),
(2324,1,579,0,0),
(2325,1,580,0,0),
(2326,1,581,0,0),
(2327,1,582,0,0),
(2328,1,583,0,0),
(2329,1,584,0,0),
(2330,1,585,1,0),
(2331,1,586,1,0),
(2332,1,587,0,0),
(2333,1,588,1,0),
(2334,1,589,1,0),
(2335,1,590,1,0),
(2336,1,591,1,0),
(2337,1,592,1,0),
(2338,1,593,1,0),
(2339,1,594,1,0),
(2340,1,595,0,0),
(2341,1,596,0,0),
(2342,1,597,0,0),
(2343,1,598,0,0),
(2344,1,599,0,0),
(2345,1,600,0,0),
(2346,1,601,0,0),
(2347,1,602,0,0),
(2348,1,603,1,0),
(2349,1,604,1,0),
(2350,1,605,1,0),
(2351,1,606,1,0),
(2352,1,607,1,0),
(2353,1,608,1,0),
(2354,1,609,1,0),
(2355,1,610,1,0),
(2356,1,611,0,0),
(2357,1,612,1,0),
(2358,1,613,1,0),
(2359,1,614,1,0),
(2360,1,615,1,0),
(2361,1,616,0,0),
(2362,1,617,0,0),
(2363,1,618,0,0),
(2364,1,619,1,0),
(2365,1,620,1,0),
(2366,1,621,1,0),
(2367,1,622,1,0),
(2368,1,623,1,0),
(2369,1,624,1,0),
(2370,1,625,0,0),
(2371,1,626,0,0),
(2372,1,627,1,0),
(2373,1,628,1,0),
(2374,1,629,1,0),
(2375,1,630,0,0),
(2376,1,631,1,0),
(2377,1,632,1,0),
(2378,1,633,1,0),
(2379,1,634,1,0),
(2380,2,511,1,0),
(2381,2,512,0,0),
(2382,2,513,0,0),
(2383,2,514,0,0),
(2384,2,515,0,0),
(2385,2,516,0,0),
(2386,2,517,0,0),
(2387,2,518,0,0),
(2388,2,519,0,0),
(2389,2,520,0,0),
(2390,2,521,0,0),
(2391,2,522,1,0),
(2392,2,523,0,0),
(2393,2,524,0,0),
(2394,2,525,0,0),
(2395,2,526,0,0),
(2396,2,527,1,0),
(2397,2,528,1,0),
(2398,2,529,1,0),
(2399,2,530,0,0),
(2400,2,531,0,0),
(2401,2,532,0,0),
(2402,2,533,0,0),
(2403,2,534,1,0),
(2404,2,535,1,0),
(2405,2,536,1,0),
(2406,2,537,1,0),
(2407,2,538,1,0),
(2408,2,539,1,0),
(2409,2,540,0,0),
(2410,2,541,0,0),
(2411,2,542,0,0),
(2412,2,543,1,0),
(2413,2,544,0,0),
(2414,2,545,0,0),
(2415,2,546,0,0),
(2416,2,547,0,0),
(2417,2,548,0,0),
(2418,2,549,1,0),
(2419,2,550,0,0),
(2420,2,551,0,0),
(2421,2,552,0,0),
(2422,2,553,0,0),
(2423,2,554,0,0),
(2424,2,555,0,0),
(2425,2,556,0,0),
(2426,2,557,0,0),
(2427,2,558,0,0),
(2428,2,559,0,0),
(2429,2,560,0,0),
(2430,2,561,0,0),
(2431,2,562,0,0),
(2432,2,563,0,0),
(2433,2,564,0,0),
(2434,2,565,0,0),
(2435,2,566,0,0),
(2436,2,567,0,0),
(2437,2,568,0,0),
(2438,2,569,0,0),
(2439,2,570,1,0),
(2440,2,571,1,0),
(2441,2,572,1,0),
(2442,2,573,1,0),
(2443,2,574,1,0),
(2444,2,575,1,0),
(2445,2,576,1,0),
(2446,2,577,1,0),
(2447,2,578,1,0),
(2448,2,579,0,0),
(2449,2,580,0,0),
(2450,2,581,0,0),
(2451,2,582,0,0),
(2452,2,583,0,0),
(2453,2,584,0,0),
(2454,2,585,1,0),
(2455,2,586,1,0),
(2456,2,587,0,0),
(2457,2,588,1,0),
(2458,2,589,1,0),
(2459,2,590,1,0),
(2460,2,591,1,0),
(2461,2,592,1,0),
(2462,2,593,1,0),
(2463,2,594,1,0),
(2464,2,595,0,0),
(2465,2,596,0,0),
(2466,2,597,0,0),
(2467,2,598,0,0),
(2468,2,599,0,0),
(2469,2,600,0,0),
(2470,2,601,0,0),
(2471,2,602,0,0),
(2472,2,603,1,0),
(2473,2,604,1,0),
(2474,2,605,1,0),
(2475,2,606,1,0),
(2476,2,607,1,0),
(2477,2,608,1,0),
(2478,2,609,1,0),
(2479,2,610,1,0),
(2480,2,611,0,0),
(2481,2,612,1,0),
(2482,2,613,1,0),
(2483,2,614,1,0),
(2484,2,615,1,0),
(2485,2,616,0,0),
(2486,2,617,0,0),
(2487,2,618,0,0),
(2488,2,619,1,0),
(2489,2,620,1,0),
(2490,2,621,1,0),
(2491,2,622,1,0),
(2492,2,623,1,0),
(2493,2,624,1,0),
(2494,2,625,0,0),
(2495,2,626,0,0),
(2496,2,627,1,0),
(2497,2,628,1,0),
(2498,2,629,1,0),
(2499,2,630,0,0),
(2500,2,631,1,0),
(2501,2,632,0,0),
(2502,2,633,0,0),
(2503,2,634,0,0),
(2504,3,511,1,0),
(2505,3,512,0,0),
(2506,3,513,0,0),
(2507,3,514,0,0),
(2508,3,515,0,0),
(2509,3,516,0,0),
(2510,3,517,0,0),
(2511,3,518,0,0),
(2512,3,519,0,0),
(2513,3,520,0,0),
(2514,3,521,0,0),
(2515,3,522,1,0),
(2516,3,523,0,0),
(2517,3,524,0,0),
(2518,3,525,0,0),
(2519,3,526,0,0),
(2520,3,527,1,0),
(2521,3,528,1,0),
(2522,3,529,1,0),
(2523,3,530,0,0),
(2524,3,531,0,0),
(2525,3,532,0,0),
(2526,3,533,0,0),
(2527,3,534,1,0),
(2528,3,535,1,0),
(2529,3,536,1,0),
(2530,3,537,1,0),
(2531,3,538,1,0),
(2532,3,539,1,0),
(2533,3,540,0,0),
(2534,3,541,0,0),
(2535,3,542,0,0),
(2536,3,543,1,0),
(2537,3,544,0,0),
(2538,3,545,0,0),
(2539,3,546,0,0),
(2540,3,547,0,0),
(2541,3,548,0,0),
(2542,3,549,1,0),
(2543,3,550,0,0),
(2544,3,551,0,0),
(2545,3,552,0,0),
(2546,3,553,0,0),
(2547,3,554,0,0),
(2548,3,555,0,0),
(2549,3,556,0,0),
(2550,3,557,0,0),
(2551,3,558,0,0),
(2552,3,559,0,0),
(2553,3,560,0,0),
(2554,3,561,0,0),
(2555,3,562,0,0),
(2556,3,563,0,0),
(2557,3,564,0,0),
(2558,3,565,0,0),
(2559,3,566,0,0),
(2560,3,567,0,0),
(2561,3,568,0,0),
(2562,3,569,0,0),
(2563,3,570,1,0),
(2564,3,571,1,0),
(2565,3,572,1,0),
(2566,3,573,1,0),
(2567,3,574,1,0),
(2568,3,575,1,0),
(2569,3,576,1,0),
(2570,3,577,1,0),
(2571,3,578,1,0),
(2572,3,579,0,0),
(2573,3,580,0,0),
(2574,3,581,0,0),
(2575,3,582,0,0),
(2576,3,583,0,0),
(2577,3,584,0,0),
(2578,3,585,1,0),
(2579,3,586,1,0),
(2580,3,587,0,0),
(2581,3,588,1,0),
(2582,3,589,1,0),
(2583,3,590,1,0),
(2584,3,591,1,0),
(2585,3,592,1,0),
(2586,3,593,1,0),
(2587,3,594,1,0),
(2588,3,595,0,0),
(2589,3,596,0,0),
(2590,3,597,0,0),
(2591,3,598,0,0),
(2592,3,599,0,0),
(2593,3,600,0,0),
(2594,3,601,0,0),
(2595,3,602,0,0),
(2596,3,603,1,0),
(2597,3,604,1,0),
(2598,3,605,1,0),
(2599,3,606,1,0),
(2600,3,607,1,0),
(2601,3,608,1,0),
(2602,3,609,1,0),
(2603,3,610,1,0),
(2604,3,611,0,0),
(2605,3,612,1,0),
(2606,3,613,1,0),
(2607,3,614,1,0),
(2608,3,615,1,0),
(2609,3,616,0,0),
(2610,3,617,0,0),
(2611,3,618,0,0),
(2612,3,619,1,0),
(2613,3,620,1,0),
(2614,3,621,1,0),
(2615,3,622,1,0),
(2616,3,623,1,0),
(2617,3,624,1,0),
(2618,3,625,0,0),
(2619,3,626,0,0),
(2620,3,627,1,0),
(2621,3,628,1,0),
(2622,3,629,1,0),
(2623,3,630,0,0),
(2624,3,631,1,0),
(2625,3,632,0,0),
(2626,3,633,0,0),
(2627,3,634,0,0),
(2628,4,511,1,0),
(2629,4,512,0,0),
(2630,4,513,0,0),
(2631,4,514,0,0),
(2632,4,515,0,0),
(2633,4,516,0,0),
(2634,4,517,0,0),
(2635,4,518,0,0),
(2636,4,519,0,0),
(2637,4,520,0,0),
(2638,4,521,0,0),
(2639,4,522,1,0),
(2640,4,523,0,0),
(2641,4,524,0,0),
(2642,4,525,0,0),
(2643,4,526,0,0),
(2644,4,527,1,0),
(2645,4,528,1,0),
(2646,4,529,1,0),
(2647,4,530,0,0),
(2648,4,531,0,0),
(2649,4,532,0,0),
(2650,4,533,0,0),
(2651,4,534,1,0),
(2652,4,535,1,0),
(2653,4,536,1,0),
(2654,4,537,1,0),
(2655,4,538,1,0),
(2656,4,539,1,0),
(2657,4,540,0,0),
(2658,4,541,0,0),
(2659,4,542,0,0),
(2660,4,543,1,0),
(2661,4,544,0,0),
(2662,4,545,0,0),
(2663,4,546,0,0),
(2664,4,547,0,0),
(2665,4,548,0,0),
(2666,4,549,1,0),
(2667,4,550,0,0),
(2668,4,551,0,0),
(2669,4,552,0,0),
(2670,4,553,0,0),
(2671,4,554,0,0),
(2672,4,555,0,0),
(2673,4,556,0,0),
(2674,4,557,0,0),
(2675,4,558,0,0),
(2676,4,559,0,0),
(2677,4,560,0,0),
(2678,4,561,0,0),
(2679,4,562,0,0),
(2680,4,563,0,0),
(2681,4,564,0,0),
(2682,4,565,0,0),
(2683,4,566,0,0),
(2684,4,567,0,0),
(2685,4,568,0,0),
(2686,4,569,0,0),
(2687,4,570,1,0),
(2688,4,571,1,0),
(2689,4,572,1,0),
(2690,4,573,1,0),
(2691,4,574,1,0),
(2692,4,575,1,0),
(2693,4,576,1,0),
(2694,4,577,1,0),
(2695,4,578,1,0),
(2696,4,579,0,0),
(2697,4,580,0,0),
(2698,4,581,0,0),
(2699,4,582,0,0),
(2700,4,583,0,0),
(2701,4,584,0,0),
(2702,4,585,1,0),
(2703,4,586,1,0),
(2704,4,587,0,0),
(2705,4,588,1,0),
(2706,4,589,1,0),
(2707,4,590,1,0),
(2708,4,591,1,0),
(2709,4,592,1,0),
(2710,4,593,1,0),
(2711,4,594,1,0),
(2712,4,595,0,0),
(2713,4,596,0,0),
(2714,4,597,0,0),
(2715,4,598,0,0),
(2716,4,599,0,0),
(2717,4,600,0,0),
(2718,4,601,0,0),
(2719,4,602,0,0),
(2720,4,603,1,0),
(2721,4,604,1,0),
(2722,4,605,1,0),
(2723,4,606,1,0),
(2724,4,607,1,0),
(2725,4,608,1,0),
(2726,4,609,1,0),
(2727,4,610,1,0),
(2728,4,611,0,0),
(2729,4,612,1,0),
(2730,4,613,1,0),
(2731,4,614,1,0),
(2732,4,615,1,0),
(2733,4,616,0,0),
(2734,4,617,0,0),
(2735,4,618,0,0),
(2736,4,619,1,0),
(2737,4,620,1,0),
(2738,4,621,1,0),
(2739,4,622,1,0),
(2740,4,623,1,0),
(2741,4,624,1,0),
(2742,4,625,0,0),
(2743,4,626,0,0),
(2744,4,627,1,0),
(2745,4,628,1,0),
(2746,4,629,1,0),
(2747,4,630,0,0),
(2748,4,631,1,0),
(2749,4,632,0,0),
(2750,4,633,0,0),
(2751,4,634,0,0),
(2752,-1,511,0,0),
(2753,-1,512,0,0),
(2754,-1,513,0,0),
(2755,-1,514,0,0),
(2756,-1,515,0,0),
(2757,-1,516,0,0),
(2758,-1,517,0,0),
(2759,-1,518,0,0),
(2760,-1,519,0,0),
(2761,-1,520,0,0),
(2762,-1,521,0,0),
(2763,-1,522,0,0),
(2764,-1,523,0,0),
(2765,-1,524,0,0),
(2766,-1,525,0,0),
(2767,-1,526,0,0),
(2768,-1,527,0,0),
(2769,-1,528,0,0),
(2770,-1,529,0,0),
(2771,-1,530,0,0),
(2772,-1,531,0,0),
(2773,-1,532,0,0),
(2774,-1,533,0,0),
(2775,-1,534,0,0),
(2776,-1,535,0,0),
(2777,-1,536,0,0),
(2778,-1,537,0,0),
(2779,-1,538,0,0),
(2780,-1,539,0,0),
(2781,-1,540,0,0),
(2782,-1,541,0,0),
(2783,-1,542,0,0),
(2784,-1,543,0,0),
(2785,-1,544,0,0),
(2786,-1,545,0,0),
(2787,-1,546,0,0),
(2788,-1,547,0,0),
(2789,-1,548,0,0),
(2790,-1,549,0,0),
(2791,-1,550,0,0),
(2792,-1,551,0,0),
(2793,-1,552,0,0),
(2794,-1,553,0,0),
(2795,-1,554,0,0),
(2796,-1,555,0,0),
(2797,-1,556,0,0),
(2798,-1,557,0,0),
(2799,-1,558,0,0),
(2800,-1,559,0,0),
(2801,-1,560,0,0),
(2802,-1,561,0,0),
(2803,-1,562,0,0),
(2804,-1,563,0,0),
(2805,-1,564,0,0),
(2806,-1,565,0,0),
(2807,-1,566,0,0),
(2808,-1,567,0,0),
(2809,-1,568,0,0),
(2810,-1,569,0,0),
(2811,-1,570,0,0),
(2812,-1,571,0,0),
(2813,-1,572,0,0),
(2814,-1,573,0,0),
(2815,-1,574,0,0),
(2816,-1,575,0,0),
(2817,-1,576,0,0),
(2818,-1,577,0,0),
(2819,-1,578,0,0),
(2820,-1,579,0,0),
(2821,-1,580,0,0),
(2822,-1,581,0,0),
(2823,-1,582,0,0),
(2824,-1,583,0,0),
(2825,-1,584,0,0),
(2826,-1,585,0,0),
(2827,-1,586,0,0),
(2828,-1,587,0,0),
(2829,-1,588,0,0),
(2830,-1,589,0,0),
(2831,-1,590,0,0),
(2832,-1,591,0,0),
(2833,-1,592,0,0),
(2834,-1,593,0,0),
(2835,-1,594,0,0),
(2836,-1,595,0,0),
(2837,-1,596,0,0),
(2838,-1,597,0,0),
(2839,-1,598,0,0),
(2840,-1,599,0,0),
(2841,-1,600,0,0),
(2842,-1,601,0,0),
(2843,-1,602,0,0),
(2844,-1,603,0,0),
(2845,-1,604,0,0),
(2846,-1,605,0,0),
(2847,-1,606,0,0),
(2848,-1,607,0,0),
(2849,-1,608,0,0),
(2850,-1,609,0,0),
(2851,-1,610,0,0),
(2852,-1,611,0,0),
(2853,-1,612,0,0),
(2854,-1,613,0,0),
(2855,-1,614,0,0),
(2856,-1,615,0,0),
(2857,-1,616,0,0),
(2858,-1,617,0,0),
(2859,-1,618,0,0),
(2860,-1,619,0,0),
(2861,-1,620,0,0),
(2862,-1,621,0,0),
(2863,-1,622,0,0),
(2864,-1,623,0,0),
(2865,-1,624,0,0),
(2866,-1,625,0,0),
(2867,-1,626,0,0),
(2868,-1,627,0,0),
(2869,-1,628,0,0),
(2870,-1,629,0,0),
(2871,-1,630,0,0),
(2872,-1,631,0,0),
(2873,-1,632,0,0),
(2874,-1,633,0,0),
(2875,-1,634,0,0);

--
-- Table structure for table `rentbill`
--

CREATE TABLE `rentbill` (
  `id` int(11) NOT NULL AUTO_INCREMENT,
  `clientid` int(11) DEFAULT NULL,
  `createdatetime` date DEFAULT NULL,
  `billtotal` decimal(10,2) DEFAULT NULL,
  `firmbilltotal` decimal(10,2) DEFAULT NULL,
  `billpayed` decimal(10,2) DEFAULT NULL,
  `billreset` decimal(10,2) DEFAULT NULL,
  `dailyentryid` int(11) NOT NULL DEFAULT 0,
  `payistype` char(1) NOT NULL DEFAULT '0',
  `bankid` int(11) DEFAULT NULL,
  `accountid` int(11) DEFAULT NULL,
  `paperno` int(11) DEFAULT NULL,
  `paperval` decimal(10,2) DEFAULT NULL,
  `paperdate` date DEFAULT NULL,
  `discount` decimal(10,2) DEFAULT NULL,
  `distotal` decimal(10,2) DEFAULT NULL,
  PRIMARY KEY (`id`)
) ENGINE=InnoDB DEFAULT CHARSET=latin1 COLLATE=latin1_swedish_ci;

--
-- Dumping data for table `rentbill`
--


--
-- Table structure for table `rentbillprop`
--

CREATE TABLE `rentbillprop` (
  `id` int(11) NOT NULL AUTO_INCREMENT,
  `billid` int(11) DEFAULT NULL,
  `productid` int(11) DEFAULT NULL,
  `type` char(1) DEFAULT NULL,
  `supplierid` int(11) DEFAULT NULL,
  `amount` int(11) DEFAULT NULL,
  `rentprice` decimal(10,2) DEFAULT NULL,
  `supplierprice` decimal(10,2) DEFAULT NULL,
  `totalprice` decimal(10,2) DEFAULT NULL,
  `suppliertotalpice` decimal(10,2) DEFAULT NULL,
  `startdate` date DEFAULT NULL,
  `enddate` date DEFAULT NULL,
  `rentdays` int(11) DEFAULT NULL,
  `status` char(1) DEFAULT NULL,
  `delayvalue` decimal(10,2) DEFAULT NULL,
  `delaytype` char(1) DEFAULT NULL,
  `delypay` decimal(10,2) DEFAULT NULL,
  `delayreset` decimal(10,2) DEFAULT NULL,
  `dailyentryid` int(11) NOT NULL DEFAULT 0,
  `diffdate` varchar(2000) NOT NULL,
  PRIMARY KEY (`id`)
) ENGINE=InnoDB DEFAULT CHARSET=latin1 COLLATE=latin1_swedish_ci;

--
-- Dumping data for table `rentbillprop`
--


--
-- Table structure for table `rentproduct`
--

CREATE TABLE `rentproduct` (
  `id` int(11) NOT NULL AUTO_INCREMENT,
  `name` varchar(2000) DEFAULT NULL,
  `quantity` int(11) DEFAULT NULL,
  `buyprice` decimal(10,2) DEFAULT NULL,
  `totalprice` decimal(10,2) DEFAULT NULL,
  `rentprice` decimal(10,2) DEFAULT NULL,
  `paytype` char(1) DEFAULT NULL,
  `supplierid` int(11) DEFAULT 0,
  `createdate` date DEFAULT NULL,
  `info` text DEFAULT NULL,
  `isdel` char(1) DEFAULT '0',
  `dailyentryid` int(11) NOT NULL DEFAULT 0,
  PRIMARY KEY (`id`)
) ENGINE=InnoDB DEFAULT CHARSET=latin1 COLLATE=latin1_swedish_ci;

--
-- Dumping data for table `rentproduct`
--


--
-- Table structure for table `rentstore`
--

CREATE TABLE `rentstore` (
  `id` int(11) NOT NULL AUTO_INCREMENT,
  `rentproductid` int(11) DEFAULT NULL,
  `amount` int(11) DEFAULT NULL,
  `rented` int(11) DEFAULT NULL,
  PRIMARY KEY (`id`)
) ENGINE=InnoDB DEFAULT CHARSET=latin1 COLLATE=latin1_swedish_ci;

--
-- Dumping data for table `rentstore`
--


--
-- Table structure for table `representativecompany`
--

CREATE TABLE `representativecompany` (
  `representativecompanyId` int(11) NOT NULL AUTO_INCREMENT,
  `representativeName` varchar(255) NOT NULL,
  `representativePhone` varchar(255) NOT NULL,
  `companyId` int(11) NOT NULL,
  `otherInfo` longtext NOT NULL,
  PRIMARY KEY (`representativecompanyId`)
) ENGINE=InnoDB DEFAULT CHARSET=utf8mb3 COLLATE=utf8mb3_general_ci;

--
-- Dumping data for table `representativecompany`
--


--
-- Table structure for table `restauranthall`
--

CREATE TABLE `restauranthall` (
  `id` int(11) NOT NULL AUTO_INCREMENT,
  `name` varchar(255) NOT NULL,
  `hallPrice` tinyint(4) NOT NULL,
  `hallUsers` varchar(300) NOT NULL,
  `userId` int(11) NOT NULL,
  `sysdate` date NOT NULL,
  `del` tinyint(4) NOT NULL,
  PRIMARY KEY (`id`)
) ENGINE=InnoDB DEFAULT CHARSET=latin1 COLLATE=latin1_swedish_ci;

--
-- Dumping data for table `restauranthall`
--


--
-- Table structure for table `restaurantkitchenprint`
--

CREATE TABLE `restaurantkitchenprint` (
  `id` int(11) NOT NULL AUTO_INCREMENT,
  `orderId` int(11) NOT NULL,
  `productId` int(11) NOT NULL,
  `quantity` int(11) NOT NULL,
  `notesPrinted` text NOT NULL,
  `togetherNo` int(11) NOT NULL,
  `isPrinted` tinyint(4) NOT NULL COMMENT '0 not printed - 1 printed',
  `sysDateTime` datetime NOT NULL,
  `fromBillDirectWithId` int(11) NOT NULL DEFAULT -1,
  PRIMARY KEY (`id`)
) ENGINE=InnoDB DEFAULT CHARSET=latin1 COLLATE=latin1_swedish_ci;

--
-- Dumping data for table `restaurantkitchenprint`
--


--
-- Table structure for table `restaurantorder`
--

CREATE TABLE `restaurantorder` (
  `id` int(11) NOT NULL AUTO_INCREMENT,
  `hallUserId` int(11) NOT NULL,
  `tableId` int(11) NOT NULL,
  `totalBill` decimal(10,2) NOT NULL,
  `discount` decimal(10,2) NOT NULL,
  `tax` decimal(10,2) NOT NULL DEFAULT 0.00,
  `netBill` decimal(10,2) NOT NULL,
  `finished` tinyint(4) NOT NULL COMMENT '0 not finished - 1 finished',
  `sellBillId` int(11) NOT NULL,
  `userId` int(11) NOT NULL,
  `sysdate` datetime NOT NULL,
  `del` tinyint(4) NOT NULL,
  `daySreial` int(11) NOT NULL,
  `billComment` text CHARACTER SET utf8mb3 COLLATE utf8mb3_general_ci NOT NULL,
  `payed` decimal(10,2) NOT NULL DEFAULT 0.00,
  `restaurantplaystationplayid` int(11) NOT NULL DEFAULT 0,
  `rest` decimal(8,2) NOT NULL DEFAULT 0.00,
  PRIMARY KEY (`id`)
) ENGINE=InnoDB DEFAULT CHARSET=latin1 COLLATE=latin1_swedish_ci;

--
-- Dumping data for table `restaurantorder`
--


--
-- Table structure for table `restaurantorderdeliverydetails`
--

CREATE TABLE `restaurantorderdeliverydetails` (
  `id` int(11) NOT NULL AUTO_INCREMENT,
  `orderId` int(11) NOT NULL,
  `clientId` int(11) NOT NULL,
  `clientmobile` tinyint(4) NOT NULL COMMENT '0 hide- 1 show',
  `clientphone` tinyint(4) NOT NULL COMMENT '0 hide- 1 show',
  `clientaddress` tinyint(4) NOT NULL COMMENT '0 hide- 1 show',
  `clientdetails` tinyint(4) NOT NULL COMMENT '0 hide- 1 show',
  `driverId` int(11) NOT NULL,
  `driverReciveDate` datetime NOT NULL,
  `deliveryStatus` tinyint(4) NOT NULL COMMENT '0 new -1 assigned to driver - 2 finish',
  PRIMARY KEY (`id`)
) ENGINE=InnoDB DEFAULT CHARSET=latin1 COLLATE=latin1_swedish_ci;

--
-- Dumping data for table `restaurantorderdeliverydetails`
--


--
-- Table structure for table `restaurantorderdetails`
--

CREATE TABLE `restaurantorderdetails` (
  `id` int(11) NOT NULL AUTO_INCREMENT,
  `orderId` int(11) NOT NULL,
  `productId` int(11) NOT NULL,
  `quantity` decimal(10,2) NOT NULL,
  `price` decimal(10,2) NOT NULL,
  `total` decimal(10,2) NOT NULL,
  `notes` text NOT NULL,
  `notesPrinted` text NOT NULL,
  `isPrinted` tinyint(4) NOT NULL,
  `printedQuantity` int(11) NOT NULL,
  PRIMARY KEY (`id`)
) ENGINE=InnoDB DEFAULT CHARSET=latin1 COLLATE=latin1_swedish_ci;

--
-- Dumping data for table `restaurantorderdetails`
--


--
-- Table structure for table `restaurantplaystation`
--

CREATE TABLE `restaurantplaystation` (
  `id` int(11) NOT NULL AUTO_INCREMENT,
  `name` varchar(255) NOT NULL,
  `hourPrice` float NOT NULL,
  `beingUsed` tinyint(4) NOT NULL COMMENT '0 empty-1 is used now',
  `tableId` int(11) NOT NULL,
  `serviceId` int(11) NOT NULL,
  `userId` int(11) NOT NULL,
  `sysdate` datetime NOT NULL,
  `del` tinyint(4) NOT NULL,
  `theType` tinyint(4) NOT NULL COMMENT 'it is to be deleted below it doesnot exist',
  `deviceIdentification` varchar(255) NOT NULL,
  `subDeviceIdentification` varchar(255) NOT NULL,
  `useSubIdentification` tinyint(4) NOT NULL,
  `hourPriceMulti` float NOT NULL,
  PRIMARY KEY (`id`)
) ENGINE=InnoDB DEFAULT CHARSET=utf8mb4 COLLATE=utf8mb4_unicode_ci;

--
-- Dumping data for table `restaurantplaystation`
--


--
-- Table structure for table `restaurantplaystationplay`
--

CREATE TABLE `restaurantplaystationplay` (
  `id` int(11) NOT NULL AUTO_INCREMENT,
  `playstationid` int(11) NOT NULL,
  `hourPrice` float NOT NULL,
  `startsysDate` datetime NOT NULL,
  `endsysDate` datetime NOT NULL,
  `duration` time NOT NULL,
  `note` text NOT NULL,
  `totalPrice` float NOT NULL,
  `discount` float NOT NULL,
  `tax` float NOT NULL,
  `netPrice` float NOT NULL,
  `payed` float NOT NULL,
  `finished` tinyint(4) NOT NULL,
  `sellBillId` int(11) NOT NULL,
  `userId` int(11) NOT NULL,
  `sysdate` datetime NOT NULL,
  `del` tinyint(4) NOT NULL,
  `reservationType` tinyint(4) NOT NULL COMMENT '0 open - 1 with timer',
  `reservationHours` int(11) NOT NULL,
  `reservationMinutes` int(11) NOT NULL,
  `reservationEndDateTime` datetime NOT NULL,
  `moveStartSysDate` datetime NOT NULL COMMENT 'used in move psplay',
  `moveDuration` time NOT NULL COMMENT 'used in move psplay',
  `oldPsPlayid` int(11) NOT NULL DEFAULT 0 COMMENT 'used in move psplay',
  `startPrice` float NOT NULL DEFAULT 0 COMMENT 'used in move psplay  it is sum of price of all previous plastation play',
  `cardPayed` float NOT NULL,
  `cashPayed` float NOT NULL,
  `psClientCardId` int(11) NOT NULL,
  `priceIs` tinyint(4) NOT NULL COMMENT '0 hourPrice - 1 hourPriceMulti',
  `hourPriceMulti` float NOT NULL,
  `allMovesUnitedSellBillId` int(11) NOT NULL DEFAULT 0 COMMENT 'it is sellbill id made to all movenent from playstation to another and from single to multi as we need it to identify them and use it in print',
  PRIMARY KEY (`id`)
) ENGINE=InnoDB DEFAULT CHARSET=utf8mb4 COLLATE=utf8mb4_unicode_ci;

--
-- Dumping data for table `restaurantplaystationplay`
--


--
-- Table structure for table `restaurantprinter`
--

CREATE TABLE `restaurantprinter` (
  `id` int(11) NOT NULL AUTO_INCREMENT,
  `name` varchar(255) NOT NULL,
  `cats` varchar(400) NOT NULL,
  `userid` int(11) NOT NULL,
  `sysdate` date NOT NULL,
  `del` tinyint(4) NOT NULL,
  PRIMARY KEY (`id`)
) ENGINE=InnoDB DEFAULT CHARSET=latin1 COLLATE=latin1_swedish_ci;

--
-- Dumping data for table `restaurantprinter`
--


--
-- Table structure for table `restaurantrawdestruction`
--

CREATE TABLE `restaurantrawdestruction` (
  `id` int(11) NOT NULL AUTO_INCREMENT,
  `storeid` int(11) NOT NULL,
  `productid` int(11) NOT NULL,
  `quantity` int(11) NOT NULL,
  `productBuyPrice` decimal(10,2) NOT NULL,
  `lastbuyprice` decimal(10,2) NOT NULL,
  `meanbuyprice` decimal(10,2) NOT NULL,
  `lastbuyprice_withDiscount` decimal(10,2) DEFAULT NULL,
  `meanbuyprice_withDiscount` decimal(10,2) DEFAULT NULL,
  `conditions` tinyint(4) NOT NULL,
  `sysdate` date NOT NULL,
  `userid` int(11) NOT NULL,
  `operationNum` int(11) NOT NULL,
  `sizeid` int(11) NOT NULL DEFAULT 0,
  `colorid` int(11) NOT NULL DEFAULT 0,
  `realestateid` int(11) NOT NULL DEFAULT 0,
  `realestateunitid` int(11) NOT NULL DEFAULT 0,
  `lastbuyprice_withTax` decimal(10,2) DEFAULT NULL,
  `meanbuyprice_withTax` decimal(10,2) DEFAULT NULL,
  `note` text CHARACTER SET utf8mb4 COLLATE utf8mb4_unicode_ci NOT NULL,
  PRIMARY KEY (`id`)
) ENGINE=InnoDB DEFAULT CHARSET=latin1 COLLATE=latin1_swedish_ci;

--
-- Dumping data for table `restaurantrawdestruction`
--


--
-- Table structure for table `restauranttable`
--

CREATE TABLE `restauranttable` (
  `id` int(11) NOT NULL AUTO_INCREMENT,
  `hallid` int(11) NOT NULL,
  `name` varchar(255) NOT NULL,
  `beingUsed` tinyint(4) NOT NULL COMMENT '0 empty-1 is used now',
  `userId` int(11) NOT NULL,
  `sysdate` date NOT NULL,
  `del` tinyint(4) NOT NULL,
  PRIMARY KEY (`id`)
) ENGINE=InnoDB DEFAULT CHARSET=latin1 COLLATE=latin1_swedish_ci;

--
-- Dumping data for table `restauranttable`
--


--
-- Table structure for table `resturantcategory`
--

CREATE TABLE `resturantcategory` (
  `id` int(11) NOT NULL AUTO_INCREMENT,
  `category_id` varchar(160) CHARACTER SET utf8mb4 COLLATE utf8mb4_unicode_ci NOT NULL,
  `product_id` int(11) DEFAULT NULL,
  `date` date NOT NULL,
  PRIMARY KEY (`id`)
) ENGINE=InnoDB AUTO_INCREMENT=4 DEFAULT CHARSET=latin1 COLLATE=latin1_swedish_ci;

--
-- Dumping data for table `resturantcategory`
--

INSERT INTO `resturantcategory` VALUES
(1,'',0,'0000-00-00'),
(2,'',0,'0000-00-00'),
(3,'',0,'0000-00-00');

--
-- Table structure for table `returnbuybill`
--

CREATE TABLE `returnbuybill` (
  `returnbuybillid` int(11) NOT NULL AUTO_INCREMENT,
  `returnbuybillSerial` varchar(255) DEFAULT NULL,
  `returnbuybilldate` datetime DEFAULT NULL,
  `returnbuybillsupplierid` int(11) NOT NULL,
  `returnbuybilltotaldeptbefor` decimal(10,2) NOT NULL,
  `returnbuybilltotaldeptafter` decimal(10,2) NOT NULL,
  `returnbuybilldiscount` varchar(255) NOT NULL DEFAULT '',
  `returnbuybilldiscountrype` int(11) NOT NULL DEFAULT 0,
  `returnbuybilltotalbill` decimal(10,2) NOT NULL,
  `returnbuybillaftertotalbill` decimal(10,2) NOT NULL,
  `returnbuybilltotalpayed` decimal(10,2) NOT NULL,
  `returnbuybillfinalbill` decimal(10,2) NOT NULL,
  `returnbuybillstoreid` int(11) NOT NULL,
  `returnbuybillsysdate` datetime NOT NULL,
  `comment` text NOT NULL,
  `userid` int(11) NOT NULL,
  `conditions` int(11) NOT NULL DEFAULT 0,
  `returnbuybillclientname` varchar(255) NOT NULL DEFAULT '',
  `returnbuybillsaveid` int(11) NOT NULL,
  `billnameid` int(11) NOT NULL,
  `returnbuybilldirectpayment` int(11) NOT NULL DEFAULT 0,
  `deletedbuyid` int(11) DEFAULT NULL,
  `controlname` varchar(255) NOT NULL,
  `payedtax` decimal(10,2) NOT NULL DEFAULT 0.00,
  `costcenterid` int(11) DEFAULT 0,
  `dailyentryid` varchar(100) NOT NULL DEFAULT '',
  `delbyuserid` int(11) NOT NULL DEFAULT 0,
  `currencyId` int(11) NOT NULL DEFAULT 1,
  `taxOfDiscountPer` float NOT NULL DEFAULT 0,
  `taxOfDiscountVal` float NOT NULL DEFAULT 0,
  `client` int(11) NOT NULL DEFAULT 0,
  PRIMARY KEY (`returnbuybillid`)
) ENGINE=InnoDB AUTO_INCREMENT=2 DEFAULT CHARSET=utf8mb3 COLLATE=utf8mb3_general_ci;

--
-- Dumping data for table `returnbuybill`
--

INSERT INTO `returnbuybill` VALUES
(1,'069fa428eafbb9','2026-05-05 22:18:38',13,0.00,-77950.00,'0',0,-77950.00,-77950.00,0.00,-77950.00,1,'2026-05-05 22:23:20','',1,0,'',1,6,1,NULL,'',0.00,-1,'334,0',0,1,0,0,0);

--
-- Table structure for table `returnbuybillcurr`
--

CREATE TABLE `returnbuybillcurr` (
  `id` int(11) NOT NULL AUTO_INCREMENT,
  `buybillid` int(11) NOT NULL,
  `conversionFactor` float NOT NULL DEFAULT 1,
  `returnbuybilldiscountC` varchar(255) NOT NULL DEFAULT '',
  `returnbuybilltotalbillC` decimal(10,2) NOT NULL,
  `returnbuybillaftertotalbillC` decimal(10,2) NOT NULL,
  `returnbuybilltotalpayedC` decimal(10,2) NOT NULL,
  `returnbuybillfinalbillC` decimal(10,2) NOT NULL,
  `returnbuybilldirectpaymentC` int(11) NOT NULL DEFAULT 0,
  `payedtaxC` decimal(10,2) NOT NULL DEFAULT 0.00,
  `saveConversionFactor` float NOT NULL DEFAULT 1,
  PRIMARY KEY (`id`)
) ENGINE=InnoDB DEFAULT CHARSET=utf8mb3 COLLATE=utf8mb3_general_ci;

--
-- Dumping data for table `returnbuybillcurr`
--


--
-- Table structure for table `returnbuybilldetail`
--

CREATE TABLE `returnbuybilldetail` (
  `returnbuybilldetailid` int(11) NOT NULL AUTO_INCREMENT,
  `Parcode` varchar(255) NOT NULL DEFAULT '',
  `returnbuybillid` int(11) NOT NULL,
  `returnbuybilldetailcatid` int(11) NOT NULL,
  `returnbuybilldetailproductid` int(11) NOT NULL,
  `returnbuybilldetailquantity` decimal(10,2) NOT NULL,
  `returnbuybilldetailprice` decimal(10,2) NOT NULL,
  `returnbuybilldetailtotalprice` decimal(10,2) NOT NULL,
  `discountvalue` decimal(10,2) NOT NULL,
  `note` varchar(256) DEFAULT NULL,
  `productunitid` int(11) NOT NULL,
  `lastbuyprice` decimal(10,2) DEFAULT NULL,
  `meanbuyprice` decimal(10,2) DEFAULT NULL,
  `lastbuyprice_withDiscount` decimal(10,2) DEFAULT NULL,
  `meanbuyprice_withDiscount` decimal(10,2) DEFAULT NULL,
  `otherdetailquantity` int(11) NOT NULL DEFAULT 0,
  `sizeid` int(11) NOT NULL DEFAULT 0,
  `colorid` int(11) NOT NULL DEFAULT 0,
  `returnbuybilldetailpriceC` decimal(10,2) NOT NULL,
  `returnbuybilldetailtotalpriceC` decimal(10,2) NOT NULL,
  `discountvalueC` decimal(10,2) NOT NULL,
  `discounttype` decimal(10,2) NOT NULL DEFAULT 0.00 COMMENT 'discount percentage like 5%',
  `rowtaxval` decimal(10,2) NOT NULL,
  `rowtaxper` decimal(10,2) NOT NULL DEFAULT 0.00 COMMENT 'like 5%',
  `lastbuyprice_withTax` decimal(10,2) DEFAULT NULL,
  `meanbuyprice_withTax` decimal(10,2) DEFAULT NULL,
  `lastbuyprice_withDiscountAndTax` decimal(10,2) DEFAULT NULL,
  PRIMARY KEY (`returnbuybilldetailid`)
) ENGINE=InnoDB AUTO_INCREMENT=250 DEFAULT CHARSET=utf8mb3 COLLATE=utf8mb3_general_ci;

--
-- Dumping data for table `returnbuybilldetail`
--

INSERT INTO `returnbuybilldetail` VALUES
(1,'00142',1,9,142,40.00,235.00,9400.00,0.00,'',142,235.00,235.00,235.00,235.00,0,0,0,235.00,9400.00,0.00,0.00,0.00,0.00,235.00,235.00,235.00),
(2,'00173',2,14,173,24.00,90.00,2160.00,0.00,'',173,90.00,90.00,90.00,90.00,0,0,0,90.00,2160.00,0.00,0.00,0.00,0.00,90.00,0.00,90.00),
(3,'00079',3,9,79,28.00,215.00,6020.00,0.00,'',79,215.00,215.00,215.00,215.00,0,0,0,215.00,6020.00,0.00,0.00,0.00,0.00,215.00,215.00,215.00),
(4,'00081',3,9,81,44.00,210.00,9240.00,0.00,'',81,210.00,210.00,210.00,210.00,0,0,0,210.00,9240.00,0.00,0.00,0.00,0.00,210.00,0.00,210.00),
(5,'00080',4,9,80,2.00,190.00,380.00,0.00,'',80,190.00,190.00,190.00,190.00,0,0,0,190.00,380.00,0.00,0.00,0.00,0.00,190.00,190.00,190.00),
(6,'00079',4,9,79,2.00,215.00,430.00,0.00,'',79,215.00,215.00,215.00,215.00,0,0,0,215.00,430.00,0.00,0.00,0.00,0.00,215.00,215.00,215.00),
(7,'00083',4,9,83,1.00,235.00,235.00,0.00,'',83,235.00,235.09,235.00,235.09,0,0,0,235.00,235.00,0.00,0.00,0.00,0.00,235.00,235.19,235.00),
(8,'00082',4,9,82,7.00,225.00,1575.00,0.00,'',82,225.00,225.00,225.00,225.00,0,0,0,225.00,1575.00,0.00,0.00,0.00,0.00,225.00,225.00,225.00),
(9,'00084',4,9,84,5.00,155.00,775.00,0.00,'',84,155.00,155.41,155.00,155.80,0,0,0,155.00,775.00,0.00,0.00,0.00,0.00,155.00,155.00,155.00),
(10,'00144',4,9,144,4.00,180.00,720.00,0.00,'',144,180.00,180.00,180.00,180.00,0,0,0,180.00,720.00,0.00,0.00,0.00,0.00,180.00,180.00,180.00),
(11,'00145',4,9,145,1.00,195.00,195.00,0.00,'',145,195.00,195.00,195.00,195.00,0,0,0,195.00,195.00,0.00,0.00,0.00,0.00,195.00,195.00,195.00),
(12,'00209',4,9,209,2.00,230.00,460.00,0.00,'',209,230.00,230.00,230.00,230.00,0,0,0,230.00,460.00,0.00,0.00,0.00,0.00,230.00,230.00,230.00),
(13,'00090',5,14,90,86.00,245.00,21070.00,0.00,'',90,245.00,245.00,245.00,245.00,0,0,0,245.00,21070.00,0.00,0.00,0.00,0.00,245.00,0.00,245.00),
(14,'00204',5,14,204,52.00,255.00,13260.00,0.00,'',204,255.00,245.00,255.00,245.00,0,0,0,255.00,13260.00,0.00,0.00,0.00,0.00,255.00,0.00,255.00),
(15,'00203',5,14,203,40.00,265.00,10600.00,0.00,'',203,265.00,255.00,265.00,255.00,0,0,0,265.00,10600.00,0.00,0.00,0.00,0.00,265.00,0.00,265.00),
(16,'00008',6,4,8,65.00,245.00,15925.00,0.00,'',8,245.00,245.00,245.00,245.00,0,0,0,245.00,15925.00,0.00,0.00,0.00,0.00,245.00,245.00,245.00),
(17,'00122',7,4,122,96.00,240.00,23040.00,0.00,'',122,240.00,240.00,240.00,240.00,0,0,0,240.00,23040.00,0.00,0.00,0.00,0.00,240.00,240.00,240.00),
(18,'00122',8,4,122,96.00,240.00,23040.00,0.00,'',122,240.00,240.00,240.00,240.00,0,0,0,240.00,23040.00,0.00,0.00,0.00,0.00,240.00,240.00,240.00),
(19,'00144',9,9,144,28.00,180.00,5040.00,0.00,'',144,180.00,180.00,180.00,180.00,0,0,0,180.00,5040.00,0.00,0.00,0.00,0.00,180.00,180.00,180.00),
(20,'00228',9,9,228,36.00,145.00,5220.00,0.00,'',228,145.00,145.00,145.00,145.00,0,0,0,145.00,5220.00,0.00,0.00,0.00,0.00,145.00,145.00,145.00),
(21,'00143',9,9,143,1.00,205.00,205.00,0.00,'',143,205.00,205.00,205.00,205.00,0,0,0,205.00,205.00,0.00,0.00,0.00,0.00,205.00,205.00,205.00),
(22,'00084',9,9,84,1.00,155.00,155.00,0.00,'',84,155.00,155.10,155.00,155.18,0,0,0,155.00,155.00,0.00,0.00,0.00,0.00,155.00,155.00,155.00),
(23,'00186',10,17,186,170.00,81.00,13770.00,0.00,'',186,81.00,81.00,81.00,81.00,0,0,0,81.00,13770.00,0.00,0.00,0.00,0.00,81.00,81.00,81.00),
(24,'00186',11,17,186,18.00,81.00,1458.00,0.00,'',186,81.00,81.00,81.00,81.00,0,0,0,81.00,1458.00,0.00,0.00,0.00,0.00,81.00,81.00,81.00),
(25,'00147',12,17,147,207.00,85.50,17698.50,0.00,'',147,85.50,85.50,85.50,85.50,0,0,0,85.50,17698.50,0.00,0.00,0.00,0.00,85.50,0.00,85.50),
(26,'00099',12,17,99,9.00,90.00,810.00,0.00,'',99,90.00,90.00,90.00,90.00,0,0,0,90.00,810.00,0.00,0.00,0.00,0.00,90.00,0.00,90.00),
(27,'00185',13,9,185,24.00,320.00,7680.00,0.00,'',185,320.00,320.00,320.00,320.00,0,0,0,320.00,7680.00,0.00,0.00,0.00,0.00,320.00,0.00,320.00),
(28,'00223',14,14,223,80.00,165.00,13200.00,0.00,'',223,165.00,165.00,165.00,165.00,0,0,0,165.00,13200.00,0.00,0.00,0.00,0.00,165.00,0.00,165.00),
(29,'00203',14,14,203,20.00,255.00,5100.00,0.00,'',203,255.00,255.00,255.00,255.00,0,0,0,255.00,5100.00,0.00,0.00,0.00,0.00,255.00,255.00,255.00),
(30,'00222',14,14,222,20.00,190.00,3800.00,0.00,'',222,190.00,190.00,190.00,190.00,0,0,0,190.00,3800.00,0.00,0.00,0.00,0.00,190.00,0.00,190.00),
(31,'00083',15,9,83,7.00,235.00,1645.00,0.00,'',83,235.00,235.00,235.00,235.00,0,0,0,235.00,1645.00,0.00,0.00,0.00,0.00,235.00,235.00,235.00),
(32,'00143',15,9,143,4.00,205.00,820.00,0.00,'',143,205.00,205.00,205.00,205.00,0,0,0,205.00,820.00,0.00,0.00,0.00,0.00,205.00,205.00,205.00),
(33,'00174',15,9,174,2.00,145.00,290.00,0.00,'',174,145.00,145.00,145.00,145.00,0,0,0,145.00,290.00,0.00,0.00,0.00,0.00,145.00,145.00,145.00),
(34,'00153',15,9,153,2.00,100.00,200.00,0.00,'',153,100.00,100.00,100.00,100.00,0,0,0,100.00,200.00,0.00,0.00,0.00,0.00,100.00,100.00,100.00),
(35,'00201',15,9,201,11.00,180.00,1980.00,0.00,'',201,180.00,180.00,180.00,180.00,0,0,0,180.00,1980.00,0.00,0.00,0.00,0.00,180.00,180.00,180.00),
(36,'00082',15,9,82,1.00,225.00,225.00,0.00,'',82,225.00,225.00,225.00,225.00,0,0,0,225.00,225.00,0.00,0.00,0.00,0.00,225.00,225.00,225.00),
(37,'00145',15,9,145,1.00,195.00,195.00,0.00,'',145,195.00,195.00,195.00,195.00,0,0,0,195.00,195.00,0.00,0.00,0.00,0.00,195.00,195.00,195.00),
(38,'00131',16,23,131,18.00,170.00,3060.00,0.00,'',131,170.00,270.00,170.00,370.00,0,0,0,170.00,3060.00,0.00,0.00,0.00,0.00,170.00,370.00,170.00),
(39,'00254',16,23,254,96.00,80.00,7680.00,0.00,'',254,80.00,80.00,80.00,80.00,0,0,0,80.00,7680.00,0.00,0.00,0.00,0.00,80.00,80.00,80.00),
(40,'00253',16,23,253,39.00,240.00,9360.00,0.00,'',253,240.00,240.00,240.00,240.00,0,0,0,240.00,9360.00,0.00,0.00,0.00,0.00,240.00,0.00,240.00),
(41,'00224',16,23,224,33.00,230.00,7590.00,0.00,'',224,230.00,230.00,230.00,230.00,0,0,0,230.00,7590.00,0.00,0.00,0.00,0.00,230.00,0.00,230.00),
(42,'00164',16,23,164,24.00,170.00,4080.00,0.00,'',164,170.00,170.00,170.00,170.00,0,0,0,170.00,4080.00,0.00,0.00,0.00,0.00,170.00,0.00,170.00),
(43,'00128',16,23,128,16.00,190.00,3040.00,0.00,'',128,190.00,190.00,190.00,190.00,0,0,0,190.00,3040.00,0.00,0.00,0.00,0.00,190.00,190.00,190.00),
(44,'00252',17,36,252,33.00,100.00,3300.00,0.00,'',252,100.00,105.00,100.00,105.00,0,0,0,100.00,3300.00,0.00,0.00,0.00,0.00,100.00,110.00,100.00),
(45,'00280',18,30,280,264.00,190.00,50160.00,0.00,'',280,190.00,190.00,190.00,190.00,0,0,0,190.00,50160.00,0.00,0.00,0.00,0.00,190.00,190.00,190.00),
(46,'00285',19,38,285,48.00,120.00,5760.00,0.00,'',285,120.00,120.00,120.00,120.00,0,0,0,120.00,5760.00,0.00,0.00,0.00,0.00,120.00,120.00,120.00),
(47,'00087',20,13,87,48.00,110.00,5280.00,0.00,'',87,110.00,110.00,110.00,110.00,0,0,0,110.00,5280.00,0.00,0.00,0.00,0.00,110.00,0.00,110.00),
(48,'00183',20,13,183,159.00,130.00,20670.00,0.00,'',183,130.00,1450.00,130.00,2240.00,0,0,0,130.00,20670.00,0.00,0.00,0.00,0.00,130.00,2240.00,130.00),
(49,'00208',20,13,208,15.00,190.00,2850.00,0.00,'',208,190.00,190.00,190.00,190.00,0,0,0,190.00,2850.00,0.00,0.00,0.00,0.00,190.00,0.00,190.00),
(50,'00338',21,52,338,15.00,260.00,3900.00,0.00,'',338,260.00,247.86,260.00,247.86,0,0,0,260.00,3900.00,0.00,0.00,0.00,0.00,260.00,247.86,260.00),
(51,'00282',22,14,282,120.00,60.00,7200.00,0.00,'',282,60.00,60.00,60.00,60.00,0,0,0,60.00,7200.00,0.00,0.00,0.00,0.00,60.00,0.00,60.00),
(52,'00343',23,51,343,102.00,115.00,11730.00,0.00,'',343,115.00,115.00,115.00,115.00,0,0,0,115.00,11730.00,0.00,0.00,0.00,0.00,115.00,115.00,115.00),
(53,'00342',23,51,342,102.00,115.00,11730.00,0.00,'',342,115.00,115.00,115.00,115.00,0,0,0,115.00,11730.00,0.00,0.00,0.00,0.00,115.00,115.00,115.00),
(54,'00341',23,51,341,102.00,115.00,11730.00,0.00,'',341,115.00,115.00,115.00,115.00,0,0,0,115.00,11730.00,0.00,0.00,0.00,0.00,115.00,115.00,115.00),
(55,'00340',23,51,340,102.00,115.00,11730.00,0.00,'',340,115.00,115.00,115.00,115.00,0,0,0,115.00,11730.00,0.00,0.00,0.00,0.00,115.00,115.00,115.00),
(56,'00361',24,55,361,69.00,200.00,13800.00,0.00,'',361,200.00,200.00,200.00,200.00,0,0,0,200.00,13800.00,0.00,0.00,0.00,0.00,200.00,0.00,200.00),
(57,'00441',25,64,441,5.00,280.00,1400.00,0.00,'',441,280.00,280.00,280.00,280.00,0,0,0,280.00,1400.00,0.00,0.00,0.00,0.00,280.00,280.00,280.00),
(58,'00360',26,55,360,57.00,180.00,10260.00,0.00,'',360,180.00,180.00,180.00,180.00,0,0,0,180.00,10260.00,0.00,0.00,0.00,0.00,180.00,0.00,180.00),
(59,'00399',27,64,399,70.00,310.00,21700.00,0.00,'',399,310.00,310.00,310.00,310.00,0,0,0,310.00,21700.00,0.00,0.00,0.00,0.00,310.00,0.00,310.00),
(60,'00441',28,64,441,1.00,280.00,280.00,0.00,'',441,280.00,280.00,280.00,280.00,0,0,0,280.00,280.00,0.00,0.00,0.00,0.00,280.00,280.00,280.00),
(61,'00371',29,57,371,60.00,345.00,20700.00,0.00,'',371,345.00,345.00,345.00,345.00,0,0,0,345.00,20700.00,0.00,0.00,0.00,0.00,345.00,0.00,345.00),
(62,'00375',29,57,375,75.00,290.00,21750.00,0.00,'',375,290.00,290.00,290.00,290.00,0,0,0,290.00,21750.00,0.00,0.00,0.00,0.00,290.00,0.00,290.00),
(63,'00459',30,69,459,75.00,360.00,27000.00,0.00,'',459,360.00,360.00,360.00,360.00,0,0,0,360.00,27000.00,0.00,0.00,0.00,0.00,360.00,0.00,360.00),
(64,'00458',30,69,458,80.00,400.00,32000.00,0.00,'',458,400.00,400.00,400.00,400.00,0,0,0,400.00,32000.00,0.00,0.00,0.00,0.00,400.00,0.00,400.00),
(65,'00418',31,52,418,45.00,255.00,11475.00,0.00,'',418,255.00,255.00,255.00,255.00,0,0,0,255.00,11475.00,0.00,0.00,0.00,0.00,255.00,255.00,255.00),
(66,'00425',31,52,425,15.00,245.00,3675.00,0.00,'',425,245.00,245.00,245.00,245.00,0,0,0,245.00,3675.00,0.00,0.00,0.00,0.00,245.00,245.00,245.00),
(67,'00359',32,46,359,270.00,190.00,51300.00,0.00,'',359,190.00,190.00,190.00,190.00,0,0,0,190.00,51300.00,0.00,0.00,0.00,0.00,190.00,0.00,190.00),
(68,'00319',32,46,319,90.00,235.00,21150.00,0.00,'',319,235.00,235.00,235.00,235.00,0,0,0,235.00,21150.00,0.00,0.00,0.00,0.00,235.00,0.00,235.00),
(69,'00433',33,67,433,30.00,370.00,11100.00,0.00,'',433,370.00,370.00,370.00,370.00,0,0,0,370.00,11100.00,0.00,0.00,0.00,0.00,370.00,0.00,370.00),
(70,'00348',34,53,348,56.00,110.00,6160.00,0.00,'',348,110.00,110.00,110.00,110.00,0,0,0,110.00,6160.00,0.00,0.00,0.00,0.00,110.00,110.00,110.00),
(71,'00392',35,9,392,1.00,190.00,190.00,0.00,'',392,190.00,190.00,190.00,190.00,0,0,0,190.00,190.00,0.00,0.00,0.00,0.00,190.00,0.00,190.00),
(72,'00518',36,70,518,10.00,340.00,3400.00,0.00,'',518,340.00,340.00,340.00,340.00,0,0,0,340.00,3400.00,0.00,0.00,0.00,0.00,340.00,0.00,340.00),
(73,'00310',37,45,310,100.00,190.00,19000.00,0.00,'',310,190.00,190.00,190.00,190.00,0,0,0,190.00,19000.00,0.00,0.00,0.00,0.00,190.00,190.00,190.00),
(74,'00311',37,45,311,100.00,190.00,19000.00,0.00,'',311,190.00,190.00,190.00,190.00,0,0,0,190.00,19000.00,0.00,0.00,0.00,0.00,190.00,190.00,190.00),
(75,'00312',37,45,312,100.00,195.00,19500.00,0.00,'',312,195.00,195.00,195.00,195.00,0,0,0,195.00,19500.00,0.00,0.00,0.00,0.00,195.00,195.00,195.00),
(76,'00314',37,45,314,100.00,215.00,21500.00,0.00,'',314,215.00,215.00,215.00,215.00,0,0,0,215.00,21500.00,0.00,0.00,0.00,0.00,215.00,215.00,215.00),
(77,'00435',38,68,435,114.00,260.00,29640.00,0.00,'',435,260.00,260.00,260.00,260.00,0,0,0,260.00,29640.00,0.00,0.00,0.00,0.00,260.00,0.00,260.00),
(78,'00508',39,75,508,50.00,256.50,12825.00,0.00,'',508,256.50,256.50,256.50,256.50,0,0,0,256.50,12825.00,0.00,0.00,0.00,0.00,256.50,0.00,256.50),
(79,'00509',39,75,509,50.00,279.00,13950.00,0.00,'',509,279.00,279.00,279.00,279.00,0,0,0,279.00,13950.00,0.00,0.00,0.00,0.00,279.00,0.00,279.00),
(80,'00510',39,75,510,50.00,297.00,14850.00,0.00,'',510,297.00,297.00,297.00,297.00,0,0,0,297.00,14850.00,0.00,0.00,0.00,0.00,297.00,0.00,297.00),
(81,'00511',39,75,511,40.00,306.00,12240.00,0.00,'',511,306.00,306.00,306.00,306.00,0,0,0,306.00,12240.00,0.00,0.00,0.00,0.00,306.00,0.00,306.00),
(82,'00315',40,46,315,100.00,200.00,20000.00,0.00,'',315,200.00,200.00,200.00,200.00,0,0,0,200.00,20000.00,0.00,0.00,0.00,0.00,200.00,200.00,200.00),
(83,'00315',41,46,315,2.00,200.00,400.00,0.00,'',315,200.00,200.00,200.00,200.00,0,0,0,200.00,400.00,0.00,0.00,0.00,0.00,200.00,200.00,200.00),
(84,'00307',42,43,307,64.00,121.50,7776.00,0.00,'',307,121.50,121.50,121.50,121.50,0,0,0,121.50,7776.00,0.00,0.00,0.00,0.00,121.50,121.50,121.50),
(85,'00530',43,14,530,44.00,295.00,12980.00,0.00,'',530,295.00,295.00,295.00,295.00,0,0,0,295.00,12980.00,0.00,0.00,0.00,0.00,295.00,295.00,295.00),
(86,'00568',43,14,568,16.00,335.00,5360.00,0.00,'',568,335.00,335.00,335.00,335.00,0,0,0,335.00,5360.00,0.00,0.00,0.00,0.00,335.00,335.00,335.00),
(87,'00529',43,14,529,16.00,275.00,4400.00,0.00,'',529,275.00,275.00,275.00,275.00,0,0,0,275.00,4400.00,0.00,0.00,0.00,0.00,275.00,275.00,275.00),
(88,'00539',44,60,539,60.00,435.00,26100.00,0.00,'',539,435.00,435.00,435.00,435.00,0,0,0,435.00,26100.00,0.00,0.00,0.00,0.00,435.00,0.00,435.00),
(89,'00536',44,60,536,50.00,450.00,22500.00,0.00,'',536,450.00,450.00,450.00,450.00,0,0,0,450.00,22500.00,0.00,0.00,0.00,0.00,450.00,0.00,450.00),
(90,'00535',44,60,535,60.00,440.00,26400.00,0.00,'',535,440.00,440.00,440.00,440.00,0,0,0,440.00,26400.00,0.00,0.00,0.00,0.00,440.00,0.00,440.00),
(91,'00619',45,87,619,24.00,570.00,13680.00,0.00,'',619,570.00,570.00,570.00,570.00,0,0,0,570.00,13680.00,0.00,0.00,0.00,0.00,570.00,0.00,570.00),
(92,'00620',45,87,620,24.00,520.00,12480.00,0.00,'',620,520.00,520.00,520.00,520.00,0,0,0,520.00,12480.00,0.00,0.00,0.00,0.00,520.00,0.00,520.00),
(93,'00621',45,87,621,24.00,530.00,12720.00,0.00,'',621,530.00,530.00,530.00,530.00,0,0,0,530.00,12720.00,0.00,0.00,0.00,0.00,530.00,0.00,530.00),
(94,'00637',45,87,637,24.00,570.00,13680.00,0.00,'',637,570.00,570.00,570.00,570.00,0,0,0,570.00,13680.00,0.00,0.00,0.00,0.00,570.00,0.00,570.00),
(95,'00638',45,87,638,16.00,520.00,8320.00,0.00,'',638,520.00,520.00,520.00,520.00,0,0,0,520.00,8320.00,0.00,0.00,0.00,0.00,520.00,0.00,520.00),
(96,'00639',45,87,639,24.00,520.00,12480.00,0.00,'',639,520.00,520.00,520.00,520.00,0,0,0,520.00,12480.00,0.00,0.00,0.00,0.00,520.00,0.00,520.00),
(97,'00609',46,85,609,33.00,300.00,9900.00,0.00,'',609,300.00,300.00,300.00,300.00,0,0,0,300.00,9900.00,0.00,0.00,0.00,0.00,300.00,0.00,300.00),
(98,'00575',47,9,575,48.00,320.00,15360.00,0.00,'',575,320.00,320.00,320.00,320.00,0,0,0,320.00,15360.00,0.00,0.00,0.00,0.00,320.00,0.00,320.00),
(99,'00726',48,54,726,20.00,515.00,10300.00,0.00,'',726,515.00,515.00,515.00,515.00,0,0,0,515.00,10300.00,0.00,0.00,0.00,0.00,515.00,0.00,515.00),
(100,'00729',48,54,729,20.00,510.00,10200.00,0.00,'',729,510.00,510.00,510.00,510.00,0,0,0,510.00,10200.00,0.00,0.00,0.00,0.00,510.00,0.00,510.00),
(101,'00727',48,54,727,20.00,495.00,9900.00,0.00,'',727,495.00,495.00,495.00,495.00,0,0,0,495.00,9900.00,0.00,0.00,0.00,0.00,495.00,0.00,495.00),
(102,'00728',48,54,728,20.00,485.00,9700.00,0.00,'',728,485.00,485.00,485.00,485.00,0,0,0,485.00,9700.00,0.00,0.00,0.00,0.00,485.00,0.00,485.00),
(103,'00568',49,14,568,28.00,335.00,9380.00,0.00,'',568,335.00,335.00,335.00,335.00,0,0,0,335.00,9380.00,0.00,0.00,0.00,0.00,335.00,335.00,335.00),
(104,'00569',49,14,569,4.00,295.00,1180.00,0.00,'',569,295.00,295.00,295.00,295.00,0,0,0,295.00,1180.00,0.00,0.00,0.00,0.00,295.00,0.00,295.00),
(105,'00529',49,14,529,8.00,275.00,2200.00,0.00,'',529,275.00,275.00,275.00,275.00,0,0,0,275.00,2200.00,0.00,0.00,0.00,0.00,275.00,0.00,275.00),
(106,'00530',49,14,530,4.00,295.00,1180.00,0.00,'',530,295.00,295.00,295.00,295.00,0,0,0,295.00,1180.00,0.00,0.00,0.00,0.00,295.00,0.00,295.00),
(107,'00624',50,88,624,48.00,335.00,16080.00,0.00,'',624,335.00,335.00,335.00,335.00,0,0,0,335.00,16080.00,0.00,0.00,0.00,0.00,335.00,0.00,335.00),
(108,'00623',51,88,623,56.00,320.00,17920.00,0.00,'',623,320.00,320.00,320.00,320.00,0,0,0,320.00,17920.00,0.00,0.00,0.00,0.00,320.00,0.00,320.00),
(109,'00577',52,52,577,40.00,360.00,14400.00,0.00,'',577,360.00,360.00,360.00,360.00,0,0,0,360.00,14400.00,0.00,0.00,0.00,0.00,360.00,0.00,360.00),
(110,'00576',52,52,576,40.00,360.00,14400.00,0.00,'',576,360.00,360.00,360.00,360.00,0,0,0,360.00,14400.00,0.00,0.00,0.00,0.00,360.00,0.00,360.00),
(111,'00753',53,48,753,69.00,220.00,15180.00,0.00,'',753,220.00,220.00,220.00,220.00,0,0,0,220.00,15180.00,0.00,0.00,0.00,0.00,220.00,0.00,220.00),
(112,'00720',54,23,720,98.00,320.00,31360.00,0.00,'',720,320.00,320.00,320.00,320.00,0,0,0,320.00,31360.00,0.00,0.00,0.00,0.00,320.00,320.00,320.00),
(113,'00718',54,23,718,20.00,260.00,5200.00,0.00,'',718,260.00,260.00,260.00,260.00,0,0,0,260.00,5200.00,0.00,0.00,0.00,0.00,260.00,0.00,260.00),
(114,'00654',55,70,654,75.00,470.00,35250.00,0.00,'',654,470.00,470.00,470.00,470.00,0,0,0,470.00,35250.00,0.00,0.00,0.00,0.00,470.00,0.00,470.00),
(115,'00490',56,8,490,58.00,244.00,14152.00,0.00,'',490,244.00,244.00,244.00,244.00,0,0,0,244.00,14152.00,0.00,0.00,0.00,0.00,244.00,244.00,244.00),
(116,'00716',56,8,716,1.00,252.00,252.00,0.00,'',716,252.00,252.53,252.00,252.00,0,0,0,252.00,252.00,0.00,0.00,0.00,0.00,252.00,252.00,252.00),
(117,'00490',57,8,490,3.00,244.00,732.00,0.00,'',490,244.00,244.00,244.00,244.00,0,0,0,244.00,732.00,0.00,0.00,0.00,0.00,244.00,244.00,244.00),
(118,'00738',58,90,738,65.00,300.00,19500.00,0.00,'',738,300.00,300.00,300.00,300.00,0,0,0,300.00,19500.00,0.00,0.00,0.00,0.00,300.00,0.00,300.00),
(119,'00758',59,49,758,9.00,990.00,8910.00,0.00,'',758,990.00,990.00,990.00,990.00,0,0,0,990.00,8910.00,0.00,0.00,0.00,0.00,990.00,0.00,990.00),
(120,'00809',60,23,809,8.00,270.00,2160.00,0.00,'',809,270.00,270.00,270.00,270.00,0,0,0,270.00,2160.00,0.00,0.00,0.00,0.00,270.00,0.00,270.00),
(121,'00765',61,96,765,27.00,190.00,5130.00,0.00,'',765,190.00,190.00,190.00,190.00,0,0,0,190.00,5130.00,0.00,0.00,0.00,0.00,190.00,0.00,190.00),
(122,'00764',61,96,764,30.00,190.00,5700.00,0.00,'',764,190.00,190.00,190.00,190.00,0,0,0,190.00,5700.00,0.00,0.00,0.00,0.00,190.00,0.00,190.00),
(123,'00763',61,96,763,51.00,190.00,9690.00,0.00,'',763,190.00,190.00,190.00,190.00,0,0,0,190.00,9690.00,0.00,0.00,0.00,0.00,190.00,0.00,190.00),
(124,'00481',62,71,481,55.00,470.00,25850.00,0.00,'',481,470.00,470.00,470.00,470.00,0,0,0,470.00,25850.00,0.00,0.00,0.00,0.00,470.00,0.00,470.00),
(125,'00483',62,71,483,50.00,480.00,24000.00,0.00,'',483,480.00,480.00,480.00,480.00,0,0,0,480.00,24000.00,0.00,0.00,0.00,0.00,480.00,0.00,480.00),
(126,'00822',63,13,822,100.00,185.00,18500.00,0.00,'',822,185.00,185.00,185.00,185.00,0,0,0,185.00,18500.00,0.00,0.00,0.00,0.00,185.00,185.00,185.00),
(127,'00323',64,47,323,264.00,190.00,50160.00,0.00,'',323,190.00,190.00,190.00,190.00,0,0,0,190.00,50160.00,0.00,0.00,0.00,0.00,190.00,0.00,190.00),
(128,'00630',65,9,630,1.00,220.00,220.00,0.00,'',630,220.00,220.00,220.00,220.00,0,0,0,220.00,220.00,0.00,0.00,0.00,0.00,220.00,220.00,220.00),
(129,'00628',65,9,628,8.00,250.00,2000.00,0.00,'',628,250.00,250.00,250.00,250.00,0,0,0,250.00,2000.00,0.00,0.00,0.00,0.00,250.00,250.00,250.00),
(130,'00520',65,9,520,1.00,290.00,290.00,0.00,'',520,290.00,290.00,290.00,290.00,0,0,0,290.00,290.00,0.00,0.00,0.00,0.00,290.00,290.00,290.00),
(131,'00757',65,9,757,2.00,200.00,400.00,0.00,'',757,200.00,200.00,200.00,200.00,0,0,0,200.00,400.00,0.00,0.00,0.00,0.00,200.00,200.00,200.00),
(132,'00779',66,17,779,24.00,260.00,6240.00,0.00,'',779,260.00,260.00,260.00,260.00,0,0,0,260.00,6240.00,0.00,0.00,0.00,0.00,260.00,260.00,260.00),
(133,'00780',66,17,780,30.00,255.00,7650.00,0.00,'',780,255.00,255.00,255.00,255.00,0,0,0,255.00,7650.00,0.00,0.00,0.00,0.00,255.00,255.00,255.00),
(134,'00504',66,17,504,24.00,305.00,7320.00,0.00,'',504,305.00,305.00,305.00,305.00,0,0,0,305.00,7320.00,0.00,0.00,0.00,0.00,305.00,0.00,305.00),
(135,'00836',66,17,836,30.00,280.00,8400.00,0.00,'',836,280.00,280.00,280.00,280.00,0,0,0,280.00,8400.00,0.00,0.00,0.00,0.00,280.00,0.00,280.00),
(136,'00490',67,8,490,48.00,244.00,11712.00,0.00,'',490,244.00,244.00,244.00,244.00,0,0,0,244.00,11712.00,0.00,0.00,0.00,0.00,244.00,0.00,244.00),
(137,'00676',68,8,676,2.00,280.00,560.00,0.00,'',676,280.00,280.00,280.00,280.00,0,0,0,280.00,560.00,0.00,0.00,0.00,0.00,280.00,280.00,280.00),
(138,'00713',69,8,713,1.00,230.00,230.00,0.00,'',713,230.00,217.82,230.00,230.00,0,0,0,230.00,230.00,0.00,0.00,0.00,0.00,230.00,230.00,230.00),
(139,'00775',70,81,775,30.00,280.00,8400.00,0.00,'',775,280.00,280.00,280.00,280.00,0,0,0,280.00,8400.00,0.00,0.00,0.00,0.00,280.00,280.00,280.00),
(140,'00489',71,8,489,60.00,271.00,16260.00,0.00,'',489,271.00,271.00,271.00,271.00,0,0,0,271.00,16260.00,0.00,0.00,0.00,0.00,271.00,0.00,271.00),
(141,'00476',72,52,476,40.00,345.00,13800.00,0.00,'',476,345.00,345.00,345.00,345.00,0,0,0,345.00,13800.00,0.00,0.00,0.00,0.00,345.00,0.00,345.00),
(142,'00380',72,52,380,60.00,340.00,20400.00,0.00,'',380,340.00,340.00,340.00,340.00,0,0,0,340.00,20400.00,0.00,0.00,0.00,0.00,340.00,0.00,340.00),
(143,'00364',72,52,364,35.00,340.00,11900.00,0.00,'',364,340.00,340.00,340.00,340.00,0,0,0,340.00,11900.00,0.00,0.00,0.00,0.00,340.00,340.00,340.00),
(144,'00337',72,52,337,60.00,345.00,20700.00,0.00,'',337,345.00,345.00,345.00,345.00,0,0,0,345.00,20700.00,0.00,0.00,0.00,0.00,345.00,0.00,345.00),
(145,'00339',72,52,339,45.00,310.00,13950.00,0.00,'',339,310.00,310.00,310.00,310.00,0,0,0,310.00,13950.00,0.00,0.00,0.00,0.00,310.00,0.00,310.00),
(146,'00808',73,99,808,30.00,225.00,6750.00,0.00,'',808,225.00,225.00,225.00,225.00,0,0,0,225.00,6750.00,0.00,0.00,0.00,0.00,225.00,225.00,225.00),
(147,'00891',74,1,891,30.00,520.00,15600.00,0.00,'',891,520.00,520.00,520.00,520.00,0,0,0,520.00,15600.00,0.00,0.00,0.00,0.00,520.00,0.00,520.00),
(148,'00808',75,99,808,30.00,225.00,6750.00,0.00,'',808,225.00,225.00,225.00,225.00,0,0,0,225.00,6750.00,0.00,0.00,0.00,0.00,225.00,225.00,225.00),
(149,'00902',76,14,902,24.00,305.00,7320.00,0.00,'',902,305.00,305.00,305.00,305.00,0,0,0,305.00,7320.00,0.00,0.00,0.00,0.00,305.00,0.00,305.00),
(150,'00756',77,23,756,21.00,290.00,6090.00,0.00,'',756,290.00,290.00,290.00,290.00,0,0,0,290.00,6090.00,0.00,0.00,0.00,0.00,290.00,0.00,290.00),
(151,'00704',78,17,704,30.00,305.00,9150.00,0.00,'',704,305.00,305.00,305.00,305.00,0,0,0,305.00,9150.00,0.00,0.00,0.00,0.00,305.00,305.00,305.00),
(152,'00924',78,17,924,52.00,260.00,13520.00,0.00,'',924,260.00,260.00,260.00,260.00,0,0,0,260.00,13520.00,0.00,0.00,0.00,0.00,260.00,0.00,260.00),
(153,'00923',78,17,923,50.00,325.00,16250.00,0.00,'',923,325.00,325.00,325.00,325.00,0,0,0,325.00,16250.00,0.00,0.00,0.00,0.00,325.00,0.00,325.00),
(154,'00808',79,99,808,53.00,225.00,11925.00,0.00,'',808,225.00,225.00,225.00,225.00,0,0,0,225.00,11925.00,0.00,0.00,0.00,0.00,225.00,225.00,225.00),
(155,'00898',79,99,898,4.00,230.00,920.00,0.00,'',898,230.00,230.00,230.00,230.00,0,0,0,230.00,920.00,0.00,0.00,0.00,0.00,230.00,230.00,230.00),
(156,'00814',80,96,814,31.00,185.00,5735.00,0.00,'',814,185.00,185.00,185.00,185.00,0,0,0,185.00,5735.00,0.00,0.00,0.00,0.00,185.00,0.00,185.00),
(157,'00784',81,23,784,12.00,355.00,4260.00,0.00,'',784,355.00,355.00,355.00,355.00,0,0,0,355.00,4260.00,0.00,0.00,0.00,0.00,355.00,355.00,355.00),
(158,'00908',82,100,908,35.00,280.00,9800.00,0.00,'',908,280.00,280.00,280.00,280.00,0,0,0,280.00,9800.00,0.00,0.00,0.00,0.00,280.00,280.00,280.00),
(159,'00909',82,100,909,42.00,300.00,12600.00,0.00,'',909,300.00,300.00,300.00,300.00,0,0,0,300.00,12600.00,0.00,0.00,0.00,0.00,300.00,300.00,300.00),
(160,'00784',83,23,784,39.00,355.00,13845.00,0.00,'',784,355.00,355.00,355.00,355.00,0,0,0,355.00,13845.00,0.00,0.00,0.00,0.00,355.00,355.00,355.00),
(161,'00812',84,100,812,21.00,470.00,9870.00,0.00,'',812,470.00,470.00,470.00,470.00,0,0,0,470.00,9870.00,0.00,0.00,0.00,0.00,470.00,0.00,470.00),
(162,'00815',84,100,815,30.00,590.00,17700.00,0.00,'',815,590.00,550.00,590.00,550.00,0,0,0,590.00,17700.00,0.00,0.00,0.00,0.00,590.00,0.00,590.00),
(163,'00910',84,100,910,30.00,300.00,9000.00,0.00,'',910,300.00,300.00,300.00,300.00,0,0,0,300.00,9000.00,0.00,0.00,0.00,0.00,300.00,0.00,300.00),
(164,'00914',84,100,914,21.00,510.00,10710.00,0.00,'',914,510.00,510.00,510.00,510.00,0,0,0,510.00,10710.00,0.00,0.00,0.00,0.00,510.00,0.00,510.00),
(165,'00915',84,100,915,30.00,425.00,12750.00,0.00,'',915,425.00,425.00,425.00,425.00,0,0,0,425.00,12750.00,0.00,0.00,0.00,0.00,425.00,0.00,425.00),
(166,'00916',84,100,916,15.00,520.00,7800.00,0.00,'',916,520.00,520.00,520.00,520.00,0,0,0,520.00,7800.00,0.00,0.00,0.00,0.00,520.00,0.00,520.00),
(167,'00917',84,100,917,33.00,500.00,16500.00,0.00,'',917,500.00,500.00,500.00,500.00,0,0,0,500.00,16500.00,0.00,0.00,0.00,0.00,500.00,0.00,500.00),
(168,'00932',84,100,932,3.00,325.00,975.00,0.00,'',932,325.00,325.00,325.00,325.00,0,0,0,325.00,975.00,0.00,0.00,0.00,0.00,325.00,0.00,325.00),
(169,'00933',84,100,933,21.00,325.00,6825.00,0.00,'',933,325.00,325.00,325.00,325.00,0,0,0,325.00,6825.00,0.00,0.00,0.00,0.00,325.00,0.00,325.00),
(170,'00927',85,116,927,69.00,215.00,14835.00,0.00,'',927,215.00,215.00,215.00,215.00,0,0,0,215.00,14835.00,0.00,0.00,0.00,0.00,215.00,0.00,215.00),
(171,'00897',85,115,897,18.00,215.00,3870.00,0.00,'',897,215.00,215.00,215.00,215.00,0,0,0,215.00,3870.00,0.00,0.00,0.00,0.00,215.00,0.00,215.00),
(172,'00935',86,118,935,100.00,180.00,18000.00,0.00,'',935,180.00,180.00,180.00,180.00,0,0,0,180.00,18000.00,0.00,0.00,0.00,0.00,180.00,180.00,180.00),
(173,'00928',87,1,928,30.00,440.00,13200.00,0.00,'',928,440.00,440.00,440.00,440.00,0,0,0,440.00,13200.00,0.00,0.00,0.00,0.00,440.00,0.00,440.00),
(174,'00785',88,23,785,20.00,355.00,7100.00,0.00,'',785,355.00,355.00,355.00,355.00,0,0,0,355.00,7100.00,0.00,0.00,0.00,0.00,355.00,0.00,355.00),
(175,'00952',89,98,952,60.00,445.00,26700.00,0.00,'',952,445.00,445.00,445.00,445.00,0,0,0,445.00,26700.00,0.00,0.00,0.00,0.00,445.00,445.00,445.00),
(176,'00936',90,102,936,75.00,310.00,23250.00,0.00,'',936,310.00,310.00,310.00,310.00,0,0,0,310.00,23250.00,0.00,0.00,0.00,0.00,310.00,310.00,310.00),
(177,'00895',90,102,895,2.00,280.00,560.00,0.00,'',895,280.00,280.00,280.00,280.00,0,0,0,280.00,560.00,0.00,0.00,0.00,0.00,280.00,280.00,280.00),
(178,'00948',91,119,948,13.00,250.00,3250.00,0.00,'',948,250.00,272.80,250.00,272.80,0,0,0,250.00,3250.00,0.00,0.00,0.00,0.00,250.00,272.80,250.00),
(179,'00757',92,9,757,3.00,200.00,600.00,0.00,'',757,200.00,200.00,200.00,200.00,0,0,0,200.00,600.00,0.00,0.00,0.00,0.00,200.00,200.00,200.00),
(180,'00774',92,9,774,1.00,245.00,245.00,0.00,'',774,245.00,245.00,245.00,245.00,0,0,0,245.00,245.00,0.00,0.00,0.00,0.00,245.00,245.00,245.00),
(181,'00944',93,23,944,6.00,620.00,3720.00,0.00,'',944,620.00,620.00,620.00,620.00,0,0,0,620.00,3720.00,0.00,0.00,0.00,0.00,620.00,620.00,620.00),
(182,'00757',94,9,757,7.00,200.00,1400.00,0.00,'',757,200.00,200.00,200.00,200.00,0,0,0,200.00,1400.00,0.00,0.00,0.00,0.00,200.00,200.00,200.00),
(183,'00821',94,9,821,1.00,350.00,350.00,0.00,'',821,350.00,350.00,350.00,350.00,0,0,0,350.00,350.00,0.00,0.00,0.00,0.00,350.00,350.00,350.00),
(184,'00774',95,9,774,1.00,245.00,245.00,0.00,'',774,245.00,245.00,245.00,245.00,0,0,0,245.00,245.00,0.00,0.00,0.00,0.00,245.00,245.00,245.00),
(185,'00990',96,8,990,612.00,117.00,71604.00,0.00,'',990,117.00,117.00,117.00,117.00,0,0,0,117.00,71604.00,0.00,0.00,0.00,0.00,117.00,0.00,117.00),
(186,'00991',96,8,991,204.00,135.00,27540.00,0.00,'',991,135.00,135.00,135.00,135.00,0,0,0,135.00,27540.00,0.00,0.00,0.00,0.00,135.00,135.00,135.00),
(187,'00992',96,8,992,102.00,180.00,18360.00,0.00,'',992,180.00,180.00,180.00,180.00,0,0,0,180.00,18360.00,0.00,0.00,0.00,0.00,180.00,0.00,180.00),
(188,'00993',96,8,993,102.00,175.50,17901.00,0.00,'',993,175.50,175.50,175.50,175.50,0,0,0,175.50,17901.00,0.00,0.00,0.00,0.00,175.50,0.00,175.50),
(189,'00832',97,23,832,12.00,240.00,2880.00,0.00,'',832,240.00,227.14,240.00,227.14,0,0,0,240.00,2880.00,0.00,0.00,0.00,0.00,240.00,227.14,240.00),
(190,'01016',98,15,1016,220.00,175.00,38500.00,0.00,'',1016,175.00,175.00,175.00,175.00,0,0,0,175.00,38500.00,0.00,0.00,0.00,0.00,175.00,175.00,175.00),
(191,'00519',99,9,519,9.00,200.00,1800.00,0.00,'',519,200.00,185.00,200.00,185.00,0,0,0,200.00,1800.00,0.00,0.00,0.00,0.00,200.00,185.00,200.00),
(192,'00811',99,9,811,6.00,370.00,2220.00,0.00,'',811,370.00,370.00,370.00,370.00,0,0,0,370.00,2220.00,0.00,0.00,0.00,0.00,370.00,370.00,370.00),
(193,'00574',99,9,574,1.00,260.00,260.00,0.00,'',574,260.00,260.00,260.00,260.00,0,0,0,260.00,260.00,0.00,0.00,0.00,0.00,260.00,260.00,260.00),
(194,'01071',100,131,1071,114.00,165.00,18810.00,0.00,'',1071,165.00,165.00,181.50,103.71,0,0,0,165.00,18810.00,0.00,0.00,0.00,0.00,165.00,165.00,181.50),
(195,'01072',100,131,1072,15.00,210.00,3150.00,0.00,'',1072,210.00,210.00,231.00,84.00,0,0,0,210.00,3150.00,0.00,0.00,0.00,0.00,210.00,210.00,231.00),
(196,'01099',100,131,1099,205.00,300.00,61500.00,0.00,'',1099,300.00,300.00,330.00,300.00,0,0,0,300.00,61500.00,0.00,0.00,0.00,0.00,300.00,0.00,330.00),
(197,'01108',101,123,1108,200.00,120.00,24000.00,0.00,'',1108,120.00,120.00,120.00,120.00,0,0,0,120.00,24000.00,0.00,0.00,0.00,0.00,120.00,0.00,120.00),
(198,'01194',102,1,1194,124.00,205.00,25420.00,0.00,'',1194,205.00,205.00,205.00,205.00,0,0,0,205.00,25420.00,0.00,0.00,0.00,0.00,205.00,0.00,205.00),
(199,'01255',103,151,1255,60.00,280.00,16800.00,0.00,'',1255,280.00,280.00,308.00,280.00,0,0,0,280.00,16800.00,0.00,0.00,0.00,0.00,280.00,0.00,308.00),
(200,'01244',104,150,1244,30.00,240.00,7200.00,0.00,'',1244,240.00,240.00,240.00,240.00,0,0,0,240.00,7200.00,0.00,0.00,0.00,0.00,240.00,240.00,240.00),
(201,'01245',104,150,1245,30.00,240.00,7200.00,0.00,'',1245,240.00,240.00,240.00,240.00,0,0,0,240.00,7200.00,0.00,0.00,0.00,0.00,240.00,240.00,240.00),
(202,'01246',104,150,1246,30.00,240.00,7200.00,0.00,'',1246,240.00,240.00,240.00,240.00,0,0,0,240.00,7200.00,0.00,0.00,0.00,0.00,240.00,240.00,240.00),
(203,'01247',104,150,1247,21.00,240.00,5040.00,0.00,'',1247,240.00,240.00,240.00,240.00,0,0,0,240.00,5040.00,0.00,0.00,0.00,0.00,240.00,240.00,240.00),
(204,'01248',104,150,1248,32.00,240.00,7680.00,0.00,'',1248,240.00,240.00,240.00,240.00,0,0,0,240.00,7680.00,0.00,0.00,0.00,0.00,240.00,240.00,240.00),
(205,'01249',104,150,1249,32.00,240.00,7680.00,0.00,'',1249,240.00,240.00,240.00,240.00,0,0,0,240.00,7680.00,0.00,0.00,0.00,0.00,240.00,240.00,240.00),
(206,'01250',104,150,1250,15.00,650.00,9750.00,0.00,'',1250,650.00,650.00,650.00,650.00,0,0,0,650.00,9750.00,0.00,0.00,0.00,0.00,650.00,650.00,650.00),
(207,'01251',104,150,1251,15.00,650.00,9750.00,0.00,'',1251,650.00,650.00,650.00,650.00,0,0,0,650.00,9750.00,0.00,0.00,0.00,0.00,650.00,650.00,650.00),
(208,'01252',104,150,1252,15.00,600.00,9000.00,0.00,'',1252,600.00,600.00,600.00,600.00,0,0,0,600.00,9000.00,0.00,0.00,0.00,0.00,600.00,600.00,600.00),
(209,'01294',105,91,1294,300.00,135.00,40500.00,0.00,'',1294,135.00,135.00,148.50,135.00,0,0,0,135.00,40500.00,0.00,0.00,0.00,0.00,135.00,0.00,148.50),
(210,'01295',105,91,1295,300.00,125.00,37500.00,0.00,'',1295,125.00,125.00,137.50,125.00,0,0,0,125.00,37500.00,0.00,0.00,0.00,0.00,125.00,0.00,137.50),
(211,'01281',106,125,1281,300.00,100.00,30000.00,0.00,'',1281,100.00,100.00,100.00,100.00,0,0,0,100.00,30000.00,0.00,0.00,0.00,0.00,100.00,0.00,100.00),
(212,'01324',107,156,1324,60.00,285.00,17100.00,0.00,'',1324,285.00,285.00,285.00,285.00,0,0,0,285.00,17100.00,0.00,0.00,0.00,0.00,285.00,285.00,285.00),
(213,'01200',108,131,1200,10.00,150.00,1500.00,0.00,'',1200,150.00,150.00,150.00,126.67,0,0,0,150.00,1500.00,0.00,0.00,0.00,0.00,150.00,150.00,150.00),
(214,'01342',109,152,1342,23.00,300.00,6900.00,0.00,'',1342,300.00,300.00,300.00,300.00,0,0,0,300.00,6900.00,0.00,0.00,0.00,0.00,300.00,300.00,300.00),
(215,'01115',110,133,1115,9.00,100.00,900.00,0.00,'',1115,100.00,99.34,100.00,98.82,0,0,0,100.00,900.00,0.00,0.00,0.00,0.00,100.00,99.34,100.00),
(216,'00886',111,114,886,12.00,90.00,1080.00,0.00,'',886,90.00,78.33,90.00,78.33,0,0,0,90.00,1080.00,0.00,0.00,0.00,0.00,90.00,66.66,90.00),
(217,'01294',112,91,1294,220.00,135.00,29700.00,0.00,'',1294,135.00,135.00,135.00,135.00,0,0,0,135.00,29700.00,0.00,0.00,0.00,0.00,135.00,135.00,135.00),
(218,'01295',112,91,1295,225.00,125.00,28125.00,0.00,'',1295,125.00,125.00,125.00,125.00,0,0,0,125.00,28125.00,0.00,0.00,0.00,0.00,125.00,125.00,125.00),
(219,'01295',113,91,1295,6.00,125.00,750.00,0.00,'',1295,125.00,125.00,125.00,125.00,0,0,0,125.00,750.00,0.00,0.00,0.00,0.00,125.00,0.00,125.00),
(220,'01255',114,151,1255,54.00,280.00,15120.00,0.00,'',1255,280.00,280.00,280.00,280.00,0,0,0,280.00,15120.00,0.00,0.00,0.00,0.00,280.00,0.00,280.00),
(221,'01257',114,151,1257,56.00,190.00,10640.00,0.00,'',1257,190.00,190.00,190.00,95.00,0,0,0,190.00,10640.00,0.00,0.00,0.00,0.00,190.00,190.00,190.00),
(222,'01258',114,151,1258,101.00,225.00,22725.00,0.00,'',1258,225.00,225.00,225.00,365.63,0,0,0,225.00,22725.00,0.00,0.00,0.00,0.00,225.00,225.00,225.00),
(223,'01256',114,151,1256,9.00,300.00,2700.00,0.00,'',1256,300.00,300.00,300.00,300.00,0,0,0,300.00,2700.00,0.00,0.00,0.00,0.00,300.00,300.00,300.00),
(224,'01318',115,155,1318,113.00,135.00,15255.00,0.00,'',1318,135.00,135.00,135.00,135.00,0,0,0,135.00,15255.00,0.00,0.00,0.00,0.00,135.00,0.00,135.00),
(225,'01319',115,155,1319,60.00,230.00,13800.00,0.00,'',1319,230.00,230.00,230.00,230.00,0,0,0,230.00,13800.00,0.00,0.00,0.00,0.00,230.00,0.00,230.00),
(226,'01282',116,134,1282,145.00,95.00,13775.00,0.00,'',1282,95.00,95.00,95.00,95.00,0,0,0,95.00,13775.00,0.00,0.00,0.00,0.00,95.00,0.00,95.00),
(227,'01283',116,134,1283,252.00,120.00,30240.00,0.00,'',1283,120.00,120.00,120.00,120.00,0,0,0,120.00,30240.00,0.00,0.00,0.00,0.00,120.00,120.00,120.00),
(228,'01212',117,146,1212,132.00,110.00,14520.00,0.00,'',1212,110.00,139.44,110.00,104.11,0,0,0,110.00,14520.00,0.00,0.00,0.00,0.00,110.00,168.89,110.00),
(229,'01085',118,8,1085,75.00,220.00,16500.00,0.00,'',1085,220.00,215.46,220.00,181.38,0,0,0,220.00,16500.00,0.00,0.00,0.00,0.00,220.00,207.56,220.00),
(230,'01250',119,150,1250,12.00,650.00,7800.00,0.00,'',1250,650.00,650.00,650.00,650.00,0,0,0,650.00,7800.00,0.00,0.00,0.00,0.00,650.00,0.00,650.00),
(231,'01251',119,150,1251,15.00,650.00,9750.00,0.00,'',1251,650.00,650.00,650.00,650.00,0,0,0,650.00,9750.00,0.00,0.00,0.00,0.00,650.00,0.00,650.00),
(232,'01252',119,150,1252,15.00,600.00,9000.00,0.00,'',1252,600.00,600.00,600.00,600.00,0,0,0,600.00,9000.00,0.00,0.00,0.00,0.00,600.00,0.00,600.00),
(233,'01247',119,150,1247,24.00,240.00,5760.00,0.00,'',1247,240.00,240.00,240.00,240.00,0,0,0,240.00,5760.00,0.00,0.00,0.00,0.00,240.00,240.00,240.00),
(234,'01248',119,150,1248,32.00,240.00,7680.00,0.00,'',1248,240.00,240.00,240.00,240.00,0,0,0,240.00,7680.00,0.00,0.00,0.00,0.00,240.00,240.00,240.00),
(235,'01249',119,150,1249,20.00,240.00,4800.00,0.00,'',1249,240.00,240.00,240.00,240.00,0,0,0,240.00,4800.00,0.00,0.00,0.00,0.00,240.00,240.00,240.00),
(236,'01443',120,164,1443,200.00,250.00,50000.00,0.00,'',1443,250.00,250.00,250.00,250.00,0,0,0,250.00,50000.00,0.00,0.00,0.00,0.00,250.00,0.00,250.00),
(237,'01444',120,164,1444,168.00,250.00,42000.00,0.00,'',1444,250.00,250.00,250.00,250.00,0,0,0,250.00,42000.00,0.00,0.00,0.00,0.00,250.00,0.00,250.00),
(238,'01445',120,164,1445,368.00,250.00,92000.00,0.00,'',1445,250.00,250.00,250.00,250.00,0,0,0,250.00,92000.00,0.00,0.00,0.00,0.00,250.00,250.00,250.00),
(239,'01446',120,164,1446,200.00,235.00,47000.00,0.00,'',1446,235.00,235.00,235.00,235.00,0,0,0,235.00,47000.00,0.00,0.00,0.00,0.00,235.00,235.00,235.00),
(240,'01340',121,17,1340,111.00,215.00,23865.00,0.00,'',1340,215.00,215.00,236.50,277.23,0,0,0,215.00,23865.00,0.00,0.00,0.00,0.00,215.00,215.00,236.50),
(241,'01024',121,17,1024,162.00,120.00,19440.00,0.00,'',1024,120.00,120.00,132.00,174.48,0,0,0,120.00,19440.00,0.00,0.00,0.00,0.00,120.00,120.00,132.00),
(242,'01024',122,17,1024,6.00,120.00,720.00,0.00,'',1024,120.00,120.00,120.00,168.75,0,0,0,120.00,720.00,0.00,0.00,0.00,0.00,120.00,120.00,120.00),
(243,'01119',123,134,1119,281.00,140.00,39340.00,0.00,'',1119,140.00,140.00,140.00,140.00,0,0,0,140.00,39340.00,0.00,0.00,0.00,0.00,140.00,140.00,140.00),
(244,'01282',123,134,1282,37.00,95.00,3515.00,0.00,'',1282,95.00,95.00,95.00,95.00,0,0,0,95.00,3515.00,0.00,0.00,0.00,0.00,95.00,95.00,95.00),
(245,'01071',124,131,1071,111.00,165.00,18315.00,0.00,'',1071,165.00,165.00,181.49,408.15,0,0,0,165.00,18315.00,0.00,0.00,0.00,0.00,165.00,165.00,181.49),
(246,'01270',1,4,24,143.00,270.00,38610.00,0.00,'',24,270.00,270.00,270.00,270.00,0,0,0,270.00,38610.00,0.00,0.00,0.00,0.00,270.00,270.00,270.00),
(247,'00027',1,4,27,80.00,260.00,20800.00,0.00,'',27,260.00,260.00,260.00,260.00,0,0,0,260.00,20800.00,0.00,0.00,0.00,0.00,260.00,260.00,260.00),
(248,'01361',1,4,28,36.00,260.00,9360.00,0.00,'',28,260.00,260.00,260.00,260.00,0,0,0,260.00,9360.00,0.00,0.00,0.00,0.00,260.00,260.00,260.00),
(249,'01420',1,4,25,36.00,255.00,9180.00,0.00,'',25,255.00,255.00,255.00,255.00,0,0,0,255.00,9180.00,0.00,0.00,0.00,0.00,255.00,255.00,255.00);

--
-- Table structure for table `returnsellbill`
--

CREATE TABLE `returnsellbill` (
  `returnsellbillid` int(11) NOT NULL AUTO_INCREMENT,
  `returnsellbilldate` datetime DEFAULT NULL,
  `returnsellbillserial` varchar(5000) DEFAULT NULL,
  `returnsellbillclientid` int(11) NOT NULL,
  `returnsellbilltotaldeptbefor` decimal(10,2) NOT NULL,
  `returnsellbilltotaldeptafter` decimal(10,2) NOT NULL,
  `returnsellbilldiscount` varchar(255) NOT NULL DEFAULT '',
  `returnsellbilldiscounttype` int(11) NOT NULL DEFAULT 1 COMMENT '1 for direct- 2 for percent',
  `returnsellbilltotalbill` decimal(10,2) NOT NULL,
  `returnsellbillaftertotalbill` decimal(10,2) NOT NULL,
  `returnsellbilltotalpayed` decimal(10,2) NOT NULL,
  `returnsellbillfinalbill` decimal(10,2) NOT NULL,
  `returnsellbillstoreid` int(11) NOT NULL,
  `returnsellbillsysdate` datetime NOT NULL,
  `comment` text NOT NULL,
  `userid` int(11) NOT NULL,
  `conditions` int(11) NOT NULL DEFAULT 0,
  `returnsellbillclientname` text NOT NULL,
  `returnsellbillsaveid` int(11) NOT NULL,
  `returnsellbildirectpayment` int(11) NOT NULL DEFAULT 0,
  `billnameid` int(11) NOT NULL,
  `sellerid` int(11) NOT NULL,
  `tempclientName` varchar(255) NOT NULL,
  `returnsellQuantity` decimal(10,2) NOT NULL,
  `deletedsellid` int(11) NOT NULL DEFAULT 0,
  `controlname` varchar(255) NOT NULL DEFAULT '0',
  `tax` decimal(10,2) NOT NULL DEFAULT 0.00,
  `carnumber` varchar(255) NOT NULL,
  `cartype` varchar(255) NOT NULL,
  `carchase` varchar(255) NOT NULL,
  `carmotor` varchar(255) NOT NULL,
  `costcenterid` int(11) DEFAULT NULL,
  `dailyentryid` varchar(100) NOT NULL DEFAULT '',
  `delbyuserid` int(11) NOT NULL DEFAULT 0,
  `lastReviewType` tinyint(4) NOT NULL DEFAULT 0,
  `lastReviewUser` int(11) DEFAULT NULL,
  `lastReviewDateTime` datetime DEFAULT NULL,
  `billReservation` tinyint(4) NOT NULL DEFAULT 0,
  `billReservationDate` date NOT NULL,
  `visaAccountId` int(11) NOT NULL DEFAULT 0,
  `cashPayed` decimal(10,2) NOT NULL,
  `visaPayed` decimal(10,2) NOT NULL,
  `isBankAccountTransfer` tinyint(4) NOT NULL DEFAULT 0,
  `extraDiscountPer` float NOT NULL DEFAULT 0,
  `extraDiscountVal` float NOT NULL DEFAULT 0,
  `taxOfDiscountPer` float NOT NULL DEFAULT 0,
  `taxOfDiscountVal` float NOT NULL DEFAULT 0,
  `autoSaveFlag` tinyint(4) NOT NULL DEFAULT 0 COMMENT '0 completed in sellbillcontrol, 1 not completed still temp saved in ajax',
  `obgyBillType` tinyint(4) NOT NULL DEFAULT 0,
  `billoperationid` int(11) NOT NULL DEFAULT 0,
  `obygyVisitId` int(11) DEFAULT 0 COMMENT 'has id of refund visitid not main visit id we making refund on it',
  `pricetype` tinyint(4) NOT NULL DEFAULT 0,
  `currencyId` int(11) NOT NULL DEFAULT 1,
  `sellbillno` varchar(255) DEFAULT NULL,
  `returnsellbilltypeclientid` int(11) NOT NULL DEFAULT 0,
  PRIMARY KEY (`returnsellbillid`),
  KEY `returnsellbilldate` (`returnsellbilldate`),
  KEY `returnsellbillclientid` (`returnsellbillclientid`),
  KEY `obgyBillType` (`obgyBillType`),
  KEY `pricetype` (`pricetype`),
  KEY `returnsellbillstoreid` (`returnsellbillstoreid`),
  KEY `sellerid` (`sellerid`),
  KEY `userid` (`userid`),
  KEY `conditions` (`conditions`)
) ENGINE=InnoDB AUTO_INCREMENT=6 DEFAULT CHARSET=utf8mb3 COLLATE=utf8mb3_general_ci;

--
-- Dumping data for table `returnsellbill`
--

INSERT INTO `returnsellbill` VALUES
(1,'2026-05-04 11:58:12','069f85fa4c8af6',1,0.00,0.00,'0',1,1200.00,1200.00,-1200.00,0.00,1,'2026-05-04 12:02:53','',11,0,'نقدي',5,0,5,0,'نقدي',4.00,0,'0',0.00,'','','','',-1,'204,0,205',0,0,NULL,NULL,0,'0000-00-00',0,-1200.00,0.00,0,0,0,0,0,0,0,-1,0,0,1,'',0),
(2,'2026-05-04 12:46:31','069f86af77533c',1,0.00,0.00,'0',1,460.00,460.00,-460.00,0.00,1,'2026-05-04 12:47:00','',11,0,'نقدي',5,0,5,0,'نقدي',2.00,0,'0',0.00,'','','','',-1,'219,0,220',0,0,NULL,NULL,0,'0000-00-00',0,-460.00,0.00,0,0,0,0,0,0,0,-1,0,0,1,'',0),
(3,'2026-05-04 12:47:00','069f86b1445916',1,0.00,0.00,'0',1,150.00,150.00,-150.00,0.00,1,'2026-05-04 12:48:15','',11,0,'نقدي',5,0,5,0,'نقدي',1.00,0,'0',0.00,'','','','',-1,'221,0,222',0,0,NULL,NULL,0,'0000-00-00',0,-150.00,0.00,0,0,0,0,0,0,0,-1,0,0,1,'',0),
(4,'2026-05-04 13:19:09','069f8729d42a4f',1,0.00,0.00,'0',1,1725.00,1725.00,-1725.00,0.00,1,'2026-05-04 13:19:55','',11,0,'نقدي',5,0,5,0,'نقدي',15.00,0,'0',0.00,'','','','',-1,'238,0,239',0,0,NULL,NULL,0,'0000-00-00',0,-1725.00,0.00,0,0,0,0,0,0,0,-1,0,0,1,'',0),
(5,'2026-05-05 17:35:32','069fa00344d6a1',1,0.00,0.00,'0',1,1680.00,1680.00,-1680.00,0.00,1,'2026-05-05 17:36:26','',11,0,'نقدي',5,0,5,0,'نقدي',6.00,0,'0',0.00,'','','','',-1,'324,0,325',0,0,NULL,NULL,0,'0000-00-00',0,-1680.00,0.00,0,0,0,0,0,0,0,-1,0,0,1,'',0);

--
-- Table structure for table `returnsellbillcurr`
--

CREATE TABLE `returnsellbillcurr` (
  `id` int(11) NOT NULL AUTO_INCREMENT,
  `returnsellbillid` int(11) NOT NULL,
  `conversionFactor` float NOT NULL,
  `returnsellbilldiscountC` varchar(255) NOT NULL,
  `returnsellbilltotalbillC` decimal(10,2) NOT NULL,
  `returnsellbillaftertotalbillC` decimal(10,2) NOT NULL,
  `returnsellbilltotalpayedC` decimal(10,2) NOT NULL,
  `returnsellbillfinalbillC` decimal(10,2) NOT NULL,
  `returnsellbildirectpaymentC` int(11) NOT NULL,
  `taxC` decimal(10,2) NOT NULL,
  `cashPayedC` decimal(10,2) NOT NULL,
  `visaPayedC` decimal(10,2) NOT NULL,
  `extraDiscountValC` float NOT NULL,
  `taxOfDiscountValC` float NOT NULL,
  `saveConversionFactor` float NOT NULL,
  PRIMARY KEY (`id`)
) ENGINE=InnoDB DEFAULT CHARSET=latin1 COLLATE=latin1_swedish_ci;

--
-- Dumping data for table `returnsellbillcurr`
--


--
-- Table structure for table `returnsellbilldetail`
--

CREATE TABLE `returnsellbilldetail` (
  `returnsellbilldetailid` int(11) NOT NULL AUTO_INCREMENT,
  `buyprice` decimal(10,2) NOT NULL,
  `parcode` varchar(256) NOT NULL DEFAULT '',
  `returnsellbillid` int(11) NOT NULL,
  `returnsellbilldetailcatid` int(11) NOT NULL,
  `returnsellbilldetailproductid` int(11) NOT NULL,
  `returnsellbilldetailquantity` decimal(10,2) NOT NULL,
  `returnsellbilldetailprice` decimal(10,2) NOT NULL,
  `returnsellbilldetailtotalprice` decimal(10,2) NOT NULL,
  `conditions` decimal(10,2) NOT NULL,
  `note` varchar(256) DEFAULT NULL,
  `pricetype` tinyint(4) NOT NULL DEFAULT 0,
  `discountvalue` decimal(10,2) NOT NULL,
  `productunitid` int(11) NOT NULL,
  `buydiscount` decimal(10,2) NOT NULL,
  `buydiscounttype` int(11) NOT NULL,
  `storeid` int(11) NOT NULL DEFAULT 0,
  `discounttype` decimal(10,2) NOT NULL DEFAULT 0.00 COMMENT 'discount percentage like 5%',
  `lastbuyprice` decimal(10,2) DEFAULT NULL,
  `meanbuyprice` decimal(10,2) DEFAULT NULL,
  `lastbuyprice_withDiscount` decimal(10,2) DEFAULT NULL,
  `meanbuyprice_withDiscount` decimal(10,2) DEFAULT NULL,
  `scunitqty` int(11) NOT NULL DEFAULT 0,
  `otherdetailquantity` int(11) NOT NULL DEFAULT 0,
  `sizeid` int(11) NOT NULL DEFAULT 0,
  `colorid` int(11) NOT NULL DEFAULT 0,
  `pricetypepro` tinyint(4) NOT NULL DEFAULT 0,
  `proHeight` float NOT NULL DEFAULT 0,
  `proWidth` float NOT NULL DEFAULT 0,
  `soldSerialsInDetails` text NOT NULL,
  `lastbuyprice_withTax` decimal(10,2) DEFAULT NULL,
  `meanbuyprice_withTax` decimal(10,2) DEFAULT NULL,
  `returnsellbilldetailpriceC` decimal(10,2) NOT NULL,
  `returnsellbilldetailtotalpriceC` decimal(10,2) NOT NULL,
  `discountvalueC` decimal(10,2) NOT NULL,
  `proSellTrackingSerial` varchar(50) NOT NULL DEFAULT '',
  `lastbuyprice_withDiscountAndTax` decimal(10,2) DEFAULT NULL,
  PRIMARY KEY (`returnsellbilldetailid`),
  KEY `returnsellbillid` (`returnsellbillid`),
  KEY `returnsellbilldetailproductid` (`returnsellbilldetailproductid`)
) ENGINE=InnoDB AUTO_INCREMENT=6 DEFAULT CHARSET=utf8mb3 COLLATE=utf8mb3_general_ci;

--
-- Dumping data for table `returnsellbilldetail`
--

INSERT INTO `returnsellbilldetail` VALUES
(1,280.00,'00127',1,29,127,4.00,300.00,1200.00,0.00,'',0,0.00,127,0.00,-1,1,0.00,280.00,280.00,280.00,280.00,0,0,0,0,0,1,1,'',280.00,280.00,300.00,1200.00,0.00,'',280.00),
(2,215.00,'00128',2,29,128,2.00,230.00,460.00,0.00,'',0,0.00,128,0.00,-1,1,0.00,215.00,215.00,215.00,215.00,0,0,0,0,0,1,1,'',215.00,215.00,230.00,460.00,0.00,'',215.00),
(3,135.00,'01470',3,1,124,1.00,150.00,150.00,0.00,'',0,0.00,124,0.00,-1,1,0.00,135.00,135.00,135.00,135.00,0,0,0,0,0,1,1,'',135.00,135.00,150.00,150.00,0.00,'',135.00),
(4,115.00,'01335',4,3,19,15.00,115.00,1725.00,0.00,'',0,0.00,19,0.00,-1,1,0.00,115.00,115.00,115.00,115.00,0,0,0,0,0,1,1,'',115.00,115.00,115.00,1725.00,0.00,'',115.00),
(5,260.00,'01375',5,18,91,6.00,280.00,1680.00,0.00,'',0,0.00,91,0.00,-1,1,0.00,260.00,260.00,260.00,260.00,0,0,0,0,0,1,1,'',260.00,260.00,280.00,1680.00,0.00,'',260.00);

--
-- Table structure for table `returnsellbillreview`
--

CREATE TABLE `returnsellbillreview` (
  `id` int(11) NOT NULL AUTO_INCREMENT,
  `billid` int(11) NOT NULL,
  `reviewType` tinyint(4) NOT NULL COMMENT '0 cancel review , 1 reviewed',
  `reviewComment` text CHARACTER SET utf8mb4 COLLATE utf8mb4_unicode_ci NOT NULL,
  `reviewuserid` int(11) NOT NULL,
  `sysdate` datetime NOT NULL,
  `del` tinyint(4) NOT NULL COMMENT '0 not del , 1 del',
  PRIMARY KEY (`id`)
) ENGINE=InnoDB DEFAULT CHARSET=latin1 COLLATE=latin1_swedish_ci;

--
-- Dumping data for table `returnsellbillreview`
--


--
-- Table structure for table `richproperity`
--

CREATE TABLE `richproperity` (
  `id` int(11) NOT NULL AUTO_INCREMENT,
  `name` varchar(255) NOT NULL,
  `parentid` int(11) NOT NULL,
  `url` varchar(255) NOT NULL,
  `defaultval` int(11) NOT NULL,
  `showit` int(11) NOT NULL,
  `displayorder` int(11) NOT NULL,
  `groupid` int(11) NOT NULL,
  PRIMARY KEY (`id`)
) ENGINE=InnoDB DEFAULT CHARSET=latin1 COLLATE=latin1_swedish_ci;

--
-- Dumping data for table `richproperity`
--


--
-- Table structure for table `salaryreport`
--

CREATE TABLE `salaryreport` (
  `salaryreportid` int(11) NOT NULL AUTO_INCREMENT,
  `employeeid` int(11) NOT NULL,
  `salaryreportdate` datetime NOT NULL,
  `userid` int(11) NOT NULL,
  `salaryreportsalary` decimal(10,2) NOT NULL,
  `salaryreportdiscount` decimal(10,2) DEFAULT NULL,
  `salaryreportbouns` decimal(10,2) DEFAULT NULL,
  `salaryreportwithdrawal` decimal(10,2) DEFAULT NULL,
  `salaryreportnet` decimal(10,2) NOT NULL,
  `salarymonthdate` varchar(255) NOT NULL,
  `salarymonth` varchar(255) NOT NULL,
  `Repayment` decimal(10,2) NOT NULL,
  `Absence` decimal(10,2) NOT NULL,
  `Reward` decimal(10,2) NOT NULL,
  `conditions` int(11) NOT NULL DEFAULT 0 COMMENT '1 for del 0 for notdel',
  `costcenterid` int(11) DEFAULT 0,
  `dailyentryid` int(11) NOT NULL DEFAULT 0,
  `saveid` int(11) NOT NULL DEFAULT 0,
  `permission` decimal(10,2) NOT NULL,
  `allLeave` decimal(10,2) NOT NULL,
  PRIMARY KEY (`salaryreportid`)
) ENGINE=InnoDB DEFAULT CHARSET=utf8mb3 COLLATE=utf8mb3_general_ci;

--
-- Dumping data for table `salaryreport`
--


--
-- Table structure for table `save`
--

CREATE TABLE `save` (
  `saveid` int(11) NOT NULL AUTO_INCREMENT,
  `savename` varchar(256) NOT NULL,
  `savecurrentvalue` decimal(15,2) NOT NULL DEFAULT 0.00,
  `savedetails` text DEFAULT NULL,
  `savedate` datetime NOT NULL,
  `conditions` int(11) NOT NULL DEFAULT 0 COMMENT '0 for not deleted- 1 for deleted',
  `userid` int(11) NOT NULL,
  `currencyId` int(11) NOT NULL DEFAULT 1,
  `sortby` int(11) NOT NULL DEFAULT 0,
  `treeId` int(11) NOT NULL DEFAULT 0,
  `saveTreeParentType` tinyint(4) NOT NULL DEFAULT 0,
  `inUse` tinyint(4) NOT NULL DEFAULT 0 COMMENT '0 free - 1 in use means to stop changing debt till it is free again',
  `webApiId` int(11) NOT NULL DEFAULT 0,
  `savetypeid` int(11) DEFAULT NULL,
  PRIMARY KEY (`saveid`)
) ENGINE=InnoDB AUTO_INCREMENT=6 DEFAULT CHARSET=utf8mb3 COLLATE=utf8mb3_general_ci;

--
-- Dumping data for table `save`
--

INSERT INTO `save` VALUES
(1,'الخزنة الرئيسية',-112810.00,'','2025-04-06 00:00:00',0,1,1,0,383,0,0,0,NULL),
(3,'خزنه ÙوداÙون كاش',0.00,'','2025-04-12 14:42:55',0,2,1,2,432,0,0,0,0),
(4,'خزنة جينز',0.00,'','2026-04-25 19:28:17',0,1,1,0,1050,0,0,0,0),
(5,'خزنة تيشرت',231260.00,'','2026-04-25 19:28:58',0,1,1,0,1051,0,0,0,0);

--
-- Table structure for table `saveclose`
--

CREATE TABLE `saveclose` (
  `savecloseid` int(11) NOT NULL AUTO_INCREMENT,
  `saveidfrom` int(11) NOT NULL,
  `saveidto` int(11) NOT NULL,
  `saveclosevalue` decimal(10,2) NOT NULL,
  `saveclosedate` date NOT NULL,
  `userid` int(11) NOT NULL,
  `conditions` int(11) NOT NULL DEFAULT 0,
  `dailyentryid` int(11) NOT NULL DEFAULT 0,
  `comment` varchar(255) DEFAULT NULL,
  `currencyId` int(11) NOT NULL,
  `conversionFactor` float NOT NULL,
  `conversionFactorFrom` float NOT NULL,
  `conversionFactorTo` float NOT NULL,
  `saveclosevalueInCurrency` decimal(10,2) NOT NULL,
  PRIMARY KEY (`savecloseid`)
) ENGINE=InnoDB DEFAULT CHARSET=utf8mb3 COLLATE=utf8mb3_general_ci;

--
-- Dumping data for table `saveclose`
--


--
-- Table structure for table `savedaily`
--

CREATE TABLE `savedaily` (
  `savedailyid` int(11) NOT NULL AUTO_INCREMENT,
  `savedailysavebefore` decimal(15,2) NOT NULL,
  `savedailychangeamount` decimal(10,2) NOT NULL,
  `savedailychangetype` int(11) DEFAULT NULL COMMENT '0 for plus- 1 for minus',
  `saveid` int(11) NOT NULL,
  `processname` varchar(256) NOT NULL COMMENT 'name of the process',
  `savedailymodelid` int(11) NOT NULL COMMENT '0 => ',
  `savedailysaveafter` decimal(15,2) NOT NULL,
  `savedailydate` datetime NOT NULL,
  `userid` int(11) NOT NULL,
  `tablename` varchar(256) NOT NULL COMMENT 'table of this process',
  `clientid` int(11) DEFAULT 0,
  `note` text NOT NULL,
  `clientdebtchangeidfk` int(11) NOT NULL DEFAULT 0,
  PRIMARY KEY (`savedailyid`),
  KEY `saveid` (`saveid`)
) ENGINE=InnoDB AUTO_INCREMENT=69 DEFAULT CHARSET=utf8mb3 COLLATE=utf8mb3_general_ci;

--
-- Dumping data for table `savedaily`
--

INSERT INTO `savedaily` VALUES
(1,0.00,2940.00,0,5,'اضاÙة Ùاتورة مبيعات',1,2940.00,'2026-05-04 10:01:51',11,'sellbillController.php',2,'',0),
(2,2940.00,2700.00,0,5,'اضاÙة Ùاتورة مبيعات',2,5640.00,'2026-05-04 10:11:21',11,'sellbillController.php',1,'',0),
(3,5640.00,1200.00,0,5,'اضاÙة Ùاتورة مبيعات',3,6840.00,'2026-05-04 10:26:06',11,'sellbillController.php',1,'',0),
(4,6840.00,1350.00,0,5,'اضاÙة Ùاتورة مبيعات',4,8190.00,'2026-05-04 10:34:50',11,'sellbillController.php',1,'',0),
(5,8190.00,3600.00,0,5,'اضاÙة Ùاتورة مبيعات',5,11790.00,'2026-05-04 10:42:13',11,'sellbillController.php',1,'',0),
(6,11790.00,2385.00,0,5,'اضاÙة Ùاتورة مبيعات',6,14175.00,'2026-05-04 10:47:57',11,'sellbillController.php',3,'',0),
(7,14175.00,1500.00,0,5,'اضاÙة Ùاتورة مبيعات',7,15675.00,'2026-05-04 11:06:16',11,'sellbillController.php',4,'',0),
(8,15675.00,4000.00,0,5,'اضاÙة Ùاتورة مبيعات',8,19675.00,'2026-05-04 11:21:55',11,'sellbillController.php',5,'',0),
(9,19675.00,3280.00,0,5,'اضاÙة Ùاتورة مبيعات',9,22955.00,'2026-05-04 11:46:15',11,'sellbillController.php',1,'',0),
(10,22955.00,840.00,0,5,'اضاÙة Ùاتورة مبيعات',10,23795.00,'2026-05-04 11:46:47',11,'sellbillController.php',1,'',0),
(11,23795.00,5670.00,0,5,'اضاÙة Ùاتورة مبيعات',11,29465.00,'2026-05-04 11:54:12',11,'sellbillController.php',1,'',0),
(12,29465.00,-1200.00,1,5,'اضاÙة Ùاتورة مردوات مبيعات',1,28265.00,'2026-05-04 12:02:53',11,'returnsellbillController.php',1,'',0),
(13,28265.00,10500.00,0,5,'اضاÙة Ùاتورة مبيعات',12,38765.00,'2026-05-04 12:11:53',11,'sellbillController.php',6,'',0),
(14,38765.00,900.00,0,5,'اضاÙة Ùاتورة مبيعات',13,39665.00,'2026-05-04 12:15:28',11,'sellbillController.php',7,'',0),
(15,39665.00,1800.00,0,5,'اضاÙة Ùاتورة مبيعات',14,41465.00,'2026-05-04 12:18:50',11,'sellbillController.php',1,'',0),
(16,41465.00,1100.00,0,5,'اضاÙة Ùاتورة مبيعات',15,42565.00,'2026-05-04 12:30:29',11,'sellbillController.php',1,'',0),
(17,42565.00,1460.00,0,5,'اضاÙة Ùاتورة مبيعات',16,44025.00,'2026-05-04 12:35:44',11,'sellbillController.php',1,'',0),
(18,44025.00,-460.00,1,5,'اضاÙة Ùاتورة مردوات مبيعات',2,43565.00,'2026-05-04 12:47:00',11,'returnsellbillController.php',1,'',0),
(19,43565.00,-150.00,1,5,'اضاÙة Ùاتورة مردوات مبيعات',3,43415.00,'2026-05-04 12:48:15',11,'returnsellbillController.php',1,'',0),
(20,43415.00,2340.00,0,5,'اضاÙة Ùاتورة مبيعات',17,45755.00,'2026-05-04 12:50:49',11,'sellbillController.php',1,'',0),
(21,45755.00,2010.00,0,5,'اضاÙة Ùاتورة مبيعات',18,47765.00,'2026-05-04 12:51:41',11,'sellbillController.php',1,'',0),
(22,47765.00,600.00,0,5,'اضاÙة Ùاتورة مبيعات',19,48365.00,'2026-05-04 13:02:29',11,'sellbillController.php',1,'',0),
(23,48365.00,5280.00,0,5,'اضاÙة Ùاتورة مبيعات',20,53645.00,'2026-05-04 13:08:34',11,'sellbillController.php',1,'',0),
(24,53645.00,6510.00,0,5,'اضاÙة Ùاتورة مبيعات',21,60155.00,'2026-05-04 13:13:00',11,'sellbillController.php',8,'',0),
(25,60155.00,3345.00,0,5,'اضاÙة Ùاتورة مبيعات',22,63500.00,'2026-05-04 13:16:45',11,'sellbillController.php',9,'',0),
(26,63500.00,-1725.00,1,5,'اضاÙة Ùاتورة مردوات مبيعات',4,61775.00,'2026-05-04 13:19:55',11,'returnsellbillController.php',1,'',0),
(27,61775.00,1800.00,0,5,'اضاÙة Ùاتورة مبيعات',23,63575.00,'2026-05-04 13:21:04',11,'sellbillController.php',1,'',0),
(28,63575.00,2860.00,0,5,'اضاÙة Ùاتورة مبيعات',24,66435.00,'2026-05-04 14:29:25',11,'sellbillController.php',1,'',0),
(29,66435.00,2010.00,0,5,'اضاÙة Ùاتورة مبيعات',25,68445.00,'2026-05-04 14:38:46',11,'sellbillController.php',1,'',0),
(30,68445.00,3300.00,0,5,'اضاÙة Ùاتورة مبيعات',26,71745.00,'2026-05-04 15:08:07',11,'sellbillController.php',10,'',0),
(31,71745.00,3390.00,0,5,'اضاÙة Ùاتورة مبيعات',27,75135.00,'2026-05-04 15:10:58',11,'sellbillController.php',1,'',0),
(32,75135.00,2730.00,0,5,'اضاÙة Ùاتورة مبيعات',28,77865.00,'2026-05-04 15:40:55',11,'sellbillController.php',1,'',0),
(33,77865.00,960.00,0,5,'اضاÙة Ùاتورة مبيعات',29,78825.00,'2026-05-04 15:51:39',11,'sellbillController.php',1,'',0),
(34,78825.00,900.00,0,5,'اضاÙة Ùاتورة مبيعات',30,79725.00,'2026-05-04 16:37:37',11,'sellbillController.php',1,'',0),
(35,79725.00,1020.00,0,5,'اضاÙة Ùاتورة مبيعات',31,80745.00,'2026-05-04 16:39:45',11,'sellbillController.php',1,'',0),
(36,80745.00,14730.00,0,5,'اضاÙة Ùاتورة مبيعات',32,95475.00,'2026-05-04 16:42:10',11,'sellbillController.php',11,'',0),
(37,95475.00,1350.00,0,5,'اضاÙة Ùاتورة مبيعات',33,96825.00,'2026-05-04 17:19:21',11,'sellbillController.php',1,'',0),
(38,96825.00,3090.00,0,5,'اضاÙة Ùاتورة مبيعات',34,99915.00,'2026-05-04 18:41:07',11,'sellbillController.php',12,'',0),
(39,99915.00,1510.00,0,5,'اضاÙة Ùاتورة مبيعات',35,101425.00,'2026-05-04 19:12:09',11,'sellbillController.php',13,'',0),
(40,101425.00,30150.00,0,5,'اضاÙة Ùاتورة مبيعات',36,131575.00,'2026-05-04 19:34:17',11,'sellbillController.php',14,'',0),
(41,131575.00,3935.00,0,5,'اضاÙة Ùاتورة مبيعات',37,135510.00,'2026-05-05 09:50:48',11,'sellbillController.php',1,'',0),
(42,135510.00,2970.00,0,5,'اضاÙة Ùاتورة مبيعات',38,138480.00,'2026-05-05 10:23:31',11,'sellbillController.php',15,'',0),
(43,138480.00,5670.00,0,5,'اضاÙة Ùاتورة مبيعات',39,144150.00,'2026-05-05 11:35:28',11,'sellbillController.php',16,'',0),
(44,144150.00,9880.00,0,5,'اضاÙة Ùاتورة مبيعات',40,154030.00,'2026-05-05 11:51:52',11,'sellbillController.php',1,'',0),
(45,154030.00,860.00,0,5,'اضاÙة Ùاتورة مبيعات',41,154890.00,'2026-05-05 12:11:45',11,'sellbillController.php',1,'',0),
(46,154890.00,36070.00,0,5,'اضاÙة Ùاتورة مبيعات',42,190960.00,'2026-05-05 13:11:58',11,'sellbillController.php',1,'',0),
(47,190960.00,1860.00,0,5,'اضاÙة Ùاتورة مبيعات',43,192820.00,'2026-05-05 13:45:47',11,'sellbillController.php',1,'',0),
(48,192820.00,450.00,0,5,'اضاÙة Ùاتورة مبيعات',44,193270.00,'2026-05-05 13:57:54',11,'sellbillController.php',1,'',0),
(49,193270.00,7710.00,0,5,'اضاÙة Ùاتورة مبيعات',45,200980.00,'2026-05-05 14:04:53',11,'sellbillController.php',1,'',0),
(50,0.00,10000.00,1,1,'ايصال دÙع لمورد',8,-10000.00,'2026-05-05 14:10:22',1,'supplierPayedDeptController.php',0,'',0),
(51,200980.00,1680.00,0,5,'اضاÙة Ùاتورة مبيعات',46,202660.00,'2026-05-05 14:17:30',11,'sellbillController.php',1,'',0),
(52,202660.00,2520.00,0,5,'اضاÙة Ùاتورة مبيعات',47,205180.00,'2026-05-05 14:31:41',11,'sellbillController.php',1,'',0),
(53,-10000.00,15000.00,1,1,'ايصال دÙع لمورد',11,-25000.00,'2026-05-05 14:39:43',1,'supplierPayedDeptController.php',0,'',0),
(54,-25000.00,15000.00,1,1,'ايصال دÙع لمورد',13,-40000.00,'2026-05-05 14:47:46',1,'supplierPayedDeptController.php',0,'',0),
(55,205180.00,735.00,0,5,'اضاÙة Ùاتورة مبيعات',48,205915.00,'2026-05-05 14:56:26',11,'sellbillController.php',1,'',0),
(56,205915.00,1285.00,0,5,'اضاÙة Ùاتورة مبيعات',49,207200.00,'2026-05-05 15:08:44',11,'sellbillController.php',1,'',0),
(57,-40000.00,15000.00,1,1,'ايصال دÙع لمورد',15,-55000.00,'2026-05-05 15:10:17',1,'supplierPayedDeptController.php',0,'',0),
(58,207200.00,5280.00,0,5,'اضاÙة Ùاتورة مبيعات',50,212480.00,'2026-05-05 15:11:54',11,'sellbillController.php',1,'',0),
(59,-55000.00,10000.00,1,1,'ايصال دÙع لمورد',18,-65000.00,'2026-05-05 15:43:00',1,'supplierPayedDeptController.php',0,'',0),
(60,-65000.00,20000.00,1,1,'ايصال دÙع لمورد',20,-85000.00,'2026-05-05 16:13:25',1,'supplierPayedDeptController.php',0,'',0),
(61,212480.00,1180.00,0,5,'اضاÙة Ùاتورة مبيعات',51,213660.00,'2026-05-05 16:51:14',11,'sellbillController.php',1,'',0),
(62,213660.00,6860.00,0,5,'اضاÙة Ùاتورة مبيعات',52,220520.00,'2026-05-05 17:18:56',11,'sellbillController.php',1,'',0),
(63,220520.00,900.00,0,5,'اضاÙة Ùاتورة مبيعات',53,221420.00,'2026-05-05 17:26:27',11,'sellbillController.php',1,'',0),
(64,221420.00,-1680.00,1,5,'اضاÙة Ùاتورة مردوات مبيعات',5,219740.00,'2026-05-05 17:36:26',11,'returnsellbillController.php',1,'',0),
(65,-85000.00,12810.00,1,1,'ايصال دÙع لمورد',23,-97810.00,'2026-05-05 18:31:02',1,'supplierPayedDeptController.php',0,'',0),
(66,219740.00,1820.00,0,5,'اضاÙة Ùاتورة مبيعات',54,221560.00,'2026-05-05 19:14:07',11,'sellbillController.php',17,'',0),
(67,221560.00,9700.00,0,5,'اضاÙة Ùاتورة مبيعات',55,231260.00,'2026-05-05 20:59:01',1,'sellbillController.php',1,'',0),
(68,-97810.00,15000.00,1,1,'ايصال دÙع لمورد',25,-112810.00,'2026-05-05 22:16:58',1,'supplierPayedDeptController.php',0,'',0);

--
-- Table structure for table `savestock`
--

CREATE TABLE `savestock` (
  `id` int(11) unsigned NOT NULL AUTO_INCREMENT,
  `savestockdate` date DEFAULT NULL,
  `savestocktotal` double DEFAULT NULL,
  PRIMARY KEY (`id`)
) ENGINE=InnoDB AUTO_INCREMENT=5 DEFAULT CHARSET=utf8mb4 COLLATE=utf8mb4_unicode_ci;

--
-- Dumping data for table `savestock`
--

INSERT INTO `savestock` VALUES
(1,'2026-05-01',0),
(2,'2026-05-02',0),
(3,'2026-05-03',0),
(4,'2026-05-04',0);

--
-- Table structure for table `savetype`
--

CREATE TABLE `savetype` (
  `id` int(11) unsigned NOT NULL AUTO_INCREMENT,
  `del` int(11) unsigned DEFAULT NULL,
  `adddate` datetime DEFAULT NULL,
  `adduserid` tinyint(1) unsigned DEFAULT NULL,
  `deldate` varchar(191) DEFAULT NULL,
  `deluserid` varchar(191) DEFAULT NULL,
  `name` varchar(191) DEFAULT NULL,
  `updatedate` datetime DEFAULT NULL,
  `updateuserid` tinyint(1) unsigned DEFAULT NULL,
  PRIMARY KEY (`id`)
) ENGINE=InnoDB DEFAULT CHARSET=utf8mb4 COLLATE=utf8mb4_unicode_ci;

--
-- Dumping data for table `savetype`
--


--
-- Table structure for table `searchfilters`
--

CREATE TABLE `searchfilters` (
  `id` int(11) NOT NULL AUTO_INCREMENT,
  `name` varchar(256) NOT NULL,
  `name_en` varchar(255) DEFAULT NULL,
  `sysdate` date NOT NULL,
  `parentid` int(11) NOT NULL DEFAULT 0,
  `user_id` int(11) NOT NULL,
  `conditions` int(1) NOT NULL DEFAULT 0,
  PRIMARY KEY (`id`)
) ENGINE=InnoDB DEFAULT CHARSET=utf8mb4 COLLATE=utf8mb4_general_ci;

--
-- Dumping data for table `searchfilters`
--


--
-- Table structure for table `sellandruternbilldetail`
--

CREATE TABLE `sellandruternbilldetail` (
  `buyprice` decimal(10,2) NOT NULL,
  `parcode` varchar(256) NOT NULL DEFAULT '',
  `sellbilldetailid` int(11) NOT NULL AUTO_INCREMENT,
  `sellbillid` int(11) NOT NULL,
  `sellbilldetailcatid` int(11) NOT NULL,
  `sellbilldetailproductid` int(11) NOT NULL,
  `sellbilldetailquantity` decimal(10,2) NOT NULL,
  `sellbilldetailprice` decimal(10,2) NOT NULL,
  `sellbilldetailtotalprice` decimal(10,2) NOT NULL,
  `discountvalue` decimal(10,2) NOT NULL,
  `note` varchar(256) DEFAULT NULL,
  `pricetype` tinyint(4) NOT NULL DEFAULT 0,
  `sellbilldetaildate` date NOT NULL,
  `selltype` int(11) NOT NULL COMMENT '0 for sell 1 for return',
  `productunitid` int(11) NOT NULL,
  `buydiscount` decimal(10,2) NOT NULL,
  `buydiscounttype` int(11) NOT NULL,
  `storeid` int(11) NOT NULL DEFAULT 0,
  `discounttype` decimal(10,2) NOT NULL DEFAULT 0.00 COMMENT 'discount percentage like 5%',
  `lastbuyprice` decimal(10,2) DEFAULT NULL,
  `meanbuyprice` decimal(10,2) DEFAULT NULL,
  `lastbuyprice_withDiscount` decimal(10,2) DEFAULT NULL,
  `meanbuyprice_withDiscount` decimal(10,2) DEFAULT NULL,
  `scunitqty` int(11) NOT NULL DEFAULT 0,
  `otherdetailquantity` int(11) NOT NULL DEFAULT 0,
  `sizeid` int(11) NOT NULL DEFAULT 0,
  `colorid` int(11) NOT NULL DEFAULT 0,
  `pricetypepro` tinyint(4) NOT NULL DEFAULT 0,
  `buyPricesHistoryBookIdQuantity` text NOT NULL,
  `proHeight` float NOT NULL DEFAULT 0,
  `proWidth` float NOT NULL DEFAULT 0,
  `soldSerialsInDetails` text NOT NULL,
  `lastbuyprice_withTax` decimal(10,2) DEFAULT NULL,
  `meanbuyprice_withTax` decimal(10,2) DEFAULT NULL,
  `sellbilldetailpriceC` decimal(10,2) NOT NULL,
  `sellbilldetailtotalpriceC` decimal(10,2) NOT NULL,
  `discountvalueC` decimal(10,2) NOT NULL,
  `proSellTrackingSerial` varchar(50) NOT NULL DEFAULT '',
  `categorydiscount` decimal(10,2) NOT NULL DEFAULT 0.00,
  `lastbuyprice_withDiscountAndTax` decimal(10,2) DEFAULT NULL,
  PRIMARY KEY (`sellbilldetailid`),
  KEY `sellbillid` (`sellbillid`),
  KEY `sellbilldetailproductid` (`sellbilldetailproductid`)
) ENGINE=InnoDB DEFAULT CHARSET=utf8mb3 COLLATE=utf8mb3_general_ci;

--
-- Dumping data for table `sellandruternbilldetail`
--


--
-- Table structure for table `sellbill`
--

CREATE TABLE `sellbill` (
  `sellbillid` int(11) NOT NULL AUTO_INCREMENT,
  `sellbilldate` datetime DEFAULT NULL,
  `sellbillserial` varchar(255) DEFAULT NULL,
  `sellbillclientid` int(11) NOT NULL DEFAULT 0,
  `sellbilltotaldeptbefor` decimal(10,2) NOT NULL,
  `sellbilltotaldeptafter` decimal(10,2) NOT NULL,
  `sellbilldiscount` varchar(255) NOT NULL DEFAULT '',
  `sellbilldiscounttype` int(11) NOT NULL DEFAULT 0,
  `sellbilltotalbill` decimal(10,2) NOT NULL,
  `sellbillaftertotalbill` decimal(10,2) NOT NULL,
  `sellbilltotalpayed` decimal(10,2) NOT NULL,
  `sellbillfinalbill` decimal(10,2) NOT NULL,
  `sellbillstoreid` int(11) NOT NULL,
  `sellbillsysdate` datetime NOT NULL,
  `comment` text NOT NULL,
  `userid` int(11) NOT NULL,
  `conditions` int(11) NOT NULL DEFAULT 0,
  `sellbillclientname` text NOT NULL,
  `sellbillsaveid` int(11) NOT NULL,
  `sellbildirectpayment` int(11) NOT NULL,
  `billnameid` int(11) NOT NULL,
  `sellerid` int(11) NOT NULL,
  `tempclientName` varchar(255) NOT NULL,
  `sellQuantity` decimal(10,2) NOT NULL,
  `deletedsellid` int(11) NOT NULL,
  `controlname` varchar(255) NOT NULL,
  `tax` decimal(10,2) NOT NULL DEFAULT 0.00,
  `carnumber` varchar(255) NOT NULL,
  `cartype` varchar(255) NOT NULL,
  `carchase` varchar(255) NOT NULL,
  `carmotor` varchar(255) NOT NULL,
  `costcenterid` int(11) DEFAULT NULL,
  `localdonw` int(11) DEFAULT 0,
  `dailyentryid` varchar(100) NOT NULL DEFAULT '',
  `obygyVisitId` int(11) DEFAULT 0,
  `onlineOrderId` int(11) DEFAULT 0,
  `delbyuserid` int(11) NOT NULL DEFAULT 0,
  `lastReviewType` tinyint(4) NOT NULL DEFAULT 0,
  `lastReviewUser` int(11) DEFAULT NULL,
  `lastReviewDateTime` datetime DEFAULT NULL,
  `delivery` decimal(10,2) NOT NULL DEFAULT 0.00,
  `totalafterdelivery` decimal(10,2) NOT NULL DEFAULT 0.00,
  `billReservation` tinyint(4) NOT NULL DEFAULT 0,
  `billReservationDate` date NOT NULL,
  `webApiId` int(11) NOT NULL DEFAULT 0,
  `visaAccountId` int(11) NOT NULL DEFAULT 0,
  `cashPayed` decimal(10,2) NOT NULL,
  `visaPayed` decimal(10,2) NOT NULL,
  `isBankAccountTransfer` tinyint(4) NOT NULL DEFAULT 0,
  `extraDiscountPer` float NOT NULL DEFAULT 0,
  `extraDiscountVal` float NOT NULL DEFAULT 0,
  `taxOfDiscountPer` float NOT NULL DEFAULT 0,
  `taxOfDiscountVal` float NOT NULL DEFAULT 0,
  `shippingDate` date NOT NULL,
  `taxBillNumber` int(11) NOT NULL DEFAULT 0,
  `collectionType` tinyint(4) NOT NULL DEFAULT 0,
  `collectionDate` date NOT NULL,
  `qrerpid` varchar(255) NOT NULL,
  `qrerpids` text NOT NULL,
  `autoSaveFlag` tinyint(4) NOT NULL DEFAULT 0 COMMENT '0 completed in sellbillcontrol, 1 not completed still temp saved in ajax',
  `ereason` text NOT NULL,
  `estatus` varchar(255) NOT NULL,
  `epdf` varchar(255) NOT NULL,
  `obgyBillType` tinyint(4) NOT NULL DEFAULT 0,
  `billoperationid` int(11) NOT NULL DEFAULT 0,
  `datestarting` date NOT NULL,
  `pricetype` tinyint(4) NOT NULL DEFAULT 0,
  `currencyId` int(11) NOT NULL DEFAULT 1,
  `knownwayId` int(11) DEFAULT NULL,
  `travelDriverId` int(11) DEFAULT NULL,
  `travelBusId` int(11) DEFAULT NULL,
  `travelPathId` int(11) DEFAULT NULL,
  `travelTripId` int(11) DEFAULT NULL,
  `travelTripTypeId` int(11) DEFAULT NULL,
  `travelTripDateId` int(11) DEFAULT NULL,
  `totalprodiscount` varchar(255) NOT NULL DEFAULT '',
  `manage_ex` varchar(255) NOT NULL DEFAULT '',
  `med_hallmark` varchar(255) NOT NULL DEFAULT '',
  `pay_rec_no` varchar(255) NOT NULL DEFAULT '',
  `pay_rec_val` varchar(255) NOT NULL DEFAULT '',
  `decisionNo` varchar(255) NOT NULL DEFAULT '',
  `decisionValue` varchar(255) NOT NULL DEFAULT '',
  `sellToSupplier` int(11) NOT NULL DEFAULT 0,
  `supplierbuybillid` int(11) NOT NULL DEFAULT 0,
  `sellbilltypeclientid` int(11) NOT NULL DEFAULT 0,
  `shipfrom` int(11) NOT NULL DEFAULT 0,
  `shipto` int(11) NOT NULL DEFAULT 0,
  `paymethodshipping` tinyint(4) NOT NULL DEFAULT 0,
  `incomeId` int(11) NOT NULL DEFAULT 0 COMMENT 'we save service value of laterNakdiPayment as income',
  `whatShippingCost` tinyint(4) NOT NULL DEFAULT 0,
  PRIMARY KEY (`sellbillid`),
  KEY `sellbilldate` (`sellbilldate`),
  KEY `sellbillclientid` (`sellbillclientid`),
  KEY `obgyBillType` (`obgyBillType`),
  KEY `sellbillstoreid` (`sellbillstoreid`),
  KEY `pricetype` (`pricetype`),
  KEY `sellerid` (`sellerid`),
  KEY `userid` (`userid`),
  KEY `conditions` (`conditions`)
) ENGINE=InnoDB AUTO_INCREMENT=56 DEFAULT CHARSET=utf8mb3 COLLATE=utf8mb3_general_ci;

--
-- Dumping data for table `sellbill`
--

INSERT INTO `sellbill` VALUES
(1,'2026-05-04 09:56:23','069f84317b5701',2,0.00,0.00,'0',1,2940.00,2940.00,2940.00,0.00,1,'2026-05-04 10:01:51','',11,0,'خالد عبد الوهاب',5,1,3,7,'خالد عبد الوهاب',21.00,0,'',0.00,'','','','',-1,0,'176,177,178',0,0,0,0,NULL,NULL,0.00,2940.00,0,'0000-00-00',0,1,2940.00,0.00,0,0,0,0,0,'0000-00-00',0,0,'0000-00-00','','',0,'','0','',0,-1,'2026-05-04',0,1,0,0,0,0,0,0,0,'0','0','0','0','0','0','0',0,0,0,0,0,0,0,0),
(2,'2026-05-04 10:01:51','069f8445f67cc8',1,0.00,0.00,'0',1,2700.00,2700.00,2700.00,0.00,1,'2026-05-04 10:11:21','',11,0,'نقدي',5,0,3,7,'نقدي',27.00,0,'',0.00,'','','','',-1,0,'179,0,180',0,0,0,0,NULL,NULL,0.00,2700.00,0,'0000-00-00',0,1,2700.00,0.00,0,0,0,0,0,'0000-00-00',0,0,'0000-00-00','','',0,'','0','',0,-1,'2026-05-04',0,1,0,0,0,0,0,0,0,'0','0','0','0','0','0','0',0,0,0,0,0,0,0,0),
(3,'2026-05-04 10:24:09','069f8499910aa3',1,0.00,0.00,'0',1,1200.00,1200.00,1200.00,0.00,1,'2026-05-04 10:26:06','',11,0,'نقدي',5,0,3,7,'نقدي',20.00,0,'',0.00,'','','','',-1,0,'182,0,183',0,0,0,0,NULL,NULL,0.00,1200.00,0,'0000-00-00',0,1,1200.00,0.00,0,0,0,0,0,'0000-00-00',0,0,'0000-00-00','','',0,'','0','',0,-1,'2026-05-04',0,1,0,0,0,0,0,0,0,'0','0','0','0','0','0','0',0,0,0,0,0,0,0,0),
(4,'2026-05-04 10:26:06','069f84a0ed0222',1,0.00,0.00,'0',1,1350.00,1350.00,1350.00,0.00,1,'2026-05-04 10:34:50','',11,0,'نقدي',5,0,3,7,'نقدي',9.00,0,'',0.00,'','','','',-1,0,'184,0,185',0,0,0,0,NULL,NULL,0.00,1350.00,0,'0000-00-00',0,1,1350.00,0.00,0,0,0,0,0,'0000-00-00',0,0,'0000-00-00','','',0,'','0','',0,-1,'2026-05-04',0,1,0,0,0,0,0,0,0,'0','0','0','0','0','0','0',0,0,0,0,0,0,0,0),
(5,'2026-05-04 10:34:50','069f84c1a852a3',1,0.00,0.00,'0',1,3600.00,3600.00,3600.00,0.00,1,'2026-05-04 10:42:13','',11,0,'نقدي',5,0,3,7,'نقدي',16.00,0,'',0.00,'','','','',-1,0,'186,0,187',0,0,0,0,NULL,NULL,0.00,3600.00,0,'0000-00-00',0,1,3600.00,0.00,0,0,0,0,0,'0000-00-00',0,0,'0000-00-00','','',0,'','0','',0,-1,'2026-05-04',0,1,0,0,0,0,0,0,0,'0','0','0','0','0','0','0',0,0,0,0,0,0,0,0),
(6,'2026-05-04 10:42:13','069f84dd54e70d',3,0.00,0.00,'0',1,2385.00,2385.00,2385.00,0.00,1,'2026-05-04 10:47:57','',11,0,'احمد ',5,1,3,7,'احمد ',9.00,0,'',0.00,'','','','',-1,0,'188,189,190',0,0,0,0,NULL,NULL,0.00,2385.00,0,'0000-00-00',0,1,2385.00,0.00,0,0,0,0,0,'0000-00-00',0,0,'0000-00-00','','',0,'','0','',0,-1,'2026-05-04',0,1,0,0,0,0,0,0,0,'0','0','0','0','0','0','0',0,0,0,0,0,0,0,0),
(7,'2026-05-04 10:47:57','069f84f2d582c2',4,0.00,0.00,'0',1,1500.00,1500.00,1500.00,0.00,1,'2026-05-04 11:06:16','',11,0,'وليد سعيد',5,1,3,7,'وليد سعيد',12.00,0,'',0.00,'','','','',-1,0,'192,193,194',0,0,0,0,NULL,NULL,0.00,1500.00,0,'0000-00-00',0,1,1500.00,0.00,0,0,0,0,0,'0000-00-00',0,0,'0000-00-00','','',0,'','0','',0,-1,'2026-05-04',0,1,0,0,0,0,0,0,0,'0','0','0','0','0','0','0',0,0,0,0,0,0,0,0),
(8,'2026-05-04 11:06:16','069f8537896a3e',5,0.00,0.00,'0',1,4000.00,4000.00,4000.00,0.00,1,'2026-05-04 11:21:55','',11,0,'اسامه محمد',5,1,3,7,'اسامه محمد',36.00,0,'',0.00,'','','','',-1,0,'195,196,197',0,0,0,0,NULL,NULL,0.00,4000.00,0,'0000-00-00',0,1,4000.00,0.00,0,0,0,0,0,'0000-00-00',0,0,'0000-00-00','','',0,'','0','',0,-1,'2026-05-04',0,1,0,0,0,0,0,0,0,'0','0','0','0','0','0','0',0,0,0,0,0,0,0,0),
(9,'2026-05-04 11:21:56','069f8572425aae',1,0.00,0.00,'0',1,3280.00,3280.00,3280.00,0.00,1,'2026-05-04 11:46:15','',11,0,'نقدي',5,0,3,0,'نقدي',8.00,0,'',0.00,'','','','',-1,0,'198,0,199',0,0,0,0,NULL,NULL,0.00,3280.00,0,'0000-00-00',0,1,3280.00,0.00,0,0,0,0,0,'0000-00-00',0,0,'0000-00-00','','',0,'','0','',0,-1,'2026-05-04',0,1,0,0,0,0,0,0,0,'0','0','0','0','0','0','0',0,0,0,0,0,0,0,0),
(10,'2026-05-04 11:46:15','069f85cd7482ae',1,0.00,0.00,'0',1,840.00,840.00,840.00,0.00,1,'2026-05-04 11:46:47','',11,0,'نقدي',5,0,3,0,'نقدي',6.00,0,'',0.00,'','','','',-1,0,'200,0,201',0,0,0,0,NULL,NULL,0.00,840.00,0,'0000-00-00',0,1,840.00,0.00,0,0,0,0,0,'0000-00-00',0,0,'0000-00-00','','',0,'','0','',0,-1,'2026-05-04',0,1,0,0,0,0,0,0,0,'0','0','0','0','0','0','0',0,0,0,0,0,0,0,0),
(11,'2026-05-04 11:46:47','069f85cf7c5462',1,0.00,0.00,'0',1,5670.00,5670.00,5670.00,0.00,1,'2026-05-04 11:54:11','',11,0,'نقدي',5,0,3,0,'نقدي',26.00,0,'',0.00,'','','','',-1,0,'202,0,203',0,0,0,0,NULL,NULL,0.00,5670.00,0,'0000-00-00',0,1,5670.00,0.00,0,0,0,0,0,'0000-00-00',0,0,'0000-00-00','','',0,'','0','',0,-1,'2026-05-04',0,1,0,0,0,0,0,0,0,'0','0','0','0','0','0','0',0,0,0,0,0,0,0,0),
(12,'2026-05-04 12:04:32','069f861203c75d',6,0.00,0.00,'0',1,10500.00,10500.00,10500.00,0.00,1,'2026-05-04 12:11:53','',11,0,'ابو ورد',5,1,3,7,'ابو ورد',105.00,0,'',0.00,'','','','',-1,0,'206,207,208',0,0,0,0,NULL,NULL,0.00,10500.00,0,'0000-00-00',0,1,10500.00,0.00,0,0,0,0,0,'0000-00-00',0,0,'0000-00-00','','',0,'','0','',0,-1,'2026-05-04',0,1,0,0,0,0,0,0,0,'0','0','0','0','0','0','0',0,0,0,0,0,0,0,0),
(13,'2026-05-04 12:11:54','069f862da061e2',7,0.00,0.00,'0',1,900.00,900.00,900.00,0.00,1,'2026-05-04 12:15:28','',11,0,'محمد مصطÙي',5,1,3,7,'محمد مصطÙي',6.00,0,'',0.00,'','','','',-1,0,'209,210,211',0,0,0,0,NULL,NULL,0.00,900.00,0,'0000-00-00',0,1,900.00,0.00,0,0,0,0,0,'0000-00-00',0,0,'0000-00-00','','',0,'','0','',0,-1,'2026-05-04',0,1,0,0,0,0,0,0,0,'0','0','0','0','0','0','0',0,0,0,0,0,0,0,0),
(14,'2026-05-04 12:15:28','069f863b04322c',1,0.00,0.00,'0',1,1800.00,1800.00,1800.00,0.00,1,'2026-05-04 12:18:50','',11,0,'نقدي',5,0,3,4,'نقدي',15.00,0,'',0.00,'','','','',-1,0,'213,0,214',0,0,0,0,NULL,NULL,0.00,1800.00,0,'0000-00-00',0,1,1800.00,0.00,0,0,0,0,0,'0000-00-00',0,0,'0000-00-00','','',0,'','0','',0,-1,'2026-05-04',0,1,0,0,0,0,0,0,0,'0','0','0','0','0','0','0',0,0,0,0,0,0,0,0),
(15,'2026-05-04 12:18:50','069f8647a869e7',1,0.00,0.00,'0',1,1100.00,1100.00,1100.00,0.00,1,'2026-05-04 12:30:29','',11,0,'نقدي',5,0,3,7,'نقدي',11.00,0,'',0.00,'','','','',-1,0,'215,0,216',0,0,0,0,NULL,NULL,0.00,1100.00,0,'0000-00-00',0,1,1100.00,0.00,0,0,0,0,0,'0000-00-00',0,0,'0000-00-00','','',0,'','0','',0,-1,'2026-05-04',0,1,0,0,0,0,0,0,0,'0','0','0','0','0','0','0',0,0,0,0,0,0,0,0),
(16,'2026-05-04 12:30:29','069f867356c5ae',1,0.00,0.00,'0',1,1460.00,1460.00,1460.00,0.00,1,'2026-05-04 12:35:44','',11,0,'نقدي',5,0,3,7,'نقدي',7.00,0,'',0.00,'','','','',-1,0,'217,0,218',0,0,0,0,NULL,NULL,0.00,1460.00,0,'0000-00-00',0,1,1460.00,0.00,0,0,0,0,0,'0000-00-00',0,0,'0000-00-00','','',0,'','0','',0,-1,'2026-05-04',0,1,0,0,0,0,0,0,0,'0','0','0','0','0','0','0',0,0,0,0,0,0,0,0),
(17,'2026-05-04 12:48:19','069f86b637a99b',1,0.00,0.00,'0',1,2340.00,2340.00,2340.00,0.00,1,'2026-05-04 12:50:49','',11,0,'نقدي',5,0,3,0,'نقدي',11.00,0,'',0.00,'','','','',-1,0,'223,0,224',0,0,0,0,NULL,NULL,0.00,2340.00,0,'0000-00-00',0,1,2340.00,0.00,0,0,0,0,0,'0000-00-00',0,0,'0000-00-00','','',0,'','0','',0,-1,'2026-05-04',0,1,0,0,0,0,0,0,0,'0','0','0','0','0','0','0',0,0,0,0,0,0,0,0),
(18,'2026-05-04 12:50:49','069f86bf93a9bb',1,0.00,0.00,'0',1,2010.00,2010.00,2010.00,0.00,1,'2026-05-04 12:51:41','',11,0,'نقدي',5,0,3,0,'نقدي',6.00,0,'',0.00,'','','','',-1,0,'225,0,226',0,0,0,0,NULL,NULL,0.00,2010.00,0,'0000-00-00',0,1,2010.00,0.00,0,0,0,0,0,'0000-00-00',0,0,'0000-00-00','','',0,'','0','',0,-1,'2026-05-04',0,1,0,0,0,0,0,0,0,'0','0','0','0','0','0','0',0,0,0,0,0,0,0,0),
(19,'2026-05-04 12:54:28','069f86cd470cf5',1,0.00,0.00,'0',1,600.00,600.00,600.00,0.00,1,'2026-05-04 13:02:29','',11,0,'نقدي',5,0,3,7,'نقدي',6.00,0,'',0.00,'','','','',-1,0,'227,0,228',0,0,0,0,NULL,NULL,0.00,600.00,0,'0000-00-00',0,1,600.00,0.00,0,0,0,0,0,'0000-00-00',0,0,'0000-00-00','','',0,'','0','',0,-1,'2026-05-04',0,1,0,0,0,0,0,0,0,'0','0','0','0','0','0','0',0,0,0,0,0,0,0,0),
(20,'2026-05-04 13:02:29','069f86eb56d106',1,0.00,0.00,'0',1,5280.00,5280.00,5280.00,0.00,1,'2026-05-04 13:08:34','',11,0,'نقدي',5,0,3,7,'نقدي',24.00,0,'',0.00,'','','','',-1,0,'229,0,230',0,0,0,0,NULL,NULL,0.00,5280.00,0,'0000-00-00',0,1,5280.00,0.00,0,0,0,0,0,'0000-00-00',0,0,'0000-00-00','','',0,'','0','',0,-1,'2026-05-04',0,1,0,0,0,0,0,0,0,'0','0','0','0','0','0','0',0,0,0,0,0,0,0,0),
(21,'2026-05-04 13:08:34','069f870227f418',8,0.00,0.00,'0',1,6510.00,6510.00,6510.00,0.00,1,'2026-05-04 13:13:00','',11,0,' ابو عمر',5,1,3,7,' ابو عمر',36.00,0,'',0.00,'','','','',-1,0,'232,233,234',0,0,0,0,NULL,NULL,0.00,6510.00,0,'0000-00-00',0,1,6510.00,0.00,0,0,0,0,0,'0000-00-00',0,0,'0000-00-00','','',0,'','0','',0,-1,'2026-05-04',0,1,0,0,0,0,0,0,0,'0','0','0','0','0','0','0',0,0,0,0,0,0,0,0),
(22,'2026-05-04 12:58:26','069f86dc2b7d4e',9,0.00,0.00,'0',1,3345.00,3345.00,3345.00,0.00,1,'2026-05-04 13:16:45','',11,0,'مصطÙي شيبيني',5,1,3,7,'مصطÙي شيبيني',27.00,0,'',0.00,'','','','',-1,0,'235,236,237',0,0,0,0,NULL,NULL,0.00,3345.00,0,'0000-00-00',0,1,3345.00,0.00,0,0,0,0,0,'0000-00-00',0,0,'0000-00-00','','',0,'','0','',0,-1,'2026-05-04',0,1,0,0,0,0,0,0,0,'0','0','0','0','0','0','0',0,0,0,0,0,0,0,0),
(23,'2026-05-04 13:20:48','069f8730055241',1,0.00,0.00,'0',1,1800.00,1800.00,1800.00,0.00,1,'2026-05-04 13:21:04','',11,0,'نقدي',5,0,3,7,'نقدي',15.00,0,'',0.00,'','','','',-1,0,'240,0,241',0,0,0,0,NULL,NULL,0.00,1800.00,0,'0000-00-00',0,1,1800.00,0.00,0,0,0,0,0,'0000-00-00',0,0,'0000-00-00','','',0,'','0','',0,-1,'2026-05-04',0,1,0,0,0,0,0,0,0,'0','0','0','0','0','0','0',0,0,0,0,0,0,0,0),
(24,'2026-05-04 13:13:00','069f8712c969c2',1,0.00,0.00,'0',1,2860.00,2860.00,2860.00,0.00,1,'2026-05-04 14:29:25','',11,0,'نقدي',5,0,3,7,'نقدي',11.00,0,'',0.00,'','','','',-1,0,'242,0,243',0,0,0,0,NULL,NULL,0.00,2860.00,0,'0000-00-00',0,1,2860.00,0.00,0,0,0,0,0,'0000-00-00',0,0,'0000-00-00','','',0,'','0','',0,-1,'2026-05-04',0,1,0,0,0,0,0,0,0,'0','0','0','0','0','0','0',0,0,0,0,0,0,0,0),
(25,'2026-05-04 14:30:21','069f8834d75f33',1,0.00,0.00,'0',1,2010.00,2010.00,2010.00,0.00,1,'2026-05-04 14:38:46','',11,0,'نقدي',5,0,3,7,'نقدي',13.00,0,'',0.00,'','','','',-1,0,'244,0,245',0,0,0,0,NULL,NULL,0.00,2010.00,0,'0000-00-00',0,1,2010.00,0.00,0,0,0,0,0,'0000-00-00',0,0,'0000-00-00','','',0,'','0','',0,-1,'2026-05-04',0,1,0,0,0,0,0,0,0,'0','0','0','0','0','0','0',0,0,0,0,0,0,0,0),
(26,'2026-05-04 15:05:10','069f88b765976c',10,0.00,0.00,'0',1,3300.00,3300.00,3300.00,0.00,1,'2026-05-04 15:08:07','',11,0,'ابو يوسÙ',5,1,3,7,'ابو يوسÙ',24.00,0,'',0.00,'','','','',-1,0,'246,247,248',0,0,0,0,NULL,NULL,0.00,3300.00,0,'0000-00-00',0,1,3300.00,0.00,0,0,0,0,0,'0000-00-00',0,0,'0000-00-00','','',0,'','0','',0,-1,'2026-05-04',0,1,0,0,0,0,0,0,0,'0','0','0','0','0','0','0',0,0,0,0,0,0,0,0),
(27,'2026-05-04 15:08:33','069f88c4189cb8',1,0.00,0.00,'0',1,3390.00,3390.00,3390.00,0.00,1,'2026-05-04 15:10:58','',11,0,'نقدي',5,0,3,7,'نقدي',12.00,0,'',0.00,'','','','',-1,0,'249,0,250',0,0,0,0,NULL,NULL,0.00,3390.00,0,'0000-00-00',0,1,3390.00,0.00,0,0,0,0,0,'0000-00-00',0,0,'0000-00-00','','',0,'','0','',0,-1,'2026-05-04',0,1,0,0,0,0,0,0,0,'0','0','0','0','0','0','0',0,0,0,0,0,0,0,0),
(28,'2026-05-04 15:10:58','069f88cd2b450c',1,0.00,0.00,'0',1,2730.00,2730.00,2730.00,0.00,1,'2026-05-04 15:40:55','',11,0,'نقدي',5,0,3,7,'نقدي',30.00,0,'',0.00,'','','','',-1,0,'251,0,252',0,0,0,0,NULL,NULL,0.00,2730.00,0,'0000-00-00',0,1,2730.00,0.00,0,0,0,0,0,'0000-00-00',0,0,'0000-00-00','','',0,'','0','',0,-1,'2026-05-04',0,1,0,0,0,0,0,0,0,'0','0','0','0','0','0','0',0,0,0,0,0,0,0,0),
(29,'2026-05-04 15:40:55','069f893d7c0082',1,0.00,0.00,'0',1,960.00,960.00,960.00,0.00,1,'2026-05-04 15:51:39','',11,0,'نقدي',5,0,3,0,'نقدي',3.00,0,'',0.00,'','','','',-1,0,'253,0,254',0,0,0,0,NULL,NULL,0.00,960.00,0,'0000-00-00',0,1,960.00,0.00,0,0,0,0,0,'0000-00-00',0,0,'0000-00-00','','',0,'','0','',0,-1,'2026-05-04',0,1,0,0,0,0,0,0,0,'0','0','0','0','0','0','0',0,0,0,0,0,0,0,0),
(30,'2026-05-04 16:36:11','069f8a0cb430b8',1,0.00,0.00,'0',1,900.00,900.00,900.00,0.00,1,'2026-05-04 16:37:37','',11,0,'نقدي',5,0,3,7,'نقدي',3.00,0,'',0.00,'','','','',-1,0,'255,0,256',0,0,0,0,NULL,NULL,0.00,900.00,0,'0000-00-00',0,1,900.00,0.00,0,0,0,0,0,'0000-00-00',0,0,'0000-00-00','','',0,'','0','',0,-1,'2026-05-04',0,1,0,0,0,0,0,0,0,'0','0','0','0','0','0','0',0,0,0,0,0,0,0,0),
(31,'2026-05-04 16:34:50','069f8a07abcc7b',1,0.00,0.00,'0',1,1020.00,1020.00,1020.00,0.00,1,'2026-05-04 16:39:45','',11,0,'نقدي',5,0,3,0,'نقدي',3.00,0,'',0.00,'','','','',-1,0,'257,0,258',0,0,0,0,NULL,NULL,0.00,1020.00,0,'0000-00-00',0,1,1020.00,0.00,0,0,0,0,0,'0000-00-00',0,0,'0000-00-00','','',0,'','0','',0,-1,'2026-05-04',0,1,0,0,0,0,0,0,0,'0','0','0','0','0','0','0',0,0,0,0,0,0,0,0),
(32,'2026-05-04 15:51:39','069f8965b82b8d',11,0.00,0.00,'0',1,14730.00,14730.00,14730.00,0.00,1,'2026-05-04 16:42:10','',11,0,'عز',5,1,3,7,'عز',62.00,0,'',0.00,'','','','',-1,0,'259,260,261',0,0,0,0,NULL,NULL,0.00,14730.00,0,'0000-00-00',0,1,14730.00,0.00,0,0,0,0,0,'0000-00-00',0,0,'0000-00-00','','',0,'','0','',0,-1,'2026-05-04',0,1,0,0,0,0,0,0,0,'0','0','0','0','0','0','0',0,0,0,0,0,0,0,0),
(33,'2026-05-04 16:42:10','069f8a232be486',1,0.00,0.00,'0',1,1350.00,1350.00,1350.00,0.00,1,'2026-05-04 17:19:21','',11,0,'نقدي',5,0,3,7,'نقدي',9.00,0,'',0.00,'','','','',-1,0,'262,0,263',0,0,0,0,NULL,NULL,0.00,1350.00,0,'0000-00-00',0,1,1350.00,0.00,0,0,0,0,0,'0000-00-00',0,0,'0000-00-00','','',0,'','0','',0,-1,'2026-05-04',0,1,0,0,0,0,0,0,0,'0','0','0','0','0','0','0',0,0,0,0,0,0,0,0),
(34,'2026-05-04 16:39:45','069f8a1a150346',12,0.00,0.00,'0',1,3090.00,3090.00,3090.00,0.00,1,'2026-05-04 18:41:07','',11,0,'احمد ابراهيم',5,1,3,7,'احمد ابراهيم',12.00,0,'',0.00,'','','','',-1,0,'264,265,266',0,0,0,0,NULL,NULL,0.00,3090.00,0,'0000-00-00',0,1,3090.00,0.00,0,0,0,0,0,'0000-00-00',0,0,'0000-00-00','','',0,'','0','',0,-1,'2026-05-04',0,1,0,0,0,0,0,0,0,'0','0','0','0','0','0','0',0,0,0,0,0,0,0,0),
(35,'2026-05-04 19:08:11','069f8c46be7bf3',13,0.00,0.00,'0',1,1510.00,1510.00,1510.00,0.00,1,'2026-05-04 19:12:09','',11,0,'عبدالله',5,1,3,7,'عبدالله',14.00,0,'',0.00,'','','','',-1,0,'268,269,270',0,0,0,0,NULL,NULL,0.00,1510.00,0,'0000-00-00',0,1,1510.00,0.00,0,0,0,0,0,'0000-00-00',0,0,'0000-00-00','','',0,'','0','',0,-1,'2026-05-04',0,1,0,0,0,0,0,0,0,'0','0','0','0','0','0','0',0,0,0,0,0,0,0,0),
(36,'2026-05-04 17:19:21','069f8aae9ac2ff',14,0.00,0.00,'0',1,30150.00,30150.00,30150.00,0.00,1,'2026-05-04 19:34:17','',11,0,'ابو بكر',5,1,3,5,'ابو بكر',109.00,0,'',0.00,'','','','',-1,0,'271,272,273',0,0,0,0,NULL,NULL,0.00,30150.00,0,'0000-00-00',0,1,30150.00,0.00,0,0,0,0,0,'0000-00-00',0,0,'0000-00-00','','',0,'','0','',0,-1,'2026-05-04',0,1,0,0,0,0,0,0,0,'0','0','0','0','0','0','0',0,0,0,0,0,0,0,0),
(37,'2026-05-05 09:23:28','069f98ce096952',1,0.00,0.00,'0',1,3935.00,3935.00,3935.00,0.00,1,'2026-05-05 09:50:48','',11,0,'نقدي',5,0,3,7,'نقدي',17.00,0,'',0.00,'','','','',-1,0,'274,0,275',0,0,0,0,NULL,NULL,0.00,3935.00,0,'0000-00-00',0,1,3935.00,0.00,0,0,0,0,0,'0000-00-00',0,0,'0000-00-00','','',0,'','0','',0,-1,'2026-05-05',0,1,0,0,0,0,0,0,0,'0','0','0','0','0','0','0',0,0,0,0,0,0,0,0),
(38,'2026-05-05 09:50:48','069f99348931d0',15,0.00,0.00,'0',1,2970.00,2970.00,2970.00,0.00,1,'2026-05-05 10:23:31','',11,0,'غزال',5,1,3,0,'غزال',9.00,0,'',0.00,'','','','',-1,0,'276,277,278',0,0,0,0,NULL,NULL,0.00,2970.00,0,'0000-00-00',0,1,2970.00,0.00,0,0,0,0,0,'0000-00-00',0,0,'0000-00-00','','',0,'','0','',0,-1,'2026-05-05',0,1,0,0,0,0,0,0,0,'0','0','0','0','0','0','0',0,0,0,0,0,0,0,0),
(39,'2026-05-05 10:25:05','069f99b513e057',16,0.00,0.00,'0',1,5670.00,5670.00,5670.00,0.00,1,'2026-05-05 11:35:28','',11,0,'زياد دياب',5,1,3,7,'زياد دياب',42.00,0,'',0.00,'','','','',-1,0,'279,280,281',0,0,0,0,NULL,NULL,0.00,5670.00,0,'0000-00-00',0,1,5670.00,0.00,0,0,0,0,0,'0000-00-00',0,0,'0000-00-00','','',0,'','0','',0,-1,'2026-05-05',0,1,0,0,0,0,0,0,0,'0','0','0','0','0','0','0',0,0,0,0,0,0,0,0),
(40,'2026-05-05 11:35:29','069f9abd11a700',1,0.00,0.00,'0',1,9880.00,9880.00,9880.00,0.00,1,'2026-05-05 11:51:51','',11,0,'نقدي',5,0,3,7,'نقدي',52.00,0,'',0.00,'','','','',-1,0,'282,0,283',0,0,0,0,NULL,NULL,0.00,9880.00,0,'0000-00-00',0,1,9880.00,0.00,0,0,0,0,0,'0000-00-00',0,0,'0000-00-00','','',0,'','0','',0,-1,'2026-05-05',0,1,0,0,0,0,0,0,0,'0','0','0','0','0','0','0',0,0,0,0,0,0,0,0),
(41,'2026-05-05 11:51:52','069f9afa828f82',1,0.00,0.00,'0',1,860.00,860.00,860.00,0.00,1,'2026-05-05 12:11:45','',11,0,'نقدي',5,0,3,0,'نقدي',4.00,0,'',0.00,'','','','',-1,0,'284,0,285',0,0,0,0,NULL,NULL,0.00,860.00,0,'0000-00-00',0,1,860.00,0.00,0,0,0,0,0,'0000-00-00',0,0,'0000-00-00','','',0,'','0','',0,-1,'2026-05-05',0,1,0,0,0,0,0,0,0,'0','0','0','0','0','0','0',0,0,0,0,0,0,0,0),
(42,'2026-05-05 12:11:45','069f9b4516c3b7',1,0.00,0.00,'0',1,36070.00,36070.00,36070.00,0.00,1,'2026-05-05 13:11:58','',11,0,'نقدي',5,0,3,7,'نقدي',158.00,0,'',0.00,'','','','',-1,0,'286,0,287',0,0,0,0,NULL,NULL,0.00,36070.00,0,'0000-00-00',0,1,36070.00,0.00,0,0,0,0,0,'0000-00-00',0,0,'0000-00-00','','',0,'','0','',0,-1,'2026-05-05',0,1,0,0,0,0,0,0,0,'0','0','0','0','0','0','0',0,0,0,0,0,0,0,0),
(43,'2026-05-05 13:11:59','069f9c26f1fd89',1,0.00,0.00,'0',1,1860.00,1860.00,1860.00,0.00,1,'2026-05-05 13:45:47','',11,0,'نقدي',5,0,3,0,'نقدي',19.00,0,'',0.00,'','','','',-1,0,'288,0,289',0,0,0,0,NULL,NULL,0.00,1860.00,0,'0000-00-00',0,1,1860.00,0.00,0,0,0,0,0,'0000-00-00',0,0,'0000-00-00','','',0,'','0','',0,-1,'2026-05-05',0,1,0,0,0,0,0,0,0,'0','0','0','0','0','0','0',0,0,0,0,0,0,0,0),
(44,'2026-05-05 13:45:47','069f9ca5bc48f3',1,0.00,0.00,'0',1,450.00,450.00,450.00,0.00,1,'2026-05-05 13:57:54','',11,0,'نقدي',5,0,3,7,'نقدي',3.00,0,'',0.00,'','','','',-1,0,'291,0,292',0,0,0,0,NULL,NULL,0.00,450.00,0,'0000-00-00',0,1,450.00,0.00,0,0,0,0,0,'0000-00-00',0,0,'0000-00-00','','',0,'','0','',0,-1,'2026-05-05',0,1,0,0,0,0,0,0,0,'0','0','0','0','0','0','0',0,0,0,0,0,0,0,0),
(45,'2026-05-05 14:02:40','069f9ce502feaa',1,0.00,0.00,'0',1,7710.00,7710.00,7710.00,0.00,1,'2026-05-05 14:04:53','',11,0,'نقدي',5,0,3,7,'نقدي',54.00,0,'',0.00,'','','','',-1,0,'293,0,294',0,0,0,0,NULL,NULL,0.00,7710.00,0,'0000-00-00',0,1,7710.00,0.00,0,0,0,0,0,'0000-00-00',0,0,'0000-00-00','','',0,'','0','',0,-1,'2026-05-05',0,1,0,0,0,0,0,0,0,'0','0','0','0','0','0','0',0,0,0,0,0,0,0,0),
(46,'2026-05-05 14:04:54','069f9ced60e26f',1,0.00,0.00,'0',1,1680.00,1680.00,1680.00,0.00,1,'2026-05-05 14:17:30','',11,0,'نقدي',5,0,3,9,'نقدي',6.00,0,'',0.00,'','','','',-1,0,'296,0,297',0,0,0,0,NULL,NULL,0.00,1680.00,0,'0000-00-00',0,1,1680.00,0.00,0,0,0,0,0,'0000-00-00',0,0,'0000-00-00','','',0,'','0','',0,-1,'2026-05-05',0,1,0,0,0,0,0,0,0,'0','0','0','0','0','0','0',0,0,0,0,0,0,0,0),
(47,'2026-05-05 14:27:41','069f9d42dad098',1,0.00,0.00,'0',1,2520.00,2520.00,2520.00,0.00,1,'2026-05-05 14:31:41','',11,0,'نقدي',5,0,3,4,'نقدي',21.00,0,'',0.00,'','','','',-1,0,'300,0,301',0,0,0,0,NULL,NULL,0.00,2520.00,0,'0000-00-00',0,1,2520.00,0.00,0,0,0,0,0,'0000-00-00',0,0,'0000-00-00','','',0,'','0','',0,-1,'2026-05-05',0,1,0,0,0,0,0,0,0,'0','0','0','0','0','0','0',0,0,0,0,0,0,0,0),
(48,'2026-05-05 14:31:41','069f9d51de49b6',1,0.00,0.00,'0',1,735.00,735.00,735.00,0.00,1,'2026-05-05 14:56:26','',11,0,'نقدي',5,0,3,7,'نقدي',3.00,0,'',0.00,'','','','',-1,0,'305,0,306',0,0,0,0,NULL,NULL,0.00,735.00,0,'0000-00-00',0,1,735.00,0.00,0,0,0,0,0,'0000-00-00',0,0,'0000-00-00','','',0,'','0','',0,-1,'2026-05-05',0,1,0,0,0,0,0,0,0,'0','0','0','0','0','0','0',0,0,0,0,0,0,0,0),
(49,'2026-05-05 14:56:26','069f9daea8ae57',1,0.00,0.00,'0',1,1285.00,1285.00,1285.00,0.00,1,'2026-05-05 15:08:44','',11,0,'نقدي',5,0,3,9,'نقدي',10.00,0,'',0.00,'','','','',-1,0,'308,0,309',0,0,0,0,NULL,NULL,0.00,1285.00,0,'0000-00-00',0,1,1285.00,0.00,0,0,0,0,0,'0000-00-00',0,0,'0000-00-00','','',0,'','0','',0,-1,'2026-05-05',0,1,0,0,0,0,0,0,0,'0','0','0','0','0','0','0',0,0,0,0,0,0,0,0),
(50,'2026-05-05 15:08:44','069f9ddccdd658',1,0.00,0.00,'0',1,5280.00,5280.00,5280.00,0.00,1,'2026-05-05 15:11:54','',11,0,'نقدي',5,0,3,4,'نقدي',24.00,0,'',0.00,'','','','',-1,0,'311,0,312',0,0,0,0,NULL,NULL,0.00,5280.00,0,'0000-00-00',0,1,5280.00,0.00,0,0,0,0,0,'0000-00-00',0,0,'0000-00-00','','',0,'','0','',0,-1,'2026-05-05',0,1,0,0,0,0,0,0,0,'0','0','0','0','0','0','0',0,0,0,0,0,0,0,0),
(51,'2026-05-05 15:11:54','069f9de8a6e9c9',1,0.00,0.00,'0',1,1180.00,1180.00,1180.00,0.00,1,'2026-05-05 16:51:14','',11,0,'نقدي',5,0,3,0,'نقدي',4.00,0,'',0.00,'','','','',-1,0,'318,0,319',0,0,0,0,NULL,NULL,0.00,1180.00,0,'0000-00-00',0,1,1180.00,0.00,0,0,0,0,0,'0000-00-00',0,0,'0000-00-00','','',0,'','0','',0,-1,'2026-05-05',0,1,0,0,0,0,0,0,0,'0','0','0','0','0','0','0',0,0,0,0,0,0,0,0),
(52,'2026-05-05 16:51:14','069f9f5d26a377',1,0.00,0.00,'0',1,6860.00,6860.00,6860.00,0.00,1,'2026-05-05 17:18:56','',11,0,'نقدي',5,0,3,9,'نقدي',35.00,0,'',0.00,'','','','',-1,0,'320,0,321',0,0,0,0,NULL,NULL,0.00,6860.00,0,'0000-00-00',0,1,6860.00,0.00,0,0,0,0,0,'0000-00-00',0,0,'0000-00-00','','',0,'','0','',0,-1,'2026-05-05',0,1,0,0,0,0,0,0,0,'0','0','0','0','0','0','0',0,0,0,0,0,0,0,0),
(53,'2026-05-05 17:18:56','069f9fc507e6dc',1,0.00,0.00,'0',1,900.00,900.00,900.00,0.00,1,'2026-05-05 17:26:27','',11,0,'نقدي',5,0,3,0,'نقدي',6.00,0,'',0.00,'','','','',-1,0,'322,0,323',0,0,0,0,NULL,NULL,0.00,900.00,0,'0000-00-00',0,1,900.00,0.00,0,0,0,0,0,'0000-00-00',0,0,'0000-00-00','','',0,'','0','',0,-1,'2026-05-05',0,1,0,0,0,0,0,0,0,'0','0','0','0','0','0','0',0,0,0,0,0,0,0,0),
(54,'2026-05-05 17:39:00','069fa01049272b',17,0.00,0.00,'0',1,1820.00,1820.00,1820.00,0.00,1,'2026-05-05 19:14:07','',11,0,'عمرو',5,1,3,7,'عمرو',10.00,0,'',0.00,'','','','',-1,0,'328,329,330',0,0,0,0,NULL,NULL,0.00,1820.00,0,'0000-00-00',0,1,1820.00,0.00,0,0,0,0,0,'0000-00-00',0,0,'0000-00-00','','',0,'','0','',0,-1,'2026-05-05',0,1,0,0,0,0,0,0,0,'0','0','0','0','0','0','0',0,0,0,0,0,0,0,0),
(55,'2026-05-05 19:14:07','069fa174ff0d01',1,0.00,0.00,'0',1,9700.00,9700.00,9700.00,0.00,1,'2026-05-05 20:59:01','',1,0,'نقدي',5,0,3,7,'نقدي',50.00,0,'',0.00,'','','','',-1,0,'331,0,332',0,0,0,0,NULL,NULL,0.00,9700.00,0,'0000-00-00',0,1,9700.00,0.00,0,0,0,0,0,'0000-00-00',0,0,'0000-00-00','','',0,'','0','',0,-1,'2026-05-05',0,1,0,0,0,0,0,0,0,'0','0','0','0','0','0','0',0,0,0,0,0,0,0,0);

--
-- Table structure for table `sellbillandreturnreview`
--

CREATE TABLE `sellbillandreturnreview` (
  `id` int(11) NOT NULL AUTO_INCREMENT,
  `billid` int(11) NOT NULL,
  `reviewType` tinyint(4) NOT NULL COMMENT '0 cancel review , 1 reviewed',
  `reviewuserid` int(11) NOT NULL,
  `sysdate` datetime NOT NULL,
  `del` tinyint(4) NOT NULL COMMENT '0 not del , 1 del',
  PRIMARY KEY (`id`)
) ENGINE=InnoDB DEFAULT CHARSET=latin1 COLLATE=latin1_swedish_ci;

--
-- Dumping data for table `sellbillandreturnreview`
--


--
-- Table structure for table `sellbillandrutern`
--

CREATE TABLE `sellbillandrutern` (
  `sellbillid` int(11) NOT NULL AUTO_INCREMENT,
  `sellbilldate` datetime DEFAULT NULL,
  `sellbillserial` varchar(255) DEFAULT NULL,
  `sellbillclientid` int(11) NOT NULL DEFAULT 0,
  `sellbilltotaldeptbefor` decimal(10,2) NOT NULL,
  `sellbilltotaldeptafter` decimal(10,2) NOT NULL,
  `sellbilldiscount` varchar(255) NOT NULL DEFAULT '',
  `sellbilldiscounttype` int(11) NOT NULL DEFAULT 0,
  `sellbilltotalbill` decimal(10,2) NOT NULL,
  `sellbillaftertotalbill` decimal(10,2) NOT NULL,
  `sellbilltotalpayed` decimal(10,2) NOT NULL,
  `sellbillfinalbill` decimal(10,2) NOT NULL,
  `sellbillstoreid` int(11) NOT NULL,
  `sellbillsysdate` datetime NOT NULL,
  `comment` text NOT NULL,
  `userid` int(11) NOT NULL,
  `conditions` int(11) NOT NULL DEFAULT 0,
  `sellbillclientname` text NOT NULL,
  `sellbillsaveid` int(11) NOT NULL,
  `sellbildirectpayment` int(11) NOT NULL,
  `billnameid` int(11) NOT NULL,
  `sellerid` int(11) NOT NULL,
  `sellbillprice` decimal(10,2) NOT NULL,
  `returnsellbillprice` decimal(10,2) NOT NULL,
  `tempclientName` varchar(255) NOT NULL,
  `sellQuantity` decimal(10,2) NOT NULL,
  `returnsellQuantity` decimal(10,2) NOT NULL,
  `deletedsellid` int(11) NOT NULL,
  `controlname` varchar(255) NOT NULL,
  `tax` decimal(10,2) NOT NULL DEFAULT 0.00,
  `carnumber` varchar(255) NOT NULL,
  `cartype` varchar(255) NOT NULL,
  `carchase` varchar(255) NOT NULL,
  `carmotor` varchar(255) NOT NULL,
  `costcenterid` int(11) DEFAULT NULL,
  `dailyentryid` varchar(100) NOT NULL DEFAULT '',
  `delbyuserid` int(11) NOT NULL DEFAULT 0,
  `billReservation` tinyint(4) NOT NULL DEFAULT 0,
  `billReservationDate` date NOT NULL,
  `visaAccountId` int(11) NOT NULL DEFAULT 0,
  `cashPayed` decimal(10,2) NOT NULL,
  `visaPayed` decimal(10,2) NOT NULL,
  `isBankAccountTransfer` tinyint(4) NOT NULL DEFAULT 0,
  `extraDiscountPer` float NOT NULL DEFAULT 0,
  `extraDiscountVal` float NOT NULL DEFAULT 0,
  `taxOfDiscountPer` float NOT NULL DEFAULT 0,
  `taxOfDiscountVal` float NOT NULL DEFAULT 0,
  `autoSaveFlag` tinyint(4) NOT NULL DEFAULT 0 COMMENT '0 completed in sellbillcontrol, 1 not completed still temp saved in ajax',
  `obgyBillType` tinyint(4) NOT NULL DEFAULT 0,
  `billoperationid` int(11) NOT NULL DEFAULT 0,
  `pricetype` tinyint(4) NOT NULL DEFAULT 0,
  `currencyId` int(11) NOT NULL DEFAULT 1,
  `totalprodiscount` varchar(255) NOT NULL DEFAULT '',
  `sellbillno` varchar(255) DEFAULT NULL,
  `manage_ex` varchar(255) NOT NULL DEFAULT '',
  `med_hallmark` varchar(255) NOT NULL DEFAULT '',
  `pay_rec_no` varchar(255) NOT NULL DEFAULT '',
  `pay_rec_val` varchar(255) NOT NULL DEFAULT '',
  `decisionNo` varchar(255) NOT NULL DEFAULT '',
  `decisionValue` varchar(255) NOT NULL DEFAULT '',
  PRIMARY KEY (`sellbillid`),
  KEY `sellbilldate` (`sellbilldate`),
  KEY `sellbillclientid` (`sellbillclientid`),
  KEY `obgyBillType` (`obgyBillType`),
  KEY `pricetype` (`pricetype`),
  KEY `sellbillstoreid` (`sellbillstoreid`),
  KEY `sellerid` (`sellerid`),
  KEY `userid` (`userid`),
  KEY `conditions` (`conditions`)
) ENGINE=InnoDB DEFAULT CHARSET=utf8mb3 COLLATE=utf8mb3_general_ci;

--
-- Dumping data for table `sellbillandrutern`
--


--
-- Table structure for table `sellbillandruterncurr`
--

CREATE TABLE `sellbillandruterncurr` (
  `id` int(11) NOT NULL AUTO_INCREMENT,
  `sellbillid` int(11) NOT NULL,
  `conversionFactor` float NOT NULL,
  `sellbilldiscountC` varchar(255) NOT NULL,
  `sellbilltotalbillC` decimal(10,2) NOT NULL,
  `sellbillaftertotalbillC` decimal(10,2) NOT NULL,
  `sellbilltotalpayedC` decimal(10,2) NOT NULL,
  `sellbillfinalbillC` decimal(10,2) NOT NULL,
  `sellbildirectpaymentC` int(11) NOT NULL,
  `sellbillpriceC` decimal(10,2) NOT NULL,
  `returnsellbillpriceC` decimal(10,2) NOT NULL,
  `taxC` decimal(10,2) NOT NULL,
  `cashPayedC` decimal(10,2) NOT NULL,
  `visaPayedC` decimal(10,2) NOT NULL,
  `extraDiscountValC` float NOT NULL,
  `taxOfDiscountValC` float NOT NULL,
  `saveConversionFactor` float NOT NULL,
  `totalprodiscountC` varchar(255) NOT NULL DEFAULT '',
  PRIMARY KEY (`id`)
) ENGINE=InnoDB DEFAULT CHARSET=latin1 COLLATE=latin1_swedish_ci;

--
-- Dumping data for table `sellbillandruterncurr`
--


--
-- Table structure for table `sellbillcurr`
--

CREATE TABLE `sellbillcurr` (
  `id` int(11) NOT NULL AUTO_INCREMENT,
  `sellbillid` int(11) NOT NULL,
  `conversionFactor` float NOT NULL,
  `sellbilldiscountC` varchar(255) NOT NULL,
  `sellbilltotalbillC` decimal(10,2) NOT NULL,
  `sellbillaftertotalbillC` decimal(10,2) NOT NULL,
  `sellbilltotalpayedC` decimal(10,2) NOT NULL,
  `sellbillfinalbillC` decimal(10,2) NOT NULL,
  `sellbildirectpaymentC` int(11) NOT NULL,
  `taxC` decimal(10,2) NOT NULL,
  `deliveryC` decimal(10,2) NOT NULL,
  `totalafterdeliveryC` decimal(10,2) NOT NULL,
  `cashPayedC` decimal(10,2) NOT NULL,
  `visaPayedC` decimal(10,2) NOT NULL,
  `extraDiscountValC` float NOT NULL,
  `taxOfDiscountValC` float NOT NULL,
  `saveConversionFactor` float NOT NULL DEFAULT 1,
  `totalprodiscountC` varchar(255) NOT NULL DEFAULT '',
  PRIMARY KEY (`id`)
) ENGINE=InnoDB DEFAULT CHARSET=latin1 COLLATE=latin1_swedish_ci;

--
-- Dumping data for table `sellbillcurr`
--


--
-- Table structure for table `sellbilldetail`
--

CREATE TABLE `sellbilldetail` (
  `buyprice` decimal(10,2) NOT NULL,
  `parcode` varchar(256) NOT NULL DEFAULT '',
  `sellbilldetailid` int(11) NOT NULL AUTO_INCREMENT,
  `sellbillid` int(11) NOT NULL,
  `sellbilldetailcatid` int(11) NOT NULL,
  `sellbilldetailproductid` int(11) NOT NULL,
  `sellbilldetailquantity` decimal(10,2) NOT NULL,
  `sellbilldetailprice` decimal(10,2) NOT NULL,
  `sellbilldetailtotalprice` decimal(10,2) NOT NULL,
  `discountvalue` decimal(10,2) NOT NULL,
  `note` varchar(256) DEFAULT NULL,
  `pricetype` tinyint(4) NOT NULL DEFAULT 0,
  `sellbilldetaildate` date NOT NULL,
  `productunitid` int(11) NOT NULL,
  `buydiscount` decimal(10,2) NOT NULL,
  `buydiscounttype` int(11) NOT NULL,
  `storeid` int(11) NOT NULL DEFAULT 0,
  `discounttype` decimal(10,2) NOT NULL DEFAULT 0.00 COMMENT 'discount percentage like 5%',
  `localdonw` int(11) DEFAULT 0,
  `lastbuyprice` decimal(10,2) DEFAULT NULL,
  `meanbuyprice` decimal(10,2) DEFAULT NULL,
  `lastbuyprice_withDiscount` decimal(10,2) DEFAULT NULL,
  `meanbuyprice_withDiscount` decimal(10,2) DEFAULT NULL,
  `scunitqty` int(11) NOT NULL DEFAULT 0,
  `otherdetailquantity` int(11) NOT NULL DEFAULT 0,
  `sizeid` int(11) NOT NULL DEFAULT 0,
  `colorid` int(11) NOT NULL DEFAULT 0,
  `onlineOrderId` int(11) NOT NULL DEFAULT 0,
  `pricetypepro` tinyint(4) NOT NULL DEFAULT 0,
  `playstationPlayId` int(11) NOT NULL DEFAULT 0 COMMENT 'it is restaurantplaystationplay id',
  `soldSerialsInDetails` text NOT NULL,
  `buyPricesHistoryBookIdQuantity` text NOT NULL,
  `proHeight` float NOT NULL DEFAULT 0,
  `proWidth` float NOT NULL DEFAULT 0,
  `lastbuyprice_withTax` decimal(10,2) DEFAULT NULL,
  `meanbuyprice_withTax` decimal(10,2) DEFAULT NULL,
  `sellbilldetailpriceC` decimal(10,2) NOT NULL,
  `sellbilldetailtotalpriceC` decimal(10,2) NOT NULL,
  `discountvalueC` decimal(10,2) NOT NULL,
  `proSellTrackingSerial` varchar(50) NOT NULL DEFAULT '',
  `travelBrokerId` int(11) NOT NULL DEFAULT 0,
  `categorydiscount` decimal(10,2) NOT NULL DEFAULT 0.00,
  `lastbuyprice_withDiscountAndTax` decimal(10,2) DEFAULT NULL,
  `prosellDiscountPer` float NOT NULL DEFAULT 0,
  `prosellDiscountPerType` tinyint(4) NOT NULL DEFAULT 0,
  `prosellDiscountVal` float NOT NULL DEFAULT 0,
  PRIMARY KEY (`sellbilldetailid`),
  KEY `sellbillid` (`sellbillid`),
  KEY `sellbilldetailproductid` (`sellbilldetailproductid`)
) ENGINE=InnoDB AUTO_INCREMENT=124 DEFAULT CHARSET=utf8mb3 COLLATE=utf8mb3_general_ci;

--
-- Dumping data for table `sellbilldetail`
--

INSERT INTO `sellbilldetail` VALUES
(140.00,'01172',1,1,37,159,21.00,140.00,2940.00,0.00,'',0,'2026-05-04',159,0.00,-1,1,0.00,0,140.00,140.00,140.00,140.00,0,0,0,0,0,0,0,'','',1,1,140.00,140.00,140.00,2940.00,0.00,'',0,0.00,140.00,0,0,0),
(94.00,'00044',2,2,6,44,12.00,100.00,1200.00,0.00,'',0,'2026-05-04',44,0.00,-1,1,0.00,0,94.00,94.00,94.00,94.00,0,0,0,0,0,0,0,'','',1,1,94.00,94.00,100.00,1200.00,0.00,'',0,0.00,94.00,0,0,0),
(90.00,'00101',3,2,23,101,15.00,100.00,1500.00,0.00,'',0,'2026-05-04',101,0.00,-1,1,0.00,0,90.00,90.00,90.00,90.00,0,0,0,0,0,0,0,'','',1,1,90.00,90.00,100.00,1500.00,0.00,'',0,0.00,90.00,0,0,0),
(55.00,'00165',4,3,10,165,20.00,60.00,1200.00,0.00,'',0,'2026-05-04',165,0.00,-1,1,0.00,0,55.00,55.00,55.00,55.00,0,0,0,0,0,0,0,'','',1,1,55.00,55.00,60.00,1200.00,0.00,'',0,0.00,55.00,0,0,0),
(135.00,'01470',5,4,1,124,9.00,150.00,1350.00,0.00,'',0,'2026-05-04',124,0.00,-1,1,0.00,0,135.00,135.00,135.00,135.00,0,0,0,0,0,0,0,'','',1,1,135.00,135.00,150.00,1350.00,0.00,'',0,0.00,135.00,0,0,0),
(210.00,'00140',6,5,32,140,8.00,230.00,1840.00,0.00,'',0,'2026-05-04',140,0.00,-1,1,0.00,0,210.00,210.00,210.00,210.00,0,0,0,0,0,0,0,'','',1,1,210.00,210.00,230.00,1840.00,0.00,'',0,0.00,210.00,0,0,0),
(200.00,'00126',7,5,29,126,8.00,220.00,1760.00,0.00,'',0,'2026-05-04',126,0.00,-1,1,0.00,0,200.00,200.00,200.00,200.00,0,0,0,0,0,0,0,'','',1,1,200.00,200.00,220.00,1760.00,0.00,'',0,0.00,200.00,0,0,0),
(180.00,'01311',8,6,10,64,3.00,195.00,585.00,0.00,'',0,'2026-05-04',64,0.00,-1,1,0.00,0,180.00,180.00,180.00,180.00,0,0,0,0,0,0,0,'','',1,1,180.00,180.00,195.00,585.00,0.00,'',0,0.00,180.00,0,0,0),
(300.00,'01478',9,6,33,145,3.00,320.00,960.00,0.00,'',0,'2026-05-04',145,0.00,-1,1,0.00,0,300.00,300.00,300.00,300.00,0,0,0,0,0,0,0,'','',1,1,300.00,300.00,320.00,960.00,0.00,'',0,0.00,300.00,0,0,0),
(260.00,'01480 ',10,6,33,142,3.00,280.00,840.00,0.00,'',0,'2026-05-04',142,0.00,-1,1,0.00,0,260.00,260.00,260.00,260.00,0,0,0,0,0,0,0,'','',1,1,260.00,260.00,280.00,840.00,0.00,'',0,0.00,260.00,0,0,0),
(115.00,'00100',11,7,23,100,12.00,125.00,1500.00,0.00,'',0,'2026-05-04',100,0.00,-1,1,0.00,0,115.00,115.00,115.00,115.00,0,0,0,0,0,0,0,'','',1,1,115.00,115.00,125.00,1500.00,0.00,'',0,0.00,115.00,0,0,0),
(94.00,'00044',12,8,6,44,28.00,100.00,2800.00,0.00,'',0,'2026-05-04',44,0.00,-1,1,0.00,0,94.00,94.00,94.00,94.00,0,0,0,0,0,0,0,'','',1,1,94.00,94.00,100.00,2800.00,0.00,'',0,0.00,94.00,0,0,0),
(150.00,'00072',13,8,12,72,8.00,150.00,1200.00,0.00,'',0,'2026-05-04',72,0.00,-1,1,0.00,0,150.00,150.00,150.00,150.00,0,0,0,0,0,0,0,'','',1,1,150.00,150.00,150.00,1200.00,0.00,'',0,0.00,150.00,0,0,0),
(400.00,'00112',14,9,25,112,8.00,410.00,3280.00,0.00,'',0,'2026-05-04',112,0.00,-1,1,0.00,0,400.00,400.00,400.00,400.00,0,0,0,0,0,0,0,'','',1,1,400.00,400.00,410.00,3280.00,0.00,'',0,0.00,400.00,0,0,0),
(126.00,'01172',15,10,37,159,6.00,140.00,840.00,0.00,'',0,'2026-05-04',159,0.00,-1,1,0.00,0,140.00,140.00,126.00,131.02,0,0,0,0,0,0,0,'','5-6,',1,1,140.00,140.00,140.00,840.00,0.00,'',0,0.00,126.00,0,0,0),
(108.00,'00166',16,11,37,166,3.00,120.00,360.00,0.00,'',0,'2026-05-04',166,0.00,-1,1,0.00,0,120.00,120.00,108.00,108.00,0,0,0,0,0,0,0,'','4-3,',1,1,120.00,120.00,120.00,360.00,0.00,'',0,0.00,108.00,0,0,0),
(135.00,'01470',17,11,1,124,3.00,150.00,450.00,0.00,'',0,'2026-05-04',124,0.00,-1,1,0.00,0,135.00,135.00,135.00,135.00,0,0,0,0,0,0,0,'','',1,1,135.00,135.00,150.00,450.00,0.00,'',0,0.00,135.00,0,0,0),
(189.00,'00043',18,11,6,43,3.00,200.00,600.00,0.00,'',0,'2026-05-04',43,0.00,-1,1,0.00,0,189.00,189.00,189.00,189.00,0,0,0,0,0,0,0,'','',1,1,189.00,189.00,200.00,600.00,0.00,'',0,0.00,189.00,0,0,0),
(240.00,'01473',19,11,34,147,6.00,260.00,1560.00,0.00,'',0,'2026-05-04',147,0.00,-1,1,0.00,0,240.00,240.00,240.00,240.00,0,0,0,0,0,0,0,'','',1,1,240.00,240.00,260.00,1560.00,0.00,'',0,0.00,240.00,0,0,0),
(198.00,'01171',20,11,37,157,3.00,220.00,660.00,0.00,'',0,'2026-05-04',157,0.00,-1,1,0.00,0,220.00,220.00,198.00,205.00,0,0,0,0,0,0,0,'','6-3,',1,1,220.00,220.00,220.00,660.00,0.00,'',0,0.00,198.00,0,0,0),
(210.00,'00140',21,11,32,140,3.00,230.00,690.00,0.00,'',0,'2026-05-04',140,0.00,-1,1,0.00,0,210.00,210.00,210.00,210.00,0,0,0,0,0,0,0,'','',1,1,210.00,210.00,230.00,690.00,0.00,'',0,0.00,210.00,0,0,0),
(280.00,'00127',22,11,29,127,4.00,300.00,1200.00,0.00,'',0,'2026-05-04',127,0.00,-1,1,0.00,0,280.00,280.00,280.00,280.00,0,0,0,0,0,0,0,'','',1,1,280.00,280.00,300.00,1200.00,0.00,'',0,0.00,280.00,0,0,0),
(135.00,'01470',23,11,1,124,1.00,150.00,150.00,0.00,'',0,'2026-05-04',124,0.00,-1,1,0.00,0,135.00,135.00,135.00,135.00,0,0,0,0,0,0,0,'','',1,1,135.00,135.00,150.00,150.00,0.00,'',0,0.00,135.00,0,0,0),
(95.00,'00079',24,12,17,79,105.00,100.00,10500.00,0.00,'',0,'2026-05-04',79,0.00,-1,1,0.00,0,95.00,95.00,95.00,95.00,0,0,0,0,0,0,0,'','',1,1,95.00,95.00,100.00,10500.00,0.00,'',0,0.00,95.00,0,0,0),
(135.00,'01470',25,13,1,124,3.00,150.00,450.00,0.00,'',0,'2026-05-04',124,0.00,-1,1,0.00,0,135.00,135.00,135.00,135.00,0,0,0,0,0,0,0,'','',1,1,135.00,135.00,150.00,450.00,0.00,'',0,0.00,135.00,0,0,0),
(150.00,'01200',26,13,3,20,3.00,150.00,450.00,0.00,'',0,'2026-05-04',20,0.00,-1,1,0.00,0,150.00,150.00,150.00,150.00,0,0,0,0,0,0,0,'','',1,1,150.00,150.00,150.00,450.00,0.00,'',0,0.00,150.00,0,0,0),
(108.00,'00166',27,14,37,166,15.00,120.00,1800.00,0.00,'',0,'2026-05-04',166,0.00,-1,1,0.00,0,120.00,120.00,108.00,108.00,0,0,0,0,0,0,0,'','4-15,',1,1,120.00,120.00,120.00,1800.00,0.00,'',0,0.00,108.00,0,0,0),
(94.00,'00044',28,15,6,44,11.00,100.00,1100.00,0.00,'',0,'2026-05-04',44,0.00,-1,1,0.00,0,94.00,94.00,94.00,94.00,0,0,0,0,0,0,0,'','',1,1,94.00,94.00,100.00,1100.00,0.00,'',0,0.00,94.00,0,0,0),
(189.00,'00043',29,16,6,43,3.00,200.00,600.00,0.00,'',0,'2026-05-04',43,0.00,-1,1,0.00,0,189.00,189.00,189.00,189.00,0,0,0,0,0,0,0,'','',1,1,189.00,189.00,200.00,600.00,0.00,'',0,0.00,189.00,0,0,0),
(200.00,'01262',30,16,19,93,4.00,215.00,860.00,0.00,'',0,'2026-05-04',93,0.00,-1,1,0.00,0,200.00,200.00,200.00,200.00,0,0,0,0,0,0,0,'','',1,1,200.00,200.00,215.00,860.00,0.00,'',0,0.00,200.00,0,0,0),
(198.00,'01171',31,17,37,157,3.00,220.00,660.00,0.00,'',0,'2026-05-04',157,0.00,-1,1,0.00,0,220.00,220.00,198.00,205.00,0,0,0,0,0,0,0,'','6-3,',1,1,220.00,220.00,220.00,660.00,0.00,'',0,0.00,198.00,0,0,0),
(190.00,'01169',32,17,19,92,4.00,200.00,800.00,0.00,'',0,'2026-05-04',92,0.00,-1,1,0.00,0,190.00,190.00,190.00,190.00,0,0,0,0,0,0,0,'','',1,1,190.00,190.00,200.00,800.00,0.00,'',0,0.00,190.00,0,0,0),
(200.00,'00126',33,17,29,126,4.00,220.00,880.00,0.00,'',0,'2026-05-04',126,0.00,-1,1,0.00,0,200.00,200.00,200.00,200.00,0,0,0,0,0,0,0,'','',1,1,200.00,200.00,220.00,880.00,0.00,'',0,0.00,200.00,0,0,0),
(315.00,'01374',34,18,18,90,6.00,335.00,2010.00,0.00,'',0,'2026-05-04',90,0.00,-1,1,0.00,0,315.00,315.00,315.00,315.00,0,0,0,0,0,0,0,'','',1,1,315.00,315.00,335.00,2010.00,0.00,'',0,0.00,315.00,0,0,0),
(95.00,'00079',35,19,17,79,6.00,100.00,600.00,0.00,'',0,'2026-05-04',79,0.00,-1,1,0.00,0,95.00,95.00,95.00,95.00,0,0,0,0,0,0,0,'','',1,1,95.00,95.00,100.00,600.00,0.00,'',0,0.00,95.00,0,0,0),
(198.00,'01171',36,20,37,157,24.00,220.00,5280.00,0.00,'',0,'2026-05-04',157,0.00,-1,1,0.00,0,220.00,220.00,198.00,205.00,0,0,0,0,0,0,0,'','6-24,',1,1,220.00,220.00,220.00,5280.00,0.00,'',0,0.00,198.00,0,0,0),
(140.00,'01074',37,21,26,116,9.00,140.00,1260.00,0.00,'',0,'2026-05-04',116,0.00,-1,1,0.00,0,140.00,140.00,140.00,140.00,0,0,0,0,0,0,0,'','',1,1,140.00,140.00,140.00,1260.00,0.00,'',0,0.00,140.00,0,0,0),
(175.00,'01394',38,21,17,78,6.00,185.00,1110.00,0.00,'',0,'2026-05-04',78,0.00,-1,1,0.00,0,175.00,175.00,175.00,175.00,0,0,0,0,0,0,0,'','',1,1,175.00,175.00,185.00,1110.00,0.00,'',0,0.00,175.00,0,0,0),
(126.00,'01172',39,21,37,159,6.00,140.00,840.00,0.00,'',0,'2026-05-04',159,0.00,-1,1,0.00,0,140.00,140.00,126.00,131.02,0,0,0,0,0,0,0,'','5-6,',1,1,140.00,140.00,140.00,840.00,0.00,'',0,0.00,126.00,0,0,0),
(198.00,'01171',40,21,37,157,15.00,220.00,3300.00,0.00,'',0,'2026-05-04',157,0.00,-1,1,0.00,0,220.00,220.00,198.00,205.00,0,0,0,0,0,0,0,'','6-15,',1,1,220.00,220.00,220.00,3300.00,0.00,'',0,0.00,198.00,0,0,0),
(115.00,'01335',41,22,3,19,15.00,115.00,1725.00,0.00,'',0,'2026-05-04',19,0.00,-1,1,0.00,0,115.00,115.00,115.00,115.00,0,0,0,0,0,0,0,'','',1,1,115.00,115.00,115.00,1725.00,0.00,'',0,0.00,115.00,0,0,0),
(135.00,'01470',42,22,1,124,6.00,150.00,900.00,0.00,'',0,'2026-05-04',124,0.00,-1,1,0.00,0,135.00,135.00,135.00,135.00,0,0,0,0,0,0,0,'','',1,1,135.00,135.00,150.00,900.00,0.00,'',0,0.00,135.00,0,0,0),
(110.00,'01424',43,22,31,136,6.00,120.00,720.00,0.00,'',0,'2026-05-04',136,0.00,-1,1,0.00,0,110.00,110.00,110.00,110.00,0,0,0,0,0,0,0,'','',1,1,110.00,110.00,120.00,720.00,0.00,'',0,0.00,110.00,0,0,0),
(110.00,'01424',44,23,31,136,15.00,120.00,1800.00,0.00,'',0,'2026-05-04',136,0.00,-1,1,0.00,0,110.00,110.00,110.00,110.00,0,0,0,0,0,0,0,'','',1,1,110.00,110.00,120.00,1800.00,0.00,'',0,0.00,110.00,0,0,0),
(240.00,'00130',45,24,29,130,11.00,260.00,2860.00,0.00,'',0,'2026-05-04',130,0.00,-1,1,0.00,0,240.00,240.00,240.00,240.00,0,0,0,0,0,0,0,'','',1,1,240.00,240.00,260.00,2860.00,0.00,'',0,0.00,240.00,0,0,0),
(100.00,'01352',46,25,22,97,9.00,110.00,990.00,0.00,'',0,'2026-05-04',97,0.00,-1,1,0.00,0,100.00,100.00,100.00,100.00,0,0,0,0,0,0,0,'','',1,1,100.00,100.00,110.00,990.00,0.00,'',0,0.00,100.00,0,0,0),
(210.00,'00154',47,25,36,154,4.00,255.00,1020.00,0.00,'',0,'2026-05-04',154,0.00,-1,1,0.00,0,210.00,210.00,210.00,210.00,0,0,0,0,0,0,0,'','1-4,',1,1,210.00,210.00,255.00,1020.00,0.00,'',0,0.00,210.00,0,0,0),
(150.00,'01200',48,26,3,20,12.00,150.00,1800.00,0.00,'',0,'2026-05-04',20,0.00,-1,1,0.00,0,150.00,150.00,150.00,150.00,0,0,0,0,0,0,0,'','',1,1,150.00,150.00,150.00,1800.00,0.00,'',0,0.00,150.00,0,0,0),
(126.00,'01172',49,26,37,159,9.00,140.00,1260.00,0.00,'',0,'2026-05-04',159,0.00,-1,1,0.00,0,140.00,140.00,126.00,131.02,0,0,0,0,0,0,0,'','5-9,',1,1,140.00,140.00,140.00,1260.00,0.00,'',0,0.00,126.00,0,0,0),
(75.00,'00048',50,26,7,48,3.00,80.00,240.00,0.00,'',0,'2026-05-04',48,0.00,-1,1,0.00,0,75.00,75.00,75.00,75.00,0,0,0,0,0,0,0,'','',1,1,75.00,75.00,80.00,240.00,0.00,'',0,0.00,75.00,0,0,0),
(240.00,'01473',51,27,34,147,9.00,260.00,2340.00,0.00,'',0,'2026-05-04',147,0.00,-1,1,0.00,0,240.00,240.00,240.00,240.00,0,0,0,0,0,0,0,'','',1,1,240.00,240.00,260.00,2340.00,0.00,'',0,0.00,240.00,0,0,0),
(320.00,'00137',52,27,32,137,3.00,350.00,1050.00,0.00,'',0,'2026-05-04',137,0.00,-1,1,0.00,0,320.00,320.00,320.00,320.00,0,0,0,0,0,0,0,'','',1,1,320.00,320.00,350.00,1050.00,0.00,'',0,0.00,320.00,0,0,0),
(94.00,'00044',53,28,6,44,12.00,100.00,1200.00,0.00,'',0,'2026-05-04',44,0.00,-1,1,0.00,0,94.00,94.00,94.00,94.00,0,0,0,0,0,0,0,'','',1,1,94.00,94.00,100.00,1200.00,0.00,'',0,0.00,94.00,0,0,0),
(75.00,'01462',54,28,5,40,15.00,85.00,1275.00,0.00,'',0,'2026-05-04',40,0.00,-1,1,0.00,0,75.00,75.00,75.00,75.00,0,0,0,0,0,0,0,'','',1,1,75.00,75.00,85.00,1275.00,0.00,'',0,0.00,75.00,0,0,0),
(75.00,'00048',55,28,7,48,3.00,85.00,255.00,0.00,'',0,'2026-05-04',48,0.00,-1,1,0.00,0,75.00,75.00,75.00,75.00,0,0,0,0,0,0,0,'','',1,1,75.00,75.00,85.00,255.00,0.00,'',0,0.00,75.00,0,0,0),
(300.00,'01483',56,29,33,146,3.00,320.00,960.00,0.00,'',0,'2026-05-04',146,0.00,-1,1,0.00,0,300.00,300.00,300.00,300.00,0,0,0,0,0,0,0,'','',1,1,300.00,300.00,320.00,960.00,0.00,'',0,0.00,300.00,0,0,0),
(285.00,'01324',57,30,14,74,3.00,300.00,900.00,0.00,'',0,'2026-05-04',74,0.00,-1,1,0.00,0,285.00,285.00,285.00,285.00,0,0,0,0,0,0,0,'','',1,1,285.00,285.00,300.00,900.00,0.00,'',0,0.00,285.00,0,0,0),
(320.00,'01482',58,31,33,144,3.00,340.00,1020.00,0.00,'',0,'2026-05-04',144,0.00,-1,1,0.00,0,320.00,320.00,320.00,320.00,0,0,0,0,0,0,0,'','',1,1,320.00,320.00,340.00,1020.00,0.00,'',0,0.00,320.00,0,0,0),
(175.00,'01371',59,32,23,102,6.00,190.00,1140.00,0.00,'',0,'2026-05-04',102,0.00,-1,1,0.00,0,175.00,175.00,175.00,175.00,0,0,0,0,0,0,0,'','',1,1,175.00,175.00,190.00,1140.00,0.00,'',0,0.00,175.00,0,0,0),
(175.00,'01204',60,32,21,96,6.00,190.00,1140.00,0.00,'',0,'2026-05-04',96,0.00,-1,1,0.00,0,175.00,175.00,175.00,175.00,0,0,0,0,0,0,0,'','',1,1,175.00,175.00,190.00,1140.00,0.00,'',0,0.00,175.00,0,0,0),
(200.00,'01439',61,32,10,59,6.00,215.00,1290.00,0.00,'',0,'2026-05-04',59,0.00,-1,1,0.00,0,200.00,200.00,200.00,200.00,0,0,0,0,0,0,0,'','',1,1,200.00,200.00,215.00,1290.00,0.00,'',0,0.00,200.00,0,0,0),
(210.00,'00154',62,32,36,154,8.00,255.00,2040.00,0.00,'',0,'2026-05-04',154,0.00,-1,1,0.00,0,210.00,210.00,210.00,210.00,0,0,0,0,0,0,0,'','1-8,',1,1,210.00,210.00,255.00,2040.00,0.00,'',0,0.00,210.00,0,0,0),
(285.00,'01324',63,32,14,74,12.00,300.00,3600.00,0.00,'',0,'2026-05-04',74,0.00,-1,1,0.00,0,285.00,285.00,285.00,285.00,0,0,0,0,0,0,0,'','',1,1,285.00,285.00,300.00,3600.00,0.00,'',0,0.00,285.00,0,0,0),
(210.00,'00167',64,32,40,167,24.00,230.00,5520.00,0.00,'',0,'2026-05-04',167,0.00,-1,1,0.00,0,210.00,210.00,210.00,210.00,0,0,0,0,0,0,0,'','',1,1,210.00,210.00,230.00,5520.00,0.00,'',0,0.00,210.00,0,0,0),
(150.00,'01200',65,33,3,20,9.00,150.00,1350.00,0.00,'',0,'2026-05-04',20,0.00,-1,1,0.00,0,150.00,150.00,150.00,150.00,0,0,0,0,0,0,0,'','',1,1,150.00,150.00,150.00,1350.00,0.00,'',0,0.00,150.00,0,0,0),
(210.00,'00140',66,34,32,140,6.00,230.00,1380.00,0.00,'',0,'2026-05-04',140,0.00,-1,1,0.00,0,210.00,210.00,210.00,210.00,0,0,0,0,0,0,0,'','',1,1,210.00,210.00,230.00,1380.00,0.00,'',0,0.00,210.00,0,0,0),
(320.00,'00137',67,34,32,137,3.00,350.00,1050.00,0.00,'',0,'2026-05-04',137,0.00,-1,1,0.00,0,320.00,320.00,320.00,320.00,0,0,0,0,0,0,0,'','',1,1,320.00,320.00,350.00,1050.00,0.00,'',0,0.00,320.00,0,0,0),
(198.00,'01171',68,34,37,157,3.00,220.00,660.00,0.00,'',0,'2026-05-04',157,0.00,-1,1,0.00,0,220.00,220.00,198.00,205.00,0,0,0,0,0,0,0,'','6-3,',1,1,220.00,220.00,220.00,660.00,0.00,'',0,0.00,198.00,0,0,0),
(100.00,'01314',69,35,28,121,11.00,110.00,1210.00,0.00,'',0,'2026-05-04',121,0.00,-1,1,0.00,0,100.00,100.00,100.00,100.00,0,0,0,0,0,0,0,'','',1,1,100.00,100.00,110.00,1210.00,0.00,'',0,0.00,100.00,0,0,0),
(95.00,'00079',70,35,17,79,3.00,100.00,300.00,0.00,'',0,'2026-05-04',79,0.00,-1,1,0.00,0,95.00,95.00,95.00,95.00,0,0,0,0,0,0,0,'','',1,1,95.00,95.00,100.00,300.00,0.00,'',0,0.00,95.00,0,0,0),
(260.00,'01480 ',71,36,33,142,36.00,275.00,9900.00,0.00,'',0,'2026-05-04',142,0.00,-1,1,0.00,0,260.00,260.00,260.00,260.00,0,0,0,0,0,0,0,'','',1,1,260.00,260.00,275.00,9900.00,0.00,'',0,0.00,260.00,0,0,0),
(280.00,'00004',72,36,1,4,40.00,300.00,12000.00,0.00,'',0,'2026-05-04',4,0.00,-1,1,0.00,0,280.00,280.00,280.00,280.00,0,0,0,0,0,0,0,'','',1,1,280.00,280.00,300.00,12000.00,0.00,'',0,0.00,280.00,0,0,0),
(310.00,'01481',73,36,33,143,9.00,330.00,2970.00,0.00,'',0,'2026-05-04',143,0.00,-1,1,0.00,0,310.00,310.00,310.00,310.00,0,0,0,0,0,0,0,'','',1,1,310.00,310.00,330.00,2970.00,0.00,'',0,0.00,310.00,0,0,0),
(185.00,'00061',74,36,10,61,12.00,200.00,2400.00,0.00,'',0,'2026-05-04',61,0.00,-1,1,0.00,0,185.00,185.00,185.00,185.00,0,0,0,0,0,0,0,'','',1,1,185.00,185.00,200.00,2400.00,0.00,'',0,0.00,185.00,0,0,0),
(260.00,'01425',75,36,31,135,12.00,240.00,2880.00,0.00,'',0,'2026-05-04',135,0.00,-1,1,0.00,0,260.00,260.00,260.00,260.00,0,0,0,0,0,0,0,'','',1,1,260.00,260.00,240.00,2880.00,0.00,'',0,0.00,260.00,0,0,0),
(265.00,'01463',76,37,31,164,3.00,285.00,855.00,0.00,'',0,'2026-05-05',164,0.00,-1,1,0.00,0,265.00,265.00,265.00,265.00,0,0,0,0,0,0,0,'','',1,1,265.00,265.00,285.00,855.00,0.00,'',0,0.00,265.00,0,0,0),
(200.00,'01151',77,37,30,131,8.00,220.00,1760.00,0.00,'',0,'2026-05-05',131,0.00,-1,1,0.00,0,200.00,200.00,200.00,200.00,0,0,0,0,0,0,0,'','',1,1,200.00,200.00,220.00,1760.00,0.00,'',0,0.00,200.00,0,0,0),
(180.00,'01311',78,37,10,64,3.00,195.00,585.00,0.00,'',0,'2026-05-05',64,0.00,-1,1,0.00,0,180.00,180.00,180.00,180.00,0,0,0,0,0,0,0,'','',1,1,180.00,180.00,195.00,585.00,0.00,'',0,0.00,180.00,0,0,0),
(230.00,'00141',79,37,32,141,3.00,245.00,735.00,0.00,'',0,'2026-05-05',141,0.00,-1,1,0.00,0,230.00,230.00,230.00,230.00,0,0,0,0,0,0,0,'','',1,1,230.00,230.00,245.00,735.00,0.00,'',0,0.00,230.00,0,0,0),
(315.00,'01461',80,38,5,32,9.00,330.00,2970.00,0.00,'',0,'2026-05-05',32,0.00,-1,1,0.00,0,315.00,315.00,315.00,315.00,0,0,0,0,0,0,0,'','',1,1,315.00,315.00,330.00,2970.00,0.00,'',0,0.00,315.00,0,0,0),
(170.00,'01360',81,39,1,17,6.00,180.00,1080.00,0.00,'',0,'2026-05-05',17,0.00,-1,1,0.00,0,170.00,170.00,170.00,170.00,0,0,0,0,0,0,0,'','',1,1,170.00,170.00,180.00,1080.00,0.00,'',0,0.00,170.00,0,0,0),
(94.00,'00044',82,39,6,44,8.00,100.00,800.00,0.00,'',0,'2026-05-05',44,0.00,-1,1,0.00,0,94.00,94.00,94.00,94.00,0,0,0,0,0,0,0,'','',1,1,94.00,94.00,100.00,800.00,0.00,'',0,0.00,94.00,0,0,0),
(95.00,'00079',83,39,17,79,6.00,100.00,600.00,0.00,'',0,'2026-05-05',79,0.00,-1,1,0.00,0,95.00,95.00,95.00,95.00,0,0,0,0,0,0,0,'','',1,1,95.00,95.00,100.00,600.00,0.00,'',0,0.00,95.00,0,0,0),
(175.00,'01394',84,39,17,78,9.00,185.00,1665.00,0.00,'',0,'2026-05-05',78,0.00,-1,1,0.00,0,175.00,175.00,175.00,175.00,0,0,0,0,0,0,0,'','',1,1,175.00,175.00,185.00,1665.00,0.00,'',0,0.00,175.00,0,0,0),
(164.00,'00045',85,39,6,45,3.00,175.00,525.00,0.00,'',0,'2026-05-05',45,0.00,-1,1,0.00,0,164.00,164.00,164.00,164.00,0,0,0,0,0,0,0,'','',1,1,164.00,164.00,175.00,525.00,0.00,'',0,0.00,164.00,0,0,0),
(100.00,'00047',86,39,7,47,10.00,100.00,1000.00,0.00,'',0,'2026-05-05',47,0.00,-1,1,0.00,0,100.00,100.00,100.00,100.00,0,0,0,0,0,0,0,'','',1,1,100.00,100.00,100.00,1000.00,0.00,'',0,0.00,100.00,0,0,0),
(180.00,'01311',87,40,10,64,52.00,190.00,9880.00,0.00,'',0,'2026-05-05',64,0.00,-1,1,0.00,0,180.00,180.00,180.00,180.00,0,0,0,0,0,0,0,'','',1,1,180.00,180.00,190.00,9880.00,0.00,'',0,0.00,180.00,0,0,0),
(200.00,'01262',88,41,19,93,4.00,215.00,860.00,0.00,'',0,'2026-05-05',93,0.00,-1,1,0.00,0,200.00,200.00,200.00,200.00,0,0,0,0,0,0,0,'','',1,1,200.00,200.00,215.00,860.00,0.00,'',0,0.00,200.00,0,0,0),
(210.00,'00140',89,42,32,140,36.00,230.00,8280.00,0.00,'',0,'2026-05-05',140,0.00,-1,1,0.00,0,210.00,210.00,210.00,210.00,0,0,0,0,0,0,0,'','',1,1,210.00,210.00,230.00,8280.00,0.00,'',0,0.00,210.00,0,0,0),
(198.00,'01171',90,42,37,157,42.00,220.00,9240.00,0.00,'',0,'2026-05-05',157,0.00,-1,1,0.00,0,220.00,220.00,198.00,205.00,0,0,0,0,0,0,0,'','6-42,',1,1,220.00,220.00,220.00,9240.00,0.00,'',0,0.00,198.00,0,0,0),
(250.00,'01448',91,42,34,149,9.00,270.00,2430.00,0.00,'',0,'2026-05-05',149,0.00,-1,1,0.00,0,250.00,250.00,250.00,250.00,0,0,0,0,0,0,0,'','',1,1,250.00,250.00,270.00,2430.00,0.00,'',0,0.00,250.00,0,0,0),
(200.00,'00148',92,42,34,148,15.00,220.00,3300.00,0.00,'',0,'2026-05-05',148,0.00,-1,1,0.00,0,200.00,200.00,200.00,200.00,0,0,0,0,0,0,0,'','',1,1,200.00,200.00,220.00,3300.00,0.00,'',0,0.00,200.00,0,0,0),
(240.00,'01473',93,42,34,147,12.00,260.00,3120.00,0.00,'',0,'2026-05-05',147,0.00,-1,1,0.00,0,240.00,240.00,240.00,240.00,0,0,0,0,0,0,0,'','',1,1,240.00,240.00,260.00,3120.00,0.00,'',0,0.00,240.00,0,0,0),
(210.00,'00167',94,42,40,167,16.00,230.00,3680.00,0.00,'',0,'2026-05-05',167,0.00,-1,1,0.00,0,210.00,210.00,210.00,210.00,0,0,0,0,0,0,0,'','',1,1,210.00,210.00,230.00,3680.00,0.00,'',0,0.00,210.00,0,0,0),
(170.00,'01360',95,42,1,17,6.00,190.00,1140.00,0.00,'',0,'2026-05-05',17,0.00,-1,1,0.00,0,170.00,170.00,170.00,170.00,0,0,0,0,0,0,0,'','',1,1,170.00,170.00,190.00,1140.00,0.00,'',0,0.00,170.00,0,0,0),
(220.00,'00138',96,42,32,138,6.00,240.00,1440.00,0.00,'',0,'2026-05-05',138,0.00,-1,1,0.00,0,220.00,220.00,220.00,220.00,0,0,0,0,0,0,0,'','',1,1,220.00,220.00,240.00,1440.00,0.00,'',0,0.00,220.00,0,0,0),
(200.00,'01262',97,42,19,93,16.00,215.00,3440.00,0.00,'',0,'2026-05-05',93,0.00,-1,1,0.00,0,200.00,200.00,200.00,200.00,0,0,0,0,0,0,0,'','',1,1,200.00,200.00,215.00,3440.00,0.00,'',0,0.00,200.00,0,0,0),
(55.00,'00165',98,43,10,165,16.00,60.00,960.00,0.00,'',0,'2026-05-05',165,0.00,-1,1,0.00,0,55.00,55.00,55.00,55.00,0,0,0,0,0,0,0,'','',1,1,55.00,55.00,60.00,960.00,0.00,'',0,0.00,55.00,0,0,0),
(280.00,'00010',99,43,1,10,3.00,300.00,900.00,0.00,'',0,'2026-05-05',10,0.00,-1,1,0.00,0,280.00,280.00,280.00,280.00,0,0,0,0,0,0,0,'','',1,1,280.00,280.00,300.00,900.00,0.00,'',0,0.00,280.00,0,0,0),
(150.00,'01200',100,44,3,20,3.00,150.00,450.00,0.00,'',0,'2026-05-05',20,0.00,-1,1,0.00,0,150.00,150.00,150.00,150.00,0,0,0,0,0,0,0,'','',1,1,150.00,150.00,150.00,450.00,0.00,'',0,0.00,150.00,0,0,0),
(115.00,'00169',101,45,41,169,48.00,125.00,6000.00,0.00,'',0,'2026-05-05',169,0.00,-1,1,0.00,0,115.00,115.00,115.00,115.00,0,0,0,0,0,0,0,'','',1,1,115.00,115.00,125.00,6000.00,0.00,'',0,0.00,115.00,0,0,0),
(265.00,'01463',102,45,31,164,6.00,285.00,1710.00,0.00,'',0,'2026-05-05',164,0.00,-1,1,0.00,0,265.00,265.00,265.00,265.00,0,0,0,0,0,0,0,'','',1,1,265.00,265.00,285.00,1710.00,0.00,'',0,0.00,265.00,0,0,0),
(260.00,'01375',103,46,18,91,6.00,280.00,1680.00,0.00,'',0,'2026-05-05',91,0.00,-1,1,0.00,0,260.00,260.00,260.00,260.00,0,0,0,0,0,0,0,'','',1,1,260.00,260.00,280.00,1680.00,0.00,'',0,0.00,260.00,0,0,0),
(108.00,'00166',104,47,37,166,21.00,120.00,2520.00,0.00,'',0,'2026-05-05',166,0.00,-1,1,0.00,0,120.00,120.00,108.00,108.00,0,0,0,0,0,0,0,'','4-21,',1,1,120.00,120.00,120.00,2520.00,0.00,'',0,0.00,108.00,0,0,0),
(230.00,'00141',105,48,32,141,3.00,245.00,735.00,0.00,'',0,'2026-05-05',141,0.00,-1,1,0.00,0,230.00,230.00,230.00,230.00,0,0,0,0,0,0,0,'','',1,1,230.00,230.00,245.00,735.00,0.00,'',0,0.00,230.00,0,0,0),
(230.00,'01455',106,49,3,18,3.00,230.00,690.00,0.00,'',0,'2026-05-05',18,0.00,-1,1,0.00,0,230.00,230.00,230.00,230.00,0,0,0,0,0,0,0,'','',1,1,230.00,230.00,230.00,690.00,0.00,'',0,0.00,230.00,0,0,0),
(75.00,'01462',107,49,5,40,7.00,85.00,595.00,0.00,'',0,'2026-05-05',40,0.00,-1,1,0.00,0,75.00,75.00,75.00,75.00,0,0,0,0,0,0,0,'','',1,1,75.00,75.00,85.00,595.00,0.00,'',0,0.00,75.00,0,0,0),
(198.00,'01171',108,50,37,157,24.00,220.00,5280.00,0.00,'',0,'2026-05-05',157,0.00,-1,1,0.00,0,220.00,220.00,198.00,205.00,0,0,0,0,0,0,0,'','6-24,',1,1,220.00,220.00,220.00,5280.00,0.00,'',0,0.00,198.00,0,0,0),
(280.00,'00151',109,51,35,151,4.00,295.00,1180.00,0.00,'',0,'2026-05-05',151,0.00,-1,1,0.00,0,280.00,280.00,280.00,280.00,0,0,0,0,0,0,0,'','',1,1,280.00,280.00,295.00,1180.00,0.00,'',0,0.00,280.00,0,0,0),
(100.00,'01152',110,52,21,95,3.00,110.00,330.00,0.00,'',0,'2026-05-05',95,0.00,-1,1,0.00,0,100.00,100.00,100.00,100.00,0,0,0,0,0,0,0,'','',1,1,100.00,100.00,110.00,330.00,0.00,'',0,0.00,100.00,0,0,0),
(135.00,'01470',111,52,1,124,6.00,150.00,900.00,0.00,'',0,'2026-05-05',124,0.00,-1,1,0.00,0,135.00,135.00,135.00,135.00,0,0,0,0,0,0,0,'','',1,1,135.00,135.00,150.00,900.00,0.00,'',0,0.00,135.00,0,0,0),
(260.00,'01375',112,52,18,91,6.00,280.00,1680.00,0.00,'',0,'2026-05-05',91,0.00,-1,1,0.00,0,260.00,260.00,260.00,260.00,0,0,0,0,0,0,0,'','',1,1,260.00,260.00,280.00,1680.00,0.00,'',0,0.00,260.00,0,0,0),
(200.00,'00126',113,52,29,126,8.00,220.00,1760.00,0.00,'',0,'2026-05-05',126,0.00,-1,1,0.00,0,200.00,200.00,200.00,200.00,0,0,0,0,0,0,0,'','',1,1,200.00,200.00,220.00,1760.00,0.00,'',0,0.00,200.00,0,0,0),
(230.00,'01455',114,52,3,18,6.00,230.00,1380.00,0.00,'',0,'2026-05-05',18,0.00,-1,1,0.00,0,230.00,230.00,230.00,230.00,0,0,0,0,0,0,0,'','',1,1,230.00,230.00,230.00,1380.00,0.00,'',0,0.00,230.00,0,0,0),
(120.00,'01458',115,52,10,62,6.00,135.00,810.00,0.00,'',0,'2026-05-05',62,0.00,-1,1,0.00,0,120.00,120.00,120.00,120.00,0,0,0,0,0,0,0,'','',1,1,120.00,120.00,135.00,810.00,0.00,'',0,0.00,120.00,0,0,0),
(135.00,'01470',116,53,1,124,6.00,150.00,900.00,0.00,'',0,'2026-05-05',124,0.00,-1,1,0.00,0,135.00,135.00,135.00,135.00,0,0,0,0,0,0,0,'','',1,1,135.00,135.00,150.00,900.00,0.00,'',0,0.00,135.00,0,0,0),
(135.00,'01200',117,54,3,20,6.00,150.00,900.00,0.00,'',0,'2026-05-05',20,0.00,-1,1,0.00,0,135.00,134.46,135.00,134.46,0,0,0,0,0,0,0,'','7-6,',1,1,135.00,133.93,150.00,900.00,0.00,'',0,0.00,135.00,0,0,0),
(210.00,'00167',118,54,40,167,4.00,230.00,920.00,0.00,'',0,'2026-05-05',167,0.00,-1,1,0.00,0,210.00,210.00,210.00,210.00,0,0,0,0,0,0,0,'','',1,1,210.00,210.00,230.00,920.00,0.00,'',0,0.00,210.00,0,0,0),
(170.00,'01379',119,55,18,81,8.00,185.00,1480.00,0.00,'',0,'2026-05-05',81,0.00,-1,1,0.00,0,170.00,170.00,170.00,170.00,0,0,0,0,0,0,0,'','',1,1,170.00,170.00,185.00,1480.00,0.00,'',0,0.00,170.00,0,0,0),
(265.00,'01463',120,55,31,164,6.00,285.00,1710.00,0.00,'',0,'2026-05-05',164,0.00,-1,1,0.00,0,265.00,265.00,265.00,265.00,0,0,0,0,0,0,0,'','',1,1,265.00,265.00,285.00,1710.00,0.00,'',0,0.00,265.00,0,0,0),
(165.00,'01351',121,55,27,117,24.00,180.00,4320.00,0.00,'',0,'2026-05-05',117,0.00,-1,1,0.00,0,165.00,165.00,165.00,165.00,0,0,0,0,0,0,0,'','',1,1,165.00,165.00,180.00,4320.00,0.00,'',0,0.00,165.00,0,0,0),
(175.00,'01204',122,55,21,96,3.00,190.00,570.00,0.00,'',0,'2026-05-05',96,0.00,-1,1,0.00,0,175.00,175.00,175.00,175.00,0,0,0,0,0,0,0,'','',1,1,175.00,175.00,190.00,570.00,0.00,'',0,0.00,175.00,0,0,0),
(165.00,'00173',123,55,43,173,9.00,180.00,1620.00,0.00,'',0,'2026-05-05',173,0.00,-1,1,0.00,0,165.00,165.00,165.00,165.00,0,0,0,0,0,0,0,'','',1,1,165.00,165.00,180.00,1620.00,0.00,'',0,0.00,165.00,0,0,0);

--
-- Table structure for table `sellbilldetailoffer`
--

CREATE TABLE `sellbilldetailoffer` (
  `buyprice` decimal(10,2) NOT NULL,
  `parcode` varchar(256) NOT NULL DEFAULT '',
  `sellbilldetailid` int(11) NOT NULL AUTO_INCREMENT,
  `sellbillid` int(11) NOT NULL,
  `sellbilldetailcatid` int(11) NOT NULL,
  `sellbilldetailproductid` int(11) NOT NULL,
  `sellbilldetailquantity` decimal(10,2) NOT NULL,
  `sellbilldetailprice` decimal(10,2) NOT NULL,
  `sellbilldetailtotalprice` decimal(10,2) NOT NULL,
  `discountvalue` decimal(10,2) NOT NULL,
  `note` varchar(256) DEFAULT NULL,
  `pricetype` tinyint(4) NOT NULL DEFAULT 0,
  `sellbilldetaildate` date NOT NULL,
  `productunitid` int(11) NOT NULL,
  `buydiscount` decimal(10,2) NOT NULL,
  `buydiscounttype` int(11) NOT NULL,
  `storeid` int(11) NOT NULL DEFAULT 0,
  `discounttype` decimal(10,2) NOT NULL DEFAULT 0.00,
  `localdonw` int(11) DEFAULT 0,
  `lastbuyprice` decimal(10,2) DEFAULT NULL,
  `meanbuyprice` decimal(10,2) DEFAULT NULL,
  `lastbuyprice_withDiscount` decimal(10,2) DEFAULT NULL,
  `meanbuyprice_withDiscount` decimal(10,2) DEFAULT NULL,
  `scunitqty` int(11) NOT NULL DEFAULT 0,
  `otherdetailquantity` int(11) NOT NULL DEFAULT 0,
  `sizeid` int(11) NOT NULL DEFAULT 0,
  `colorid` int(11) NOT NULL DEFAULT 0,
  `onlineOrderId` int(11) NOT NULL DEFAULT 0,
  `pricetypepro` tinyint(4) NOT NULL DEFAULT 0,
  PRIMARY KEY (`sellbilldetailid`)
) ENGINE=InnoDB DEFAULT CHARSET=utf8mb3 COLLATE=utf8mb3_general_ci;

--
-- Dumping data for table `sellbilldetailoffer`
--


--
-- Table structure for table `sellbilldetailorder`
--

CREATE TABLE `sellbilldetailorder` (
  `buyprice` decimal(10,2) NOT NULL,
  `parcode` varchar(256) NOT NULL DEFAULT '',
  `sellbilldetailid` int(11) NOT NULL AUTO_INCREMENT,
  `sellbillid` int(11) NOT NULL,
  `sellbilldetailcatid` int(11) NOT NULL,
  `sellbilldetailproductid` int(11) NOT NULL,
  `sellbilldetailquantity` decimal(10,2) NOT NULL,
  `sellbilldetailprice` decimal(10,2) NOT NULL,
  `sellbilldetailtotalprice` decimal(10,2) NOT NULL,
  `discountvalue` decimal(10,2) NOT NULL,
  `note` varchar(256) DEFAULT NULL,
  `pricetype` tinyint(4) NOT NULL DEFAULT 0,
  `sellbilldetaildate` date NOT NULL,
  `productunitid` int(11) NOT NULL,
  `buydiscount` decimal(10,2) NOT NULL,
  `buydiscounttype` int(11) NOT NULL,
  `storeid` int(11) NOT NULL DEFAULT 0,
  PRIMARY KEY (`sellbilldetailid`)
) ENGINE=InnoDB DEFAULT CHARSET=utf8mb3 COLLATE=utf8mb3_general_ci;

--
-- Dumping data for table `sellbilldetailorder`
--


--
-- Table structure for table `sellbillimage`
--

CREATE TABLE `sellbillimage` (
  `id` int(11) unsigned NOT NULL AUTO_INCREMENT,
  `sellbillid` int(11) unsigned DEFAULT NULL,
  `images` varchar(191) CHARACTER SET utf8mb4 COLLATE utf8mb4_unicode_ci DEFAULT NULL,
  PRIMARY KEY (`id`)
) ENGINE=InnoDB DEFAULT CHARSET=utf8mb3 COLLATE=utf8mb3_general_ci;

--
-- Dumping data for table `sellbillimage`
--


--
-- Table structure for table `sellbilloffer`
--

CREATE TABLE `sellbilloffer` (
  `sellbillid` int(11) NOT NULL AUTO_INCREMENT,
  `sellbilldate` datetime DEFAULT NULL,
  `sellbillserial` varchar(255) DEFAULT NULL,
  `sellbillclientid` int(11) NOT NULL DEFAULT 0,
  `sellbilltotaldeptbefor` decimal(10,2) NOT NULL,
  `sellbilltotaldeptafter` decimal(10,2) NOT NULL,
  `sellbilldiscount` varchar(255) NOT NULL DEFAULT '',
  `sellbilldiscounttype` int(11) NOT NULL DEFAULT 0,
  `sellbilltotalbill` decimal(10,2) NOT NULL,
  `sellbillaftertotalbill` decimal(10,2) NOT NULL,
  `sellbilltotalpayed` decimal(10,2) NOT NULL,
  `sellbillfinalbill` decimal(10,2) NOT NULL,
  `sellbillstoreid` int(11) NOT NULL,
  `sellbillsysdate` datetime NOT NULL,
  `comment` text NOT NULL,
  `userid` int(11) NOT NULL,
  `conditions` int(11) NOT NULL DEFAULT 0,
  `sellbillclientname` text NOT NULL,
  `sellbillsaveid` int(11) NOT NULL,
  `sellbildirectpayment` int(11) NOT NULL,
  `billnameid` int(11) NOT NULL,
  `sellerid` int(11) NOT NULL,
  `tempclientName` varchar(255) NOT NULL,
  `sellQuantity` decimal(10,2) NOT NULL,
  `deletedsellid` int(11) NOT NULL,
  `controlname` varchar(255) NOT NULL,
  `tax` decimal(10,2) NOT NULL DEFAULT 0.00,
  `carnumber` varchar(255) NOT NULL,
  `cartype` varchar(255) NOT NULL,
  `carchase` varchar(255) NOT NULL,
  `carmotor` varchar(255) NOT NULL,
  `costcenterid` int(11) DEFAULT NULL,
  `localdonw` int(11) DEFAULT 0,
  `dailyentryid` varchar(100) NOT NULL DEFAULT '',
  `obygyVisitId` int(11) DEFAULT 0,
  `onlineOrderId` int(11) DEFAULT 0,
  `delbyuserid` int(11) NOT NULL DEFAULT 0,
  `lastReviewType` tinyint(4) NOT NULL DEFAULT 0,
  `lastReviewUser` int(11) DEFAULT NULL,
  `lastReviewDateTime` datetime DEFAULT NULL,
  `delivery` decimal(10,2) NOT NULL DEFAULT 0.00,
  `totalafterdelivery` decimal(10,2) NOT NULL DEFAULT 0.00,
  `billReservation` tinyint(4) NOT NULL DEFAULT 0,
  `billReservationDate` date NOT NULL,
  `webApiId` int(11) NOT NULL DEFAULT 0,
  `visaAccountId` int(11) NOT NULL DEFAULT 0,
  `cashPayed` decimal(10,2) NOT NULL,
  `visaPayed` decimal(10,2) NOT NULL,
  `isBankAccountTransfer` tinyint(4) NOT NULL DEFAULT 0,
  `extraDiscountPer` float NOT NULL DEFAULT 0,
  `extraDiscountVal` float NOT NULL DEFAULT 0,
  `taxOfDiscountPer` float NOT NULL DEFAULT 0,
  `taxOfDiscountVal` float NOT NULL DEFAULT 0,
  `shippingDate` date NOT NULL,
  `taxBillNumber` int(11) NOT NULL DEFAULT 0,
  `collectionType` tinyint(4) NOT NULL DEFAULT 0,
  `collectionDate` date NOT NULL,
  `qrerpid` varchar(255) NOT NULL,
  `qrerpids` text NOT NULL,
  `autoSaveFlag` tinyint(4) NOT NULL DEFAULT 0 COMMENT '0 completed in sellbillcontrol, 1 not completed still temp saved in ajax',
  `ereason` text NOT NULL,
  `estatus` varchar(255) NOT NULL,
  `epdf` varchar(255) NOT NULL,
  `obgyBillType` tinyint(4) NOT NULL DEFAULT 0,
  `billoperationid` int(11) NOT NULL DEFAULT 0,
  `datestarting` date NOT NULL,
  `pricetype` tinyint(4) NOT NULL DEFAULT 0,
  `orderSavedBillId` int(11) NOT NULL DEFAULT 0,
  `totalprodiscount` varchar(255) NOT NULL DEFAULT '',
  `manage_ex` varchar(255) NOT NULL DEFAULT '',
  `med_hallmark` varchar(255) NOT NULL DEFAULT '',
  `pay_rec_no` varchar(255) NOT NULL DEFAULT '',
  `pay_rec_val` varchar(255) NOT NULL DEFAULT '',
  `decisionNo` varchar(255) NOT NULL DEFAULT '',
  `decisionValue` varchar(255) NOT NULL DEFAULT '',
  PRIMARY KEY (`sellbillid`),
  KEY `sellbilldate` (`sellbilldate`),
  KEY `sellbillclientid` (`sellbillclientid`),
  KEY `obgyBillType` (`obgyBillType`),
  KEY `sellbillstoreid` (`sellbillstoreid`),
  KEY `pricetype` (`pricetype`),
  KEY `sellerid` (`sellerid`),
  KEY `userid` (`userid`),
  KEY `conditions` (`conditions`)
) ENGINE=InnoDB DEFAULT CHARSET=utf8mb3 COLLATE=utf8mb3_general_ci;

--
-- Dumping data for table `sellbilloffer`
--


--
-- Table structure for table `sellbillorder`
--

CREATE TABLE `sellbillorder` (
  `sellbillid` int(11) NOT NULL AUTO_INCREMENT,
  `sellbilldate` date DEFAULT NULL,
  `sellbillserial` varchar(255) DEFAULT NULL,
  `sellbillclientid` int(11) NOT NULL DEFAULT 0,
  `sellbilltotaldeptbefor` decimal(10,2) NOT NULL,
  `sellbilltotaldeptafter` decimal(10,2) NOT NULL,
  `sellbilldiscount` varchar(255) NOT NULL DEFAULT '',
  `sellbilldiscounttype` int(11) NOT NULL DEFAULT 0,
  `sellbilltotalbill` decimal(10,2) NOT NULL,
  `sellbillaftertotalbill` decimal(10,2) NOT NULL,
  `sellbilltotalpayed` decimal(10,2) NOT NULL,
  `sellbillfinalbill` decimal(10,2) NOT NULL,
  `sellbillstoreid` int(11) NOT NULL,
  `sellbillsysdate` date NOT NULL,
  `userid` int(11) NOT NULL,
  `conditions` int(11) NOT NULL DEFAULT 0,
  `sellbillclientname` text NOT NULL,
  `sellbillsaveid` int(11) NOT NULL,
  `sellbildirectpayment` int(11) NOT NULL,
  `billnameid` int(11) NOT NULL,
  `sellerid` int(11) NOT NULL,
  `tempclientName` varchar(255) NOT NULL,
  `sellQuantity` decimal(10,2) NOT NULL,
  `actualsellbill` int(11) NOT NULL DEFAULT 0 COMMENT 'the actual sell bill id   0 not don yet ',
  `saveAffect` int(11) NOT NULL DEFAULT 0 COMMENT ' 0 for Affect in save  1 not affect',
  PRIMARY KEY (`sellbillid`)
) ENGINE=InnoDB DEFAULT CHARSET=utf8mb3 COLLATE=utf8mb3_general_ci;

--
-- Dumping data for table `sellbillorder`
--


--
-- Table structure for table `sellbillreview`
--

CREATE TABLE `sellbillreview` (
  `id` int(11) NOT NULL AUTO_INCREMENT,
  `billid` int(11) NOT NULL,
  `reviewType` tinyint(4) NOT NULL COMMENT '0 cancel review , 1 reviewed',
  `reviewComment` text CHARACTER SET utf8mb4 COLLATE utf8mb4_unicode_ci NOT NULL,
  `reviewuserid` int(11) NOT NULL,
  `sysdate` datetime NOT NULL,
  `del` tinyint(4) NOT NULL COMMENT '0 not del , 1 del',
  PRIMARY KEY (`id`)
) ENGINE=InnoDB DEFAULT CHARSET=latin1 COLLATE=latin1_swedish_ci;

--
-- Dumping data for table `sellbillreview`
--


--
-- Table structure for table `sellbillstatus`
--

CREATE TABLE `sellbillstatus` (
  `id` int(11) NOT NULL AUTO_INCREMENT,
  `sellbillid` int(11) NOT NULL,
  `status` varchar(255) NOT NULL COMMENT 'new - prepare - shipped - deliver - refused',
  `userid` int(11) NOT NULL,
  `sysdate` datetime NOT NULL DEFAULT current_timestamp(),
  PRIMARY KEY (`id`)
) ENGINE=InnoDB AUTO_INCREMENT=56 DEFAULT CHARSET=utf8mb3 COLLATE=utf8mb3_general_ci;

--
-- Dumping data for table `sellbillstatus`
--

INSERT INTO `sellbillstatus` VALUES
(1,1,'new',11,'2026-05-04 10:01:51'),
(2,2,'new',11,'2026-05-04 10:11:21'),
(3,3,'new',11,'2026-05-04 10:26:06'),
(4,4,'new',11,'2026-05-04 10:34:50'),
(5,5,'new',11,'2026-05-04 10:42:13'),
(6,6,'new',11,'2026-05-04 10:47:57'),
(7,7,'new',11,'2026-05-04 11:06:16'),
(8,8,'new',11,'2026-05-04 11:21:55'),
(9,9,'new',11,'2026-05-04 11:46:15'),
(10,10,'new',11,'2026-05-04 11:46:47'),
(11,11,'new',11,'2026-05-04 11:54:12'),
(12,12,'new',11,'2026-05-04 12:11:53'),
(13,13,'new',11,'2026-05-04 12:15:28'),
(14,14,'new',11,'2026-05-04 12:18:50'),
(15,15,'new',11,'2026-05-04 12:30:29'),
(16,16,'new',11,'2026-05-04 12:35:44'),
(17,17,'new',11,'2026-05-04 12:50:49'),
(18,18,'new',11,'2026-05-04 12:51:41'),
(19,19,'new',11,'2026-05-04 13:02:29'),
(20,20,'new',11,'2026-05-04 13:08:34'),
(21,21,'new',11,'2026-05-04 13:13:00'),
(22,22,'new',11,'2026-05-04 13:16:45'),
(23,23,'new',11,'2026-05-04 13:21:04'),
(24,24,'new',11,'2026-05-04 14:29:25'),
(25,25,'new',11,'2026-05-04 14:38:46'),
(26,26,'new',11,'2026-05-04 15:08:07'),
(27,27,'new',11,'2026-05-04 15:10:58'),
(28,28,'new',11,'2026-05-04 15:40:55'),
(29,29,'new',11,'2026-05-04 15:51:39'),
(30,30,'new',11,'2026-05-04 16:37:37'),
(31,31,'new',11,'2026-05-04 16:39:45'),
(32,32,'new',11,'2026-05-04 16:42:10'),
(33,33,'new',11,'2026-05-04 17:19:21'),
(34,34,'new',11,'2026-05-04 18:41:07'),
(35,35,'new',11,'2026-05-04 19:12:09'),
(36,36,'new',11,'2026-05-04 19:34:17'),
(37,37,'new',11,'2026-05-05 09:50:48'),
(38,38,'new',11,'2026-05-05 10:23:31'),
(39,39,'new',11,'2026-05-05 11:35:28'),
(40,40,'new',11,'2026-05-05 11:51:52'),
(41,41,'new',11,'2026-05-05 12:11:45'),
(42,42,'new',11,'2026-05-05 13:11:58'),
(43,43,'new',11,'2026-05-05 13:45:47'),
(44,44,'new',11,'2026-05-05 13:57:54'),
(45,45,'new',11,'2026-05-05 14:04:53'),
(46,46,'new',11,'2026-05-05 14:17:30'),
(47,47,'new',11,'2026-05-05 14:31:41'),
(48,48,'new',11,'2026-05-05 14:56:26'),
(49,49,'new',11,'2026-05-05 15:08:44'),
(50,50,'new',11,'2026-05-05 15:11:54'),
(51,51,'new',11,'2026-05-05 16:51:14'),
(52,52,'new',11,'2026-05-05 17:18:56'),
(53,53,'new',11,'2026-05-05 17:26:27'),
(54,54,'new',11,'2026-05-05 19:14:07'),
(55,55,'new',1,'2026-05-05 20:59:01');

--
-- Table structure for table `settingoperation`
--

CREATE TABLE `settingoperation` (
  `settingOperationID` int(11) NOT NULL AUTO_INCREMENT,
  `settingOperationName` varchar(100) NOT NULL,
  `workStationID` int(11) NOT NULL,
  `realTime` int(11) NOT NULL,
  `assetesID` int(11) NOT NULL,
  `workersNo` int(11) NOT NULL,
  `conditions` int(11) NOT NULL DEFAULT 0 COMMENT '0 for del - 1 for not del',
  `userID` int(11) NOT NULL,
  `operationDate` date NOT NULL,
  `operationType` varchar(255) NOT NULL DEFAULT '0',
  PRIMARY KEY (`settingOperationID`)
) ENGINE=InnoDB DEFAULT CHARSET=utf8mb3 COLLATE=utf8mb3_general_ci;

--
-- Dumping data for table `settingoperation`
--


--
-- Table structure for table `shippercompanies`
--

CREATE TABLE `shippercompanies` (
  `companyId` int(11) NOT NULL AUTO_INCREMENT,
  `companyName` varchar(255) NOT NULL,
  `otherInfo` longtext NOT NULL,
  `tempdele` int(11) NOT NULL DEFAULT 0,
  PRIMARY KEY (`companyId`)
) ENGINE=InnoDB DEFAULT CHARSET=utf8mb3 COLLATE=utf8mb3_general_ci;

--
-- Dumping data for table `shippercompanies`
--


--
-- Table structure for table `simplemanufacturesetting`
--

CREATE TABLE `simplemanufacturesetting` (
  `id` int(11) NOT NULL AUTO_INCREMENT,
  `storeid` tinyint(4) NOT NULL,
  `reducestoreamount` tinyint(4) NOT NULL COMMENT '1: yes --- 0: no',
  `productsproductionequation` tinyint(4) NOT NULL DEFAULT 0 COMMENT '0: Manufacturing products -- 1:all products',
  `orderclient` tinyint(4) NOT NULL DEFAULT 0,
  `taskOrderName` tinyint(4) NOT NULL DEFAULT 0,
  `lowOutPriceAlert` tinyint(4) NOT NULL DEFAULT 0,
  PRIMARY KEY (`id`)
) ENGINE=InnoDB AUTO_INCREMENT=2 DEFAULT CHARSET=latin1 COLLATE=latin1_swedish_ci;

--
-- Dumping data for table `simplemanufacturesetting`
--

INSERT INTO `simplemanufacturesetting` VALUES
(1,1,1,0,0,0,0);

--
-- Table structure for table `sizecolor`
--

CREATE TABLE `sizecolor` (
  `id` int(11) NOT NULL AUTO_INCREMENT,
  `name` varchar(255) CHARACTER SET utf8mb3 COLLATE utf8mb3_general_ci NOT NULL,
  `type` tinyint(4) NOT NULL COMMENT '0 size , 1 color',
  `userid` int(11) NOT NULL,
  `conditions` tinyint(4) NOT NULL,
  `sysdate` date NOT NULL,
  `scExcelid` int(11) NOT NULL COMMENT 'used to link products to products from another erp like siam see in buybill',
  PRIMARY KEY (`id`)
) ENGINE=InnoDB DEFAULT CHARSET=latin1 COLLATE=latin1_swedish_ci;

--
-- Dumping data for table `sizecolor`
--


--
-- Table structure for table `sizecolorstoredetail`
--

CREATE TABLE `sizecolorstoredetail` (
  `id` int(11) NOT NULL AUTO_INCREMENT,
  `storeid` int(11) NOT NULL,
  `productid` int(11) NOT NULL,
  `sizeid` int(11) NOT NULL,
  `colorid` int(11) NOT NULL,
  `parcode` varchar(300) NOT NULL,
  `buyprice` decimal(10,2) NOT NULL,
  `sellunitprice` decimal(10,2) NOT NULL,
  `quantity` decimal(10,2) NOT NULL,
  `userid` int(11) NOT NULL,
  `sysdate` datetime NOT NULL,
  `scdExcelParcode` varchar(12) NOT NULL COMMENT 'used to link products to products from another erp like siam see in buybill',
  `inUse` tinyint(4) NOT NULL DEFAULT 0 COMMENT '0 free - 1 in use means to stop changing debt till it is free again',
  PRIMARY KEY (`id`),
  UNIQUE KEY `prosizecolor_unique` (`storeid`,`productid`,`sizeid`,`colorid`),
  KEY `productid` (`productid`)
) ENGINE=InnoDB DEFAULT CHARSET=latin1 COLLATE=latin1_swedish_ci;

--
-- Dumping data for table `sizecolorstoredetail`
--


--
-- Table structure for table `soldserialproduct`
--

CREATE TABLE `soldserialproduct` (
  `soldserialproductid` int(11) NOT NULL AUTO_INCREMENT,
  `productserailid` int(11) NOT NULL,
  `sellbillid` int(11) NOT NULL,
  `sellbilltype` int(11) NOT NULL COMMENT '0 for sellbill 1 for sell and return sellpart 3 returnsellbill 4 for sell and return returnpart',
  `quantity` decimal(10,2) NOT NULL,
  `del` int(11) NOT NULL COMMENT '0 for not del 1 for del',
  `clientid` int(11) NOT NULL,
  PRIMARY KEY (`soldserialproductid`)
) ENGINE=InnoDB DEFAULT CHARSET=utf8mb3 COLLATE=utf8mb3_general_ci;

--
-- Dumping data for table `soldserialproduct`
--


--
-- Table structure for table `sparepart`
--

CREATE TABLE `sparepart` (
  `sparepartid` int(11) NOT NULL AUTO_INCREMENT,
  `sparepartname` varchar(255) NOT NULL,
  `sparepartprice` decimal(10,2) NOT NULL,
  `sparepartnotes` text NOT NULL,
  `userid` int(11) NOT NULL,
  `sparepartdate` date NOT NULL,
  `conditions` int(11) NOT NULL DEFAULT 0,
  PRIMARY KEY (`sparepartid`)
) ENGINE=InnoDB DEFAULT CHARSET=utf8mb3 COLLATE=utf8mb3_general_ci;

--
-- Dumping data for table `sparepart`
--


--
-- Table structure for table `sparepartstore`
--

CREATE TABLE `sparepartstore` (
  `sparepartstoreId` int(11) NOT NULL AUTO_INCREMENT,
  `storeName` varchar(255) NOT NULL,
  `storeDate` date NOT NULL,
  `storeDescription` text NOT NULL,
  `conditions` int(11) NOT NULL DEFAULT 0,
  `userId` int(11) NOT NULL,
  PRIMARY KEY (`sparepartstoreId`)
) ENGINE=InnoDB AUTO_INCREMENT=2 DEFAULT CHARSET=utf8mb3 COLLATE=utf8mb3_general_ci;

--
-- Dumping data for table `sparepartstore`
--

INSERT INTO `sparepartstore` VALUES
(1,'مخزن قطع الغيار','2025-04-06','مخزن قطع الغيار',0,1);

--
-- Table structure for table `sparepartstoredetails`
--

CREATE TABLE `sparepartstoredetails` (
  `sparepartstoredetailid` int(11) NOT NULL AUTO_INCREMENT,
  `sparepartid` int(11) NOT NULL,
  `sparepartstoreId` int(11) NOT NULL,
  `partquantity` decimal(10,2) NOT NULL,
  `userid` int(11) NOT NULL,
  `sparepartstoredetaildate` date NOT NULL,
  PRIMARY KEY (`sparepartstoredetailid`)
) ENGINE=InnoDB DEFAULT CHARSET=utf8mb3 COLLATE=utf8mb3_general_ci;

--
-- Dumping data for table `sparepartstoredetails`
--


--
-- Table structure for table `sparepartstorereport`
--

CREATE TABLE `sparepartstorereport` (
  `sparepartstorereportid` int(11) NOT NULL AUTO_INCREMENT,
  `sparepartid` int(11) NOT NULL,
  `sparepartstoreId` int(11) NOT NULL,
  `partquantity` decimal(10,2) NOT NULL,
  `storereporttype` int(11) NOT NULL COMMENT '0 => plus- 1 => minus',
  `storereportmodelid` int(11) NOT NULL,
  `processname` varchar(256) NOT NULL,
  `tablename` varchar(256) NOT NULL,
  `partbefore` decimal(10,2) NOT NULL,
  `partafter` decimal(10,2) NOT NULL,
  `userid` int(11) NOT NULL,
  `storereportdate` date NOT NULL,
  PRIMARY KEY (`sparepartstorereportid`),
  KEY `sparepartid` (`sparepartid`,`sparepartstoreId`),
  KEY `sparepartstoreId` (`sparepartstoreId`)
) ENGINE=InnoDB DEFAULT CHARSET=utf8mb3 COLLATE=utf8mb3_general_ci;

--
-- Dumping data for table `sparepartstorereport`
--


--
-- Table structure for table `stage`
--

CREATE TABLE `stage` (
  `stageId` int(11) NOT NULL AUTO_INCREMENT,
  `stagename` varchar(255) NOT NULL,
  `productId` int(11) NOT NULL,
  `totalhour` decimal(10,2) NOT NULL,
  `userid` int(11) NOT NULL,
  `conditions` int(11) NOT NULL DEFAULT 0,
  `date` varchar(255) NOT NULL,
  PRIMARY KEY (`stageId`)
) ENGINE=InnoDB DEFAULT CHARSET=utf8mb3 COLLATE=utf8mb3_general_ci;

--
-- Dumping data for table `stage`
--


--
-- Table structure for table `stagestep`
--

CREATE TABLE `stagestep` (
  `stagestepId` int(11) NOT NULL AUTO_INCREMENT,
  `stageId` int(11) NOT NULL,
  `stepno` int(11) NOT NULL,
  `operationId` int(11) NOT NULL,
  PRIMARY KEY (`stagestepId`)
) ENGINE=InnoDB DEFAULT CHARSET=utf8mb3 COLLATE=utf8mb3_general_ci;

--
-- Dumping data for table `stagestep`
--


--
-- Table structure for table `store`
--

CREATE TABLE `store` (
  `storeId` int(11) NOT NULL AUTO_INCREMENT,
  `storeName` varchar(256) NOT NULL,
  `storeDate` date NOT NULL,
  `storeDescription` text DEFAULT NULL,
  `conditions` int(1) NOT NULL,
  `userId` int(11) NOT NULL,
  `treeId` int(11) NOT NULL DEFAULT 0,
  `treeIdBetween` int(11) NOT NULL DEFAULT 0,
  `webApiId` int(11) NOT NULL DEFAULT 0,
  PRIMARY KEY (`storeId`)
) ENGINE=InnoDB AUTO_INCREMENT=2 DEFAULT CHARSET=utf8mb3 COLLATE=utf8mb3_general_ci;

--
-- Dumping data for table `store`
--

INSERT INTO `store` VALUES
(1,'المخزن الرئيسي','2025-04-06','المخزن الرئيسي',0,1,382,51,0);

--
-- Table structure for table `storedetail`
--

CREATE TABLE `storedetail` (
  `storedetailid` int(11) NOT NULL AUTO_INCREMENT,
  `productid` int(11) NOT NULL,
  `storeid` int(11) NOT NULL,
  `productquantity` decimal(10,2) NOT NULL,
  `userid` int(11) NOT NULL,
  `storedetaildate` date NOT NULL,
  `unittype` int(11) NOT NULL DEFAULT 0,
  `inUse` tinyint(4) NOT NULL DEFAULT 0 COMMENT '0 free - 1 in use means to stop changing debt till it is free again',
  PRIMARY KEY (`storedetailid`),
  KEY `productid` (`productid`,`storeid`),
  KEY `storeid` (`storeid`)
) ENGINE=InnoDB AUTO_INCREMENT=174 DEFAULT CHARSET=utf8mb3 COLLATE=utf8mb3_general_ci;

--
-- Dumping data for table `storedetail`
--

INSERT INTO `storedetail` VALUES
(1,1,1,48.00,1,'2026-05-03',0,0),
(2,2,1,63.00,1,'2026-05-03',0,0),
(3,3,1,57.00,1,'2026-05-03',0,0),
(4,4,1,108.00,11,'2026-05-04',0,0),
(5,5,1,24.00,1,'2026-05-02',0,0),
(6,6,1,48.00,1,'2026-05-02',0,0),
(7,7,1,36.00,1,'2026-05-02',0,0),
(8,8,1,24.00,1,'2026-05-02',0,0),
(9,9,1,21.00,1,'2026-05-02',0,0),
(10,10,1,93.00,11,'2026-05-05',0,0),
(11,11,1,42.00,1,'2026-05-02',0,0),
(12,12,1,9.00,1,'2026-05-02',0,0),
(13,13,1,8.00,1,'2026-05-02',0,0),
(14,14,1,8.00,1,'2026-05-02',0,0),
(15,15,1,54.00,1,'2026-05-02',0,0),
(16,16,1,69.00,1,'2026-05-02',0,0),
(17,17,1,24.00,11,'2026-05-05',0,0),
(18,18,1,54.00,11,'2026-05-05',0,0),
(19,19,1,30.00,11,'2026-05-04',0,0),
(20,20,1,120.00,11,'2026-05-05',0,0),
(21,21,1,78.00,1,'2026-05-02',0,0),
(22,22,1,80.00,1,'2026-05-02',0,0),
(23,23,1,80.00,1,'2026-05-02',0,0),
(24,24,1,65.00,1,'2026-05-05',0,0),
(25,25,1,-20.00,1,'2026-05-05',0,0),
(26,26,1,44.00,1,'2026-05-03',0,0),
(27,27,1,-48.00,1,'2026-05-05',0,0),
(28,28,1,44.00,1,'2026-05-05',0,0),
(29,29,1,40.00,1,'2026-05-03',0,0),
(30,30,1,45.00,1,'2026-05-03',0,0),
(31,31,1,45.00,1,'2026-05-03',0,0),
(32,32,1,21.00,11,'2026-05-05',0,0),
(33,33,1,12.00,1,'2026-05-03',0,0),
(34,34,1,39.00,1,'2026-05-03',0,0),
(35,35,1,33.00,1,'2026-05-03',0,0),
(36,36,1,86.00,1,'2026-05-03',0,0),
(37,37,1,39.00,1,'2026-05-03',0,0),
(38,38,1,33.00,1,'2026-05-03',0,0),
(39,39,1,45.00,1,'2026-05-03',0,0),
(40,40,1,77.00,11,'2026-05-05',0,0),
(41,41,1,18.00,1,'2026-05-03',0,0),
(42,42,1,33.00,1,'2026-05-03',0,0),
(43,43,1,117.00,11,'2026-05-04',0,0),
(44,44,1,1.00,11,'2026-05-05',0,0),
(45,45,1,138.00,11,'2026-05-05',0,0),
(46,46,1,93.00,1,'2026-05-03',0,0),
(47,47,1,35.00,11,'2026-05-05',0,0),
(48,48,1,6.00,11,'2026-05-04',0,0),
(49,49,1,42.00,1,'2026-05-03',0,0),
(50,50,1,75.00,1,'2026-05-03',0,0),
(51,51,1,51.00,1,'2026-05-03',0,0),
(52,52,1,24.00,1,'2026-05-03',0,0),
(53,53,1,36.00,1,'2026-05-03',0,0),
(54,54,1,84.00,1,'2026-05-03',0,0),
(55,55,1,45.00,1,'2026-05-03',0,0),
(56,56,1,45.00,1,'2026-05-03',0,0),
(57,57,1,25.00,1,'2026-05-03',0,0),
(58,58,1,3.00,1,'2026-05-03',0,0),
(59,59,1,81.00,11,'2026-05-04',0,0),
(60,60,1,8.00,1,'2026-05-03',0,0),
(61,61,1,9.00,11,'2026-05-04',0,0),
(62,62,1,60.00,11,'2026-05-05',0,0),
(63,63,1,120.00,1,'2026-05-03',0,0),
(64,64,1,92.00,11,'2026-05-05',0,0),
(65,65,1,141.00,1,'2026-05-03',0,0),
(66,66,1,66.00,1,'2026-05-03',0,0),
(67,67,1,48.00,1,'2026-05-03',0,0),
(68,68,1,51.00,1,'2026-05-03',0,0),
(69,69,1,36.00,1,'2026-05-03',0,0),
(70,70,1,28.00,1,'2026-05-03',0,0),
(71,71,1,4.00,1,'2026-05-03',0,0),
(72,72,1,19.00,11,'2026-05-04',0,0),
(73,73,1,36.00,1,'2026-05-03',0,0),
(74,74,1,24.00,11,'2026-05-04',0,0),
(75,75,1,36.00,1,'2026-05-03',0,0),
(76,76,1,6.00,1,'2026-05-03',0,0),
(77,77,1,30.00,1,'2026-05-03',0,0),
(78,78,1,300.00,11,'2026-05-05',0,0),
(79,79,1,11.00,11,'2026-05-05',0,0),
(80,80,1,54.00,1,'2026-05-03',0,0),
(81,81,1,180.00,1,'2026-05-05',0,0),
(82,82,1,60.00,1,'2026-05-03',0,0),
(83,83,1,36.00,1,'2026-05-03',0,0),
(84,84,1,56.00,1,'2026-05-03',0,0),
(85,85,1,44.00,1,'2026-05-03',0,0),
(86,86,1,60.00,1,'2026-05-03',0,0),
(87,87,1,32.00,1,'2026-05-03',0,0),
(88,88,1,16.00,1,'2026-05-03',0,0),
(89,89,1,24.00,1,'2026-05-03',0,0),
(90,90,1,78.00,11,'2026-05-04',0,0),
(91,91,1,12.00,11,'2026-05-05',0,0),
(92,92,1,220.00,11,'2026-05-04',0,0),
(93,93,1,196.00,11,'2026-05-05',0,0),
(94,94,1,213.00,1,'2026-05-03',0,0),
(95,95,1,621.00,11,'2026-05-05',0,0),
(96,96,1,210.00,1,'2026-05-05',0,0),
(97,97,1,180.00,11,'2026-05-04',0,0),
(98,98,1,24.00,1,'2026-05-03',0,0),
(99,99,1,528.00,1,'2026-05-03',0,0),
(100,100,1,132.00,11,'2026-05-04',0,0),
(101,101,1,42.00,11,'2026-05-04',0,0),
(102,102,1,45.00,11,'2026-05-04',0,0),
(103,103,1,118.00,1,'2026-05-03',0,0),
(104,104,1,69.00,1,'2026-05-03',0,0),
(105,105,1,84.00,1,'2026-05-03',0,0),
(106,106,1,24.00,1,'2026-05-03',0,0),
(107,107,1,12.00,1,'2026-05-03',0,0),
(108,108,1,24.00,1,'2026-05-03',0,0),
(109,109,1,24.00,1,'2026-05-03',0,0),
(110,110,1,16.00,1,'2026-05-03',0,0),
(111,111,1,20.00,1,'2026-05-03',0,0),
(112,112,1,0.00,11,'2026-05-04',0,0),
(113,113,1,8.00,1,'2026-05-03',0,0),
(114,114,1,8.00,1,'2026-05-03',0,0),
(115,115,1,261.00,1,'2026-05-03',0,0),
(116,116,1,393.00,11,'2026-05-04',0,0),
(117,117,1,116.00,1,'2026-05-05',0,0),
(118,118,1,33.00,1,'2026-05-03',0,0),
(119,119,1,30.00,1,'2026-05-03',0,0),
(120,120,1,81.00,1,'2026-05-03',0,0),
(121,121,1,37.00,11,'2026-05-04',0,0),
(122,122,1,8.00,1,'2026-05-03',0,0),
(123,123,1,4.00,1,'2026-05-03',0,0),
(124,124,1,216.00,11,'2026-05-05',0,0),
(125,125,1,144.00,1,'2026-05-03',0,0),
(126,126,1,97.00,11,'2026-05-05',0,0),
(127,127,1,36.00,11,'2026-05-04',0,0),
(128,128,1,106.00,11,'2026-05-04',0,0),
(129,129,1,16.00,1,'2026-05-03',0,0),
(130,130,1,4.00,11,'2026-05-04',0,0),
(131,131,1,456.00,11,'2026-05-05',0,0),
(132,132,1,200.00,1,'2026-05-03',0,0),
(133,133,1,224.00,1,'2026-05-03',0,0),
(134,134,1,60.00,1,'2026-05-03',0,0),
(135,135,1,72.00,11,'2026-05-04',0,0),
(136,136,1,66.00,11,'2026-05-04',0,0),
(137,137,1,-192.00,11,'2026-05-04',0,0),
(138,138,1,-150.00,11,'2026-05-05',0,0),
(139,139,1,96.00,1,'2026-05-03',0,0),
(140,140,1,5734.00,1,'2026-05-05',0,0),
(141,141,1,-189.00,11,'2026-05-05',0,0),
(142,142,1,57.00,11,'2026-05-04',0,0),
(143,143,1,12.00,11,'2026-05-04',0,0),
(144,144,1,9.00,11,'2026-05-04',0,0),
(145,145,1,3.00,11,'2026-05-04',0,0),
(146,146,1,42.00,11,'2026-05-04',0,0),
(147,147,1,15.00,11,'2026-05-05',0,0),
(148,148,1,27.00,11,'2026-05-05',0,0),
(149,149,1,6.00,11,'2026-05-05',0,0),
(150,150,1,15.00,1,'2026-05-03',0,0),
(151,151,1,148.00,11,'2026-05-05',0,0),
(152,152,1,72.00,1,'2026-05-03',0,0),
(153,153,1,316.00,1,'2026-05-03',0,0),
(154,154,1,68.00,11,'2026-05-04',0,0),
(155,155,1,80.00,1,'2026-05-03',0,0),
(156,156,1,68.00,1,'2026-05-03',0,0),
(157,157,1,216.00,11,'2026-05-05',0,0),
(158,158,1,48.00,1,'2026-05-03',0,0),
(159,159,1,138.00,11,'2026-05-04',0,0),
(160,160,1,9.00,1,'2026-05-03',0,0),
(161,161,1,63.00,1,'2026-05-03',0,0),
(162,162,1,21.00,1,'2026-05-03',0,0),
(163,163,1,13.00,1,'2026-05-03',0,0),
(164,164,1,39.00,1,'2026-05-05',0,0),
(165,165,1,16.00,11,'2026-05-05',0,0),
(166,166,1,63.00,11,'2026-05-05',0,0),
(167,167,1,-44.00,11,'2026-05-05',0,0),
(168,168,1,36.00,1,'2026-05-04',0,0),
(169,169,1,-48.00,11,'2026-05-05',0,0),
(170,170,1,30.00,1,'2026-05-05',0,0),
(171,171,1,21.00,1,'2026-05-05',0,0),
(172,172,1,5.00,1,'2026-05-05',0,0),
(173,173,1,-9.00,1,'2026-05-05',0,0);

--
-- Table structure for table `storemovement`
--

CREATE TABLE `storemovement` (
  `transferproductid` int(11) NOT NULL AUTO_INCREMENT,
  `storeidfrom` int(11) NOT NULL,
  `storeidto` int(11) NOT NULL,
  `productid` int(11) NOT NULL,
  `transferproductamount` decimal(10,2) NOT NULL,
  `transferproductdate` date NOT NULL,
  `userid` int(11) NOT NULL,
  `conditions` int(11) NOT NULL DEFAULT 0,
  `comment` text NOT NULL,
  `operationnum` bigint(20) NOT NULL DEFAULT 0,
  `deloperationnum` int(11) NOT NULL DEFAULT -1,
  `driverid` int(11) DEFAULT NULL,
  `drivertimeout` int(11) DEFAULT NULL,
  `driverdate` datetime DEFAULT NULL,
  `delivererid` int(11) DEFAULT NULL,
  `deliverdate` datetime DEFAULT NULL,
  `storetype` int(11) DEFAULT 0 COMMENT '0=>',
  `priceType` varchar(191) NOT NULL DEFAULT '',
  `sizeid` int(11) NOT NULL DEFAULT 0,
  `colorid` int(11) NOT NULL DEFAULT 0,
  `price` decimal(10,2) NOT NULL DEFAULT 0.00,
  `buyPricesHistoryBookData` text NOT NULL,
  `expireDate` text NOT NULL,
  `expireDateTo` text NOT NULL,
  `maincomment` text NOT NULL,
  `isPrepared` tinyint(4) NOT NULL DEFAULT 0,
  `useridPrepared` int(11) NOT NULL DEFAULT 0,
  `dailyentryid` int(11) NOT NULL DEFAULT 0,
  `recieveType` tinyint(4) NOT NULL,
  `recieveUserid` int(11) NOT NULL,
  `recieveTime` datetime NOT NULL,
  PRIMARY KEY (`transferproductid`)
) ENGINE=InnoDB DEFAULT CHARSET=utf8mb3 COLLATE=utf8mb3_general_ci;

--
-- Dumping data for table `storemovement`
--


--
-- Table structure for table `storemovement_main`
--

CREATE TABLE `storemovement_main` (
  `id` int(11) NOT NULL AUTO_INCREMENT,
  `userid` int(11) NOT NULL,
  `delbyuserid` int(11) DEFAULT NULL,
  `delbyid` int(11) DEFAULT NULL,
  `sysdate` datetime NOT NULL,
  `conditions` tinyint(4) NOT NULL DEFAULT 0,
  PRIMARY KEY (`id`)
) ENGINE=InnoDB DEFAULT CHARSET=latin1 COLLATE=latin1_swedish_ci;

--
-- Dumping data for table `storemovement_main`
--


--
-- Table structure for table `storereport`
--

CREATE TABLE `storereport` (
  `storereportid` int(11) NOT NULL AUTO_INCREMENT,
  `productid` int(11) NOT NULL,
  `storeid` int(11) NOT NULL,
  `productquantity` decimal(10,3) NOT NULL,
  `storereporttype` int(11) NOT NULL COMMENT '0 => plus- 1 => minus',
  `storereportmodelid` int(11) NOT NULL,
  `processname` varchar(256) NOT NULL,
  `tablename` varchar(256) NOT NULL,
  `productbefore` decimal(10,3) NOT NULL,
  `productafter` decimal(10,3) NOT NULL,
  `userid` int(11) NOT NULL,
  `storereportdate` date NOT NULL,
  `sizeid` int(11) NOT NULL DEFAULT 0,
  `colorid` int(11) NOT NULL DEFAULT 0,
  `unittype` int(11) NOT NULL DEFAULT 0,
  PRIMARY KEY (`storereportid`),
  KEY `productid` (`productid`,`storeid`),
  KEY `storeid` (`storeid`)
) ENGINE=InnoDB AUTO_INCREMENT=332 DEFAULT CHARSET=utf8mb3 COLLATE=utf8mb3_general_ci;

--
-- Dumping data for table `storereport`
--

INSERT INTO `storereport` VALUES
(1,1,1,39.000,0,1,'إضاÙة منتج','productController.php',0.000,39.000,1,'2026-05-02',0,0,0),
(2,2,1,51.000,0,2,'إضاÙة منتج','productController.php',0.000,51.000,1,'2026-05-02',0,0,0),
(3,3,1,57.000,0,3,'إضاÙة منتج','productController.php',0.000,57.000,1,'2026-05-02',0,0,0),
(4,4,1,148.000,0,4,'إضاÙة منتج','productController.php',0.000,148.000,1,'2026-05-02',0,0,0),
(5,5,1,21.000,0,5,'إضاÙة منتج','productController.php',0.000,21.000,1,'2026-05-02',0,0,0),
(6,6,1,48.000,0,6,'إضاÙة منتج','productController.php',0.000,48.000,1,'2026-05-02',0,0,0),
(7,2,1,3.000,0,-1,'تم إعادة جرد المنتج بالقيمة الحالية بالزيادة','inventoryController.php',51.000,54.000,1,'2026-05-02',0,0,0),
(8,7,1,36.000,0,7,'إضاÙة منتج','productController.php',0.000,36.000,1,'2026-05-02',0,0,0),
(9,8,1,21.000,0,8,'إضاÙة منتج','productController.php',0.000,21.000,1,'2026-05-02',0,0,0),
(10,5,1,3.000,0,-1,'تم إعادة جرد المنتج بالقيمة الحالية بالزيادة','inventoryController.php',21.000,24.000,1,'2026-05-02',0,0,0),
(11,9,1,18.000,0,9,'إضاÙة منتج','productController.php',0.000,18.000,1,'2026-05-02',0,0,0),
(12,10,1,90.000,0,10,'إضاÙة منتج','productController.php',0.000,90.000,1,'2026-05-02',0,0,0),
(13,10,1,3.000,0,-1,'تم إعادة جرد المنتج بالقيمة الحالية بالزيادة','inventoryController.php',90.000,93.000,1,'2026-05-02',0,0,0),
(14,8,1,3.000,0,-1,'تم إعادة جرد المنتج بالقيمة الحالية بالزيادة','inventoryController.php',21.000,24.000,1,'2026-05-02',0,0,0),
(15,2,1,3.000,0,-1,'تم إعادة جرد المنتج بالقيمة الحالية بالزيادة','inventoryController.php',54.000,57.000,1,'2026-05-02',0,0,0),
(16,11,1,42.000,0,11,'إضاÙة منتج','productController.php',0.000,42.000,1,'2026-05-02',0,0,0),
(17,10,1,3.000,0,-1,'تم إعادة جرد المنتج بالقيمة الحالية بالزيادة','inventoryController.php',93.000,96.000,1,'2026-05-02',0,0,0),
(18,12,1,9.000,0,12,'إضاÙة منتج','productController.php',0.000,9.000,1,'2026-05-02',0,0,0),
(19,13,1,8.000,0,13,'إضاÙة منتج','productController.php',0.000,8.000,1,'2026-05-02',0,0,0),
(20,14,1,8.000,0,14,'إضاÙة منتج','productController.php',0.000,8.000,1,'2026-05-02',0,0,0),
(21,15,1,54.000,0,15,'إضاÙة منتج','productController.php',0.000,54.000,1,'2026-05-02',0,0,0),
(22,16,1,69.000,0,16,'إضاÙة منتج','productController.php',0.000,69.000,1,'2026-05-02',0,0,0),
(23,17,1,36.000,0,17,'إضاÙة منتج','productController.php',0.000,36.000,1,'2026-05-02',0,0,0),
(24,9,1,3.000,0,-1,'تم إعادة جرد المنتج بالقيمة الحالية بالزيادة','inventoryController.php',18.000,21.000,1,'2026-05-02',0,0,0),
(25,18,1,63.000,0,18,'إضاÙة منتج','productController.php',0.000,63.000,1,'2026-05-02',0,0,0),
(26,19,1,30.000,0,19,'إضاÙة منتج','productController.php',0.000,30.000,1,'2026-05-02',0,0,0),
(27,20,1,18.000,0,20,'إضاÙة منتج','productController.php',0.000,18.000,1,'2026-05-02',0,0,0),
(28,21,1,78.000,0,21,'إضاÙة منتج','productController.php',0.000,78.000,1,'2026-05-02',0,0,0),
(29,22,1,80.000,0,22,'إضاÙة منتج','productController.php',0.000,80.000,1,'2026-05-02',0,0,0),
(30,23,1,80.000,0,23,'إضاÙة منتج','productController.php',0.000,80.000,1,'2026-05-02',0,0,0),
(31,24,1,208.000,0,24,'إضاÙة منتج','productController.php',0.000,208.000,1,'2026-05-02',0,0,0),
(32,25,1,16.000,0,25,'إضاÙة منتج','productController.php',0.000,16.000,1,'2026-05-02',0,0,0),
(33,26,1,44.000,0,26,'إضاÙة منتج','productController.php',0.000,44.000,1,'2026-05-03',0,0,0),
(34,27,1,32.000,0,27,'إضاÙة منتج','productController.php',0.000,32.000,1,'2026-05-03',0,0,0),
(35,28,1,80.000,0,28,'إضاÙة منتج','productController.php',0.000,80.000,1,'2026-05-03',0,0,0),
(36,29,1,40.000,0,29,'إضاÙة منتج','productController.php',0.000,40.000,1,'2026-05-03',0,0,0),
(37,30,1,45.000,0,30,'إضاÙة منتج','productController.php',0.000,45.000,1,'2026-05-03',0,0,0),
(38,31,1,45.000,0,31,'إضاÙة منتج','productController.php',0.000,45.000,1,'2026-05-03',0,0,0),
(39,32,1,30.000,0,32,'إضاÙة منتج','productController.php',0.000,30.000,1,'2026-05-03',0,0,0),
(40,33,1,12.000,0,33,'إضاÙة منتج','productController.php',0.000,12.000,1,'2026-05-03',0,0,0),
(41,34,1,39.000,0,34,'إضاÙة منتج','productController.php',0.000,39.000,1,'2026-05-03',0,0,0),
(42,35,1,33.000,0,35,'إضاÙة منتج','productController.php',0.000,33.000,1,'2026-05-03',0,0,0),
(43,36,1,86.000,0,36,'إضاÙة منتج','productController.php',0.000,86.000,1,'2026-05-03',0,0,0),
(44,37,1,39.000,0,37,'إضاÙة منتج','productController.php',0.000,39.000,1,'2026-05-03',0,0,0),
(45,38,1,33.000,0,38,'إضاÙة منتج','productController.php',0.000,33.000,1,'2026-05-03',0,0,0),
(46,39,1,45.000,0,39,'إضاÙة منتج','productController.php',0.000,45.000,1,'2026-05-03',0,0,0),
(47,40,1,99.000,0,40,'إضاÙة منتج','productController.php',0.000,99.000,1,'2026-05-03',0,0,0),
(48,41,1,18.000,0,41,'إضاÙة منتج','productController.php',0.000,18.000,1,'2026-05-03',0,0,0),
(49,42,1,33.000,0,42,'إضاÙة منتج','productController.php',0.000,33.000,1,'2026-05-03',0,0,0),
(50,43,1,123.000,0,43,'إضاÙة منتج','productController.php',0.000,123.000,1,'2026-05-03',0,0,0),
(51,44,1,72.000,0,44,'إضاÙة منتج','productController.php',0.000,72.000,1,'2026-05-03',0,0,0),
(52,45,1,141.000,0,45,'إضاÙة منتج','productController.php',0.000,141.000,1,'2026-05-03',0,0,0),
(53,46,1,93.000,0,46,'إضاÙة منتج','productController.php',0.000,93.000,1,'2026-05-03',0,0,0),
(54,47,1,45.000,0,47,'إضاÙة منتج','productController.php',0.000,45.000,1,'2026-05-03',0,0,0),
(55,48,1,12.000,0,48,'إضاÙة منتج','productController.php',0.000,12.000,1,'2026-05-03',0,0,0),
(56,49,1,42.000,0,49,'إضاÙة منتج','productController.php',0.000,42.000,1,'2026-05-03',0,0,0),
(57,50,1,75.000,0,50,'إضاÙة منتج','productController.php',0.000,75.000,1,'2026-05-03',0,0,0),
(58,51,1,51.000,0,51,'إضاÙة منتج','productController.php',0.000,51.000,1,'2026-05-03',0,0,0),
(59,52,1,24.000,0,52,'إضاÙة منتج','productController.php',0.000,24.000,1,'2026-05-03',0,0,0),
(60,53,1,36.000,0,53,'إضاÙة منتج','productController.php',0.000,36.000,1,'2026-05-03',0,0,0),
(61,54,1,84.000,0,54,'إضاÙة منتج','productController.php',0.000,84.000,1,'2026-05-03',0,0,0),
(62,55,1,45.000,0,55,'إضاÙة منتج','productController.php',0.000,45.000,1,'2026-05-03',0,0,0),
(63,56,1,45.000,0,56,'إضاÙة منتج','productController.php',0.000,45.000,1,'2026-05-03',0,0,0),
(64,57,1,25.000,0,57,'إضاÙة منتج','productController.php',0.000,25.000,1,'2026-05-03',0,0,0),
(65,58,1,3.000,0,58,'إضاÙة منتج','productController.php',0.000,3.000,1,'2026-05-03',0,0,0),
(66,59,1,87.000,0,59,'إضاÙة منتج','productController.php',0.000,87.000,1,'2026-05-03',0,0,0),
(67,60,1,8.000,0,60,'إضاÙة منتج','productController.php',0.000,8.000,1,'2026-05-03',0,0,0),
(68,61,1,21.000,0,61,'إضاÙة منتج','productController.php',0.000,21.000,1,'2026-05-03',0,0,0),
(69,62,1,66.000,0,62,'إضاÙة منتج','productController.php',0.000,66.000,1,'2026-05-03',0,0,0),
(70,63,1,120.000,0,63,'إضاÙة منتج','productController.php',0.000,120.000,1,'2026-05-03',0,0,0),
(71,64,1,150.000,0,64,'إضاÙة منتج','productController.php',0.000,150.000,1,'2026-05-03',0,0,0),
(72,65,1,141.000,0,65,'إضاÙة منتج','productController.php',0.000,141.000,1,'2026-05-03',0,0,0),
(73,66,1,66.000,0,66,'إضاÙة منتج','productController.php',0.000,66.000,1,'2026-05-03',0,0,0),
(74,67,1,48.000,0,67,'إضاÙة منتج','productController.php',0.000,48.000,1,'2026-05-03',0,0,0),
(75,68,1,51.000,0,68,'إضاÙة منتج','productController.php',0.000,51.000,1,'2026-05-03',0,0,0),
(76,69,1,36.000,0,69,'إضاÙة منتج','productController.php',0.000,36.000,1,'2026-05-03',0,0,0),
(77,70,1,28.000,0,70,'إضاÙة منتج','productController.php',0.000,28.000,1,'2026-05-03',0,0,0),
(78,71,1,4.000,0,71,'إضاÙة منتج','productController.php',0.000,4.000,1,'2026-05-03',0,0,0),
(79,72,1,27.000,0,72,'إضاÙة منتج','productController.php',0.000,27.000,1,'2026-05-03',0,0,0),
(80,73,1,36.000,0,73,'إضاÙة منتج','productController.php',0.000,36.000,1,'2026-05-03',0,0,0),
(81,74,1,39.000,0,74,'إضاÙة منتج','productController.php',0.000,39.000,1,'2026-05-03',0,0,0),
(82,3,1,6.000,0,-1,'تم إعادة جرد المنتج بالقيمة الحالية بالزيادة','inventoryController.php',57.000,63.000,1,'2026-05-03',0,0,0),
(83,3,1,6.000,1,-1,'تم إعادة جرد المنتج بالقيمة الحالية بالنقص','inventoryController.php',63.000,57.000,1,'2026-05-03',0,0,0),
(84,2,1,6.000,0,-1,'تم إعادة جرد المنتج بالقيمة الحالية بالزيادة','inventoryController.php',57.000,63.000,1,'2026-05-03',0,0,0),
(85,1,1,9.000,0,-1,'تم إعادة جرد المنتج بالقيمة الحالية بالزيادة','inventoryController.php',39.000,48.000,1,'2026-05-03',0,0,0),
(86,75,1,36.000,0,75,'إضاÙة منتج','productController.php',0.000,36.000,1,'2026-05-03',0,0,0),
(87,76,1,6.000,0,76,'إضاÙة منتج','productController.php',0.000,6.000,1,'2026-05-03',0,0,0),
(88,77,1,30.000,0,77,'إضاÙة منتج','productController.php',0.000,30.000,1,'2026-05-03',0,0,0),
(89,78,1,315.000,0,78,'إضاÙة منتج','productController.php',0.000,315.000,1,'2026-05-03',0,0,0),
(90,79,1,66.000,0,79,'إضاÙة منتج','productController.php',0.000,66.000,1,'2026-05-03',0,0,0),
(91,80,1,54.000,0,80,'إضاÙة منتج','productController.php',0.000,54.000,1,'2026-05-03',0,0,0),
(92,81,1,188.000,0,81,'إضاÙة منتج','productController.php',0.000,188.000,1,'2026-05-03',0,0,0),
(93,82,1,60.000,0,82,'إضاÙة منتج','productController.php',0.000,60.000,1,'2026-05-03',0,0,0),
(94,83,1,36.000,0,83,'إضاÙة منتج','productController.php',0.000,36.000,1,'2026-05-03',0,0,0),
(95,84,1,56.000,0,84,'إضاÙة منتج','productController.php',0.000,56.000,1,'2026-05-03',0,0,0),
(96,85,1,44.000,0,85,'إضاÙة منتج','productController.php',0.000,44.000,1,'2026-05-03',0,0,0),
(97,86,1,60.000,0,86,'إضاÙة منتج','productController.php',0.000,60.000,1,'2026-05-03',0,0,0),
(98,87,1,32.000,0,87,'إضاÙة منتج','productController.php',0.000,32.000,1,'2026-05-03',0,0,0),
(99,88,1,16.000,0,88,'إضاÙة منتج','productController.php',0.000,16.000,1,'2026-05-03',0,0,0),
(100,89,1,24.000,0,89,'إضاÙة منتج','productController.php',0.000,24.000,1,'2026-05-03',0,0,0),
(101,90,1,84.000,0,90,'إضاÙة منتج','productController.php',0.000,84.000,1,'2026-05-03',0,0,0),
(102,91,1,18.000,0,91,'إضاÙة منتج','productController.php',0.000,18.000,1,'2026-05-03',0,0,0),
(103,92,1,224.000,0,92,'إضاÙة منتج','productController.php',0.000,224.000,1,'2026-05-03',0,0,0),
(104,93,1,220.000,0,93,'إضاÙة منتج','productController.php',0.000,220.000,1,'2026-05-03',0,0,0),
(105,94,1,213.000,0,94,'إضاÙة منتج','productController.php',0.000,213.000,1,'2026-05-03',0,0,0),
(106,95,1,624.000,0,95,'إضاÙة منتج','productController.php',0.000,624.000,1,'2026-05-03',0,0,0),
(107,96,1,219.000,0,96,'إضاÙة منتج','productController.php',0.000,219.000,1,'2026-05-03',0,0,0),
(108,97,1,189.000,0,97,'إضاÙة منتج','productController.php',0.000,189.000,1,'2026-05-03',0,0,0),
(109,98,1,24.000,0,98,'إضاÙة منتج','productController.php',0.000,24.000,1,'2026-05-03',0,0,0),
(110,99,1,528.000,0,99,'إضاÙة منتج','productController.php',0.000,528.000,1,'2026-05-03',0,0,0),
(111,100,1,144.000,0,100,'إضاÙة منتج','productController.php',0.000,144.000,1,'2026-05-03',0,0,0),
(112,101,1,57.000,0,101,'إضاÙة منتج','productController.php',0.000,57.000,1,'2026-05-03',0,0,0),
(113,102,1,51.000,0,102,'إضاÙة منتج','productController.php',0.000,51.000,1,'2026-05-03',0,0,0),
(114,103,1,118.000,0,103,'إضاÙة منتج','productController.php',0.000,118.000,1,'2026-05-03',0,0,0),
(115,104,1,69.000,0,104,'إضاÙة منتج','productController.php',0.000,69.000,1,'2026-05-03',0,0,0),
(116,105,1,84.000,0,105,'إضاÙة منتج','productController.php',0.000,84.000,1,'2026-05-03',0,0,0),
(117,106,1,24.000,0,106,'إضاÙة منتج','productController.php',0.000,24.000,1,'2026-05-03',0,0,0),
(118,107,1,12.000,0,107,'إضاÙة منتج','productController.php',0.000,12.000,1,'2026-05-03',0,0,0),
(119,108,1,24.000,0,108,'إضاÙة منتج','productController.php',0.000,24.000,1,'2026-05-03',0,0,0),
(120,109,1,24.000,0,109,'إضاÙة منتج','productController.php',0.000,24.000,1,'2026-05-03',0,0,0),
(121,110,1,16.000,0,110,'إضاÙة منتج','productController.php',0.000,16.000,1,'2026-05-03',0,0,0),
(122,111,1,20.000,0,111,'إضاÙة منتج','productController.php',0.000,20.000,1,'2026-05-03',0,0,0),
(123,112,1,8.000,0,112,'إضاÙة منتج','productController.php',0.000,8.000,1,'2026-05-03',0,0,0),
(124,113,1,8.000,0,113,'إضاÙة منتج','productController.php',0.000,8.000,1,'2026-05-03',0,0,0),
(125,114,1,8.000,0,114,'إضاÙة منتج','productController.php',0.000,8.000,1,'2026-05-03',0,0,0),
(126,115,1,261.000,0,115,'إضاÙة منتج','productController.php',0.000,261.000,1,'2026-05-03',0,0,0),
(127,116,1,402.000,0,116,'إضاÙة منتج','productController.php',0.000,402.000,1,'2026-05-03',0,0,0),
(128,117,1,140.000,0,117,'إضاÙة منتج','productController.php',0.000,140.000,1,'2026-05-03',0,0,0),
(129,118,1,33.000,0,118,'إضاÙة منتج','productController.php',0.000,33.000,1,'2026-05-03',0,0,0),
(130,119,1,30.000,0,119,'إضاÙة منتج','productController.php',0.000,30.000,1,'2026-05-03',0,0,0),
(131,120,1,81.000,0,120,'إضاÙة منتج','productController.php',0.000,81.000,1,'2026-05-03',0,0,0),
(132,121,1,48.000,0,121,'إضاÙة منتج','productController.php',0.000,48.000,1,'2026-05-03',0,0,0),
(133,122,1,8.000,0,122,'إضاÙة منتج','productController.php',0.000,8.000,1,'2026-05-03',0,0,0),
(134,123,1,4.000,0,123,'إضاÙة منتج','productController.php',0.000,4.000,1,'2026-05-03',0,0,0),
(135,124,1,249.000,0,124,'إضاÙة منتج','productController.php',0.000,249.000,1,'2026-05-03',0,0,0),
(136,125,1,144.000,0,125,'إضاÙة منتج','productController.php',0.000,144.000,1,'2026-05-03',0,0,0),
(137,126,1,117.000,0,126,'إضاÙة منتج','productController.php',0.000,117.000,1,'2026-05-03',0,0,0),
(138,127,1,36.000,0,127,'إضاÙة منتج','productController.php',0.000,36.000,1,'2026-05-03',0,0,0),
(139,128,1,104.000,0,128,'إضاÙة منتج','productController.php',0.000,104.000,1,'2026-05-03',0,0,0),
(140,129,1,16.000,0,129,'إضاÙة منتج','productController.php',0.000,16.000,1,'2026-05-03',0,0,0),
(141,130,1,15.000,0,130,'إضاÙة منتج','productController.php',0.000,15.000,1,'2026-05-03',0,0,0),
(142,131,1,464.000,0,131,'إضاÙة منتج','productController.php',0.000,464.000,1,'2026-05-03',0,0,0),
(143,132,1,200.000,0,132,'إضاÙة منتج','productController.php',0.000,200.000,1,'2026-05-03',0,0,0),
(144,133,1,224.000,0,133,'إضاÙة منتج','productController.php',0.000,224.000,1,'2026-05-03',0,0,0),
(145,134,1,60.000,0,134,'إضاÙة منتج','productController.php',0.000,60.000,1,'2026-05-03',0,0,0),
(146,135,1,84.000,0,135,'إضاÙة منتج','productController.php',0.000,84.000,1,'2026-05-03',0,0,0),
(147,136,1,87.000,0,136,'إضاÙة منتج','productController.php',0.000,87.000,1,'2026-05-03',0,0,0),
(148,137,1,39.000,0,137,'إضاÙة منتج','productController.php',0.000,39.000,1,'2026-05-03',0,0,0),
(149,138,1,90.000,0,138,'إضاÙة منتج','productController.php',0.000,90.000,1,'2026-05-03',0,0,0),
(150,139,1,96.000,0,139,'إضاÙة منتج','productController.php',0.000,96.000,1,'2026-05-03',0,0,0),
(151,140,1,54.000,0,140,'إضاÙة منتج','productController.php',0.000,54.000,1,'2026-05-03',0,0,0),
(152,141,1,51.000,0,141,'إضاÙة منتج','productController.php',0.000,51.000,1,'2026-05-03',0,0,0),
(153,137,1,9.000,0,-1,'تم إعادة جرد المنتج بالقيمة الحالية بالزيادة','inventoryController.php',39.000,48.000,1,'2026-05-03',0,0,0),
(154,142,1,96.000,0,142,'إضاÙة منتج','productController.php',0.000,96.000,1,'2026-05-03',0,0,0),
(155,143,1,21.000,0,143,'إضاÙة منتج','productController.php',0.000,21.000,1,'2026-05-03',0,0,0),
(156,144,1,12.000,0,144,'إضاÙة منتج','productController.php',0.000,12.000,1,'2026-05-03',0,0,0),
(157,145,1,6.000,0,145,'إضاÙة منتج','productController.php',0.000,6.000,1,'2026-05-03',0,0,0),
(158,146,1,45.000,0,146,'إضاÙة منتج','productController.php',0.000,45.000,1,'2026-05-03',0,0,0),
(159,147,1,42.000,0,147,'إضاÙة منتج','productController.php',0.000,42.000,1,'2026-05-03',0,0,0),
(160,148,1,42.000,0,148,'إضاÙة منتج','productController.php',0.000,42.000,1,'2026-05-03',0,0,0),
(161,149,1,15.000,0,149,'إضاÙة منتج','productController.php',0.000,15.000,1,'2026-05-03',0,0,0),
(162,150,1,15.000,0,150,'إضاÙة منتج','productController.php',0.000,15.000,1,'2026-05-03',0,0,0),
(163,151,1,152.000,0,151,'إضاÙة منتج','productController.php',0.000,152.000,1,'2026-05-03',0,0,0),
(164,152,1,72.000,0,152,'إضاÙة منتج','productController.php',0.000,72.000,1,'2026-05-03',0,0,0),
(165,153,1,316.000,0,153,'إضاÙة منتج','productController.php',0.000,316.000,1,'2026-05-03',0,0,0),
(166,154,1,0.000,0,154,'إضاÙة منتج','productController.php',0.000,0.000,1,'2026-05-03',0,0,0),
(167,155,1,0.000,0,155,'إضاÙة منتج','productController.php',0.000,0.000,1,'2026-05-03',0,0,0),
(168,156,1,0.000,0,156,'إضاÙة منتج','productController.php',0.000,0.000,1,'2026-05-03',0,0,0),
(169,154,1,80.000,0,1,'اضاÙة Ùاتورة مشتريات','buyBillController.php',0.000,80.000,1,'2026-05-03',0,0,0),
(170,155,1,80.000,0,1,'اضاÙة Ùاتورة مشتريات','buyBillController.php',0.000,80.000,1,'2026-05-03',0,0,0),
(171,156,1,68.000,0,1,'اضاÙة Ùاتورة مشتريات','buyBillController.php',0.000,68.000,1,'2026-05-03',0,0,0),
(172,157,1,105.000,0,157,'إضاÙة منتج','productController.php',0.000,105.000,1,'2026-05-03',0,0,0),
(173,158,1,48.000,0,158,'إضاÙة منتج','productController.php',0.000,48.000,1,'2026-05-03',0,0,0),
(174,159,1,78.000,0,159,'إضاÙة منتج','productController.php',0.000,78.000,1,'2026-05-03',0,0,0),
(175,160,1,9.000,0,160,'إضاÙة منتج','productController.php',0.000,9.000,1,'2026-05-03',0,0,0),
(176,161,1,63.000,0,161,'إضاÙة منتج','productController.php',0.000,63.000,1,'2026-05-03',0,0,0),
(177,162,1,21.000,0,162,'إضاÙة منتج','productController.php',0.000,21.000,1,'2026-05-03',0,0,0),
(178,163,1,13.000,0,163,'إضاÙة منتج','productController.php',0.000,13.000,1,'2026-05-03',0,0,0),
(179,164,1,54.000,0,164,'إضاÙة منتج','productController.php',0.000,54.000,1,'2026-05-03',0,0,0),
(180,159,1,21.000,1,1,'اضاÙة Ùاتورة مبيعات','sellbillController.php',78.000,57.000,11,'2026-05-04',0,0,0),
(181,44,1,12.000,1,2,'اضاÙة Ùاتورة مبيعات','sellbillController.php',72.000,60.000,11,'2026-05-04',0,0,0),
(182,101,1,15.000,1,2,'اضاÙة Ùاتورة مبيعات','sellbillController.php',57.000,42.000,11,'2026-05-04',0,0,0),
(183,165,1,52.000,0,165,'إضاÙة منتج','productController.php',0.000,52.000,1,'2026-05-04',0,0,0),
(184,166,1,0.000,0,166,'إضاÙة منتج','productController.php',0.000,0.000,11,'2026-05-04',0,0,0),
(185,165,1,20.000,1,3,'اضاÙة Ùاتورة مبيعات','sellbillController.php',52.000,32.000,11,'2026-05-04',0,0,0),
(186,124,1,9.000,1,4,'اضاÙة Ùاتورة مبيعات','sellbillController.php',249.000,240.000,11,'2026-05-04',0,0,0),
(187,140,1,320.000,1,5,'اضاÙة Ùاتورة مبيعات','sellbillController.php',54.000,-266.000,11,'2026-05-04',0,0,0),
(188,126,1,8.000,1,5,'اضاÙة Ùاتورة مبيعات','sellbillController.php',117.000,109.000,11,'2026-05-04',0,0,0),
(189,64,1,3.000,1,6,'اضاÙة Ùاتورة مبيعات','sellbillController.php',150.000,147.000,11,'2026-05-04',0,0,0),
(190,145,1,3.000,1,6,'اضاÙة Ùاتورة مبيعات','sellbillController.php',6.000,3.000,11,'2026-05-04',0,0,0),
(191,142,1,3.000,1,6,'اضاÙة Ùاتورة مبيعات','sellbillController.php',96.000,93.000,11,'2026-05-04',0,0,0),
(192,166,1,102.000,0,2,'اضاÙة Ùاتورة مشتريات','buyBillController.php',0.000,102.000,1,'2026-05-04',0,0,0),
(193,159,1,102.000,0,2,'اضاÙة Ùاتورة مشتريات','buyBillController.php',57.000,159.000,1,'2026-05-04',0,0,0),
(194,157,1,225.000,0,2,'اضاÙة Ùاتورة مشتريات','buyBillController.php',105.000,330.000,1,'2026-05-04',0,0,0),
(195,100,1,12.000,1,7,'اضاÙة Ùاتورة مبيعات','sellbillController.php',144.000,132.000,11,'2026-05-04',0,0,0),
(196,44,1,28.000,1,8,'اضاÙة Ùاتورة مبيعات','sellbillController.php',60.000,32.000,11,'2026-05-04',0,0,0),
(197,72,1,8.000,1,8,'اضاÙة Ùاتورة مبيعات','sellbillController.php',27.000,19.000,11,'2026-05-04',0,0,0),
(198,112,1,8.000,1,9,'اضاÙة Ùاتورة مبيعات','sellbillController.php',8.000,0.000,11,'2026-05-04',0,0,0),
(199,159,1,6.000,1,10,'اضاÙة Ùاتورة مبيعات','sellbillController.php',159.000,153.000,11,'2026-05-04',0,0,0),
(200,166,1,3.000,1,11,'اضاÙة Ùاتورة مبيعات','sellbillController.php',102.000,99.000,11,'2026-05-04',0,0,0),
(201,124,1,3.000,1,11,'اضاÙة Ùاتورة مبيعات','sellbillController.php',240.000,237.000,11,'2026-05-04',0,0,0),
(202,43,1,3.000,1,11,'اضاÙة Ùاتورة مبيعات','sellbillController.php',123.000,120.000,11,'2026-05-04',0,0,0),
(203,147,1,6.000,1,11,'اضاÙة Ùاتورة مبيعات','sellbillController.php',42.000,36.000,11,'2026-05-04',0,0,0),
(204,157,1,3.000,1,11,'اضاÙة Ùاتورة مبيعات','sellbillController.php',330.000,327.000,11,'2026-05-04',0,0,0),
(205,140,1,120.000,1,11,'اضاÙة Ùاتورة مبيعات','sellbillController.php',-266.000,-386.000,11,'2026-05-04',0,0,0),
(206,127,1,4.000,1,11,'اضاÙة Ùاتورة مبيعات','sellbillController.php',36.000,32.000,11,'2026-05-04',0,0,0),
(207,124,1,1.000,1,11,'اضاÙة Ùاتورة مبيعات','sellbillController.php',237.000,236.000,11,'2026-05-04',0,0,0),
(208,127,1,4.000,0,1,'اضاÙة Ùاتورة مردودات مبيعات','returnsellbillController.php',32.000,36.000,11,'2026-05-04',0,0,0),
(209,79,1,105.000,1,12,'اضاÙة Ùاتورة مبيعات','sellbillController.php',66.000,-39.000,11,'2026-05-04',0,0,0),
(210,124,1,3.000,1,13,'اضاÙة Ùاتورة مبيعات','sellbillController.php',236.000,233.000,11,'2026-05-04',0,0,0),
(211,20,1,3.000,1,13,'اضاÙة Ùاتورة مبيعات','sellbillController.php',18.000,15.000,11,'2026-05-04',0,0,0),
(212,79,1,89.000,0,-1,'تم إعادة جرد المنتج بالقيمة الحالية بالزيادة','inventoryController.php',-39.000,50.000,1,'2026-05-04',0,0,0),
(213,166,1,15.000,1,14,'اضاÙة Ùاتورة مبيعات','sellbillController.php',99.000,84.000,11,'2026-05-04',0,0,0),
(214,44,1,11.000,1,15,'اضاÙة Ùاتورة مبيعات','sellbillController.php',32.000,21.000,11,'2026-05-04',0,0,0),
(215,43,1,3.000,1,16,'اضاÙة Ùاتورة مبيعات','sellbillController.php',120.000,117.000,11,'2026-05-04',0,0,0),
(216,93,1,4.000,1,16,'اضاÙة Ùاتورة مبيعات','sellbillController.php',220.000,216.000,11,'2026-05-04',0,0,0),
(217,128,1,2.000,0,2,'اضاÙة Ùاتورة مردودات مبيعات','returnsellbillController.php',104.000,106.000,11,'2026-05-04',0,0,0),
(218,124,1,1.000,0,3,'اضاÙة Ùاتورة مردودات مبيعات','returnsellbillController.php',233.000,234.000,11,'2026-05-04',0,0,0),
(219,157,1,3.000,1,17,'اضاÙة Ùاتورة مبيعات','sellbillController.php',327.000,324.000,11,'2026-05-04',0,0,0),
(220,92,1,4.000,1,17,'اضاÙة Ùاتورة مبيعات','sellbillController.php',224.000,220.000,11,'2026-05-04',0,0,0),
(221,126,1,4.000,1,17,'اضاÙة Ùاتورة مبيعات','sellbillController.php',109.000,105.000,11,'2026-05-04',0,0,0),
(222,90,1,6.000,1,18,'اضاÙة Ùاتورة مبيعات','sellbillController.php',84.000,78.000,11,'2026-05-04',0,0,0),
(223,79,1,6.000,1,19,'اضاÙة Ùاتورة مبيعات','sellbillController.php',50.000,44.000,11,'2026-05-04',0,0,0),
(224,157,1,24.000,1,20,'اضاÙة Ùاتورة مبيعات','sellbillController.php',324.000,300.000,11,'2026-05-04',0,0,0),
(225,79,1,24.000,1,-1,'تم إعادة جرد المنتج بالقيمة الحالية بالنقص','inventoryController.php',44.000,20.000,1,'2026-05-04',0,0,0),
(226,116,1,9.000,1,21,'اضاÙة Ùاتورة مبيعات','sellbillController.php',402.000,393.000,11,'2026-05-04',0,0,0),
(227,78,1,6.000,1,21,'اضاÙة Ùاتورة مبيعات','sellbillController.php',315.000,309.000,11,'2026-05-04',0,0,0),
(228,159,1,6.000,1,21,'اضاÙة Ùاتورة مبيعات','sellbillController.php',153.000,147.000,11,'2026-05-04',0,0,0),
(229,157,1,15.000,1,21,'اضاÙة Ùاتورة مبيعات','sellbillController.php',300.000,285.000,11,'2026-05-04',0,0,0),
(230,19,1,15.000,1,22,'اضاÙة Ùاتورة مبيعات','sellbillController.php',30.000,15.000,11,'2026-05-04',0,0,0),
(231,124,1,6.000,1,22,'اضاÙة Ùاتورة مبيعات','sellbillController.php',234.000,228.000,11,'2026-05-04',0,0,0),
(232,136,1,6.000,1,22,'اضاÙة Ùاتورة مبيعات','sellbillController.php',87.000,81.000,11,'2026-05-04',0,0,0),
(233,19,1,15.000,0,4,'اضاÙة Ùاتورة مردودات مبيعات','returnsellbillController.php',15.000,30.000,11,'2026-05-04',0,0,0),
(234,136,1,15.000,1,23,'اضاÙة Ùاتورة مبيعات','sellbillController.php',81.000,66.000,11,'2026-05-04',0,0,0),
(235,130,1,11.000,1,24,'اضاÙة Ùاتورة مبيعات','sellbillController.php',15.000,4.000,11,'2026-05-04',0,0,0),
(236,97,1,9.000,1,25,'اضاÙة Ùاتورة مبيعات','sellbillController.php',189.000,180.000,11,'2026-05-04',0,0,0),
(237,154,1,4.000,1,25,'اضاÙة Ùاتورة مبيعات','sellbillController.php',80.000,76.000,11,'2026-05-04',0,0,0),
(238,167,1,0.000,0,167,'إضاÙة منتج','productController.php',0.000,0.000,11,'2026-05-04',0,0,0),
(239,20,1,12.000,1,26,'اضاÙة Ùاتورة مبيعات','sellbillController.php',15.000,3.000,11,'2026-05-04',0,0,0),
(240,159,1,9.000,1,26,'اضاÙة Ùاتورة مبيعات','sellbillController.php',147.000,138.000,11,'2026-05-04',0,0,0),
(241,48,1,3.000,1,26,'اضاÙة Ùاتورة مبيعات','sellbillController.php',12.000,9.000,11,'2026-05-04',0,0,0),
(242,147,1,9.000,1,27,'اضاÙة Ùاتورة مبيعات','sellbillController.php',36.000,27.000,11,'2026-05-04',0,0,0),
(243,137,1,120.000,1,27,'اضاÙة Ùاتورة مبيعات','sellbillController.php',48.000,-72.000,11,'2026-05-04',0,0,0),
(244,44,1,12.000,1,28,'اضاÙة Ùاتورة مبيعات','sellbillController.php',21.000,9.000,11,'2026-05-04',0,0,0),
(245,40,1,15.000,1,28,'اضاÙة Ùاتورة مبيعات','sellbillController.php',99.000,84.000,11,'2026-05-04',0,0,0),
(246,48,1,3.000,1,28,'اضاÙة Ùاتورة مبيعات','sellbillController.php',9.000,6.000,11,'2026-05-04',0,0,0),
(247,146,1,3.000,1,29,'اضاÙة Ùاتورة مبيعات','sellbillController.php',45.000,42.000,11,'2026-05-04',0,0,0),
(248,74,1,3.000,1,30,'اضاÙة Ùاتورة مبيعات','sellbillController.php',39.000,36.000,11,'2026-05-04',0,0,0),
(249,144,1,3.000,1,31,'اضاÙة Ùاتورة مبيعات','sellbillController.php',12.000,9.000,11,'2026-05-04',0,0,0),
(250,102,1,6.000,1,32,'اضاÙة Ùاتورة مبيعات','sellbillController.php',51.000,45.000,11,'2026-05-04',0,0,0),
(251,96,1,6.000,1,32,'اضاÙة Ùاتورة مبيعات','sellbillController.php',219.000,213.000,11,'2026-05-04',0,0,0),
(252,59,1,6.000,1,32,'اضاÙة Ùاتورة مبيعات','sellbillController.php',87.000,81.000,11,'2026-05-04',0,0,0),
(253,154,1,8.000,1,32,'اضاÙة Ùاتورة مبيعات','sellbillController.php',76.000,68.000,11,'2026-05-04',0,0,0),
(254,74,1,12.000,1,32,'اضاÙة Ùاتورة مبيعات','sellbillController.php',36.000,24.000,11,'2026-05-04',0,0,0),
(255,167,1,24.000,1,32,'اضاÙة Ùاتورة مبيعات','sellbillController.php',0.000,-24.000,11,'2026-05-04',0,0,0),
(256,20,1,9.000,1,33,'اضاÙة Ùاتورة مبيعات','sellbillController.php',3.000,-6.000,11,'2026-05-04',0,0,0),
(257,140,1,240.000,1,34,'اضاÙة Ùاتورة مبيعات','sellbillController.php',-386.000,-626.000,11,'2026-05-04',0,0,0),
(258,137,1,120.000,1,34,'اضاÙة Ùاتورة مبيعات','sellbillController.php',-72.000,-192.000,11,'2026-05-04',0,0,0),
(259,157,1,3.000,1,34,'اضاÙة Ùاتورة مبيعات','sellbillController.php',285.000,282.000,11,'2026-05-04',0,0,0),
(260,168,1,0.000,0,168,'إضاÙة منتج','productController.php',0.000,0.000,11,'2026-05-04',0,0,0),
(261,168,1,36.000,0,-1,'تم إعادة جرد المنتج بالقيمة الحالية بالزيادة','inventoryController.php',0.000,36.000,1,'2026-05-04',0,0,0),
(262,121,1,11.000,1,35,'اضاÙة Ùاتورة مبيعات','sellbillController.php',48.000,37.000,11,'2026-05-04',0,0,0),
(263,79,1,3.000,1,35,'اضاÙة Ùاتورة مبيعات','sellbillController.php',20.000,17.000,11,'2026-05-04',0,0,0),
(264,142,1,36.000,1,36,'اضاÙة Ùاتورة مبيعات','sellbillController.php',93.000,57.000,11,'2026-05-04',0,0,0),
(265,4,1,40.000,1,36,'اضاÙة Ùاتورة مبيعات','sellbillController.php',148.000,108.000,11,'2026-05-04',0,0,0),
(266,143,1,9.000,1,36,'اضاÙة Ùاتورة مبيعات','sellbillController.php',21.000,12.000,11,'2026-05-04',0,0,0),
(267,61,1,12.000,1,36,'اضاÙة Ùاتورة مبيعات','sellbillController.php',21.000,9.000,11,'2026-05-04',0,0,0),
(268,135,1,12.000,1,36,'اضاÙة Ùاتورة مبيعات','sellbillController.php',84.000,72.000,11,'2026-05-04',0,0,0),
(269,164,1,3.000,1,37,'اضاÙة Ùاتورة مبيعات','sellbillController.php',54.000,51.000,11,'2026-05-05',0,0,0),
(270,131,1,8.000,1,37,'اضاÙة Ùاتورة مبيعات','sellbillController.php',464.000,456.000,11,'2026-05-05',0,0,0),
(271,64,1,3.000,1,37,'اضاÙة Ùاتورة مبيعات','sellbillController.php',147.000,144.000,11,'2026-05-05',0,0,0),
(272,141,1,120.000,1,37,'اضاÙة Ùاتورة مبيعات','sellbillController.php',51.000,-69.000,11,'2026-05-05',0,0,0),
(273,32,1,9.000,1,38,'اضاÙة Ùاتورة مبيعات','sellbillController.php',30.000,21.000,11,'2026-05-05',0,0,0),
(274,17,1,6.000,1,39,'اضاÙة Ùاتورة مبيعات','sellbillController.php',36.000,30.000,11,'2026-05-05',0,0,0),
(275,44,1,8.000,1,39,'اضاÙة Ùاتورة مبيعات','sellbillController.php',9.000,1.000,11,'2026-05-05',0,0,0),
(276,79,1,6.000,1,39,'اضاÙة Ùاتورة مبيعات','sellbillController.php',17.000,11.000,11,'2026-05-05',0,0,0),
(277,78,1,9.000,1,39,'اضاÙة Ùاتورة مبيعات','sellbillController.php',309.000,300.000,11,'2026-05-05',0,0,0),
(278,45,1,3.000,1,39,'اضاÙة Ùاتورة مبيعات','sellbillController.php',141.000,138.000,11,'2026-05-05',0,0,0),
(279,47,1,10.000,1,39,'اضاÙة Ùاتورة مبيعات','sellbillController.php',45.000,35.000,11,'2026-05-05',0,0,0),
(280,64,1,52.000,1,40,'اضاÙة Ùاتورة مبيعات','sellbillController.php',144.000,92.000,11,'2026-05-05',0,0,0),
(281,93,1,4.000,1,41,'اضاÙة Ùاتورة مبيعات','sellbillController.php',216.000,212.000,11,'2026-05-05',0,0,0),
(282,140,1,1440.000,1,42,'اضاÙة Ùاتورة مبيعات','sellbillController.php',-626.000,-2066.000,11,'2026-05-05',0,0,0),
(283,157,1,42.000,1,42,'اضاÙة Ùاتورة مبيعات','sellbillController.php',282.000,240.000,11,'2026-05-05',0,0,0),
(284,149,1,9.000,1,42,'اضاÙة Ùاتورة مبيعات','sellbillController.php',15.000,6.000,11,'2026-05-05',0,0,0),
(285,148,1,15.000,1,42,'اضاÙة Ùاتورة مبيعات','sellbillController.php',42.000,27.000,11,'2026-05-05',0,0,0),
(286,147,1,12.000,1,42,'اضاÙة Ùاتورة مبيعات','sellbillController.php',27.000,15.000,11,'2026-05-05',0,0,0),
(287,167,1,16.000,1,42,'اضاÙة Ùاتورة مبيعات','sellbillController.php',-24.000,-40.000,11,'2026-05-05',0,0,0),
(288,17,1,6.000,1,42,'اضاÙة Ùاتورة مبيعات','sellbillController.php',30.000,24.000,11,'2026-05-05',0,0,0),
(289,138,1,240.000,1,42,'اضاÙة Ùاتورة مبيعات','sellbillController.php',90.000,-150.000,11,'2026-05-05',0,0,0),
(290,93,1,16.000,1,42,'اضاÙة Ùاتورة مبيعات','sellbillController.php',212.000,196.000,11,'2026-05-05',0,0,0),
(291,165,1,16.000,1,43,'اضاÙة Ùاتورة مبيعات','sellbillController.php',32.000,16.000,11,'2026-05-05',0,0,0),
(292,10,1,3.000,1,43,'اضاÙة Ùاتورة مبيعات','sellbillController.php',96.000,93.000,11,'2026-05-05',0,0,0),
(293,20,1,3.000,1,44,'اضاÙة Ùاتورة مبيعات','sellbillController.php',-6.000,-9.000,11,'2026-05-05',0,0,0),
(294,169,1,0.000,0,169,'إضاÙة منتج','productController.php',0.000,0.000,11,'2026-05-05',0,0,0),
(295,169,1,48.000,1,45,'اضاÙة Ùاتورة مبيعات','sellbillController.php',0.000,-48.000,11,'2026-05-05',0,0,0),
(296,164,1,6.000,1,45,'اضاÙة Ùاتورة مبيعات','sellbillController.php',51.000,45.000,11,'2026-05-05',0,0,0),
(297,91,1,6.000,1,46,'اضاÙة Ùاتورة مبيعات','sellbillController.php',18.000,12.000,11,'2026-05-05',0,0,0),
(298,20,1,135.000,0,3,'اضاÙة Ùاتورة مشتريات','buyBillController.php',-9.000,126.000,1,'2026-05-05',0,0,0),
(299,166,1,21.000,1,47,'اضاÙة Ùاتورة مبيعات','sellbillController.php',84.000,63.000,11,'2026-05-05',0,0,0),
(300,141,1,120.000,1,48,'اضاÙة Ùاتورة مبيعات','sellbillController.php',-69.000,-189.000,11,'2026-05-05',0,0,0),
(301,18,1,3.000,1,49,'اضاÙة Ùاتورة مبيعات','sellbillController.php',63.000,60.000,11,'2026-05-05',0,0,0),
(302,40,1,7.000,1,49,'اضاÙة Ùاتورة مبيعات','sellbillController.php',84.000,77.000,11,'2026-05-05',0,0,0),
(303,157,1,24.000,1,50,'اضاÙة Ùاتورة مبيعات','sellbillController.php',240.000,216.000,11,'2026-05-05',0,0,0),
(304,151,1,4.000,1,51,'اضاÙة Ùاتورة مبيعات','sellbillController.php',152.000,148.000,11,'2026-05-05',0,0,0),
(305,95,1,3.000,1,52,'اضاÙة Ùاتورة مبيعات','sellbillController.php',624.000,621.000,11,'2026-05-05',0,0,0),
(306,124,1,6.000,1,52,'اضاÙة Ùاتورة مبيعات','sellbillController.php',228.000,222.000,11,'2026-05-05',0,0,0),
(307,91,1,6.000,1,52,'اضاÙة Ùاتورة مبيعات','sellbillController.php',12.000,6.000,11,'2026-05-05',0,0,0),
(308,126,1,8.000,1,52,'اضاÙة Ùاتورة مبيعات','sellbillController.php',105.000,97.000,11,'2026-05-05',0,0,0),
(309,18,1,6.000,1,52,'اضاÙة Ùاتورة مبيعات','sellbillController.php',60.000,54.000,11,'2026-05-05',0,0,0),
(310,62,1,6.000,1,52,'اضاÙة Ùاتورة مبيعات','sellbillController.php',66.000,60.000,11,'2026-05-05',0,0,0),
(311,124,1,6.000,1,53,'اضاÙة Ùاتورة مبيعات','sellbillController.php',222.000,216.000,11,'2026-05-05',0,0,0),
(312,91,1,6.000,0,5,'اضاÙة Ùاتورة مردودات مبيعات','returnsellbillController.php',6.000,12.000,11,'2026-05-05',0,0,0),
(313,170,1,0.000,0,170,'إضاÙة منتج','productController.php',0.000,0.000,1,'2026-05-05',0,0,0),
(314,171,1,0.000,0,171,'إضاÙة منتج','productController.php',0.000,0.000,1,'2026-05-05',0,0,0),
(315,172,1,0.000,0,172,'إضاÙة منتج','productController.php',0.000,0.000,1,'2026-05-05',0,0,0),
(316,170,1,30.000,0,4,'اضاÙة Ùاتورة مشتريات','buyBillController.php',0.000,30.000,1,'2026-05-05',0,0,0),
(317,171,1,21.000,0,4,'اضاÙة Ùاتورة مشتريات','buyBillController.php',0.000,21.000,1,'2026-05-05',0,0,0),
(318,172,1,5.000,0,4,'اضاÙة Ùاتورة مشتريات','buyBillController.php',0.000,5.000,1,'2026-05-05',0,0,0),
(319,20,1,6.000,1,54,'اضاÙة Ùاتورة مبيعات','sellbillController.php',126.000,120.000,11,'2026-05-05',0,0,0),
(320,167,1,4.000,1,54,'اضاÙة Ùاتورة مبيعات','sellbillController.php',-40.000,-44.000,11,'2026-05-05',0,0,0),
(321,173,1,0.000,0,173,'إضاÙة منتج','productController.php',0.000,0.000,11,'2026-05-05',0,0,0),
(322,81,1,8.000,1,55,'اضاÙة Ùاتورة مبيعات','sellbillController.php',188.000,180.000,1,'2026-05-05',0,0,0),
(323,164,1,6.000,1,55,'اضاÙة Ùاتورة مبيعات','sellbillController.php',45.000,39.000,1,'2026-05-05',0,0,0),
(324,117,1,24.000,1,55,'اضاÙة Ùاتورة مبيعات','sellbillController.php',140.000,116.000,1,'2026-05-05',0,0,0),
(325,96,1,3.000,1,55,'اضاÙة Ùاتورة مبيعات','sellbillController.php',213.000,210.000,1,'2026-05-05',0,0,0),
(326,173,1,9.000,1,55,'اضاÙة Ùاتورة مبيعات','sellbillController.php',0.000,-9.000,1,'2026-05-05',0,0,0),
(327,24,1,143.000,1,1,'اضاÙة Ùاتورة مردودات مشتريات','returnBuyBillController.php',208.000,65.000,1,'2026-05-05',0,0,0),
(328,27,1,80.000,1,1,'اضاÙة Ùاتورة مردودات مشتريات','returnBuyBillController.php',32.000,-48.000,1,'2026-05-05',0,0,0),
(329,28,1,36.000,1,1,'اضاÙة Ùاتورة مردودات مشتريات','returnBuyBillController.php',80.000,44.000,1,'2026-05-05',0,0,0),
(330,25,1,36.000,1,1,'اضاÙة Ùاتورة مردودات مشتريات','returnBuyBillController.php',16.000,-20.000,1,'2026-05-05',0,0,0),
(331,140,1,7800.000,0,5,'اضاÙة Ùاتورة مشتريات','buyBillController.php',-2066.000,5734.000,1,'2026-05-05',0,0,0);

--
-- Table structure for table `studentabsences`
--

CREATE TABLE `studentabsences` (
  `id` int(11) NOT NULL AUTO_INCREMENT,
  `onlys` int(11) unsigned DEFAULT NULL,
  `del` int(11) unsigned DEFAULT NULL,
  `arrivedtime` int(11) unsigned DEFAULT NULL,
  `addtoday` datetime DEFAULT NULL,
  `adduserid` double DEFAULT NULL,
  `uniqid` int(11) unsigned DEFAULT NULL,
  `studentid` varchar(191) CHARACTER SET utf8mb4 COLLATE utf8mb4_unicode_ci DEFAULT NULL,
  `todaysend` date DEFAULT NULL,
  `timesend` varchar(191) CHARACTER SET utf8mb4 COLLATE utf8mb4_unicode_ci DEFAULT NULL,
  `type` varchar(191) CHARACTER SET utf8mb4 COLLATE utf8mb4_unicode_ci DEFAULT NULL,
  `deviceid` varchar(191) CHARACTER SET utf8mb4 COLLATE utf8mb4_unicode_ci DEFAULT NULL,
  `status` int(11) unsigned DEFAULT NULL,
  `studentsubjectid` int(11) unsigned DEFAULT NULL,
  `studentsubjectgroupid` int(11) unsigned DEFAULT NULL,
  `studentaddsubjectid` int(11) unsigned DEFAULT NULL,
  `studentaddsubjectdetailid` int(11) unsigned DEFAULT NULL,
  `deltoday` datetime DEFAULT NULL,
  `deluserid` double DEFAULT NULL,
  PRIMARY KEY (`id`)
) ENGINE=InnoDB DEFAULT CHARSET=utf8mb3 COLLATE=utf8mb3_general_ci;

--
-- Dumping data for table `studentabsences`
--


--
-- Table structure for table `studentaddsubjectdetails`
--

CREATE TABLE `studentaddsubjectdetails` (
  `id` int(11) NOT NULL AUTO_INCREMENT,
  `del` int(11) unsigned DEFAULT NULL,
  `addtoday` datetime DEFAULT NULL,
  `adduserid` double DEFAULT NULL,
  `studentid` int(11) unsigned DEFAULT NULL,
  `studentsubjectid` int(11) unsigned DEFAULT NULL,
  `studentsubjectgroupid` int(11) unsigned DEFAULT NULL,
  `studentaddsubjectid` int(11) unsigned DEFAULT NULL,
  `deltoday` varchar(191) CHARACTER SET utf8mb4 COLLATE utf8mb4_unicode_ci DEFAULT NULL,
  `deluserid` varchar(191) CHARACTER SET utf8mb4 COLLATE utf8mb4_unicode_ci DEFAULT NULL,
  `studentname` varchar(191) CHARACTER SET utf8mb4 COLLATE utf8mb4_unicode_ci DEFAULT NULL,
  `studentphone` int(11) unsigned DEFAULT NULL,
  `deviceid` varchar(191) CHARACTER SET utf8mb4 COLLATE utf8mb4_unicode_ci DEFAULT NULL,
  `subjectname` varchar(191) CHARACTER SET utf8mb4 COLLATE utf8mb4_unicode_ci DEFAULT NULL,
  `subjectprice` tinyint(1) unsigned DEFAULT NULL,
  `subjectgroupname` varchar(191) CHARACTER SET utf8mb4 COLLATE utf8mb4_unicode_ci DEFAULT NULL,
  `subjectgroupprice` int(11) unsigned DEFAULT NULL,
  PRIMARY KEY (`id`)
) ENGINE=InnoDB DEFAULT CHARSET=utf8mb3 COLLATE=utf8mb3_general_ci;

--
-- Dumping data for table `studentaddsubjectdetails`
--


--
-- Table structure for table `studentaddsubjects`
--

CREATE TABLE `studentaddsubjects` (
  `id` int(11) NOT NULL AUTO_INCREMENT,
  `del` int(11) unsigned DEFAULT NULL,
  `addtoday` datetime DEFAULT NULL,
  `adduserid` double DEFAULT NULL,
  `deltoday` varchar(191) CHARACTER SET utf8mb4 COLLATE utf8mb4_unicode_ci DEFAULT NULL,
  `deluserid` varchar(191) CHARACTER SET utf8mb4 COLLATE utf8mb4_unicode_ci DEFAULT NULL,
  `studentsubjectid` int(11) unsigned DEFAULT NULL,
  `studentsubjectgroupid` int(11) unsigned DEFAULT NULL,
  `studentid` text CHARACTER SET utf8mb4 COLLATE utf8mb4_unicode_ci DEFAULT NULL,
  `deviceid` varchar(191) CHARACTER SET utf8mb4 COLLATE utf8mb4_unicode_ci DEFAULT NULL,
  PRIMARY KEY (`id`)
) ENGINE=InnoDB DEFAULT CHARSET=utf8mb3 COLLATE=utf8mb3_general_ci;

--
-- Dumping data for table `studentaddsubjects`
--


--
-- Table structure for table `students`
--

CREATE TABLE `students` (
  `id` int(11) NOT NULL AUTO_INCREMENT,
  `del` int(11) unsigned DEFAULT NULL,
  `addtoday` datetime DEFAULT NULL,
  `adduserid` double DEFAULT NULL,
  `deltoday` varchar(191) CHARACTER SET utf8mb4 COLLATE utf8mb4_unicode_ci DEFAULT NULL,
  `deluserid` varchar(191) CHARACTER SET utf8mb4 COLLATE utf8mb4_unicode_ci DEFAULT NULL,
  `studentname` varchar(191) CHARACTER SET utf8mb4 COLLATE utf8mb4_unicode_ci DEFAULT NULL,
  `studentdatebirth` double DEFAULT NULL,
  `studentnumber` double DEFAULT NULL,
  `idnumber` double DEFAULT NULL,
  `studentphone` double DEFAULT NULL,
  `parentsname` varchar(191) CHARACTER SET utf8mb4 COLLATE utf8mb4_unicode_ci DEFAULT NULL,
  `parentsphone` double DEFAULT NULL,
  `studentaddress` tinyint(1) unsigned DEFAULT NULL,
  `clientid` int(11) unsigned DEFAULT NULL,
  `branchid` double DEFAULT NULL,
  `studentimage` tinyint(1) unsigned DEFAULT NULL,
  `studentnote` tinyint(1) unsigned DEFAULT NULL,
  `studentaddsubjectid` tinyint(1) unsigned DEFAULT NULL,
  `studentsubjectid` tinyint(1) unsigned DEFAULT NULL,
  `studentsubjectgroupid` tinyint(1) unsigned DEFAULT NULL,
  `studentspaymentsystemid` tinyint(1) unsigned DEFAULT NULL,
  `studentaddsubjectdetailid` tinyint(1) unsigned DEFAULT NULL,
  `paymonths` int(11) unsigned DEFAULT NULL,
  `paytype` varchar(191) CHARACTER SET utf8mb4 COLLATE utf8mb4_unicode_ci DEFAULT NULL,
  `paytypenum` int(11) unsigned DEFAULT NULL,
  `payprice` int(11) unsigned DEFAULT NULL,
  `countmonths` tinyint(1) unsigned DEFAULT NULL,
  `newprice` tinyint(1) unsigned DEFAULT NULL,
  `paystartdate` date DEFAULT NULL,
  `payenddate` date DEFAULT NULL,
  `studentspayid` int(11) unsigned DEFAULT NULL,
  PRIMARY KEY (`id`)
) ENGINE=InnoDB DEFAULT CHARSET=utf8mb3 COLLATE=utf8mb3_general_ci;

--
-- Dumping data for table `students`
--


--
-- Table structure for table `studentsetting`
--

CREATE TABLE `studentsetting` (
  `id` int(11) NOT NULL AUTO_INCREMENT,
  `updateuserid` double DEFAULT NULL,
  `studentorplayer` tinyint(1) unsigned DEFAULT NULL,
  `paymentsystems1` int(11) unsigned DEFAULT NULL,
  `paymentsystems2` tinyint(1) unsigned DEFAULT NULL,
  `paymentsystems3` tinyint(1) unsigned DEFAULT NULL,
  `showdel` tinyint(1) unsigned DEFAULT NULL,
  PRIMARY KEY (`id`)
) ENGINE=InnoDB DEFAULT CHARSET=utf8mb3 COLLATE=utf8mb3_general_ci;

--
-- Dumping data for table `studentsetting`
--


--
-- Table structure for table `studentsexams`
--

CREATE TABLE `studentsexams` (
  `id` int(11) NOT NULL AUTO_INCREMENT,
  `deltoday` varchar(191) CHARACTER SET utf8mb4 COLLATE utf8mb4_unicode_ci DEFAULT NULL,
  `deluserid` varchar(191) CHARACTER SET utf8mb4 COLLATE utf8mb4_unicode_ci DEFAULT NULL,
  `del` int(11) unsigned DEFAULT NULL,
  `addtoday` datetime DEFAULT NULL,
  `adduserid` double DEFAULT NULL,
  `studentaddsubjectid` int(11) unsigned DEFAULT NULL,
  `studentsubjectid` int(11) unsigned DEFAULT NULL,
  `studentsubjectgroupid` int(11) unsigned DEFAULT NULL,
  `studentid` varchar(191) CHARACTER SET utf8mb4 COLLATE utf8mb4_unicode_ci DEFAULT NULL,
  `examname` varchar(191) CHARACTER SET utf8mb4 COLLATE utf8mb4_unicode_ci DEFAULT NULL,
  `greatdegree` int(11) unsigned DEFAULT NULL,
  `examsstudent` int(11) unsigned DEFAULT NULL,
  `updatetoday` datetime DEFAULT NULL,
  `updateuserid` double DEFAULT NULL,
  PRIMARY KEY (`id`)
) ENGINE=InnoDB DEFAULT CHARSET=utf8mb3 COLLATE=utf8mb3_general_ci;

--
-- Dumping data for table `studentsexams`
--


--
-- Table structure for table `studentsexamsval`
--

CREATE TABLE `studentsexamsval` (
  `id` int(11) NOT NULL AUTO_INCREMENT,
  `studentid` int(11) unsigned DEFAULT NULL,
  `examsvalue` varchar(191) CHARACTER SET utf8mb4 COLLATE utf8mb4_unicode_ci DEFAULT NULL,
  `examspresence` varchar(191) CHARACTER SET utf8mb4 COLLATE utf8mb4_unicode_ci DEFAULT NULL,
  `studentaddsubjectid` int(11) unsigned DEFAULT NULL,
  `studentsubjectgroupid` int(11) unsigned DEFAULT NULL,
  `studentsubjectid` int(11) unsigned DEFAULT NULL,
  `del` int(11) unsigned DEFAULT NULL,
  `addtoday` datetime DEFAULT NULL,
  `adduserid` double DEFAULT NULL,
  `deltoday` varchar(191) CHARACTER SET utf8mb4 COLLATE utf8mb4_unicode_ci DEFAULT NULL,
  `deluserid` varchar(191) CHARACTER SET utf8mb4 COLLATE utf8mb4_unicode_ci DEFAULT NULL,
  `studentsexamid` int(11) unsigned DEFAULT NULL,
  `updatetoday` datetime DEFAULT NULL,
  `updateuserid` double DEFAULT NULL,
  PRIMARY KEY (`id`)
) ENGINE=InnoDB DEFAULT CHARSET=utf8mb3 COLLATE=utf8mb3_general_ci;

--
-- Dumping data for table `studentsexamsval`
--


--
-- Table structure for table `studentspaymentsystems`
--

CREATE TABLE `studentspaymentsystems` (
  `id` int(11) NOT NULL AUTO_INCREMENT,
  `del` int(11) unsigned DEFAULT NULL,
  `addtoday` datetime DEFAULT NULL,
  `adduserid` double DEFAULT NULL,
  `deltoday` varchar(191) CHARACTER SET utf8mb4 COLLATE utf8mb4_unicode_ci DEFAULT NULL,
  `deluserid` varchar(191) CHARACTER SET utf8mb4 COLLATE utf8mb4_unicode_ci DEFAULT NULL,
  `paymentname` varchar(191) CHARACTER SET utf8mb4 COLLATE utf8mb4_unicode_ci DEFAULT NULL,
  `paymentprice` int(11) unsigned DEFAULT NULL,
  `paymentmonth` int(11) unsigned DEFAULT NULL,
  `studentaddsubjectid` int(11) unsigned DEFAULT NULL,
  `studentsubjectid` int(11) unsigned DEFAULT NULL,
  PRIMARY KEY (`id`)
) ENGINE=InnoDB DEFAULT CHARSET=utf8mb3 COLLATE=utf8mb3_general_ci;

--
-- Dumping data for table `studentspaymentsystems`
--


--
-- Table structure for table `studentspays`
--

CREATE TABLE `studentspays` (
  `id` int(11) NOT NULL AUTO_INCREMENT,
  `del` int(11) unsigned DEFAULT NULL,
  `addtoday` datetime DEFAULT NULL,
  `adduserid` double DEFAULT NULL,
  `deltoday` varchar(191) CHARACTER SET utf8mb4 COLLATE utf8mb4_unicode_ci DEFAULT NULL,
  `deluserid` varchar(191) CHARACTER SET utf8mb4 COLLATE utf8mb4_unicode_ci DEFAULT NULL,
  `studentaddsubjectid` int(11) unsigned DEFAULT NULL,
  `studentsubjectid` int(11) unsigned DEFAULT NULL,
  `studentsubjectgroupid` int(11) unsigned DEFAULT NULL,
  `studentspaymentsystemid` varchar(191) CHARACTER SET utf8mb4 COLLATE utf8mb4_unicode_ci DEFAULT NULL,
  `studentaddsubjectdetailid` int(11) unsigned DEFAULT NULL,
  `studentid` int(11) unsigned DEFAULT NULL,
  `paymonths` int(11) unsigned DEFAULT NULL,
  `paytype` varchar(191) CHARACTER SET utf8mb4 COLLATE utf8mb4_unicode_ci DEFAULT NULL,
  `paytypenum` int(11) unsigned DEFAULT NULL,
  `payprice` int(11) unsigned DEFAULT NULL,
  `countmonths` varchar(191) CHARACTER SET utf8mb4 COLLATE utf8mb4_unicode_ci DEFAULT NULL,
  `newprice` varchar(191) CHARACTER SET utf8mb4 COLLATE utf8mb4_unicode_ci DEFAULT NULL,
  `paystartdate` date DEFAULT NULL,
  `payenddate` date DEFAULT NULL,
  `paytypered` tinyint(1) unsigned DEFAULT NULL,
  `paykind` int(11) unsigned DEFAULT NULL,
  PRIMARY KEY (`id`)
) ENGINE=InnoDB DEFAULT CHARSET=utf8mb3 COLLATE=utf8mb3_general_ci;

--
-- Dumping data for table `studentspays`
--


--
-- Table structure for table `studentsubjectgroupdays`
--

CREATE TABLE `studentsubjectgroupdays` (
  `id` int(11) NOT NULL AUTO_INCREMENT,
  `del` int(11) unsigned DEFAULT NULL,
  `addtoday` datetime DEFAULT NULL,
  `adduserid` double DEFAULT NULL,
  `deltoday` varchar(191) CHARACTER SET utf8mb4 COLLATE utf8mb4_unicode_ci DEFAULT NULL,
  `deluserid` varchar(191) CHARACTER SET utf8mb4 COLLATE utf8mb4_unicode_ci DEFAULT NULL,
  `studentsubjectid` int(11) unsigned DEFAULT NULL,
  `studentsubjectgroupid` int(11) unsigned DEFAULT NULL,
  `dayar` varchar(191) CHARACTER SET utf8mb4 COLLATE utf8mb4_unicode_ci DEFAULT NULL,
  `dayen` varchar(191) CHARACTER SET utf8mb4 COLLATE utf8mb4_unicode_ci DEFAULT NULL,
  `day` int(11) unsigned DEFAULT NULL,
  `timeform` varchar(191) CHARACTER SET utf8mb4 COLLATE utf8mb4_unicode_ci DEFAULT NULL,
  `timeto` varchar(191) CHARACTER SET utf8mb4 COLLATE utf8mb4_unicode_ci DEFAULT NULL,
  `useit` int(11) unsigned DEFAULT NULL,
  `updatetoday` datetime DEFAULT NULL,
  `updateuserid` double DEFAULT NULL,
  `deviceid` tinyint(1) unsigned DEFAULT NULL,
  PRIMARY KEY (`id`)
) ENGINE=InnoDB DEFAULT CHARSET=utf8mb3 COLLATE=utf8mb3_general_ci;

--
-- Dumping data for table `studentsubjectgroupdays`
--


--
-- Table structure for table `studentsubjectgroups`
--

CREATE TABLE `studentsubjectgroups` (
  `id` int(11) NOT NULL AUTO_INCREMENT,
  `del` int(11) unsigned DEFAULT NULL,
  `addtoday` datetime DEFAULT NULL,
  `adduserid` double DEFAULT NULL,
  `deltoday` varchar(191) CHARACTER SET utf8mb4 COLLATE utf8mb4_unicode_ci DEFAULT NULL,
  `deluserid` varchar(191) CHARACTER SET utf8mb4 COLLATE utf8mb4_unicode_ci DEFAULT NULL,
  `studentsubjectid` int(11) unsigned DEFAULT NULL,
  `subjectgroupname` varchar(191) CHARACTER SET utf8mb4 COLLATE utf8mb4_unicode_ci DEFAULT NULL,
  `subjectgroupprice` int(11) unsigned DEFAULT NULL,
  `useit` int(11) unsigned DEFAULT NULL,
  `updatetoday` datetime DEFAULT NULL,
  `updateuserid` double DEFAULT NULL,
  `deviceid` tinyint(1) unsigned DEFAULT NULL,
  PRIMARY KEY (`id`)
) ENGINE=InnoDB DEFAULT CHARSET=utf8mb3 COLLATE=utf8mb3_general_ci;

--
-- Dumping data for table `studentsubjectgroups`
--


--
-- Table structure for table `studentsubjects`
--

CREATE TABLE `studentsubjects` (
  `id` int(11) NOT NULL AUTO_INCREMENT,
  `del` int(11) unsigned DEFAULT NULL,
  `addtoday` datetime DEFAULT NULL,
  `adduserid` double DEFAULT NULL,
  `deltoday` varchar(191) CHARACTER SET utf8mb4 COLLATE utf8mb4_unicode_ci DEFAULT NULL,
  `deluserid` varchar(191) CHARACTER SET utf8mb4 COLLATE utf8mb4_unicode_ci DEFAULT NULL,
  `subjectname` varchar(191) CHARACTER SET utf8mb4 COLLATE utf8mb4_unicode_ci DEFAULT NULL,
  `subjectprice` int(11) unsigned DEFAULT NULL,
  `ipaddress` varchar(191) CHARACTER SET utf8mb4 COLLATE utf8mb4_unicode_ci DEFAULT NULL,
  `deviceid` varchar(191) CHARACTER SET utf8mb4 COLLATE utf8mb4_unicode_ci DEFAULT NULL,
  `useit` int(11) unsigned DEFAULT NULL,
  `incometypeid` int(11) unsigned DEFAULT NULL,
  `updatetoday` datetime DEFAULT NULL,
  `updateuserid` double DEFAULT NULL,
  PRIMARY KEY (`id`)
) ENGINE=InnoDB DEFAULT CHARSET=utf8mb3 COLLATE=utf8mb3_general_ci;

--
-- Dumping data for table `studentsubjects`
--


--
-- Table structure for table `subvention`
--

CREATE TABLE `subvention` (
  `id` int(11) unsigned NOT NULL AUTO_INCREMENT,
  `del` int(11) unsigned DEFAULT NULL,
  `sysdate` datetime DEFAULT NULL,
  `user_id` int(11) unsigned DEFAULT NULL,
  `charity_id` int(11) unsigned DEFAULT NULL,
  `beneficier_id` int(11) unsigned DEFAULT NULL,
  `financial_aid` varchar(191) DEFAULT NULL,
  `inkind_aid` varchar(191) DEFAULT NULL,
  `guarantee_type_id` int(11) unsigned DEFAULT NULL,
  `notes` varchar(191) DEFAULT NULL,
  PRIMARY KEY (`id`)
) ENGINE=InnoDB DEFAULT CHARSET=utf8mb4 COLLATE=utf8mb4_unicode_ci;

--
-- Dumping data for table `subvention`
--


--
-- Table structure for table `subventionpay`
--

CREATE TABLE `subventionpay` (
  `id` int(11) unsigned NOT NULL AUTO_INCREMENT,
  `del` int(11) unsigned DEFAULT NULL,
  `sysdate` datetime DEFAULT NULL,
  `user_id` int(11) unsigned DEFAULT NULL,
  `charity_id` int(11) unsigned DEFAULT NULL,
  `benefeciary_id` int(11) unsigned DEFAULT NULL,
  `financial_aid` int(11) unsigned DEFAULT NULL,
  `inkind_aid` varchar(191) DEFAULT NULL,
  `notes` varchar(191) DEFAULT NULL,
  `month` varchar(191) DEFAULT NULL,
  PRIMARY KEY (`id`)
) ENGINE=InnoDB DEFAULT CHARSET=utf8mb4 COLLATE=utf8mb4_unicode_ci;

--
-- Dumping data for table `subventionpay`
--


--
-- Table structure for table `suppay`
--

CREATE TABLE `suppay` (
  `id` int(11) NOT NULL AUTO_INCREMENT,
  `idsupdeptchange` int(11) NOT NULL,
  `paytype` int(11) NOT NULL DEFAULT 0,
  `accountid` int(11) DEFAULT NULL,
  `del` int(11) NOT NULL DEFAULT 0,
  `bankid` int(11) DEFAULT NULL,
  `checkno` int(11) DEFAULT NULL,
  `beneficiaryname` varchar(255) DEFAULT NULL,
  `chckdate` date DEFAULT NULL,
  `chckimage` varchar(255) DEFAULT NULL,
  `senderbank` varchar(50) DEFAULT NULL,
  `details` varchar(255) DEFAULT NULL,
  PRIMARY KEY (`id`)
) ENGINE=InnoDB DEFAULT CHARSET=latin1 COLLATE=latin1_swedish_ci;

--
-- Dumping data for table `suppay`
--


--
-- Table structure for table `supplier`
--

CREATE TABLE `supplier` (
  `supplierid` int(11) NOT NULL AUTO_INCREMENT,
  `suppliername` varchar(256) NOT NULL,
  `supplieraddress` varchar(256) DEFAULT NULL,
  `supplierphone` varchar(20) DEFAULT NULL,
  `suppliercurrentDebt` decimal(10,2) DEFAULT 0.00,
  `supplierdetails` text DEFAULT NULL,
  `conditions` int(11) NOT NULL DEFAULT 0,
  `userid` int(11) NOT NULL,
  `supplierdate` date NOT NULL,
  `dailyentryid` int(11) NOT NULL DEFAULT 0,
  `category_id` varchar(200) DEFAULT NULL,
  `typesupplier_id` varchar(200) DEFAULT NULL,
  `linkedClientId` int(11) NOT NULL DEFAULT 0,
  `inUse` tinyint(4) NOT NULL DEFAULT 0 COMMENT '0 free - 1 in use means to stop changing debt till it is free again',
  `suppliercode` varchar(256) NOT NULL,
  `goverareaid` varchar(256) NOT NULL,
  `namepayeecheck` varchar(256) NOT NULL,
  `suppliermobile` varchar(256) NOT NULL,
  `warrantyOfficer` varchar(256) NOT NULL,
  `warrantymobile` varchar(256) NOT NULL,
  `sellername` varchar(256) NOT NULL,
  `sellermobile` varchar(256) NOT NULL,
  `taxnumber` varchar(255) DEFAULT NULL,
  `supplierTypeForTree` tinyint(4) NOT NULL DEFAULT 0,
  `treeId` int(11) NOT NULL DEFAULT 0,
  `sullpierCurrencyid` int(11) NOT NULL DEFAULT 1,
  `suppliercurrentDebtInCurrency` decimal(10,2) DEFAULT 0.00,
  `webApiId` int(11) NOT NULL DEFAULT 0,
  `shippingDiscountPer` float NOT NULL,
  PRIMARY KEY (`supplierid`)
) ENGINE=InnoDB AUTO_INCREMENT=14 DEFAULT CHARSET=utf8mb3 COLLATE=utf8mb3_general_ci;

--
-- Dumping data for table `supplier`
--

INSERT INTO `supplier` VALUES
(1,'مباشر','','',0.00,'مباشر',0,-1,'2026-05-02',0,NULL,NULL,0,0,'','','','','','','','',NULL,0,0,1,0.00,0,0),
(2,'احمد ترند وهامر','','',227865.00,'',0,1,'2026-05-05',0,'','',0,0,'','','','','','','','','',0,1094,1,227865.00,0,0),
(3,'محمد بونو','','',50200.00,'',0,1,'2026-05-03',0,'','',0,0,'','','','','','','','','',0,-1,1,50200.00,0,0),
(4,'محمود الصعيدي تشرت ','','',72210.00,'',0,1,'2026-05-05',175,'','',0,0,'','','','','','','','','',0,1095,1,72210.00,0,0),
(5,'نوح','','',68418.00,'',0,1,'2026-05-04',0,'','',0,0,'','','','','','','','','',0,-1,1,68418.00,0,0),
(6,'Ùرعون','','',34340.00,'',0,1,'2026-05-05',290,'','',0,0,'','','','','','','','','',0,1104,1,34340.00,0,0),
(7,'محمد Ùور تكس','','',102025.00,'',0,1,'2026-05-05',298,'','',0,0,'','','','','','','','','',0,1105,1,102025.00,0,0),
(8,'حسام اتش ام سيزر','','',24700.00,'',0,1,'2026-05-05',303,'','',0,0,'','','','','','','','','',0,1106,1,24700.00,0,0),
(9,'محمود جمايكا','','',51800.00,'',0,1,'2026-05-05',307,'','',0,0,'','','','','','','','','',0,1107,1,51800.00,0,0),
(10,'ناصر جاكو','','',91720.00,'',0,1,'2026-05-05',314,'','',0,0,'','','','','','','','','',0,-1,1,91720.00,0,0),
(11,'الاجنبي','','',68875.00,'',0,1,'2026-05-05',316,'','',0,0,'','','','','','','','','',0,-1,1,68875.00,0,0),
(12,'Ùوزي تيمبو','','',0.00,'',0,1,'2026-05-05',0,'','',0,0,'','','','','','','','','',0,1108,1,0.00,0,0),
(13,'احمد استواب','','',-77950.00,'',0,1,'2026-05-05',0,'','',0,0,'','','','','','','','','',0,1109,1,-77950.00,0,0);

--
-- Table structure for table `supplierdebtchange`
--

CREATE TABLE `supplierdebtchange` (
  `supplierdebtchangeid` int(11) NOT NULL AUTO_INCREMENT,
  `supplierid` int(11) NOT NULL,
  `supplierdebtchangebefore` decimal(10,2) NOT NULL,
  `supplierdebtchangeamount` decimal(10,2) NOT NULL,
  `supplierdebtchangetype` int(11) NOT NULL COMMENT '0 => plus- 1 => minus',
  `processname` varchar(256) NOT NULL,
  `supplierdebtchangemodelid` int(11) NOT NULL,
  `supplierdebtchangeafter` decimal(10,2) NOT NULL,
  `supplierdebtchangedate` datetime NOT NULL,
  `userid` int(11) NOT NULL,
  `tablename` varchar(500) NOT NULL,
  `comment` text DEFAULT NULL,
  `del` int(11) NOT NULL DEFAULT 0,
  `dailyentryid` int(11) NOT NULL DEFAULT 0,
  `saveid` int(11) DEFAULT NULL,
  `costcenterid` int(11) DEFAULT NULL,
  `currencyId` int(11) NOT NULL,
  `conversionFactor` float NOT NULL,
  `payedInCurrency` decimal(10,2) NOT NULL,
  `saveConversionFactor` float NOT NULL,
  `debtchangbeforeInSupplierCurrency` decimal(10,2) NOT NULL,
  `debtchangamountInSupplierCurrency` decimal(10,2) NOT NULL,
  `debtchangafterInSupplierCurrency` decimal(10,2) NOT NULL,
  `paySerialNo` int(11) NOT NULL,
  PRIMARY KEY (`supplierdebtchangeid`),
  KEY `idx_supplierdebtchange` (`tablename`(255)),
  KEY `supplierid` (`supplierid`)
) ENGINE=InnoDB AUTO_INCREMENT=28 DEFAULT CHARSET=utf8mb3 COLLATE=utf8mb3_general_ci;

--
-- Dumping data for table `supplierdebtchange`
--

INSERT INTO `supplierdebtchange` VALUES
(1,2,0.00,0.00,0,'إضاÙة مورد جديد',2,0.00,'2026-05-02 21:40:35',1,'supplierController.php','',0,0,0,0,1,1,0.00,1,0.00,0.00,0.00,0),
(2,3,0.00,0.00,0,'إضاÙة مورد جديد',3,0.00,'2026-05-03 07:17:27',1,'supplierController.php','',0,0,0,0,1,1,0.00,1,0.00,0.00,0.00,0),
(3,3,0.00,50200.00,0,'اضاÙة Ùاتورة مشتريات',1,50200.00,'2026-05-03 07:17:31',1,'buyBillController.php','اضاÙة Ùاتورة مشتريات',0,0,0,0,1,1,50200.00,1,0.00,50200.00,50200.00,0),
(4,4,0.00,31260.00,0,'إضاÙة مورد جديد',4,31260.00,'2026-05-03 18:54:17',1,'supplierController.php','',0,0,0,0,1,1,31260.00,1,0.00,31260.00,31260.00,0),
(5,5,0.00,0.00,0,'إضاÙة مورد جديد',5,0.00,'2026-05-04 10:23:38',1,'supplierController.php','',0,0,0,0,1,1,0.00,1,0.00,0.00,0.00,0),
(6,5,0.00,68418.00,0,'اضاÙة Ùاتورة مشتريات',2,68418.00,'2026-05-04 10:55:06',1,'buyBillController.php','اضاÙة Ùاتورة مشتريات',0,0,0,0,1,1,68418.00,1,0.00,68418.00,68418.00,0),
(7,6,0.00,44340.00,0,'إضاÙة مورد جديد',6,44340.00,'2026-05-05 13:53:46',1,'supplierController.php','',0,0,0,0,1,1,44340.00,1,0.00,44340.00,44340.00,0),
(8,6,44340.00,10000.00,1,'ايصال دÙع لمورد',1,34340.00,'2026-05-05 14:10:04',1,'supplierPayedDeptController.php','',0,295,1,-1,1,1,10000.00,1,44340.00,10000.00,34340.00,1),
(9,7,0.00,98800.00,0,'إضاÙة مورد جديد',7,98800.00,'2026-05-05 14:21:50',1,'supplierController.php','',0,0,0,0,1,1,98800.00,1,0.00,98800.00,98800.00,0),
(10,7,98800.00,18225.00,0,'اضاÙة Ùاتورة مشتريات',3,117025.00,'2026-05-05 14:21:54',1,'buyBillController.php','اضاÙة Ùاتورة مشتريات',0,0,0,0,1,1,18225.00,1,98800.00,18225.00,117025.00,0),
(11,7,117025.00,15000.00,1,'ايصال دÙع لمورد',1,102025.00,'2026-05-05 14:39:24',1,'supplierPayedDeptController.php','',0,302,1,-1,1,1,15000.00,1,117025.00,15000.00,102025.00,2),
(12,8,0.00,39700.00,0,'إضاÙة مورد جديد',8,39700.00,'2026-05-05 14:45:15',1,'supplierController.php','',0,0,0,0,1,1,39700.00,1,0.00,39700.00,39700.00,0),
(13,8,39700.00,15000.00,1,'ايصال دÙع لمورد',1,24700.00,'2026-05-05 14:47:29',1,'supplierPayedDeptController.php','',0,304,1,-1,1,1,15000.00,1,39700.00,15000.00,24700.00,3),
(14,9,0.00,66800.00,0,'إضاÙة مورد جديد',9,66800.00,'2026-05-05 15:07:32',1,'supplierController.php','',0,0,0,0,1,1,66800.00,1,0.00,66800.00,66800.00,0),
(15,9,66800.00,15000.00,1,'ايصال دÙع لمورد',1,51800.00,'2026-05-05 15:09:58',1,'supplierPayedDeptController.php','',0,310,1,-1,1,1,15000.00,1,66800.00,15000.00,51800.00,4),
(16,2,0.00,242865.00,0,'تسوية عجز مورد بالزيادة',-1,242865.00,'2026-05-05 15:26:37',1,'supplierDeficitController.php','',0,313,0,0,1,1,242865.00,1,0.00,0.00,0.00,0),
(17,10,0.00,101720.00,0,'إضاÙة مورد جديد',10,101720.00,'2026-05-05 15:36:44',1,'supplierController.php','',0,0,0,0,1,1,101720.00,1,0.00,101720.00,101720.00,0),
(18,10,101720.00,10000.00,1,'ايصال دÙع لمورد',1,91720.00,'2026-05-05 15:42:33',1,'supplierPayedDeptController.php','',0,315,1,-1,1,1,10000.00,1,101720.00,10000.00,91720.00,5),
(19,11,0.00,88875.00,0,'إضاÙة مورد جديد',11,88875.00,'2026-05-05 16:13:01',1,'supplierController.php','',0,0,0,0,1,1,88875.00,1,0.00,88875.00,88875.00,0),
(20,11,88875.00,20000.00,1,'ايصال دÙع لمورد',1,68875.00,'2026-05-05 16:13:06',1,'supplierPayedDeptController.php','',0,317,1,-1,1,1,20000.00,1,88875.00,20000.00,68875.00,6),
(21,12,0.00,0.00,0,'إضاÙة مورد جديد',12,0.00,'2026-05-05 18:11:41',1,'supplierController.php','',0,0,0,0,1,1,0.00,1,0.00,0.00,0.00,0),
(22,12,0.00,12810.00,0,'اضاÙة Ùاتورة مشتريات',4,12810.00,'2026-05-05 18:28:33',1,'buyBillController.php','اضاÙة Ùاتورة مشتريات',0,0,0,0,1,1,12810.00,1,0.00,12810.00,12810.00,0),
(23,12,12810.00,12810.00,1,'ايصال دÙع لمورد',1,0.00,'2026-05-05 18:30:26',1,'supplierPayedDeptController.php','',0,327,1,-1,1,1,12810.00,1,12810.00,12810.00,0.00,7),
(24,13,0.00,0.00,0,'إضاÙة مورد جديد',13,0.00,'2026-05-05 19:22:53',1,'supplierController.php','',0,0,0,0,1,1,0.00,1,0.00,0.00,0.00,0),
(25,2,242865.00,15000.00,1,'ايصال دÙع لمورد',1,227865.00,'2026-05-05 22:16:30',1,'supplierPayedDeptController.php','تحويل',0,333,1,-1,1,1,15000.00,1,0.00,15000.00,227865.00,8),
(26,13,0.00,77950.00,1,'اضاÙة Ùاتورة مردوات مشتريات',1,-77950.00,'2026-05-05 22:18:38',1,'returnBuyBillController.php','اضاÙة Ùاتورة مردوات مشتريات',0,0,0,0,1,1,77950.00,1,0.00,77950.00,-77950.00,0),
(27,4,31260.00,40950.00,0,'اضاÙة Ùاتورة مشتريات',5,72210.00,'2026-05-05 22:23:43',1,'buyBillController.php','اضاÙة Ùاتورة مشتريات',0,0,0,0,1,1,40950.00,1,31260.00,40950.00,72210.00,0);

--
-- Table structure for table `supplieropen`
--

CREATE TABLE `supplieropen` (
  `id` int(11) NOT NULL AUTO_INCREMENT,
  `name` varchar(255) NOT NULL,
  `value` float NOT NULL,
  `treeId` int(11) NOT NULL,
  `dailyentryid` int(11) NOT NULL,
  `userid` int(11) NOT NULL,
  `sysdate` datetime NOT NULL,
  `del` tinyint(4) NOT NULL,
  PRIMARY KEY (`id`)
) ENGINE=InnoDB DEFAULT CHARSET=utf8mb4 COLLATE=utf8mb4_unicode_ci;

--
-- Dumping data for table `supplieropen`
--


--
-- Table structure for table `supplieropendebtchange`
--

CREATE TABLE `supplieropendebtchange` (
  `supplieropendebtchangeid` int(11) NOT NULL AUTO_INCREMENT,
  `opensupplierid` int(11) NOT NULL,
  `supplierdebtchangebefore` decimal(10,2) NOT NULL,
  `supplierdebtchangeamount` decimal(10,2) NOT NULL,
  `supplierdebtchangetype` int(11) NOT NULL COMMENT '0 => plus- 1 => minus',
  `processname` varchar(256) NOT NULL,
  `supplierdebtchangemodelid` int(11) NOT NULL,
  `supplierdebtchangeafter` decimal(10,2) NOT NULL,
  `supplierdebtchangedate` datetime NOT NULL,
  `userid` int(11) NOT NULL,
  `tablename` varchar(500) NOT NULL,
  `comment` text DEFAULT NULL,
  `del` int(11) NOT NULL DEFAULT 0,
  `dailyentryid` int(11) NOT NULL DEFAULT 0,
  `saveid` int(11) DEFAULT NULL,
  `costcenterid` int(11) DEFAULT NULL,
  `currencyId` int(11) NOT NULL,
  `conversionFactor` float NOT NULL,
  `payedInCurrency` decimal(10,2) NOT NULL,
  `saveConversionFactor` float NOT NULL,
  PRIMARY KEY (`supplieropendebtchangeid`),
  KEY `idx_supplierdebtchange` (`tablename`(255)),
  KEY `supplierid` (`opensupplierid`)
) ENGINE=InnoDB DEFAULT CHARSET=utf8mb3 COLLATE=utf8mb3_general_ci;

--
-- Dumping data for table `supplieropendebtchange`
--


--
-- Table structure for table `supplieropenexchangeorclosing`
--

CREATE TABLE `supplieropenexchangeorclosing` (
  `id` int(11) NOT NULL AUTO_INCREMENT,
  `thetype` tinyint(4) NOT NULL COMMENT '0 exchange , 1 closing',
  `supplieropenid` int(11) NOT NULL,
  `saveid` int(11) NOT NULL,
  `assetorexpense` tinyint(4) NOT NULL COMMENT '0 asset, 1 expense',
  `assetorexpenseid` int(11) NOT NULL,
  `val` float NOT NULL,
  `dailyentryid` int(11) NOT NULL,
  `note` text NOT NULL,
  `userid` int(11) NOT NULL,
  `sysdate` datetime NOT NULL,
  `del` tinyint(4) NOT NULL,
  PRIMARY KEY (`id`)
) ENGINE=InnoDB DEFAULT CHARSET=utf8mb4 COLLATE=utf8mb4_unicode_ci;

--
-- Dumping data for table `supplieropenexchangeorclosing`
--


--
-- Table structure for table `tamweenbill`
--

CREATE TABLE `tamweenbill` (
  `id` int(11) NOT NULL AUTO_INCREMENT,
  `clientid` int(11) NOT NULL,
  `quantity` int(11) NOT NULL,
  `billdate` datetime NOT NULL,
  `billMonthDays` int(11) NOT NULL,
  `comment` text CHARACTER SET utf8mb4 COLLATE utf8mb4_unicode_ci NOT NULL,
  `userid` int(11) NOT NULL,
  `sysdate` datetime NOT NULL,
  `del` int(11) NOT NULL,
  PRIMARY KEY (`id`)
) ENGINE=InnoDB DEFAULT CHARSET=latin1 COLLATE=latin1_swedish_ci;

--
-- Dumping data for table `tamweenbill`
--


--
-- Table structure for table `tamweenda3mstatus`
--

CREATE TABLE `tamweenda3mstatus` (
  `id` int(11) NOT NULL AUTO_INCREMENT,
  `clientid` int(11) NOT NULL,
  `month` date NOT NULL,
  `tamweenStatus` tinyint(4) NOT NULL COMMENT '0 client didnot take it,1 client take it',
  `da3mStatus` tinyint(4) NOT NULL COMMENT '0 client didnot take it,1 client take it,   bread is in da3m',
  `userid` int(11) NOT NULL,
  `sysdate` datetime NOT NULL,
  `del` tinyint(4) NOT NULL,
  `useridTamween` int(11) NOT NULL,
  `sysdateTamween` datetime NOT NULL,
  PRIMARY KEY (`id`)
) ENGINE=InnoDB DEFAULT CHARSET=latin1 COLLATE=latin1_swedish_ci;

--
-- Dumping data for table `tamweenda3mstatus`
--


--
-- Table structure for table `tamweenremainstatus`
--

CREATE TABLE `tamweenremainstatus` (
  `id` int(11) NOT NULL AUTO_INCREMENT,
  `clientid` int(11) NOT NULL,
  `month` date NOT NULL,
  `remainstatus` tinyint(4) NOT NULL COMMENT '0 didnot take it, 1 take it',
  `userid` int(11) NOT NULL,
  `sysdate` datetime NOT NULL,
  `del` tinyint(4) NOT NULL,
  PRIMARY KEY (`id`)
) ENGINE=InnoDB DEFAULT CHARSET=latin1 COLLATE=latin1_swedish_ci;

--
-- Dumping data for table `tamweenremainstatus`
--


--
-- Table structure for table `taskorder`
--

CREATE TABLE `taskorder` (
  `id` int(11) NOT NULL AUTO_INCREMENT,
  `title` varchar(255) NOT NULL,
  `startdate` date NOT NULL,
  `enddate` date NOT NULL,
  `productId` int(11) NOT NULL,
  `num` decimal(10,2) NOT NULL,
  `userId` int(11) NOT NULL,
  `thedate` date NOT NULL,
  `conditions` int(11) NOT NULL DEFAULT 0 COMMENT '0 for notdel- 1for del',
  `clientid` int(11) NOT NULL,
  `file` varchar(255) DEFAULT NULL,
  PRIMARY KEY (`id`)
) ENGINE=InnoDB DEFAULT CHARSET=latin1 COLLATE=latin1_swedish_ci;

--
-- Dumping data for table `taskorder`
--


--
-- Table structure for table `taskorderproducts`
--

CREATE TABLE `taskorderproducts` (
  `id` int(11) NOT NULL AUTO_INCREMENT,
  `taskorderid` int(11) NOT NULL,
  `productid` int(11) NOT NULL,
  `unitid` int(11) NOT NULL,
  `quantity` decimal(10,2) NOT NULL,
  PRIMARY KEY (`id`)
) ENGINE=InnoDB DEFAULT CHARSET=latin1 COLLATE=latin1_swedish_ci;

--
-- Dumping data for table `taskorderproducts`
--


--
-- Table structure for table `taskscases`
--

CREATE TABLE `taskscases` (
  `id` int(11) unsigned NOT NULL AUTO_INCREMENT,
  `del` int(11) unsigned DEFAULT NULL,
  `taskcase` varchar(191) CHARACTER SET utf8mb4 COLLATE utf8mb4_unicode_ci DEFAULT NULL,
  PRIMARY KEY (`id`)
) ENGINE=InnoDB AUTO_INCREMENT=6 DEFAULT CHARSET=latin1 COLLATE=latin1_swedish_ci;

--
-- Dumping data for table `taskscases`
--

INSERT INTO `taskscases` VALUES
(1,0,'مهمة جديده'),
(2,0,'تحت التنÙيذ'),
(3,0,'تم التنÙيذ'),
(4,0,'لم يتم التنÙيذ'),
(5,0,'تم الالغاء');

--
-- Table structure for table `temreturnsellbill`
--

CREATE TABLE `temreturnsellbill` (
  `returnsellbillid` int(11) NOT NULL AUTO_INCREMENT,
  `returnsellbilldate` date DEFAULT NULL,
  `returnsellbillserial` varchar(255) DEFAULT NULL,
  `returnsellbillclientid` int(11) NOT NULL,
  `returnsellbilltotaldeptbefor` decimal(10,2) NOT NULL,
  `returnsellbilltotaldeptafter` decimal(10,2) NOT NULL,
  `returnsellbilldiscount` varchar(255) NOT NULL DEFAULT '',
  `returnsellbilldiscounttype` int(11) NOT NULL DEFAULT 1 COMMENT '1 for direct- 2 for percent',
  `returnsellbilltotalbill` decimal(10,2) NOT NULL,
  `returnsellbillaftertotalbill` decimal(10,2) NOT NULL,
  `returnsellbilltotalpayed` decimal(10,2) NOT NULL,
  `returnsellbillfinalbill` decimal(10,2) NOT NULL,
  `returnsellbillstoreid` int(11) NOT NULL,
  `returnsellbillsysdate` date NOT NULL,
  `userid` int(11) NOT NULL,
  `conditions` int(11) NOT NULL DEFAULT 0,
  `returnsellbillclientname` text NOT NULL,
  `returnsellbillsaveid` int(11) NOT NULL,
  `returnsellbildirectpayment` int(11) NOT NULL DEFAULT 0,
  `billnameid` int(11) NOT NULL,
  `sellerid` int(11) NOT NULL,
  `tempclientName` varchar(255) NOT NULL,
  `returnsellQuantity` decimal(10,2) NOT NULL,
  `deletedsellid` int(11) NOT NULL DEFAULT 0,
  `controlname` varchar(255) NOT NULL DEFAULT '0',
  `tax` decimal(10,2) NOT NULL DEFAULT 0.00,
  PRIMARY KEY (`returnsellbillid`)
) ENGINE=InnoDB DEFAULT CHARSET=utf8mb3 COLLATE=utf8mb3_general_ci;

--
-- Dumping data for table `temreturnsellbill`
--


--
-- Table structure for table `temreturnsellbilldetail`
--

CREATE TABLE `temreturnsellbilldetail` (
  `returnsellbilldetailid` int(11) NOT NULL AUTO_INCREMENT,
  `buyprice` decimal(10,2) NOT NULL,
  `parcode` varchar(256) NOT NULL DEFAULT '',
  `returnsellbillid` int(11) NOT NULL,
  `returnsellbilldetailcatid` int(11) NOT NULL,
  `returnsellbilldetailproductid` int(11) NOT NULL,
  `returnsellbilldetailquantity` decimal(10,2) NOT NULL,
  `returnsellbilldetailprice` decimal(10,2) NOT NULL,
  `returnsellbilldetailtotalprice` decimal(10,2) NOT NULL,
  `conditions` decimal(10,2) NOT NULL,
  `note` varchar(256) DEFAULT NULL,
  `pricetype` tinyint(4) NOT NULL DEFAULT 0,
  `discountvalue` decimal(10,2) NOT NULL,
  `productunitid` int(11) NOT NULL,
  `buydiscount` decimal(10,2) NOT NULL,
  `buydiscounttype` int(11) NOT NULL,
  `storeid` int(11) NOT NULL DEFAULT 0,
  `actualqty` int(11) NOT NULL,
  PRIMARY KEY (`returnsellbilldetailid`)
) ENGINE=InnoDB DEFAULT CHARSET=utf8mb3 COLLATE=utf8mb3_general_ci;

--
-- Dumping data for table `temreturnsellbilldetail`
--


--
-- Table structure for table `temsellandruternbilldetail`
--

CREATE TABLE `temsellandruternbilldetail` (
  `buyprice` decimal(10,2) NOT NULL,
  `parcode` varchar(256) NOT NULL DEFAULT '',
  `sellbilldetailid` int(11) NOT NULL AUTO_INCREMENT,
  `sellbillid` int(11) NOT NULL,
  `sellbilldetailcatid` int(11) NOT NULL,
  `sellbilldetailproductid` int(11) NOT NULL,
  `sellbilldetailquantity` decimal(10,2) NOT NULL,
  `sellbilldetailprice` decimal(10,2) NOT NULL,
  `sellbilldetailtotalprice` decimal(10,2) NOT NULL,
  `discountvalue` decimal(10,2) NOT NULL,
  `note` varchar(256) DEFAULT NULL,
  `pricetype` tinyint(4) NOT NULL DEFAULT 0,
  `sellbilldetaildate` date NOT NULL,
  `selltype` int(11) NOT NULL COMMENT '0 for sell 1 for return',
  `productunitid` int(11) NOT NULL,
  `buydiscount` decimal(10,2) NOT NULL,
  `buydiscounttype` int(11) NOT NULL,
  `storeid` int(11) NOT NULL DEFAULT 0,
  `actualqty` int(11) NOT NULL,
  PRIMARY KEY (`sellbilldetailid`)
) ENGINE=InnoDB DEFAULT CHARSET=utf8mb3 COLLATE=utf8mb3_general_ci;

--
-- Dumping data for table `temsellandruternbilldetail`
--


--
-- Table structure for table `temsellbill`
--

CREATE TABLE `temsellbill` (
  `sellbillid` int(11) NOT NULL AUTO_INCREMENT,
  `sellbilldate` date DEFAULT NULL,
  `sellbillserial` varchar(255) DEFAULT NULL,
  `sellbillclientid` int(11) NOT NULL DEFAULT 0,
  `sellbilltotaldeptbefor` decimal(10,2) NOT NULL,
  `sellbilltotaldeptafter` decimal(10,2) NOT NULL,
  `sellbilldiscount` varchar(255) NOT NULL DEFAULT '',
  `sellbilldiscounttype` int(11) NOT NULL DEFAULT 0,
  `sellbilltotalbill` decimal(10,2) NOT NULL,
  `sellbillaftertotalbill` decimal(10,2) NOT NULL,
  `sellbilltotalpayed` decimal(10,2) NOT NULL,
  `sellbillfinalbill` decimal(10,2) NOT NULL,
  `sellbillstoreid` int(11) NOT NULL,
  `sellbillsysdate` date NOT NULL,
  `userid` int(11) NOT NULL,
  `conditions` int(11) NOT NULL DEFAULT 0,
  `sellbillclientname` text NOT NULL,
  `sellbillsaveid` int(11) NOT NULL,
  `sellbildirectpayment` int(11) NOT NULL,
  `billnameid` int(11) NOT NULL,
  `sellerid` int(11) NOT NULL,
  `tempclientName` varchar(255) NOT NULL,
  `sellQuantity` decimal(10,2) NOT NULL,
  `deletedsellid` int(11) NOT NULL,
  `controlname` varchar(255) NOT NULL,
  `tax` decimal(10,2) NOT NULL DEFAULT 0.00,
  PRIMARY KEY (`sellbillid`)
) ENGINE=InnoDB DEFAULT CHARSET=utf8mb3 COLLATE=utf8mb3_general_ci;

--
-- Dumping data for table `temsellbill`
--


--
-- Table structure for table `temsellbillandrutern`
--

CREATE TABLE `temsellbillandrutern` (
  `sellbillid` int(11) NOT NULL AUTO_INCREMENT,
  `sellbilldate` date DEFAULT NULL,
  `sellbillserial` varchar(255) DEFAULT NULL,
  `sellbillclientid` int(11) NOT NULL DEFAULT 0,
  `sellbilltotaldeptbefor` decimal(10,2) NOT NULL,
  `sellbilltotaldeptafter` decimal(10,2) NOT NULL,
  `sellbilldiscount` varchar(255) NOT NULL DEFAULT '',
  `sellbilldiscounttype` int(11) NOT NULL DEFAULT 0,
  `sellbilltotalbill` decimal(10,2) NOT NULL,
  `sellbillaftertotalbill` decimal(10,2) NOT NULL,
  `sellbilltotalpayed` decimal(10,2) NOT NULL,
  `sellbillfinalbill` decimal(10,2) NOT NULL,
  `sellbillstoreid` int(11) NOT NULL,
  `sellbillsysdate` date NOT NULL,
  `userid` int(11) NOT NULL,
  `conditions` int(11) NOT NULL DEFAULT 0,
  `sellbillclientname` text NOT NULL,
  `sellbillsaveid` int(11) NOT NULL,
  `sellbildirectpayment` int(11) NOT NULL,
  `billnameid` int(11) NOT NULL,
  `sellerid` int(11) NOT NULL,
  `sellbillprice` decimal(10,2) NOT NULL,
  `returnsellbillprice` decimal(10,2) NOT NULL,
  `tempclientName` varchar(255) NOT NULL,
  `sellQuantity` decimal(10,2) NOT NULL,
  `returnsellQuantity` decimal(10,2) NOT NULL,
  `deletedsellid` int(11) NOT NULL,
  `controlname` varchar(255) NOT NULL,
  `tax` decimal(10,2) NOT NULL DEFAULT 0.00,
  PRIMARY KEY (`sellbillid`)
) ENGINE=InnoDB DEFAULT CHARSET=utf8mb3 COLLATE=utf8mb3_general_ci;

--
-- Dumping data for table `temsellbillandrutern`
--


--
-- Table structure for table `temsellbilldetail`
--

CREATE TABLE `temsellbilldetail` (
  `buyprice` decimal(10,2) NOT NULL,
  `parcode` varchar(256) NOT NULL DEFAULT '',
  `sellbilldetailid` int(11) NOT NULL AUTO_INCREMENT,
  `sellbillid` int(11) NOT NULL,
  `sellbilldetailcatid` int(11) NOT NULL,
  `sellbilldetailproductid` int(11) NOT NULL,
  `sellbilldetailquantity` decimal(10,2) NOT NULL,
  `sellbilldetailprice` decimal(10,2) NOT NULL,
  `sellbilldetailtotalprice` decimal(10,2) NOT NULL,
  `discountvalue` decimal(10,2) NOT NULL,
  `note` varchar(256) DEFAULT NULL,
  `pricetype` tinyint(4) NOT NULL DEFAULT 0,
  `sellbilldetaildate` date NOT NULL,
  `productunitid` int(11) NOT NULL,
  `buydiscount` decimal(10,2) NOT NULL,
  `buydiscounttype` int(11) NOT NULL,
  `storeid` int(11) NOT NULL DEFAULT 0,
  `actualqty` int(11) NOT NULL,
  PRIMARY KEY (`sellbilldetailid`)
) ENGINE=InnoDB DEFAULT CHARSET=utf8mb3 COLLATE=utf8mb3_general_ci;

--
-- Dumping data for table `temsellbilldetail`
--


--
-- Table structure for table `toworkshoporder`
--

CREATE TABLE `toworkshoporder` (
  `id` int(11) NOT NULL AUTO_INCREMENT,
  `driverIdBack` int(11) NOT NULL,
  `deliverIdBack` int(11) NOT NULL,
  `orderNo` varchar(100) NOT NULL,
  `driverId` int(11) NOT NULL,
  `workshopId` int(11) NOT NULL,
  `productNo` int(11) NOT NULL,
  `deliverWorkshopDate` datetime NOT NULL,
  `deliverId` int(11) NOT NULL,
  `branchId` int(11) NOT NULL,
  `orderStatus` int(11) NOT NULL,
  `sysDate` datetime NOT NULL,
  `del` int(11) NOT NULL,
  `userid` int(11) NOT NULL,
  `recieveWorkshopDate` datetime NOT NULL,
  `deliverBranchDate` datetime NOT NULL,
  `recieveBranchDate` datetime NOT NULL,
  `drivertimeout` int(11) NOT NULL DEFAULT 0,
  `driverdelay` int(11) NOT NULL DEFAULT 0,
  `workshoptimeout` int(11) NOT NULL DEFAULT 0,
  `workshopdelay` int(11) NOT NULL DEFAULT 0,
  `drivertimeoutback` int(11) NOT NULL DEFAULT 0,
  `driverdelayback` int(11) NOT NULL DEFAULT 0,
  PRIMARY KEY (`id`)
) ENGINE=InnoDB DEFAULT CHARSET=latin1 COLLATE=latin1_swedish_ci;

--
-- Dumping data for table `toworkshoporder`
--


--
-- Table structure for table `toworkshoporderbill`
--

CREATE TABLE `toworkshoporderbill` (
  `id` int(11) NOT NULL AUTO_INCREMENT,
  `toworkshoporderid` int(11) NOT NULL,
  `billid` int(11) NOT NULL,
  PRIMARY KEY (`id`)
) ENGINE=InnoDB DEFAULT CHARSET=latin1 COLLATE=latin1_swedish_ci;

--
-- Dumping data for table `toworkshoporderbill`
--


--
-- Table structure for table `transferbtweenbankaccount`
--

CREATE TABLE `transferbtweenbankaccount` (
  `id` int(11) NOT NULL AUTO_INCREMENT,
  `bankidfrom` int(11) NOT NULL,
  `accountidfrom` int(11) NOT NULL,
  `bankidto` int(11) NOT NULL,
  `accountidto` int(11) NOT NULL,
  `transfervalue` decimal(10,2) NOT NULL,
  `transferdate` datetime NOT NULL,
  `userid` int(11) NOT NULL,
  `conditions` tinyint(4) NOT NULL,
  `dailyentryid` int(11) NOT NULL,
  `comment` text CHARACTER SET utf8mb4 COLLATE utf8mb4_unicode_ci NOT NULL,
  PRIMARY KEY (`id`)
) ENGINE=InnoDB DEFAULT CHARSET=latin1 COLLATE=latin1_swedish_ci;

--
-- Dumping data for table `transferbtweenbankaccount`
--


--
-- Table structure for table `transferclientaccounts`
--

CREATE TABLE `transferclientaccounts` (
  `transferid` int(11) NOT NULL AUTO_INCREMENT,
  `clientidfrom` int(11) NOT NULL,
  `clientidto` int(11) NOT NULL,
  `transfervalue` decimal(10,2) NOT NULL,
  `transferdate` date NOT NULL,
  `userid` int(11) NOT NULL,
  `conditions` int(11) NOT NULL DEFAULT 0,
  `dailyentryid` int(11) NOT NULL DEFAULT 0,
  `comment` varchar(255) DEFAULT NULL,
  PRIMARY KEY (`transferid`)
) ENGINE=InnoDB DEFAULT CHARSET=utf8mb3 COLLATE=utf8mb3_general_ci;

--
-- Dumping data for table `transferclientaccounts`
--


--
-- Table structure for table `transfermoney`
--

CREATE TABLE `transfermoney` (
  `transfermoneyid` int(11) NOT NULL AUTO_INCREMENT,
  `saveidfrom` int(11) NOT NULL,
  `saveidto` int(11) NOT NULL,
  `transfermoneyvalue` decimal(10,2) NOT NULL,
  `transfermoneydate` date NOT NULL,
  `userid` int(11) NOT NULL,
  `conditions` int(11) NOT NULL DEFAULT 0,
  `dailyentryid` int(11) NOT NULL DEFAULT 0,
  `comment` varchar(255) DEFAULT NULL,
  `currencyId` int(11) NOT NULL,
  `conversionFactor` float NOT NULL,
  `conversionFactorFrom` float NOT NULL,
  `conversionFactorTo` float NOT NULL,
  `transfermoneyvalueInCurrency` decimal(10,2) NOT NULL,
  PRIMARY KEY (`transfermoneyid`)
) ENGINE=InnoDB DEFAULT CHARSET=utf8mb3 COLLATE=utf8mb3_general_ci;

--
-- Dumping data for table `transfermoney`
--


--
-- Table structure for table `typeclient`
--

CREATE TABLE `typeclient` (
  `typeId` int(11) NOT NULL AUTO_INCREMENT,
  `typeName` varchar(255) NOT NULL,
  `conditions` int(11) NOT NULL DEFAULT 0,
  `comments` text NOT NULL,
  `typeDate` date NOT NULL,
  `webApiId` int(11) NOT NULL DEFAULT 0,
  PRIMARY KEY (`typeId`)
) ENGINE=InnoDB DEFAULT CHARSET=utf8mb3 COLLATE=utf8mb3_general_ci;

--
-- Dumping data for table `typeclient`
--


--
-- Table structure for table `typesimpotencetreatment`
--

CREATE TABLE `typesimpotencetreatment` (
  `typesimpotencetreatmentid` int(11) NOT NULL AUTO_INCREMENT,
  `typesimpotencetreatmentname` varchar(256) DEFAULT NULL,
  `typesimpotencetreatmentdate` datetime NOT NULL,
  `userid` int(11) NOT NULL,
  `conditions` int(1) NOT NULL,
  `typesimpotencetreatmentcomment` text CHARACTER SET utf8mb4 COLLATE utf8mb4_unicode_ci DEFAULT NULL,
  PRIMARY KEY (`typesimpotencetreatmentid`)
) ENGINE=InnoDB DEFAULT CHARSET=utf8mb3 COLLATE=utf8mb3_general_ci;

--
-- Dumping data for table `typesimpotencetreatment`
--


--
-- Table structure for table `typesupplier`
--

CREATE TABLE `typesupplier` (
  `typeId` int(11) NOT NULL AUTO_INCREMENT,
  `typeName` varchar(100) NOT NULL,
  `conditions` int(11) NOT NULL DEFAULT 0,
  `comments` text NOT NULL,
  `typeDate` date NOT NULL,
  `category_id` varchar(50) DEFAULT NULL,
  PRIMARY KEY (`typeId`)
) ENGINE=InnoDB DEFAULT CHARSET=latin1 COLLATE=latin1_swedish_ci;

--
-- Dumping data for table `typesupplier`
--


--
-- Table structure for table `unit`
--

CREATE TABLE `unit` (
  `unitId` int(11) NOT NULL AUTO_INCREMENT,
  `unitName` varchar(256) NOT NULL,
  `unitSymbol` varchar(256) DEFAULT NULL,
  `unitDescription` text DEFAULT NULL,
  `unitDate` date NOT NULL,
  `conditions` int(1) NOT NULL DEFAULT 0,
  `userId` int(11) NOT NULL,
  PRIMARY KEY (`unitId`)
) ENGINE=InnoDB AUTO_INCREMENT=2 DEFAULT CHARSET=utf8mb3 COLLATE=utf8mb3_general_ci;

--
-- Dumping data for table `unit`
--

INSERT INTO `unit` VALUES
(1,'قطعة','','','2025-04-06',0,1);

--
-- Table structure for table `usergroupadmin`
--

CREATE TABLE `usergroupadmin` (
  `id` int(11) NOT NULL AUTO_INCREMENT,
  `propertyid` int(11) NOT NULL,
  `isallowed` tinyint(4) NOT NULL DEFAULT 0 COMMENT '0 allowed,1not allowed',
  PRIMARY KEY (`id`),
  UNIQUE KEY `propertyid` (`propertyid`)
) ENGINE=InnoDB AUTO_INCREMENT=713 DEFAULT CHARSET=latin1 COLLATE=latin1_swedish_ci;

--
-- Dumping data for table `usergroupadmin`
--

INSERT INTO `usergroupadmin` VALUES
(1,1,0),
(2,2,0),
(3,3,1),
(4,4,0),
(5,5,0),
(6,6,0),
(7,7,0),
(8,8,0),
(9,9,0),
(10,10,0),
(11,11,0),
(12,12,0),
(13,13,0),
(14,14,0),
(15,15,0),
(16,16,0),
(17,17,0),
(18,18,0),
(19,19,0),
(20,23,0),
(21,24,0),
(22,25,0),
(23,26,0),
(24,27,0),
(25,28,1),
(26,29,1),
(27,30,1),
(28,31,0),
(29,32,0),
(30,33,0),
(31,34,0),
(32,35,0),
(33,36,0),
(34,37,0),
(35,38,0),
(36,39,0),
(37,40,0),
(38,41,0),
(39,42,0),
(40,43,0),
(41,44,0),
(42,45,0),
(43,46,0),
(44,47,1),
(45,48,1),
(46,49,0),
(47,50,0),
(48,51,0),
(49,52,0),
(50,53,0),
(51,54,0),
(52,55,0),
(53,56,0),
(54,57,0),
(55,58,0),
(56,59,0),
(57,60,0),
(58,61,0),
(59,62,0),
(60,63,0),
(61,64,0),
(62,65,0),
(63,66,0),
(64,67,0),
(65,68,0),
(66,69,0),
(67,70,0),
(68,71,0),
(69,72,0),
(70,73,0),
(71,74,0),
(72,75,0),
(73,76,0),
(74,77,0),
(75,78,0),
(76,79,0),
(77,80,0),
(78,82,0),
(79,83,0),
(80,84,0),
(81,85,0),
(82,87,0),
(83,89,0),
(84,90,0),
(85,91,0),
(86,92,0),
(87,93,0),
(88,96,1),
(89,97,0),
(90,98,0),
(91,99,0),
(92,100,0),
(93,105,0),
(94,123,0),
(95,124,0),
(96,125,0),
(97,126,1),
(98,127,1),
(99,128,1),
(100,129,1),
(101,130,1),
(102,131,1),
(103,133,0),
(104,134,0),
(105,135,0),
(106,136,0),
(107,137,0),
(108,138,0),
(109,139,0),
(110,140,0),
(111,141,0),
(112,142,0),
(113,143,0),
(114,144,0),
(115,145,0),
(116,146,0),
(117,147,0),
(118,148,0),
(119,149,1),
(120,150,1),
(121,151,1),
(122,152,1),
(123,153,1),
(124,154,1),
(125,155,1),
(126,156,1),
(127,157,1),
(128,158,1),
(129,159,1),
(130,160,1),
(131,161,1),
(132,162,1),
(133,163,1),
(134,164,1),
(135,165,1),
(136,166,1),
(137,167,0),
(138,168,0),
(139,169,0),
(140,170,0),
(141,171,0),
(142,172,0),
(143,173,1),
(144,174,1),
(145,175,1),
(146,176,1),
(147,177,1),
(148,178,1),
(149,179,1),
(150,180,1),
(151,181,1),
(152,182,1),
(153,183,1),
(154,187,1),
(155,188,1),
(156,189,1),
(157,190,1),
(158,191,1),
(159,192,1),
(160,193,1),
(161,194,1),
(162,195,1),
(163,196,1),
(164,197,1),
(165,198,1),
(166,199,1),
(167,200,1),
(168,201,0),
(169,202,0),
(170,203,0),
(171,205,1),
(172,206,0),
(173,207,0),
(174,208,0),
(175,209,1),
(176,210,1),
(177,211,1),
(178,212,1),
(179,213,1),
(180,214,1),
(181,215,1),
(182,216,1),
(183,217,1),
(184,218,1),
(185,219,1),
(186,220,1),
(187,221,1),
(188,227,1),
(189,228,1),
(190,231,1),
(191,232,0),
(192,233,0),
(193,234,1),
(194,235,0),
(195,243,0),
(196,244,1),
(197,250,0),
(198,252,0),
(199,253,0),
(200,256,0),
(201,257,0),
(202,258,0),
(203,259,0),
(204,260,0),
(205,261,0),
(206,262,0),
(207,263,0),
(208,264,1),
(209,265,0),
(210,266,1),
(211,267,1),
(212,268,0),
(213,269,0),
(214,274,0),
(215,275,0),
(216,278,0),
(217,279,0),
(218,280,0),
(219,281,0),
(220,282,0),
(221,283,0),
(222,284,0),
(223,285,0),
(224,286,0),
(225,287,0),
(226,288,0),
(227,289,0),
(228,290,0),
(229,291,0),
(230,292,0),
(231,293,1),
(232,294,1),
(233,295,1),
(234,296,1),
(235,297,0),
(236,298,0),
(237,299,1),
(238,300,0),
(239,301,0),
(240,302,0),
(241,303,1),
(242,304,1),
(243,305,0),
(244,307,1),
(245,308,1),
(246,309,1),
(247,310,1),
(248,311,1),
(249,312,1),
(250,313,1),
(251,314,1),
(252,315,1),
(253,316,0),
(254,317,1),
(255,318,1),
(256,319,1),
(257,320,1),
(258,321,1),
(259,322,1),
(260,323,1),
(261,324,1),
(262,325,1),
(263,326,0),
(264,327,0),
(265,328,0),
(266,329,0),
(267,330,0),
(268,331,0),
(269,332,0),
(270,333,0),
(271,334,0),
(272,335,0),
(273,336,0),
(274,337,0),
(275,338,0),
(276,339,0),
(277,340,0),
(278,341,0),
(279,342,0),
(280,343,0),
(281,344,0),
(282,345,0),
(283,346,0),
(284,347,0),
(285,348,0),
(286,349,0),
(287,350,0),
(288,351,0),
(289,352,0),
(290,353,0),
(291,354,0),
(292,355,0),
(293,356,0),
(294,357,0),
(295,358,0),
(296,359,0),
(297,360,0),
(298,361,0),
(299,362,0),
(300,363,0),
(301,364,0),
(302,365,0),
(303,366,0),
(304,367,0),
(305,368,0),
(306,369,0),
(307,370,0),
(308,371,0),
(309,372,0),
(310,373,0),
(311,374,0),
(312,375,0),
(313,376,0),
(314,377,0),
(315,378,0),
(316,379,0),
(317,380,0),
(318,381,0),
(319,382,0),
(320,383,0),
(321,384,0),
(322,385,0),
(323,386,0),
(324,387,0),
(325,388,0),
(326,389,0),
(327,390,0),
(328,391,0),
(329,392,0),
(330,393,0),
(331,394,0),
(332,395,0),
(333,396,0),
(334,397,0),
(335,398,0),
(336,399,0),
(337,400,0),
(338,401,1),
(339,402,1),
(340,403,1),
(341,404,0),
(342,405,1),
(343,406,1),
(344,407,1),
(345,408,1),
(346,409,1),
(347,410,1),
(348,411,1),
(349,412,0),
(350,413,0),
(351,414,0),
(352,417,0),
(353,418,0),
(354,419,0),
(355,420,0),
(356,421,0),
(357,422,0),
(358,423,0),
(359,424,0),
(360,425,0),
(361,426,0),
(362,427,0),
(363,428,0),
(364,429,0),
(365,430,0),
(366,431,0),
(367,432,0),
(368,433,0),
(369,434,0),
(370,436,1),
(371,437,0),
(372,438,0),
(373,439,1),
(374,440,0),
(375,441,0),
(376,442,1),
(377,443,0),
(378,444,0),
(379,445,0),
(380,446,0),
(381,447,0),
(382,448,0),
(383,449,1),
(384,450,1),
(385,451,0),
(386,452,0),
(387,453,0),
(388,454,0),
(389,455,0),
(390,456,0),
(391,457,0),
(392,458,0),
(393,459,0),
(394,460,0),
(395,461,1),
(396,462,1),
(397,463,0),
(398,464,1),
(399,465,0),
(400,466,0),
(401,467,0),
(402,468,1),
(403,469,0),
(404,470,0),
(405,471,0),
(406,472,0),
(407,473,0),
(408,474,0),
(409,475,0),
(410,476,0),
(411,477,0),
(412,478,0),
(413,479,0),
(414,480,0),
(415,481,0),
(416,482,0),
(417,483,0),
(418,484,0),
(419,485,0),
(420,486,0),
(421,487,0),
(422,488,0),
(423,489,0),
(424,490,1),
(425,491,1),
(426,492,0),
(427,493,0),
(428,494,0),
(429,495,0),
(430,496,0),
(431,497,0),
(432,498,0),
(433,499,0),
(434,500,0),
(435,501,0),
(436,502,0),
(437,503,0),
(438,504,0),
(439,505,0),
(440,506,0),
(441,507,0),
(442,508,1),
(443,509,0),
(444,510,0),
(445,511,1),
(446,512,0),
(447,513,0),
(448,514,0),
(449,515,0),
(450,516,0),
(451,517,0),
(452,518,0),
(453,519,0),
(454,520,0),
(455,521,0),
(456,522,1),
(457,523,0),
(458,524,0),
(459,525,0),
(460,526,0),
(461,527,1),
(462,528,1),
(463,529,1),
(464,530,0),
(465,531,0),
(466,532,0),
(467,533,0),
(468,534,1),
(469,535,1),
(470,536,1),
(471,537,1),
(472,538,1),
(473,539,1),
(474,540,0),
(475,541,0),
(476,542,0),
(477,543,1),
(478,544,0),
(479,545,0),
(480,546,0),
(481,547,0),
(482,548,0),
(483,549,1),
(484,550,0),
(485,551,0),
(486,552,0),
(487,553,0),
(488,554,0),
(489,555,0),
(490,556,0),
(491,557,0),
(492,558,0),
(493,559,0),
(494,560,0),
(495,561,0),
(496,562,0),
(497,563,0),
(498,564,0),
(499,565,0),
(500,566,0),
(501,567,0),
(502,568,0),
(503,569,0),
(504,570,1),
(505,571,1),
(506,572,1),
(507,573,1),
(508,574,1),
(509,575,1),
(510,576,1),
(511,577,1),
(512,578,1),
(513,579,0),
(514,580,0),
(515,581,0),
(516,582,0),
(517,583,0),
(518,584,0),
(519,585,1),
(520,586,1),
(521,587,0),
(522,588,1),
(523,589,1),
(524,590,1),
(525,591,1),
(526,592,1),
(527,593,1),
(528,594,1),
(529,595,0),
(530,596,0),
(531,597,0),
(532,598,0),
(533,599,0),
(534,600,0),
(535,601,0),
(536,602,0),
(537,603,1),
(538,604,1),
(539,605,1),
(540,606,1),
(541,607,1),
(542,608,1),
(543,609,1),
(544,610,1),
(545,611,0),
(546,612,1),
(547,613,1),
(548,614,1),
(549,615,1),
(550,616,0),
(551,617,0),
(552,618,0),
(553,619,1),
(554,620,1),
(555,621,1),
(556,622,1),
(557,623,1),
(558,624,1),
(559,625,0),
(560,626,0),
(561,627,1),
(562,628,1),
(563,629,1),
(564,630,0),
(565,631,1),
(566,632,0),
(567,633,0),
(568,634,0);

--
-- Table structure for table `vatpayment`
--

CREATE TABLE `vatpayment` (
  `id` int(11) NOT NULL AUTO_INCREMENT,
  `amount` decimal(10,2) NOT NULL,
  `saveid` int(11) NOT NULL,
  `comment` text CHARACTER SET utf8mb4 COLLATE utf8mb4_unicode_ci NOT NULL,
  `userid` int(11) NOT NULL,
  `sysdate` datetime NOT NULL,
  `conditions` int(11) NOT NULL,
  PRIMARY KEY (`id`)
) ENGINE=InnoDB DEFAULT CHARSET=latin1 COLLATE=latin1_swedish_ci;

--
-- Dumping data for table `vatpayment`
--


--
-- Table structure for table `workshop`
--

CREATE TABLE `workshop` (
  `id` int(11) NOT NULL AUTO_INCREMENT,
  `name` varchar(255) NOT NULL,
  `description` text NOT NULL,
  `thedate` date NOT NULL,
  `userid` int(11) NOT NULL,
  `del` int(11) NOT NULL,
  PRIMARY KEY (`id`)
) ENGINE=InnoDB DEFAULT CHARSET=latin1 COLLATE=latin1_swedish_ci;

--
-- Dumping data for table `workshop`
--


--
-- Table structure for table `workstation`
--

CREATE TABLE `workstation` (
  `workstationid` int(11) NOT NULL AUTO_INCREMENT,
  `workname` varchar(255) NOT NULL,
  `workerhours` decimal(10,2) NOT NULL,
  `assetshours` decimal(10,2) NOT NULL,
  `date` varchar(255) NOT NULL,
  `conditions` int(11) NOT NULL DEFAULT 0 COMMENT '0del-1-notdel',
  `user_id` int(11) NOT NULL,
  PRIMARY KEY (`workstationid`)
) ENGINE=InnoDB DEFAULT CHARSET=utf8mb3 COLLATE=utf8mb3_general_ci;

--
-- Dumping data for table `workstation`
--


--
-- Table structure for table `workstationassets`
--

CREATE TABLE `workstationassets` (
  `workstationassetsId` int(11) NOT NULL AUTO_INCREMENT,
  `workstationid` int(11) NOT NULL,
  `assetsId` varchar(255) NOT NULL,
  `workhours` decimal(10,2) NOT NULL,
  `efficiency` decimal(10,2) NOT NULL,
  PRIMARY KEY (`workstationassetsId`)
) ENGINE=InnoDB DEFAULT CHARSET=utf8mb3 COLLATE=utf8mb3_general_ci;

--
-- Dumping data for table `workstationassets`
--


--
-- Table structure for table `workstationworker`
--

CREATE TABLE `workstationworker` (
  `workstationworkerId` int(11) NOT NULL AUTO_INCREMENT,
  `workstationid` int(11) NOT NULL,
  `employeeId` varchar(255) NOT NULL,
  `workhours` decimal(10,2) NOT NULL,
  `efficiency` decimal(10,2) NOT NULL,
  PRIMARY KEY (`workstationworkerId`)
) ENGINE=InnoDB DEFAULT CHARSET=utf8mb3 COLLATE=utf8mb3_general_ci;

--
-- Dumping data for table `workstationworker`
--


--
-- Table structure for table `youtube_link`
--

CREATE TABLE `youtube_link` (
  `id` int(11) NOT NULL AUTO_INCREMENT,
  `url` varchar(255) NOT NULL,
  `status` int(11) NOT NULL DEFAULT 0,
  PRIMARY KEY (`id`)
) ENGINE=InnoDB AUTO_INCREMENT=290 DEFAULT CHARSET=utf8mb4 COLLATE=utf8mb4_unicode_ci;

--
-- Dumping data for table `youtube_link`
--

INSERT INTO `youtube_link` VALUES
(1,'#1',1),
(2,'#2',1),
(3,'#3',1),
(4,'#4',1),
(5,'#5',1),
(6,'#6',1),
(7,'#7',1),
(8,'#8',1),
(9,'#9',1),
(10,'#10',1),
(11,'#11',1),
(12,'#12',1),
(13,'#13',1),
(14,'#14',1),
(15,'#15',1),
(16,'#16',1),
(17,'#17',1),
(18,'#18',1),
(19,'#19',1),
(20,'#20',1),
(21,'#21',1),
(22,'#22',1),
(23,'#23',1),
(24,'#24',1),
(25,'#25',1),
(26,'#26',1),
(27,'#27',1),
(28,'#28',1),
(29,'#29',1),
(30,'#30',1),
(31,'#31',1),
(32,'#32',1),
(33,'#33',1),
(34,'#34',1),
(35,'#35',1),
(36,'#36',1),
(37,'#37',1),
(38,'#38',1),
(39,'#39',1),
(40,'#40',1),
(41,'#41',1),
(42,'#42',1),
(43,'#43',1),
(44,'#44',1),
(45,'#45',1),
(46,'#46',1),
(47,'#47',1),
(48,'#48',1),
(49,'#49',1),
(50,'#50',1),
(51,'#51',1),
(52,'#52',1),
(53,'#53',1),
(54,'#54',1),
(55,'#55',1),
(56,'#56',1),
(57,'#57',1),
(58,'#58',1),
(59,'#59',1),
(60,'#60',1),
(61,'#61',1),
(62,'#62',1),
(63,'#63',1),
(64,'#64',1),
(65,'#65',1),
(66,'#66',1),
(67,'#67',1),
(68,'#68',1),
(69,'#69',1),
(70,'#70',1),
(71,'#71',1),
(72,'#72',1),
(73,'#73',1),
(74,'#74',1),
(75,'#75',1),
(76,'#76',1),
(77,'#77',1),
(78,'#78',1),
(79,'#79',1),
(80,'#80',1),
(81,'#81',1),
(82,'#82',1),
(83,'#83',1),
(84,'#84',1),
(85,'#85',1),
(86,'#86',1),
(87,'#87',1),
(88,'#88',1),
(89,'#89',1),
(90,'#90',1),
(91,'#91',1),
(92,'#92',1),
(93,'#93',1),
(94,'#94',1),
(95,'#95',1),
(96,'#96',1),
(97,'#97',1),
(98,'#98',1),
(99,'#99',1),
(100,'#100',1),
(101,'#101',1),
(102,'#102',1),
(103,'#103',1),
(104,'#104',1),
(105,'#105',1),
(106,'#106',1),
(107,'#107',1),
(108,'#108',1),
(109,'#109',1),
(110,'#110',1),
(111,'#111',1),
(112,'#112',1),
(113,'#113',1),
(114,'#114',1),
(115,'#115',1),
(116,'#116',1),
(117,'#117',1),
(118,'#118',1),
(119,'#119',1),
(120,'#120',1),
(121,'#121',1),
(122,'#122',1),
(123,'#123',1),
(124,'#124',1),
(125,'#125',1),
(126,'#126',1),
(127,'#127',1),
(128,'#128',1),
(129,'#129',1),
(130,'#130',1),
(131,'#131',1),
(132,'#132',1),
(133,'#133',1),
(134,'#134',1),
(135,'#135',1),
(136,'#136',1),
(137,'#137',1),
(138,'#138',1),
(139,'#139',1),
(140,'#140',1),
(141,'#141',1),
(142,'#142',1),
(143,'#143',1),
(144,'#144',1),
(145,'#145',1),
(146,'#146',1),
(147,'#147',1),
(148,'#148',1),
(149,'#149',1),
(150,'#150',1),
(151,'#151',1),
(152,'#152',1),
(153,'#153',1),
(154,'#154',1),
(155,'#155',1),
(156,'#156',1),
(157,'#157',1),
(158,'#158',1),
(159,'#159',1),
(160,'#160',1),
(161,'#161',1),
(162,'#162',1),
(163,'#163',1),
(164,'#164',1),
(165,'#165',1),
(166,'#166',1),
(167,'#167',1),
(168,'#168',1),
(169,'#169',1),
(170,'#170',1),
(171,'#171',1),
(172,'#172',1),
(173,'#173',1),
(174,'#174',1),
(175,'#175',1),
(176,'#176',1),
(177,'#177',1),
(178,'#178',1),
(179,'#179',1),
(180,'#180',1),
(181,'#181',1),
(182,'#182',1),
(183,'#183',1),
(184,'#184',1),
(185,'#185',1),
(186,'#186',1),
(187,'#187',1),
(188,'#188',1),
(189,'#189',1),
(190,'#190',1),
(191,'#191',1),
(192,'#192',1),
(193,'#193',1),
(194,'#194',1),
(195,'#195',1),
(196,'#196',1),
(197,'#197',1),
(198,'#198',1),
(199,'#199',1),
(200,'#200',1),
(201,'#201',1),
(202,'#202',1),
(203,'#203',1),
(204,'#204',1),
(205,'#205',1),
(206,'#206',1),
(207,'#207',1),
(208,'#208',1),
(209,'#209',1),
(210,'#210',1),
(211,'#211',1),
(212,'#212',1),
(213,'#213',1),
(214,'#214',1),
(215,'#215',1),
(216,'#216',1),
(217,'#217',1),
(218,'#218',1),
(219,'#219',1),
(220,'#220',1),
(221,'#221',1),
(222,'#222',1),
(223,'#223',1),
(224,'#224',1),
(225,'#225',1),
(226,'#226',1),
(227,'#227',1),
(228,'#228',1),
(229,'#229',1),
(230,'#230',1),
(231,'#231',1),
(232,'#232',1),
(233,'#233',1),
(234,'#234',1),
(235,'#235',1),
(236,'#236',1),
(237,'#237',1),
(238,'#238',1),
(239,'#239',1),
(240,'#240',1),
(241,'#241',1),
(242,'#242',1),
(243,'#243',1),
(244,'#244',1),
(245,'#245',1),
(246,'#246',1),
(247,'#247',1),
(248,'#248',1),
(249,'#249',1),
(250,'#250',1),
(251,'#251',1),
(252,'#252',1),
(253,'#253',1),
(254,'#254',1),
(255,'#255',1),
(256,'#256',1),
(257,'#257',1),
(258,'#258',1),
(259,'#259',1),
(260,'#260',1),
(261,'#261',1),
(262,'#262',1),
(263,'#263',1),
(264,'#264',1),
(265,'#265',1),
(266,'#266',1),
(267,'#267',1),
(268,'#268',1),
(269,'#269',1),
(270,'#270',1),
(271,'#271',1),
(272,'#272',1),
(273,'#273',1),
(274,'#274',1),
(275,'#275',1),
(276,'#276',1),
(277,'#277',1),
(278,'#278',1),
(279,'#279',1),
(280,'#280',1),
(281,'#281',1),
(282,'#282',1),
(283,'#283',1),
(284,'#284',1),
(285,'#285',1),
(286,'#286',1),
(287,'#287',1),
(288,'#288',1),
(289,'#289',1);


